[INFO] cloning repository https://github.com/alexrudy/urlsplit
[INFO] running `Command { std: "git" "-c" "credential.helper=" "-c" "credential.helper=/workspace/cargo-home/bin/git-credential-null" "clone" "--bare" "https://github.com/alexrudy/urlsplit" "/workspace/cache/git-repos/https%3A%2F%2Fgithub.com%2Falexrudy%2Furlsplit", kill_on_drop: false }`
[INFO] [stderr] Cloning into bare repository '/workspace/cache/git-repos/https%3A%2F%2Fgithub.com%2Falexrudy%2Furlsplit'...
[INFO] running `Command { std: "git" "rev-parse" "HEAD", kill_on_drop: false }`
[INFO] [stdout] bd5bd6c25f0348f8964541cd99b4e71919941d80
[INFO] testing alexrudy/urlsplit against 1.100.0-beta.1+cargoflags=--release for beta-release-1.100-2
[INFO] running `Command { std: "git" "clone" "/workspace/cache/git-repos/https%3A%2F%2Fgithub.com%2Falexrudy%2Furlsplit" "/workspace/builds/worker-2-tc2/source", kill_on_drop: false }`
[INFO] [stderr] Cloning into '/workspace/builds/worker-2-tc2/source'...
[INFO] [stderr] done.
[INFO] started tweaking git repo https://github.com/alexrudy/urlsplit
[INFO] finished tweaking git repo https://github.com/alexrudy/urlsplit
[INFO] tweaked toml for git repo https://github.com/alexrudy/urlsplit written to /workspace/builds/worker-2-tc2/source/Cargo.toml
[INFO] validating manifest of git repo https://github.com/alexrudy/urlsplit on toolchain 1.100.0-beta.1
[INFO] running `Command { std: CARGO_HOME="/workspace/cargo-home" RUSTUP_HOME="/workspace/rustup-home" "/workspace/cargo-home/bin/cargo" "+1.100.0-beta.1" "metadata" "--manifest-path" "Cargo.toml" "--no-deps", kill_on_drop: false }`
[INFO] crate git repo https://github.com/alexrudy/urlsplit already has a lockfile, it will not be regenerated
[INFO] running `Command { std: CARGO_HOME="/workspace/cargo-home" RUSTUP_HOME="/workspace/rustup-home" "/workspace/cargo-home/bin/cargo" "+1.100.0-beta.1" "fetch" "--manifest-path" "Cargo.toml", kill_on_drop: false }`
[INFO] running `Command { std: "docker" "create" "-v" "/var/lib/crater-agent-workspace/builds/worker-2-tc2/source:/opt/rustwide/workdir:ro,Z" "-v" "/var/lib/crater-agent-workspace/builds/worker-2-tc2/target:/opt/rustwide/target:rw,Z" "-v" "/var/lib/crater-agent-workspace/cargo-home:/opt/rustwide/cargo-home:ro,Z" "-v" "/var/lib/crater-agent-workspace/rustup-home:/opt/rustwide/rustup-home:ro,Z" "-m" "1610612736" "--network" "none" "ghcr.io/rust-lang/crates-build-env/linux@sha256:77db811e55d90add9212f6832c23229e3de5f1c1f9905e8cb07319ea15df73ac" "sleep" "infinity", kill_on_drop: false }`
[INFO] [stdout] 185a5215ca8ae426b5914824cc6b4cb1fb2926c19bc577c04de3e850349ae7bf
[INFO] running `Command { std: "docker" "start" "185a5215ca8ae426b5914824cc6b4cb1fb2926c19bc577c04de3e850349ae7bf", kill_on_drop: false }`
[INFO] running `Command { std: "docker" "inspect" "185a5215ca8ae426b5914824cc6b4cb1fb2926c19bc577c04de3e850349ae7bf", kill_on_drop: false }`
[INFO] running `Command { std: "docker" "exec" "-e" "SOURCE_DIR=/opt/rustwide/workdir" "-e" "CARGO_HOME=/opt/rustwide/cargo-home" "-e" "RUSTUP_HOME=/opt/rustwide/rustup-home" "-e" "CARGO_TARGET_DIR=/opt/rustwide/target" "-w" "/opt/rustwide/workdir" "--user" "0:0" "185a5215ca8ae426b5914824cc6b4cb1fb2926c19bc577c04de3e850349ae7bf" "/opt/rustwide/cargo-home/bin/cargo" "+1.100.0-beta.1" "metadata" "--no-deps" "--format-version=1", kill_on_drop: false }`
[INFO] running `Command { std: "docker" "inspect" "185a5215ca8ae426b5914824cc6b4cb1fb2926c19bc577c04de3e850349ae7bf", kill_on_drop: false }`
[INFO] running `Command { std: "docker" "exec" "-e" "SOURCE_DIR=/opt/rustwide/workdir" "-e" "CARGO_HOME=/opt/rustwide/cargo-home" "-e" "RUSTUP_HOME=/opt/rustwide/rustup-home" "-e" "CARGO_TARGET_DIR=/opt/rustwide/target" "-e" "CARGO_INCREMENTAL=0" "-e" "RUST_BACKTRACE=full" "-e" "RUSTFLAGS=--cap-lints=warn" "-e" "RUSTDOCFLAGS=--cap-lints=warn" "-w" "/opt/rustwide/workdir" "--user" "0:0" "185a5215ca8ae426b5914824cc6b4cb1fb2926c19bc577c04de3e850349ae7bf" "/opt/rustwide/cargo-home/bin/cargo" "+1.100.0-beta.1" "build" "--frozen" "--message-format=json" "--release", kill_on_drop: false }`
[INFO] [stderr]    Compiling libc v0.2.126
[INFO] [stderr]    Compiling futures v0.1.31
[INFO] [stderr]    Compiling crossbeam-utils v0.7.2
[INFO] [stderr]    Compiling proc-macro2 v1.0.42
[INFO] [stderr]    Compiling semver-parser v0.7.0
[INFO] [stderr]    Compiling unicode-ident v1.0.2
[INFO] [stderr]    Compiling either v1.7.0
[INFO] [stderr]    Compiling quote v1.0.20
[INFO] [stderr]    Compiling slab v0.4.7
[INFO] [stderr]    Compiling syn v1.0.98
[INFO] [stderr]    Compiling log v0.4.17
[INFO] [stderr]    Compiling memoffset v0.5.6
[INFO] [stderr]    Compiling lock_api v0.3.4
[INFO] [stderr]    Compiling crossbeam-epoch v0.8.2
[INFO] [stderr]    Compiling smallvec v0.6.14
[INFO] [stderr]    Compiling pkg-config v0.3.25
[INFO] [stderr]    Compiling serde_derive v1.0.140
[INFO] [stderr]    Compiling semver v0.9.0
[INFO] [stderr]    Compiling itoa v0.4.8
[INFO] [stderr]    Compiling serde v1.0.140
[INFO] [stderr]    Compiling tinyvec v1.6.0
[INFO] [stderr]    Compiling indexmap v1.9.1
[INFO] [stderr]    Compiling httparse v1.7.1
[INFO] [stderr]    Compiling openssl v0.10.41
[INFO] [stderr]    Compiling unicode-bidi v0.3.8
[INFO] [stderr]    Compiling backtrace v0.3.66
[INFO] [stderr]    Compiling unicode-xid v0.2.3
[INFO] [stderr]    Compiling failure_derive v0.1.8
[INFO] [stderr]    Compiling rustc_version v0.2.3
[INFO] [stderr]    Compiling native-tls v0.2.10
[INFO] [stderr]    Compiling once_cell v1.13.0
[INFO] [stderr]    Compiling gimli v0.26.2
[INFO] [stderr]    Compiling miniz_oxide v0.5.3
[INFO] [stderr]    Compiling object v0.29.0
[INFO] [stderr]    Compiling aho-corasick v0.7.18
[INFO] [stderr]    Compiling openssl-sys v0.9.75
[INFO] [stderr]    Compiling ryu v1.0.10
[INFO] [stderr]    Compiling parking_lot_core v0.6.2
[INFO] [stderr]    Compiling parking_lot v0.9.0
[INFO] [stderr]    Compiling iovec v0.1.4
[INFO] [stderr]    Compiling bytes v0.4.12
[INFO] [stderr]    Compiling num_cpus v1.13.1
[INFO] [stderr]    Compiling net2 v0.2.37
[INFO] [stderr]    Compiling crossbeam-queue v0.2.3
[INFO] [stderr]    Compiling mio v0.6.23
[INFO] [stderr]    Compiling crossbeam-deque v0.7.4
[INFO] [stderr]    Compiling hyper v0.12.36
[INFO] [stderr]    Compiling unicode-normalization v0.1.21
[INFO] [stderr]    Compiling http v0.1.21
[INFO] [stderr]    Compiling string v0.2.1
[INFO] [stderr]    Compiling time v0.1.44
[INFO] [stderr]    Compiling serde_json v1.0.82
[INFO] [stderr]    Compiling regex-syntax v0.6.27
[INFO] [stderr]    Compiling tokio-executor v0.1.10
[INFO] [stderr]    Compiling tokio-io v0.1.13
[INFO] [stderr]    Compiling tokio-sync v0.1.8
[INFO] [stderr]    Compiling tokio-threadpool v0.1.18
[INFO] [stderr]    Compiling tokio-timer v0.2.13
[INFO] [stderr]    Compiling tokio-current-thread v0.1.7
[INFO] [stderr]    Compiling tokio-reactor v0.1.12
[INFO] [stderr]    Compiling tokio-codec v0.1.2
[INFO] [stderr]    Compiling mio-uds v0.6.8
[INFO] [stderr]    Compiling tokio-fs v0.1.7
[INFO] [stderr]    Compiling tokio-buf v0.1.1
[INFO] [stderr]    Compiling want v0.2.0
[INFO] [stderr]    Compiling futures-cpupool v0.1.8
[INFO] [stderr]    Compiling rustc-demangle v0.1.21
[INFO] [stderr]    Compiling idna v0.1.5
[INFO] [stderr]    Compiling itoa v1.0.2
[INFO] [stderr]    Compiling regex-automata v0.1.10
[INFO] [stderr]    Compiling percent-encoding v1.0.1
[INFO] [stderr]    Compiling idna v0.2.3
[INFO] [stderr]    Compiling tokio-udp v0.1.6
[INFO] [stderr]    Compiling tokio-uds v0.2.7
[INFO] [stderr]    Compiling tokio-tcp v0.1.4
[INFO] [stderr]    Compiling url v1.7.2
[INFO] [stderr]    Compiling tokio v0.1.22
[INFO] [stderr]    Compiling csv-core v0.1.10
[INFO] [stderr]    Compiling url v2.2.2
[INFO] [stderr]    Compiling h2 v0.1.26
[INFO] [stderr]    Compiling http-body v0.1.0
[INFO] [stderr]    Compiling addr2line v0.17.0
[INFO] [stderr]    Compiling regex v1.6.0
[INFO] [stderr]    Compiling synstructure v0.12.6
[INFO] [stderr]    Compiling openssl-macros v0.1.0
[INFO] [stderr]    Compiling failure v0.1.8
[INFO] [stderr]    Compiling hyper-tls v0.3.2
[INFO] [stderr]    Compiling bstr v0.2.17
[INFO] [stderr]    Compiling docopt v1.1.1
[INFO] [stderr]    Compiling csv v1.1.6
[INFO] [stderr]    Compiling tldextract v0.5.1
[INFO] [stderr]    Compiling urlsplit v0.2.0 (/opt/rustwide/workdir)
[INFO] [stdout] warning: trait `OptionDeref` is never used
[INFO] [stdout]  --> src/split.rs:9:11
[INFO] [stdout]   |
[INFO] [stdout] 9 | pub trait OptionDeref<T: Deref> {
[INFO] [stdout]   |           ^^^^^^^^^^^
[INFO] [stdout]   |
[INFO] [stdout]   = note: `#[warn(dead_code)]` (part of `#[warn(unused)]`) on by default
[INFO] [stdout] 
[INFO] [stdout] 
[INFO] [stderr]     Finished `release` profile [optimized] target(s) in 1m 13s
[INFO] [stderr] warning: the following packages contain code that will be rejected by a future version of Rust: openssl v0.10.41
[INFO] [stderr] note: to see what the problems were, use the option `--future-incompat-report`, or run `cargo report future-incompatibilities --id 6`
[INFO] running `Command { std: "docker" "inspect" "185a5215ca8ae426b5914824cc6b4cb1fb2926c19bc577c04de3e850349ae7bf", kill_on_drop: false }`
[INFO] running `Command { std: "docker" "exec" "-e" "SOURCE_DIR=/opt/rustwide/workdir" "-e" "CARGO_HOME=/opt/rustwide/cargo-home" "-e" "RUSTUP_HOME=/opt/rustwide/rustup-home" "-e" "CARGO_TARGET_DIR=/opt/rustwide/target" "-e" "CARGO_INCREMENTAL=0" "-e" "RUST_BACKTRACE=full" "-e" "RUSTFLAGS=--cap-lints=warn" "-e" "RUSTDOCFLAGS=--cap-lints=warn" "-w" "/opt/rustwide/workdir" "--user" "0:0" "185a5215ca8ae426b5914824cc6b4cb1fb2926c19bc577c04de3e850349ae7bf" "/opt/rustwide/cargo-home/bin/cargo" "+1.100.0-beta.1" "test" "--frozen" "--no-run" "--message-format=json" "--release", kill_on_drop: false }`
[INFO] [stderr]    Compiling urlsplit v0.2.0 (/opt/rustwide/workdir)
[INFO] [stdout] warning: trait `OptionDeref` is never used
[INFO] [stdout]  --> src/split.rs:9:11
[INFO] [stdout]   |
[INFO] [stdout] 9 | pub trait OptionDeref<T: Deref> {
[INFO] [stdout]   |           ^^^^^^^^^^^
[INFO] [stdout]   |
[INFO] [stdout]   = note: `#[warn(dead_code)]` (part of `#[warn(unused)]`) on by default
[INFO] [stdout] 
[INFO] [stdout] 
[INFO] [stdout] warning: trait `OptionDeref` is never used
[INFO] [stdout]  --> src/split.rs:9:11
[INFO] [stdout]   |
[INFO] [stdout] 9 | pub trait OptionDeref<T: Deref> {
[INFO] [stdout]   |           ^^^^^^^^^^^
[INFO] [stdout]   |
[INFO] [stdout]   = note: `#[warn(dead_code)]` (part of `#[warn(unused)]`) on by default
[INFO] [stdout] 
[INFO] [stdout] 
[INFO] [stderr]     Finished `release` profile [optimized] target(s) in 1.21s
[INFO] [stderr] warning: the following packages contain code that will be rejected by a future version of Rust: openssl v0.10.41
[INFO] [stderr] note: to see what the problems were, use the option `--future-incompat-report`, or run `cargo report future-incompatibilities --id 6`
[INFO] running `Command { std: "docker" "inspect" "185a5215ca8ae426b5914824cc6b4cb1fb2926c19bc577c04de3e850349ae7bf", kill_on_drop: false }`
[INFO] running `Command { std: "docker" "exec" "-e" "SOURCE_DIR=/opt/rustwide/workdir" "-e" "CARGO_HOME=/opt/rustwide/cargo-home" "-e" "RUSTUP_HOME=/opt/rustwide/rustup-home" "-e" "CARGO_TARGET_DIR=/opt/rustwide/target" "-e" "CARGO_INCREMENTAL=0" "-e" "RUST_BACKTRACE=full" "-e" "RUSTFLAGS=--cap-lints=warn" "-e" "RUSTDOCFLAGS=--cap-lints=warn" "-w" "/opt/rustwide/workdir" "--user" "0:0" "185a5215ca8ae426b5914824cc6b4cb1fb2926c19bc577c04de3e850349ae7bf" "/opt/rustwide/cargo-home/bin/cargo" "+1.100.0-beta.1" "test" "--frozen" "--release", kill_on_drop: false }`
[INFO] [stderr] warning: trait `OptionDeref` is never used
[INFO] [stderr]  --> src/split.rs:9:11
[INFO] [stderr]   |
[INFO] [stderr] 9 | pub trait OptionDeref<T: Deref> {
[INFO] [stderr]   |           ^^^^^^^^^^^
[INFO] [stderr]   |
[INFO] [stderr]   = note: `#[warn(dead_code)]` (part of `#[warn(unused)]`) on by default
[INFO] [stderr] 
[INFO] [stderr] warning: `urlsplit` (bin "urlsplit") generated 1 warning
[INFO] [stderr] warning: `urlsplit` (bin "urlsplit" test) generated 1 warning (1 duplicate)
[INFO] [stderr]     Finished `release` profile [optimized] target(s) in 0.16s
[INFO] [stderr] warning: the following packages contain code that will be rejected by a future version of Rust: openssl v0.10.41
[INFO] [stderr] note: to see what the problems were, use the option `--future-incompat-report`, or run `cargo report future-incompatibilities --id 6`
[INFO] [stderr]      Running unittests src/main.rs (/opt/rustwide/target/release/build/urlsplit/f27bf3eef52768c1/out/urlsplit-f27bf3eef52768c1)
[INFO] [stdout] 
[INFO] [stdout] running 3 tests
[INFO] [stdout] test test::test_handle_io_path ... ok
[INFO] [stderr]      Running tests/test_urlsplit.rs (/opt/rustwide/target/release/build/urlsplit/7e5c165e41e8e343/out/test_urlsplit-7e5c165e41e8e343)
[INFO] [stdout] test split::test::test_urlsplit_columns ... ok
[INFO] [stdout] test split::test::test_urlsplit_parse ... ok
[INFO] [stdout] 
[INFO] [stdout] test result: ok. 3 passed; 0 failed; 0 ignored; 0 measured; 0 filtered out; finished in 0.00s
[INFO] [stdout] 
[INFO] [stdout] 
[INFO] [stdout] running 1 test
[INFO] [stderr] error: test failed, to rerun pass `--test test_urlsplit`
[INFO] [stdout] test test_command ... FAILED
[INFO] [stdout] 
[INFO] [stdout] failures:
[INFO] [stdout] 
[INFO] [stdout] ---- test_command stdout ----
[INFO] [stdout] 
[INFO] [stdout] thread 'test_command' (2150) panicked at tests/test_urlsplit.rs:14:10:
[INFO] [stdout] Failed to execute urlsplit: Os { code: 2, kind: NotFound, message: "No such file or directory" }
[INFO] [stdout] stack backtrace:
[INFO] [stdout]    0:     0x5fc41dc31e21 - <<std[617be2ca0a6fd877]::sys::backtrace::BacktraceLock>::print::DisplayBacktrace as core[a373ad73a504971]::fmt::Display>::fmt
[INFO] [stdout]    1:     0x5fc41dc45dea - core[a373ad73a504971]::fmt::write
[INFO] [stdout]    2:     0x5fc41dc3603c - <alloc[2e1b2a31b91974c5]::vec::Vec<u8> as core[a373ad73a504971]::io::write::Write>::write_fmt
[INFO] [stdout]    3:     0x5fc41dc0dd06 - std[617be2ca0a6fd877]::panicking::default_hook::{closure#0}
[INFO] [stdout]    4:     0x5fc41dc2a4b9 - std[617be2ca0a6fd877]::panicking::default_hook
[INFO] [stdout]    5:     0x5fc41dbc65e0 - test[aada8e7e76ba119b]::test_main_inner::{closure#0}
[INFO] [stdout]    6:     0x5fc41dc2a672 - std[617be2ca0a6fd877]::panicking::panic_with_hook
[INFO] [stdout]    7:     0x5fc41dc0ddb2 - std[617be2ca0a6fd877]::panicking::panic_handler::{closure#0}
[INFO] [stdout]    8:     0x5fc41dc06ac9 - std[617be2ca0a6fd877]::sys::backtrace::__rust_end_short_backtrace::<std[617be2ca0a6fd877]::panicking::panic_handler::{closure#0}, !>
[INFO] [stdout]    9:     0x5fc41dc0e9bd - __rustc[ea4f61d10b84890b]::rust_begin_unwind
[INFO] [stdout]   10:     0x5fc41dc4651c - core[a373ad73a504971]::panicking::panic_fmt
[INFO] [stdout]   11:     0x5fc41dc462f2 - core[a373ad73a504971]::result::unwrap_failed
[INFO] [stdout]   12:     0x5fc41dbb969c - <test_urlsplit[57caea1e271320c]::test_command::{closure#0} as core[a373ad73a504971]::ops::function::FnOnce<()>>::call_once
[INFO] [stdout]   13:     0x5fc41dbb9a2b - test[aada8e7e76ba119b]::__rust_begin_short_backtrace::<core[a373ad73a504971]::result::Result<(), alloc[2e1b2a31b91974c5]::string::String>, fn() -> core[a373ad73a504971]::result::Result<(), alloc[2e1b2a31b91974c5]::string::String>>
[INFO] [stdout]   14:     0x5fc41dbc6c05 - test[aada8e7e76ba119b]::run_test::{closure#0}
[INFO] [stdout]   15:     0x5fc41dbc04f4 - std[617be2ca0a6fd877]::sys::backtrace::__rust_begin_short_backtrace::<test[aada8e7e76ba119b]::run_test::{closure#1}, ()>
[INFO] [stdout]   16:     0x5fc41dbc9c92 - <std[617be2ca0a6fd877]::thread::lifecycle::spawn_unchecked<test[aada8e7e76ba119b]::run_test::{closure#1}, ()>::{closure#1} as core[a373ad73a504971]::ops::function::FnOnce<()>>::call_once::{shim:vtable#0}
[INFO] [stdout]   17:     0x5fc41dc3167f - <std[617be2ca0a6fd877]::sys::thread::unix::Thread>::new::thread_start
[INFO] [stdout]   18:     0x7fd4f8d02dfa - <unknown>
[INFO] [stdout]   19:     0x7fd4f8d963d4 - clone
[INFO] [stdout]   20:                0x0 - <unknown>
[INFO] [stdout] 
[INFO] [stdout] 
[INFO] [stdout] failures:
[INFO] [stdout]     test_command
[INFO] [stdout] 
[INFO] [stdout] test result: FAILED. 0 passed; 1 failed; 0 ignored; 0 measured; 0 filtered out; finished in 0.01s
[INFO] [stdout] 
[INFO] running `Command { std: "docker" "inspect" "185a5215ca8ae426b5914824cc6b4cb1fb2926c19bc577c04de3e850349ae7bf", kill_on_drop: false }`
[INFO] running `Command { std: "docker" "rm" "-f" "185a5215ca8ae426b5914824cc6b4cb1fb2926c19bc577c04de3e850349ae7bf", kill_on_drop: false }`
[INFO] [stdout] 185a5215ca8ae426b5914824cc6b4cb1fb2926c19bc577c04de3e850349ae7bf
