[INFO] cloning repository https://github.com/akiselev/handprint
[INFO] running `Command { std: "git" "-c" "credential.helper=" "-c" "credential.helper=/workspace/cargo-home/bin/git-credential-null" "clone" "--bare" "https://github.com/akiselev/handprint" "/workspace/cache/git-repos/https%3A%2F%2Fgithub.com%2Fakiselev%2Fhandprint", kill_on_drop: false }`
[INFO] [stderr] Cloning into bare repository '/workspace/cache/git-repos/https%3A%2F%2Fgithub.com%2Fakiselev%2Fhandprint'...
[INFO] running `Command { std: "git" "rev-parse" "HEAD", kill_on_drop: false }`
[INFO] [stdout] bc7653c425a02afb6f2558bc4c8ff29b7880698f
[INFO] testing akiselev/handprint against 1.100.0-beta.1+cargoflags=--release for beta-release-1.100-2
[INFO] running `Command { std: "git" "clone" "/workspace/cache/git-repos/https%3A%2F%2Fgithub.com%2Fakiselev%2Fhandprint" "/workspace/builds/worker-4-tc2/source", kill_on_drop: false }`
[INFO] [stderr] Cloning into '/workspace/builds/worker-4-tc2/source'...
[INFO] [stderr] done.
[INFO] started tweaking git repo https://github.com/akiselev/handprint
[INFO] finished tweaking git repo https://github.com/akiselev/handprint
[INFO] tweaked toml for git repo https://github.com/akiselev/handprint written to /workspace/builds/worker-4-tc2/source/Cargo.toml
[INFO] validating manifest of git repo https://github.com/akiselev/handprint on toolchain 1.100.0-beta.1
[INFO] running `Command { std: CARGO_HOME="/workspace/cargo-home" RUSTUP_HOME="/workspace/rustup-home" "/workspace/cargo-home/bin/cargo" "+1.100.0-beta.1" "metadata" "--manifest-path" "Cargo.toml" "--no-deps", kill_on_drop: false }`
[INFO] crate git repo https://github.com/akiselev/handprint already has a lockfile, it will not be regenerated
[INFO] running `Command { std: CARGO_HOME="/workspace/cargo-home" RUSTUP_HOME="/workspace/rustup-home" "/workspace/cargo-home/bin/cargo" "+1.100.0-beta.1" "fetch" "--manifest-path" "Cargo.toml", kill_on_drop: false }`
[INFO] running `Command { std: "docker" "create" "-v" "/var/lib/crater-agent-workspace/builds/worker-4-tc2/source:/opt/rustwide/workdir:ro,Z" "-v" "/var/lib/crater-agent-workspace/builds/worker-4-tc2/target:/opt/rustwide/target:rw,Z" "-v" "/var/lib/crater-agent-workspace/cargo-home:/opt/rustwide/cargo-home:ro,Z" "-v" "/var/lib/crater-agent-workspace/rustup-home:/opt/rustwide/rustup-home:ro,Z" "-m" "1610612736" "--network" "none" "ghcr.io/rust-lang/crates-build-env/linux@sha256:77db811e55d90add9212f6832c23229e3de5f1c1f9905e8cb07319ea15df73ac" "sleep" "infinity", kill_on_drop: false }`
[INFO] [stdout] ff4025b39fa6dd418223efe32e41aff5cd27389ca50de5e222a3a8175614c78f
[INFO] running `Command { std: "docker" "start" "ff4025b39fa6dd418223efe32e41aff5cd27389ca50de5e222a3a8175614c78f", kill_on_drop: false }`
[INFO] running `Command { std: "docker" "inspect" "ff4025b39fa6dd418223efe32e41aff5cd27389ca50de5e222a3a8175614c78f", kill_on_drop: false }`
[INFO] running `Command { std: "docker" "exec" "-e" "SOURCE_DIR=/opt/rustwide/workdir" "-e" "CARGO_HOME=/opt/rustwide/cargo-home" "-e" "RUSTUP_HOME=/opt/rustwide/rustup-home" "-e" "CARGO_TARGET_DIR=/opt/rustwide/target" "-w" "/opt/rustwide/workdir" "--user" "0:0" "ff4025b39fa6dd418223efe32e41aff5cd27389ca50de5e222a3a8175614c78f" "/opt/rustwide/cargo-home/bin/cargo" "+1.100.0-beta.1" "metadata" "--no-deps" "--format-version=1", kill_on_drop: false }`
[INFO] running `Command { std: "docker" "inspect" "ff4025b39fa6dd418223efe32e41aff5cd27389ca50de5e222a3a8175614c78f", kill_on_drop: false }`
[INFO] running `Command { std: "docker" "exec" "-e" "SOURCE_DIR=/opt/rustwide/workdir" "-e" "CARGO_HOME=/opt/rustwide/cargo-home" "-e" "RUSTUP_HOME=/opt/rustwide/rustup-home" "-e" "CARGO_TARGET_DIR=/opt/rustwide/target" "-e" "CARGO_INCREMENTAL=0" "-e" "RUST_BACKTRACE=full" "-e" "RUSTFLAGS=--cap-lints=warn" "-e" "RUSTDOCFLAGS=--cap-lints=warn" "-w" "/opt/rustwide/workdir" "--user" "0:0" "ff4025b39fa6dd418223efe32e41aff5cd27389ca50de5e222a3a8175614c78f" "/opt/rustwide/cargo-home/bin/cargo" "+1.100.0-beta.1" "build" "--frozen" "--message-format=json" "--release", kill_on_drop: false }`
[INFO] [stderr]    Compiling proc-macro2 v1.0.107
[INFO] [stderr]    Compiling quote v1.0.47
[INFO] [stderr]    Compiling unicode-ident v1.0.24
[INFO] [stderr]    Compiling serde_core v1.0.229
[INFO] [stderr]    Compiling libc v0.2.189
[INFO] [stderr]    Compiling serde v1.0.229
[INFO] [stderr]    Compiling zerocopy v0.8.55
[INFO] [stderr]    Compiling cfg-if v1.0.4
[INFO] [stderr]    Compiling zmij v1.0.23
[INFO] [stderr]    Compiling tinyvec_macros v0.1.1
[INFO] [stderr]    Compiling utf8parse v0.2.2
[INFO] [stderr]    Compiling serde_json v1.0.151
[INFO] [stderr]    Compiling thiserror v2.0.19
[INFO] [stderr]    Compiling anstyle-parse v1.0.0
[INFO] [stderr]    Compiling tinyvec v1.12.0
[INFO] [stderr]    Compiling equivalent v1.0.2
[INFO] [stderr]    Compiling colorchoice v1.0.5
[INFO] [stderr]    Compiling memchr v2.8.3
[INFO] [stderr]    Compiling hashbrown v0.17.1
[INFO] [stderr]    Compiling anstyle v1.0.14
[INFO] [stderr]    Compiling itoa v1.0.18
[INFO] [stderr]    Compiling anstyle-query v1.1.5
[INFO] [stderr]    Compiling is_terminal_polyfill v1.70.2
[INFO] [stderr]    Compiling anstream v1.0.0
[INFO] [stderr]    Compiling unicode-normalization v0.1.25
[INFO] [stderr]    Compiling clap_lex v1.1.0
[INFO] [stderr]    Compiling syn v3.0.3
[INFO] [stderr]    Compiling heck v0.5.0
[INFO] [stderr]    Compiling unicode-segmentation v1.13.3
[INFO] [stderr]    Compiling winnow v0.7.15
[INFO] [stderr]    Compiling indexmap v2.14.0
[INFO] [stderr]    Compiling anyhow v1.0.104
[INFO] [stderr]    Compiling strsim v0.11.1
[INFO] [stderr]    Compiling getrandom v0.2.17
[INFO] [stderr]    Compiling rand_core v0.6.4
[INFO] [stderr]    Compiling toml_write v0.1.2
[INFO] [stderr]    Compiling clap_builder v4.6.2
[INFO] [stderr]    Compiling serde_derive v1.0.229
[INFO] [stderr]    Compiling thiserror-impl v2.0.19
[INFO] [stderr]    Compiling clap_derive v4.6.4
[INFO] [stderr]    Compiling ppv-lite86 v0.2.21
[INFO] [stderr]    Compiling rand_chacha v0.3.1
[INFO] [stderr]    Compiling rand v0.8.7
[INFO] [stderr]    Compiling clap v4.6.4
[INFO] [stderr]    Compiling toml_datetime v0.6.11
[INFO] [stderr]    Compiling serde_spanned v0.6.9
[INFO] [stderr]    Compiling handprint-core v0.1.0 (/opt/rustwide/workdir/crates/handprint-core)
[INFO] [stderr]    Compiling toml_edit v0.22.27
[INFO] [stderr]    Compiling toml v0.8.23
[INFO] [stderr]    Compiling handprint-data v0.1.0 (/opt/rustwide/workdir/crates/handprint-data)
[INFO] [stderr]    Compiling handprint-cli v0.1.0 (/opt/rustwide/workdir/crates/handprint-cli)
[INFO] [stderr]     Finished `release` profile [optimized] target(s) in 2m 28s
[INFO] running `Command { std: "docker" "inspect" "ff4025b39fa6dd418223efe32e41aff5cd27389ca50de5e222a3a8175614c78f", kill_on_drop: false }`
[INFO] running `Command { std: "docker" "exec" "-e" "SOURCE_DIR=/opt/rustwide/workdir" "-e" "CARGO_HOME=/opt/rustwide/cargo-home" "-e" "RUSTUP_HOME=/opt/rustwide/rustup-home" "-e" "CARGO_TARGET_DIR=/opt/rustwide/target" "-e" "CARGO_INCREMENTAL=0" "-e" "RUST_BACKTRACE=full" "-e" "RUSTFLAGS=--cap-lints=warn" "-e" "RUSTDOCFLAGS=--cap-lints=warn" "-w" "/opt/rustwide/workdir" "--user" "0:0" "ff4025b39fa6dd418223efe32e41aff5cd27389ca50de5e222a3a8175614c78f" "/opt/rustwide/cargo-home/bin/cargo" "+1.100.0-beta.1" "test" "--frozen" "--no-run" "--message-format=json" "--release", kill_on_drop: false }`
[INFO] [stderr]    Compiling serde_core v1.0.229
[INFO] [stderr]    Compiling serde v1.0.229
[INFO] [stderr]    Compiling zerocopy v0.8.55
[INFO] [stderr]    Compiling libc v0.2.189
[INFO] [stderr]    Compiling syn v2.0.119
[INFO] [stderr]    Compiling autocfg v1.5.1
[INFO] [stderr]    Compiling either v1.17.0
[INFO] [stderr]    Compiling ciborium-io v0.2.2
[INFO] [stderr]    Compiling regex-syntax v0.8.11
[INFO] [stderr]    Compiling cast v0.3.0
[INFO] [stderr]    Compiling same-file v1.0.6
[INFO] [stderr]    Compiling itertools v0.10.5
[INFO] [stderr]    Compiling walkdir v2.5.0
[INFO] [stderr]    Compiling oorandom v11.1.5
[INFO] [stderr]    Compiling anes v0.1.6
[INFO] [stderr]    Compiling num-traits v0.2.19
[INFO] [stderr]    Compiling once_cell v1.21.4
[INFO] [stderr]    Compiling getrandom v0.2.17
[INFO] [stderr]    Compiling is-terminal v0.4.17
[INFO] [stderr]    Compiling rand_core v0.6.4
[INFO] [stderr]    Compiling criterion-plot v0.5.0
[INFO] [stderr]    Compiling regex-automata v0.4.16
[INFO] [stderr]    Compiling serde_json v1.0.151
[INFO] [stderr]    Compiling zerocopy-derive v0.8.55
[INFO] [stderr]    Compiling serde_spanned v0.6.9
[INFO] [stderr]    Compiling toml_datetime v0.6.11
[INFO] [stderr]    Compiling toml_edit v0.22.27
[INFO] [stderr]    Compiling regex v1.13.1
[INFO] [stderr]    Compiling tinytemplate v1.2.1
[INFO] [stderr]    Compiling toml v0.8.23
[INFO] [stderr]    Compiling ppv-lite86 v0.2.21
[INFO] [stderr]    Compiling half v2.7.1
[INFO] [stderr]    Compiling rand_chacha v0.3.1
[INFO] [stderr]    Compiling ciborium-ll v0.2.2
[INFO] [stderr]    Compiling ciborium v0.2.2
[INFO] [stderr]    Compiling rand v0.8.7
[INFO] [stderr]    Compiling criterion v0.5.1
[INFO] [stderr]    Compiling handprint-core v0.1.0 (/opt/rustwide/workdir/crates/handprint-core)
[INFO] [stderr]    Compiling handprint-data v0.1.0 (/opt/rustwide/workdir/crates/handprint-data)
[INFO] [stderr]    Compiling handprint-cli v0.1.0 (/opt/rustwide/workdir/crates/handprint-cli)
[INFO] [stdout] warning: function `spacing_is_missing_rather_than_zero_below_the_hit_floor` is never used
[INFO] [stdout]     --> crates/handprint-core/src/feature/device.rs:1226:8
[INFO] [stdout]      |
[INFO] [stdout] 1226 |     fn spacing_is_missing_rather_than_zero_below_the_hit_floor() {
[INFO] [stdout]      |        ^^^^^^^^^^^^^^^^^^^^^^^^^^^^^^^^^^^^^^^^^^^^^^^^^^^^^^^
[INFO] [stdout]      |
[INFO] [stdout]      = note: `#[warn(dead_code)]` (part of `#[warn(unused)]`) on by default
[INFO] [stdout] 
[INFO] [stdout] 
[INFO] [stderr]     Finished `release` profile [optimized] target(s) in 5m 47s
[INFO] running `Command { std: "docker" "inspect" "ff4025b39fa6dd418223efe32e41aff5cd27389ca50de5e222a3a8175614c78f", kill_on_drop: false }`
[INFO] running `Command { std: "docker" "exec" "-e" "SOURCE_DIR=/opt/rustwide/workdir" "-e" "CARGO_HOME=/opt/rustwide/cargo-home" "-e" "RUSTUP_HOME=/opt/rustwide/rustup-home" "-e" "CARGO_TARGET_DIR=/opt/rustwide/target" "-e" "CARGO_INCREMENTAL=0" "-e" "RUST_BACKTRACE=full" "-e" "RUSTFLAGS=--cap-lints=warn" "-e" "RUSTDOCFLAGS=--cap-lints=warn" "-w" "/opt/rustwide/workdir" "--user" "0:0" "ff4025b39fa6dd418223efe32e41aff5cd27389ca50de5e222a3a8175614c78f" "/opt/rustwide/cargo-home/bin/cargo" "+1.100.0-beta.1" "test" "--frozen" "--release", kill_on_drop: false }`
[INFO] [stderr] warning: function `spacing_is_missing_rather_than_zero_below_the_hit_floor` is never used
[INFO] [stderr]     --> crates/handprint-core/src/feature/device.rs:1226:8
[INFO] [stderr]      |
[INFO] [stderr] 1226 |     fn spacing_is_missing_rather_than_zero_below_the_hit_floor() {
[INFO] [stderr]      |        ^^^^^^^^^^^^^^^^^^^^^^^^^^^^^^^^^^^^^^^^^^^^^^^^^^^^^^^
[INFO] [stderr]      |
[INFO] [stderr]      = note: `#[warn(dead_code)]` (part of `#[warn(unused)]`) on by default
[INFO] [stderr] 
[INFO] [stderr] warning: `handprint-core` (lib test) generated 1 warning
[INFO] [stderr]     Finished `release` profile [optimized] target(s) in 0.19s
[INFO] [stderr]      Running unittests src/main.rs (/opt/rustwide/target/release/build/handprint-cli/126706d5883e5e16/out/handprint-126706d5883e5e16)
[INFO] [stdout] 
[INFO] [stdout] running 18 tests
[INFO] [stdout] test commands::tests::universe_specs_parse ... ok
[INFO] [stdout] test commands::tests::html_rendering_escapes_and_marks ... ok
[INFO] [stdout] test config::tests::unknown_keys_are_rejected_rather_than_ignored ... ok
[INFO] [stdout] test io::tests::author_per_subdirectory ... ok
[INFO] [stdout] test io::tests::jsonl_records_group_by_model ... ok
[INFO] [stdout] test io::tests::flat_directory_is_one_author_per_file ... ok
[INFO] [stdout] test commands::tests::severity_and_profile_names_parse ... ok
[INFO] [stdout] test config::tests::parses_a_project_file ... ok
[INFO] [stdout] test config::tests::an_empty_config_is_valid ... ok
[INFO] [stdout] test tests::fit_takes_a_comma_separated_feature_list ... ok
[INFO] [stdout] test tests::critique_defaults_to_json_and_corpus_mode ... ok
[INFO] [stdout] test config::tests::discovery_walks_up_the_tree ... ok
[INFO] [stdout] test tests::the_cli_definition_is_valid ... ok
[INFO] [stdout] test tests::fit_defaults_to_the_short_text_families ... ok
[INFO] [stdout] test io::tests::missing_and_empty_paths_are_errors ... ok
[INFO] [stdout] test io::tests::private_flag_propagates ... ok
[INFO] [stdout] test io::tests::references_round_trip_on_disk ... ok
[INFO] [stderr]      Running tests/loop.rs (/opt/rustwide/target/release/build/handprint-cli/f81b1a988dfa8ea7/out/loop-f81b1a988dfa8ea7)
[INFO] [stdout] test tests::unknown_subcommands_are_rejected ... ok
[INFO] [stdout] 
[INFO] [stdout] test result: ok. 18 passed; 0 failed; 0 ignored; 0 measured; 0 filtered out; finished in 0.01s
[INFO] [stdout] 
[INFO] [stdout] 
[INFO] [stdout] running 9 tests
[INFO] [stdout] test a_declared_pack_yields_category_findings_on_a_hedge_stripped_draft ... FAILED
[INFO] [stdout] test the_register_family_reaches_the_contract_as_an_open_set_value ... FAILED
[INFO] [stdout] test a_scripted_agent_converges_on_a_salted_draft ... FAILED
[INFO] [stdout] test exit_codes_follow_vale ... FAILED
[INFO] [stdout] test spans_are_byte_exact_so_patches_apply_cleanly ... FAILED
[INFO] [stdout] test verify_runs_general_imposters ... FAILED
[INFO] [stdout] test forensic_commands_run ... FAILED
[INFO] [stdout] test the_project_config_supplies_defaults ... FAILED
[INFO] [stdout] test the_discover_fit_critique_loop_closes ... FAILED
[INFO] [stdout] 
[INFO] [stdout] failures:
[INFO] [stdout] 
[INFO] [stdout] ---- a_declared_pack_yields_category_findings_on_a_hedge_stripped_draft stdout ----
[INFO] [stdout] 
[INFO] [stdout] thread 'a_declared_pack_yields_category_findings_on_a_hedge_stripped_draft' (2336) panicked at crates/handprint-cli/tests/loop.rs:543:14:
[INFO] [stdout] running handprint: Os { code: 2, kind: NotFound, message: "No such file or directory" }
[INFO] [stdout] stack backtrace:
[INFO] [stdout]    0:     0x60d9050c1026 - <<std[617be2ca0a6fd877]::sys::backtrace::BacktraceLock>::print::DisplayBacktrace as core[a373ad73a504971]::fmt::Display>::fmt
[INFO] [stdout]    1:     0x60d905037dda - core[a373ad73a504971]::fmt::write
[INFO] [stdout]    2:     0x60d9050c679c - <alloc[2e1b2a31b91974c5]::vec::Vec<u8> as core[a373ad73a504971]::io::write::Write>::write_fmt
[INFO] [stdout]    3:     0x60d90509c6d2 - std[617be2ca0a6fd877]::panicking::default_hook::{closure#0}
[INFO] [stdout]    4:     0x60d9050b89f1 - std[617be2ca0a6fd877]::panicking::default_hook
[INFO] [stdout]    5:     0x60d9050b8bd2 - std[617be2ca0a6fd877]::panicking::panic_with_hook
[INFO] [stdout]    6:     0x60d90509c782 - std[617be2ca0a6fd877]::panicking::panic_handler::{closure#0}
[INFO] [stdout]    7:     0x60d905095359 - std[617be2ca0a6fd877]::sys::backtrace::__rust_end_short_backtrace::<std[617be2ca0a6fd877]::panicking::panic_handler::{closure#0}, !>
[INFO] [stdout]    8:     0x60d90509d39d - __rustc[ea4f61d10b84890b]::rust_begin_unwind
[INFO] [stdout]    9:     0x60d9050384cc - core[a373ad73a504971]::panicking::panic_fmt
[INFO] [stdout]   10:     0x60d9050382a2 - core[a373ad73a504971]::result::unwrap_failed
[INFO] [stdout]   11:     0x60d90505774d - loop[53676a42c65b84c9]::a_declared_pack_yields_category_findings_on_a_hedge_stripped_draft::{closure#0}
[INFO] [stdout]   12:     0x60d905060220 - <loop[53676a42c65b84c9]::a_declared_pack_yields_category_findings_on_a_hedge_stripped_draft::{closure#0} as core[a373ad73a504971]::ops::function::FnOnce<()>>::call_once
[INFO] [stdout]   13:     0x60d9050c841b - test[aada8e7e76ba119b]::__rust_begin_short_backtrace::<core[a373ad73a504971]::result::Result<(), alloc[2e1b2a31b91974c5]::string::String>, fn() -> core[a373ad73a504971]::result::Result<(), alloc[2e1b2a31b91974c5]::string::String>>
[INFO] [stdout]   14:     0x60d9050d62c4 - test[aada8e7e76ba119b]::run_test::{closure#0}
[INFO] [stdout]   15:     0x60d9050cf9f4 - std[617be2ca0a6fd877]::sys::backtrace::__rust_begin_short_backtrace::<test[aada8e7e76ba119b]::run_test::{closure#1}, ()>
[INFO] [stdout]   16:     0x60d9050da082 - <std[617be2ca0a6fd877]::thread::lifecycle::spawn_unchecked<test[aada8e7e76ba119b]::run_test::{closure#1}, ()>::{closure#1} as core[a373ad73a504971]::ops::function::FnOnce<()>>::call_once::{shim:vtable#0}
[INFO] [stdout]   17:     0x60d9050bfed4 - <std[617be2ca0a6fd877]::sys::thread::unix::Thread>::new::thread_start
[INFO] [stdout]   18:     0x7a23c3f6ddfa - <unknown>
[INFO] [stdout]   19:     0x7a23c40013d4 - clone
[INFO] [stdout]   20:                0x0 - <unknown>
[INFO] [stdout] 
[INFO] [stdout] ---- the_register_family_reaches_the_contract_as_an_open_set_value stdout ----
[INFO] [stdout] 
[INFO] [stdout] thread 'the_register_family_reaches_the_contract_as_an_open_set_value' (2343) panicked at crates/handprint-cli/tests/loop.rs:624:14:
[INFO] [stdout] running handprint: Os { code: 2, kind: NotFound, message: "No such file or directory" }
[INFO] [stdout] stack backtrace:
[INFO] [stdout]    0:     0x60d9050c1026 - <<std[617be2ca0a6fd877]::sys::backtrace::BacktraceLock>::print::DisplayBacktrace as core[a373ad73a504971]::fmt::Display>::fmt
[INFO] [stdout]    1:     0x60d905037dda - core[a373ad73a504971]::fmt::write
[INFO] [stdout]    2:     0x60d9050c679c - <alloc[2e1b2a31b91974c5]::vec::Vec<u8> as core[a373ad73a504971]::io::write::Write>::write_fmt
[INFO] [stdout]    3:     0x60d90509c6d2 - std[617be2ca0a6fd877]::panicking::default_hook::{closure#0}
[INFO] [stdout]    4:     0x60d9050b89f1 - std[617be2ca0a6fd877]::panicking::default_hook
[INFO] [stdout]    5:     0x60d9050b8bd2 - std[617be2ca0a6fd877]::panicking::panic_with_hook
[INFO] [stdout]    6:     0x60d90509c782 - std[617be2ca0a6fd877]::panicking::panic_handler::{closure#0}
[INFO] [stdout]    7:     0x60d905095359 - std[617be2ca0a6fd877]::sys::backtrace::__rust_end_short_backtrace::<std[617be2ca0a6fd877]::panicking::panic_handler::{closure#0}, !>
[INFO] [stdout]    8:     0x60d90509d39d - __rustc[ea4f61d10b84890b]::rust_begin_unwind
[INFO] [stdout]    9:     0x60d9050384cc - core[a373ad73a504971]::panicking::panic_fmt
[INFO] [stdout]   10:     0x60d9050382a2 - core[a373ad73a504971]::result::unwrap_failed
[INFO] [stdout]   11:     0x60d9050573bd - loop[53676a42c65b84c9]::the_register_family_reaches_the_contract_as_an_open_set_value::{closure#0}
[INFO] [stdout]   12:     0x60d90505f384 - <loop[53676a42c65b84c9]::the_register_family_reaches_the_contract_as_an_open_set_value::{closure#0} as core[a373ad73a504971]::ops::function::FnOnce<()>>::call_once
[INFO] [stdout]   13:     0x60d9050c841b - test[aada8e7e76ba119b]::__rust_begin_short_backtrace::<core[a373ad73a504971]::result::Result<(), alloc[2e1b2a31b91974c5]::string::String>, fn() -> core[a373ad73a504971]::result::Result<(), alloc[2e1b2a31b91974c5]::string::String>>
[INFO] [stdout]   14:     0x60d9050d62c4 - test[aada8e7e76ba119b]::run_test::{closure#0}
[INFO] [stdout]   15:     0x60d9050cf9f4 - std[617be2ca0a6fd877]::sys::backtrace::__rust_begin_short_backtrace::<test[aada8e7e76ba119b]::run_test::{closure#1}, ()>
[INFO] [stdout]   16:     0x60d9050da082 - <std[617be2ca0a6fd877]::thread::lifecycle::spawn_unchecked<test[aada8e7e76ba119b]::run_test::{closure#1}, ()>::{closure#1} as core[a373ad73a504971]::ops::function::FnOnce<()>>::call_once::{shim:vtable#0}
[INFO] [stdout]   17:     0x60d9050bfed4 - <std[617be2ca0a6fd877]::sys::thread::unix::Thread>::new::thread_start
[INFO] [stdout]   18:     0x7a23c3f6ddfa - <unknown>
[INFO] [stdout]   19:     0x7a23c40013d4 - clone
[INFO] [stdout]   20:                0x0 - <unknown>
[INFO] [stdout] 
[INFO] [stdout] ---- a_scripted_agent_converges_on_a_salted_draft stdout ----
[INFO] [stdout] 
[INFO] [stdout] thread 'a_scripted_agent_converges_on_a_salted_draft' (2337) panicked at crates/handprint-cli/tests/loop.rs:139:33:
[INFO] [stdout] running "/opt/rustwide/target/release/build/handprint-cli/f81b1a988dfa8ea7/out/handprint": No such file or directory (os error 2)
[INFO] [stdout] stack backtrace:
[INFO] [stdout]    0:     0x60d9050c1026 - <<std[617be2ca0a6fd877]::sys::backtrace::BacktraceLock>::print::DisplayBacktrace as core[a373ad73a504971]::fmt::Display>::fmt
[INFO] [stdout]    1:     0x60d905037dda - core[a373ad73a504971]::fmt::write
[INFO] [stdout]    2:     0x60d9050c679c - <alloc[2e1b2a31b91974c5]::vec::Vec<u8> as core[a373ad73a504971]::io::write::Write>::write_fmt
[INFO] [stdout]    3:     0x60d90509c6d2 - std[617be2ca0a6fd877]::panicking::default_hook::{closure#0}
[INFO] [stdout]    4:     0x60d9050b89f1 - std[617be2ca0a6fd877]::panicking::default_hook
[INFO] [stdout]    5:     0x60d9050b8bd2 - std[617be2ca0a6fd877]::panicking::panic_with_hook
[INFO] [stdout]    6:     0x60d90509c782 - std[617be2ca0a6fd877]::panicking::panic_handler::{closure#0}
[INFO] [stdout]    7:     0x60d905095359 - std[617be2ca0a6fd877]::sys::backtrace::__rust_end_short_backtrace::<std[617be2ca0a6fd877]::panicking::panic_handler::{closure#0}, !>
[INFO] [stdout]    8:     0x60d90509d39d - __rustc[ea4f61d10b84890b]::rust_begin_unwind
[INFO] [stdout]    9:     0x60d9050384cc - core[a373ad73a504971]::panicking::panic_fmt
[INFO] [stdout]   10:     0x60d905058f3e - <loop[53676a42c65b84c9]::Fixture>::run
[INFO] [stdout]   11:     0x60d9050593fe - <loop[53676a42c65b84c9]::Fixture>::reference
[INFO] [stdout]   12:     0x60d90505d93a - <loop[53676a42c65b84c9]::a_scripted_agent_converges_on_a_salted_draft::{closure#0} as core[a373ad73a504971]::ops::function::FnOnce<()>>::call_once
[INFO] [stdout]   13:     0x60d9050c841b - test[aada8e7e76ba119b]::__rust_begin_short_backtrace::<core[a373ad73a504971]::result::Result<(), alloc[2e1b2a31b91974c5]::string::String>, fn() -> core[a373ad73a504971]::result::Result<(), alloc[2e1b2a31b91974c5]::string::String>>
[INFO] [stdout]   14:     0x60d9050d62c4 - test[aada8e7e76ba119b]::run_test::{closure#0}
[INFO] [stdout]   15:     0x60d9050cf9f4 - std[617be2ca0a6fd877]::sys::backtrace::__rust_begin_short_backtrace::<test[aada8e7e76ba119b]::run_test::{closure#1}, ()>
[INFO] [stdout]   16:     0x60d9050da082 - <std[617be2ca0a6fd877]::thread::lifecycle::spawn_unchecked<test[aada8e7e76ba119b]::run_test::{closure#1}, ()>::{closure#1} as core[a373ad73a504971]::ops::function::FnOnce<()>>::call_once::{shim:vtable#0}
[INFO] [stdout]   17:     0x60d9050bfed4 - <std[617be2ca0a6fd877]::sys::thread::unix::Thread>::new::thread_start
[INFO] [stdout]   18:     0x7a23c3f6ddfa - <unknown>
[INFO] [stdout]   19:     0x7a23c40013d4 - clone
[INFO] [stdout]   20:                0x0 - <unknown>
[INFO] [stdout] 
[INFO] [stdout] ---- exit_codes_follow_vale stdout ----
[INFO] [stdout] 
[INFO] [stdout] thread 'exit_codes_follow_vale' (2338) panicked at crates/handprint-cli/tests/loop.rs:139:33:
[INFO] [stdout] running "/opt/rustwide/target/release/build/handprint-cli/f81b1a988dfa8ea7/out/handprint": No such file or directory (os error 2)
[INFO] [stdout] stack backtrace:
[INFO] [stdout]    0:     0x60d9050c1026 - <<std[617be2ca0a6fd877]::sys::backtrace::BacktraceLock>::print::DisplayBacktrace as core[a373ad73a504971]::fmt::Display>::fmt
[INFO] [stdout]    1:     0x60d905037dda - core[a373ad73a504971]::fmt::write
[INFO] [stdout]    2:     0x60d9050c679c - <alloc[2e1b2a31b91974c5]::vec::Vec<u8> as core[a373ad73a504971]::io::write::Write>::write_fmt
[INFO] [stdout]    3:     0x60d90509c6d2 - std[617be2ca0a6fd877]::panicking::default_hook::{closure#0}
[INFO] [stdout]    4:     0x60d9050b89f1 - std[617be2ca0a6fd877]::panicking::default_hook
[INFO] [stdout]    5:     0x60d9050b8bd2 - std[617be2ca0a6fd877]::panicking::panic_with_hook
[INFO] [stdout]    6:     0x60d90509c782 - std[617be2ca0a6fd877]::panicking::panic_handler::{closure#0}
[INFO] [stdout]    7:     0x60d905095359 - std[617be2ca0a6fd877]::sys::backtrace::__rust_end_short_backtrace::<std[617be2ca0a6fd877]::panicking::panic_handler::{closure#0}, !>
[INFO] [stdout]    8:     0x60d90509d39d - __rustc[ea4f61d10b84890b]::rust_begin_unwind
[INFO] [stdout]    9:     0x60d9050384cc - core[a373ad73a504971]::panicking::panic_fmt
[INFO] [stdout]   10:     0x60d905058f3e - <loop[53676a42c65b84c9]::Fixture>::run
[INFO] [stdout]   11:     0x60d9050593fe - <loop[53676a42c65b84c9]::Fixture>::reference
[INFO] [stdout]   12:     0x60d90505b7e7 - <loop[53676a42c65b84c9]::exit_codes_follow_vale::{closure#0} as core[a373ad73a504971]::ops::function::FnOnce<()>>::call_once
[INFO] [stdout]   13:     0x60d9050c841b - test[aada8e7e76ba119b]::__rust_begin_short_backtrace::<core[a373ad73a504971]::result::Result<(), alloc[2e1b2a31b91974c5]::string::String>, fn() -> core[a373ad73a504971]::result::Result<(), alloc[2e1b2a31b91974c5]::string::String>>
[INFO] [stdout]   14:     0x60d9050d62c4 - test[aada8e7e76ba119b]::run_test::{closure#0}
[INFO] [stdout]   15:     0x60d9050cf9f4 - std[617be2ca0a6fd877]::sys::backtrace::__rust_begin_short_backtrace::<test[aada8e7e76ba119b]::run_test::{closure#1}, ()>
[INFO] [stdout]   16:     0x60d9050da082 - <std[617be2ca0a6fd877]::thread::lifecycle::spawn_unchecked<test[aada8e7e76ba119b]::run_test::{closure#1}, ()>::{closure#1} as core[a373ad73a504971]::ops::function::FnOnce<()>>::call_once::{shim:vtable#0}
[INFO] [stdout]   17:     0x60d9050bfed4 - <std[617be2ca0a6fd877]::sys::thread::unix::Thread>::new::thread_start
[INFO] [stdout]   18:     0x7a23c3f6ddfa - <unknown>
[INFO] [stdout]   19:     0x7a23c40013d4 - clone
[INFO] [stdout]   20:                0x0 - <unknown>
[INFO] [stdout] 
[INFO] [stdout] ---- spans_are_byte_exact_so_patches_apply_cleanly stdout ----
[INFO] [stdout] 
[INFO] [stdout] thread 'spans_are_byte_exact_so_patches_apply_cleanly' (2340) panicked at crates/handprint-cli/tests/loop.rs:139:33:
[INFO] [stdout] running "/opt/rustwide/target/release/build/handprint-cli/f81b1a988dfa8ea7/out/handprint": No such file or directory (os error 2)
[INFO] [stdout] stack backtrace:
[INFO] [stdout]    0:     0x60d9050c1026 - <<std[617be2ca0a6fd877]::sys::backtrace::BacktraceLock>::print::DisplayBacktrace as core[a373ad73a504971]::fmt::Display>::fmt
[INFO] [stdout]    1:     0x60d905037dda - core[a373ad73a504971]::fmt::write
[INFO] [stdout]    2:     0x60d9050c679c - <alloc[2e1b2a31b91974c5]::vec::Vec<u8> as core[a373ad73a504971]::io::write::Write>::write_fmt
[INFO] [stdout]    3:     0x60d90509c6d2 - std[617be2ca0a6fd877]::panicking::default_hook::{closure#0}
[INFO] [stdout]    4:     0x60d9050b89f1 - std[617be2ca0a6fd877]::panicking::default_hook
[INFO] [stdout]    5:     0x60d9050b8bd2 - std[617be2ca0a6fd877]::panicking::panic_with_hook
[INFO] [stdout]    6:     0x60d90509c782 - std[617be2ca0a6fd877]::panicking::panic_handler::{closure#0}
[INFO] [stdout]    7:     0x60d905095359 - std[617be2ca0a6fd877]::sys::backtrace::__rust_end_short_backtrace::<std[617be2ca0a6fd877]::panicking::panic_handler::{closure#0}, !>
[INFO] [stdout]    8:     0x60d90509d39d - __rustc[ea4f61d10b84890b]::rust_begin_unwind
[INFO] [stdout]    9:     0x60d9050384cc - core[a373ad73a504971]::panicking::panic_fmt
[INFO] [stdout]   10:     0x60d905058f3e - <loop[53676a42c65b84c9]::Fixture>::run
[INFO] [stdout]   11:     0x60d9050593fe - <loop[53676a42c65b84c9]::Fixture>::reference
[INFO] [stdout]   12:     0x60d90505ebed - <loop[53676a42c65b84c9]::spans_are_byte_exact_so_patches_apply_cleanly::{closure#0} as core[a373ad73a504971]::ops::function::FnOnce<()>>::call_once
[INFO] [stdout]   13:     0x60d9050c841b - test[aada8e7e76ba119b]::__rust_begin_short_backtrace::<core[a373ad73a504971]::result::Result<(), alloc[2e1b2a31b91974c5]::string::String>, fn() -> core[a373ad73a504971]::result::Result<(), alloc[2e1b2a31b91974c5]::string::String>>
[INFO] [stdout]   14:     0x60d9050d62c4 - test[aada8e7e76ba119b]::run_test::{closure#0}
[INFO] [stdout]   15:     0x60d9050cf9f4 - std[617be2ca0a6fd877]::sys::backtrace::__rust_begin_short_backtrace::<test[aada8e7e76ba119b]::run_test::{closure#1}, ()>
[INFO] [stdout]   16:     0x60d9050da082 - <std[617be2ca0a6fd877]::thread::lifecycle::spawn_unchecked<test[aada8e7e76ba119b]::run_test::{closure#1}, ()>::{closure#1} as core[a373ad73a504971]::ops::function::FnOnce<()>>::call_once::{shim:vtable#0}
[INFO] [stdout]   17:     0x60d9050bfed4 - <std[617be2ca0a6fd877]::sys::thread::unix::Thread>::new::thread_start
[INFO] [stdout]   18:     0x7a23c3f6ddfa - <unknown>
[INFO] [stdout]   19:     0x7a23c40013d4 - clone
[INFO] [stdout]   20:                0x0 - <unknown>
[INFO] [stdout] 
[INFO] [stdout] ---- verify_runs_general_imposters stdout ----
[INFO] [stdout] 
[INFO] [stdout] thread 'verify_runs_general_imposters' (2346) panicked at crates/handprint-cli/tests/loop.rs:139:33:
[INFO] [stdout] running "/opt/rustwide/target/release/build/handprint-cli/f81b1a988dfa8ea7/out/handprint": No such file or directory (os error 2)
[INFO] [stdout] stack backtrace:
[INFO] [stdout]    0:     0x60d9050c1026 - <<std[617be2ca0a6fd877]::sys::backtrace::BacktraceLock>::print::DisplayBacktrace as core[a373ad73a504971]::fmt::Display>::fmt
[INFO] [stdout]    1:     0x60d905037dda - core[a373ad73a504971]::fmt::write
[INFO] [stdout]    2:     0x60d9050c679c - <alloc[2e1b2a31b91974c5]::vec::Vec<u8> as core[a373ad73a504971]::io::write::Write>::write_fmt
[INFO] [stdout]    3:     0x60d90509c6d2 - std[617be2ca0a6fd877]::panicking::default_hook::{closure#0}
[INFO] [stdout]    4:     0x60d9050b89f1 - std[617be2ca0a6fd877]::panicking::default_hook
[INFO] [stdout]    5:     0x60d9050b8bd2 - std[617be2ca0a6fd877]::panicking::panic_with_hook
[INFO] [stdout]    6:     0x60d90509c782 - std[617be2ca0a6fd877]::panicking::panic_handler::{closure#0}
[INFO] [stdout]    7:     0x60d905095359 - std[617be2ca0a6fd877]::sys::backtrace::__rust_end_short_backtrace::<std[617be2ca0a6fd877]::panicking::panic_handler::{closure#0}, !>
[INFO] [stdout]    8:     0x60d90509d39d - __rustc[ea4f61d10b84890b]::rust_begin_unwind
[INFO] [stdout]    9:     0x60d9050384cc - core[a373ad73a504971]::panicking::panic_fmt
[INFO] [stdout]   10:     0x60d905058f3e - <loop[53676a42c65b84c9]::Fixture>::run
[INFO] [stdout]   11:     0x60d9050593fe - <loop[53676a42c65b84c9]::Fixture>::reference
[INFO] [stdout]   12:     0x60d90505bfd0 - <loop[53676a42c65b84c9]::verify_runs_general_imposters::{closure#0} as core[a373ad73a504971]::ops::function::FnOnce<()>>::call_once
[INFO] [stdout]   13:     0x60d9050c841b - test[aada8e7e76ba119b]::__rust_begin_short_backtrace::<core[a373ad73a504971]::result::Result<(), alloc[2e1b2a31b91974c5]::string::String>, fn() -> core[a373ad73a504971]::result::Result<(), alloc[2e1b2a31b91974c5]::string::String>>
[INFO] [stdout]   14:     0x60d9050d62c4 - test[aada8e7e76ba119b]::run_test::{closure#0}
[INFO] [stdout]   15:     0x60d9050cf9f4 - std[617be2ca0a6fd877]::sys::backtrace::__rust_begin_short_backtrace::<test[aada8e7e76ba119b]::run_test::{closure#1}, ()>
[INFO] [stdout]   16:     0x60d9050da082 - <std[617be2ca0a6fd877]::thread::lifecycle::spawn_unchecked<test[aada8e7e76ba119b]::run_test::{closure#1}, ()>::{closure#1} as core[a373ad73a504971]::ops::function::FnOnce<()>>::call_once::{shim:vtable#0}
[INFO] [stdout]   17:     0x60d9050bfed4 - <std[617be2ca0a6fd877]::sys::thread::unix::Thread>::new::thread_start
[INFO] [stdout]   18:     0x7a23c3f6ddfa - <unknown>
[INFO] [stdout]   19:     0x7a23c40013d4 - clone
[INFO] [stdout]   20:                0x0 - <unknown>
[INFO] [stdout] 
[INFO] [stdout] ---- forensic_commands_run stdout ----
[INFO] [stdout] 
[INFO] [stdout] thread 'forensic_commands_run' (2339) panicked at crates/handprint-cli/tests/loop.rs:139:33:
[INFO] [stdout] running "/opt/rustwide/target/release/build/handprint-cli/f81b1a988dfa8ea7/out/handprint": No such file or directory (os error 2)
[INFO] [stdout] stack backtrace:
[INFO] [stdout]    0:     0x60d9050c1026 - <<std[617be2ca0a6fd877]::sys::backtrace::BacktraceLock>::print::DisplayBacktrace as core[a373ad73a504971]::fmt::Display>::fmt
[INFO] [stdout]    1:     0x60d905037dda - core[a373ad73a504971]::fmt::write
[INFO] [stdout]    2:     0x60d9050c679c - <alloc[2e1b2a31b91974c5]::vec::Vec<u8> as core[a373ad73a504971]::io::write::Write>::write_fmt
[INFO] [stdout]    3:     0x60d90509c6d2 - std[617be2ca0a6fd877]::panicking::default_hook::{closure#0}
[INFO] [stdout]    4:     0x60d9050b89f1 - std[617be2ca0a6fd877]::panicking::default_hook
[INFO] [stdout]    5:     0x60d9050b8bd2 - std[617be2ca0a6fd877]::panicking::panic_with_hook
[INFO] [stdout]    6:     0x60d90509c782 - std[617be2ca0a6fd877]::panicking::panic_handler::{closure#0}
[INFO] [stdout]    7:     0x60d905095359 - std[617be2ca0a6fd877]::sys::backtrace::__rust_end_short_backtrace::<std[617be2ca0a6fd877]::panicking::panic_handler::{closure#0}, !>
[INFO] [stdout]    8:     0x60d90509d39d - __rustc[ea4f61d10b84890b]::rust_begin_unwind
[INFO] [stdout]    9:     0x60d9050384cc - core[a373ad73a504971]::panicking::panic_fmt
[INFO] [stdout]   10:     0x60d905058f3e - <loop[53676a42c65b84c9]::Fixture>::run
[INFO] [stdout]   11:     0x60d9050593fe - <loop[53676a42c65b84c9]::Fixture>::reference
[INFO] [stdout]   12:     0x60d90505a455 - <loop[53676a42c65b84c9]::forensic_commands_run::{closure#0} as core[a373ad73a504971]::ops::function::FnOnce<()>>::call_once
[INFO] [stdout]   13:     0x60d9050c841b - test[aada8e7e76ba119b]::__rust_begin_short_backtrace::<core[a373ad73a504971]::result::Result<(), alloc[2e1b2a31b91974c5]::string::String>, fn() -> core[a373ad73a504971]::result::Result<(), alloc[2e1b2a31b91974c5]::string::String>>
[INFO] [stdout]   14:     0x60d9050d62c4 - test[aada8e7e76ba119b]::run_test::{closure#0}
[INFO] [stdout]   15:     0x60d9050cf9f4 - std[617be2ca0a6fd877]::sys::backtrace::__rust_begin_short_backtrace::<test[aada8e7e76ba119b]::run_test::{closure#1}, ()>
[INFO] [stdout]   16:     0x60d9050da082 - <std[617be2ca0a6fd877]::thread::lifecycle::spawn_unchecked<test[aada8e7e76ba119b]::run_test::{closure#1}, ()>::{closure#1} as core[a373ad73a504971]::ops::function::FnOnce<()>>::call_once::{shim:vtable#0}
[INFO] [stdout]   17:     0x60d9050bfed4 - <std[617be2ca0a6fd877]::sys::thread::unix::Thread>::new::thread_start
[INFO] [stdout]   18:     0x7a23c3f6ddfa - <unknown>
[INFO] [stdout]   19:     0x7a23c40013d4 - clone
[INFO] [stdout]   20:                0x0 - <unknown>
[INFO] [stdout] 
[INFO] [stdout] ---- the_project_config_supplies_defaults stdout ----
[INFO] [stdout] 
[INFO] [stdout] thread 'the_project_config_supplies_defaults' (2342) panicked at crates/handprint-cli/tests/loop.rs:139:33:
[INFO] [stdout] running "/opt/rustwide/target/release/build/handprint-cli/f81b1a988dfa8ea7/out/handprint": No such file or directory (os error 2)
[INFO] [stdout] stack backtrace:
[INFO] [stdout]    0:     0x60d9050c1026 - <<std[617be2ca0a6fd877]::sys::backtrace::BacktraceLock>::print::DisplayBacktrace as core[a373ad73a504971]::fmt::Display>::fmt
[INFO] [stdout]    1:     0x60d905037dda - core[a373ad73a504971]::fmt::write
[INFO] [stdout]    2:     0x60d9050c679c - <alloc[2e1b2a31b91974c5]::vec::Vec<u8> as core[a373ad73a504971]::io::write::Write>::write_fmt
[INFO] [stdout]    3:     0x60d90509c6d2 - std[617be2ca0a6fd877]::panicking::default_hook::{closure#0}
[INFO] [stdout]    4:     0x60d9050b89f1 - std[617be2ca0a6fd877]::panicking::default_hook
[INFO] [stdout]    5:     0x60d9050b8bd2 - std[617be2ca0a6fd877]::panicking::panic_with_hook
[INFO] [stdout]    6:     0x60d90509c782 - std[617be2ca0a6fd877]::panicking::panic_handler::{closure#0}
[INFO] [stdout]    7:     0x60d905095359 - std[617be2ca0a6fd877]::sys::backtrace::__rust_end_short_backtrace::<std[617be2ca0a6fd877]::panicking::panic_handler::{closure#0}, !>
[INFO] [stdout]    8:     0x60d90509d39d - __rustc[ea4f61d10b84890b]::rust_begin_unwind
[INFO] [stdout]    9:     0x60d9050384cc - core[a373ad73a504971]::panicking::panic_fmt
[INFO] [stdout]   10:     0x60d905058f3e - <loop[53676a42c65b84c9]::Fixture>::run
[INFO] [stdout]   11:     0x60d9050593fe - <loop[53676a42c65b84c9]::Fixture>::reference
[INFO] [stdout]   12:     0x60d90505c7a4 - <loop[53676a42c65b84c9]::the_project_config_supplies_defaults::{closure#0} as core[a373ad73a504971]::ops::function::FnOnce<()>>::call_once
[INFO] [stdout]   13:     0x60d9050c841b - test[aada8e7e76ba119b]::__rust_begin_short_backtrace::<core[a373ad73a504971]::result::Result<(), alloc[2e1b2a31b91974c5]::string::String>, fn() -> core[a373ad73a504971]::result::Result<(), alloc[2e1b2a31b91974c5]::string::String>>
[INFO] [stdout]   14:     0x60d9050d62c4 - test[aada8e7e76ba119b]::run_test::{closure#0}
[INFO] [stdout]   15:     0x60d9050cf9f4 - std[617be2ca0a6fd877]::sys::backtrace::__rust_begin_short_backtrace::<test[aada8e7e76ba119b]::run_test::{closure#1}, ()>
[INFO] [stdout]   16:     0x60d9050da082 - <std[617be2ca0a6fd877]::thread::lifecycle::spawn_unchecked<test[aada8e7e76ba119b]::run_test::{closure#1}, ()>::{closure#1} as core[a373ad73a504971]::ops::function::FnOnce<()>>::call_once::{shim:vtable#0}
[INFO] [stdout]   17:     0x60d9050bfed4 - <std[617be2ca0a6fd877]::sys::thread::unix::Thread>::new::thread_start
[INFO] [stdout]   18:     0x7a23c3f6ddfa - <unknown>
[INFO] [stdout]   19:     0x7a23c40013d4 - clone
[INFO] [stdout]   20:                0x0 - <unknown>
[INFO] [stdout] 
[INFO] [stdout] ---- the_discover_fit_critique_loop_closes stdout ----
[INFO] [stdout] 
[INFO] [stdout] thread 'the_discover_fit_critique_loop_closes' (2341) panicked at crates/handprint-cli/tests/loop.rs:139:33:
[INFO] [stdout] running "/opt/rustwide/target/release/build/handprint-cli/f81b1a988dfa8ea7/out/handprint": No such file or directory (os error 2)
[INFO] [stdout] stack backtrace:
[INFO] [stdout]    0:     0x60d9050c1026 - <<std[617be2ca0a6fd877]::sys::backtrace::BacktraceLock>::print::DisplayBacktrace as core[a373ad73a504971]::fmt::Display>::fmt
[INFO] [stdout]    1:     0x60d905037dda - core[a373ad73a504971]::fmt::write
[INFO] [stdout]    2:     0x60d9050c679c - <alloc[2e1b2a31b91974c5]::vec::Vec<u8> as core[a373ad73a504971]::io::write::Write>::write_fmt
[INFO] [stdout]    3:     0x60d90509c6d2 - std[617be2ca0a6fd877]::panicking::default_hook::{closure#0}
[INFO] [stdout]    4:     0x60d9050b89f1 - std[617be2ca0a6fd877]::panicking::default_hook
[INFO] [stdout]    5:     0x60d9050b8bd2 - std[617be2ca0a6fd877]::panicking::panic_with_hook
[INFO] [stdout]    6:     0x60d90509c782 - std[617be2ca0a6fd877]::panicking::panic_handler::{closure#0}
[INFO] [stdout]    7:     0x60d905095359 - std[617be2ca0a6fd877]::sys::backtrace::__rust_end_short_backtrace::<std[617be2ca0a6fd877]::panicking::panic_handler::{closure#0}, !>
[INFO] [stdout]    8:     0x60d90509d39d - __rustc[ea4f61d10b84890b]::rust_begin_unwind
[INFO] [stdout]    9:     0x60d9050384cc - core[a373ad73a504971]::panicking::panic_fmt
[INFO] [stdout]   10:     0x60d905058f3e - <loop[53676a42c65b84c9]::Fixture>::run
[INFO] [stdout]   11:     0x60d90505cce2 - <loop[53676a42c65b84c9]::the_discover_fit_critique_loop_closes::{closure#0} as core[a373ad73a504971]::ops::function::FnOnce<()>>::call_once
[INFO] [stdout]   12:     0x60d9050c841b - test[aada8e7e76ba119b]::__rust_begin_short_backtrace::<core[a373ad73a504971]::result::Result<(), alloc[2e1b2a31b91974c5]::string::String>, fn() -> core[a373ad73a504971]::result::Result<(), alloc[2e1b2a31b91974c5]::string::String>>
[INFO] [stdout]   13:     0x60d9050d62c4 - test[aada8e7e76ba119b]::run_test::{closure#0}
[INFO] [stdout]   14:     0x60d9050cf9f4 - std[617be2ca0a6fd877]::sys::backtrace::__rust_begin_short_backtrace::<test[aada8e7e76ba119b]::run_test::{closure#1}, ()>
[INFO] [stdout]   15:     0x60d9050da082 - <std[617be2ca0a6fd877]::thread::lifecycle::spawn_unchecked<test[aada8e7e76ba119b]::run_test::{closure#1}, ()>::{closure#1} as core[a373ad73a504971]::ops::function::FnOnce<()>>::call_once::{shim:vtable#0}
[INFO] [stdout]   16:     0x60d9050bfed4 - <std[617be2ca0a6fd877]::sys::thread::unix::Thread>::new::thread_start
[INFO] [stdout]   17:     0x7a23c3f6ddfa - <unknown>
[INFO] [stdout]   18:     0x7a23c40013d4 - clone
[INFO] [stdout]   19:                0x0 - <unknown>
[INFO] [stdout] 
[INFO] [stdout] 
[INFO] [stdout] failures:
[INFO] [stdout]     a_declared_pack_yields_category_findings_on_a_hedge_stripped_draft
[INFO] [stdout]     a_scripted_agent_converges_on_a_salted_draft
[INFO] [stdout]     exit_codes_follow_vale
[INFO] [stdout]     forensic_commands_run
[INFO] [stdout]     spans_are_byte_exact_so_patches_apply_cleanly
[INFO] [stdout]     the_discover_fit_critique_loop_closes
[INFO] [stdout]     the_project_config_supplies_defaults
[INFO] [stdout]     the_register_family_reaches_the_contract_as_an_open_set_value
[INFO] [stdout]     verify_runs_general_imposters
[INFO] [stdout] 
[INFO] [stdout] test result: FAILED. 0 passed; 9 failed; 0 ignored; 0 measured; 0 filtered out; finished in 0.07s
[INFO] [stdout] 
[INFO] [stderr] error: test failed, to rerun pass `-p handprint-cli --test loop`
[INFO] running `Command { std: "docker" "inspect" "ff4025b39fa6dd418223efe32e41aff5cd27389ca50de5e222a3a8175614c78f", kill_on_drop: false }`
[INFO] running `Command { std: "docker" "rm" "-f" "ff4025b39fa6dd418223efe32e41aff5cd27389ca50de5e222a3a8175614c78f", kill_on_drop: false }`
[INFO] [stdout] ff4025b39fa6dd418223efe32e41aff5cd27389ca50de5e222a3a8175614c78f
