[INFO] cloning repository https://github.com/aieonyx/edisondb-fv
[INFO] running `Command { std: "git" "-c" "credential.helper=" "-c" "credential.helper=/workspace/cargo-home/bin/git-credential-null" "clone" "--bare" "https://github.com/aieonyx/edisondb-fv" "/workspace/cache/git-repos/https%3A%2F%2Fgithub.com%2Faieonyx%2Fedisondb-fv", kill_on_drop: false }`
[INFO] [stderr] Cloning into bare repository '/workspace/cache/git-repos/https%3A%2F%2Fgithub.com%2Faieonyx%2Fedisondb-fv'...
[INFO] running `Command { std: "git" "rev-parse" "HEAD", kill_on_drop: false }`
[INFO] [stdout] f212989a8d5c0de90a82ebe2e4a493334a95d501
[INFO] testing aieonyx/edisondb-fv/f212989a8d5c0de90a82ebe2e4a493334a95d501 against 1.100.0-beta.1+cargoflags=--release for beta-release-1.100-2
[INFO] running `Command { std: "git" "clone" "/workspace/cache/git-repos/https%3A%2F%2Fgithub.com%2Faieonyx%2Fedisondb-fv" "/workspace/builds/worker-4-tc2/source", kill_on_drop: false }`
[INFO] [stderr] Cloning into '/workspace/builds/worker-4-tc2/source'...
[INFO] [stderr] done.
[INFO] started tweaking git repo https://github.com/aieonyx/edisondb-fv
[INFO] finished tweaking git repo https://github.com/aieonyx/edisondb-fv
[INFO] tweaked toml for git repo https://github.com/aieonyx/edisondb-fv written to /workspace/builds/worker-4-tc2/source/Cargo.toml
[INFO] validating manifest of git repo https://github.com/aieonyx/edisondb-fv on toolchain 1.100.0-beta.1
[INFO] running `Command { std: CARGO_HOME="/workspace/cargo-home" RUSTUP_HOME="/workspace/rustup-home" "/workspace/cargo-home/bin/cargo" "+1.100.0-beta.1" "metadata" "--manifest-path" "Cargo.toml" "--no-deps", kill_on_drop: false }`
[INFO] crate git repo https://github.com/aieonyx/edisondb-fv already has a lockfile, it will not be regenerated
[INFO] running `Command { std: CARGO_HOME="/workspace/cargo-home" RUSTUP_HOME="/workspace/rustup-home" "/workspace/cargo-home/bin/cargo" "+1.100.0-beta.1" "fetch" "--manifest-path" "Cargo.toml", kill_on_drop: false }`
[INFO] running `Command { std: "docker" "create" "-v" "/var/lib/crater-agent-workspace/builds/worker-4-tc2/source:/opt/rustwide/workdir:ro,Z" "-v" "/var/lib/crater-agent-workspace/builds/worker-4-tc2/target:/opt/rustwide/target:rw,Z" "-v" "/var/lib/crater-agent-workspace/cargo-home:/opt/rustwide/cargo-home:ro,Z" "-v" "/var/lib/crater-agent-workspace/rustup-home:/opt/rustwide/rustup-home:ro,Z" "-m" "1610612736" "--network" "none" "ghcr.io/rust-lang/crates-build-env/linux@sha256:77db811e55d90add9212f6832c23229e3de5f1c1f9905e8cb07319ea15df73ac" "sleep" "infinity", kill_on_drop: false }`
[INFO] [stdout] de57769d1fe4047a230836fc978d5d88fcc66601ccc860a3ce0560b4f2dbfe78
[INFO] running `Command { std: "docker" "start" "de57769d1fe4047a230836fc978d5d88fcc66601ccc860a3ce0560b4f2dbfe78", kill_on_drop: false }`
[INFO] running `Command { std: "docker" "inspect" "de57769d1fe4047a230836fc978d5d88fcc66601ccc860a3ce0560b4f2dbfe78", kill_on_drop: false }`
[INFO] running `Command { std: "docker" "exec" "-e" "SOURCE_DIR=/opt/rustwide/workdir" "-e" "CARGO_HOME=/opt/rustwide/cargo-home" "-e" "RUSTUP_HOME=/opt/rustwide/rustup-home" "-e" "CARGO_TARGET_DIR=/opt/rustwide/target" "-w" "/opt/rustwide/workdir" "--user" "0:0" "de57769d1fe4047a230836fc978d5d88fcc66601ccc860a3ce0560b4f2dbfe78" "/opt/rustwide/cargo-home/bin/cargo" "+1.100.0-beta.1" "metadata" "--no-deps" "--format-version=1", kill_on_drop: false }`
[INFO] running `Command { std: "docker" "inspect" "de57769d1fe4047a230836fc978d5d88fcc66601ccc860a3ce0560b4f2dbfe78", kill_on_drop: false }`
[INFO] running `Command { std: "docker" "exec" "-e" "SOURCE_DIR=/opt/rustwide/workdir" "-e" "CARGO_HOME=/opt/rustwide/cargo-home" "-e" "RUSTUP_HOME=/opt/rustwide/rustup-home" "-e" "CARGO_TARGET_DIR=/opt/rustwide/target" "-e" "CARGO_INCREMENTAL=0" "-e" "RUST_BACKTRACE=full" "-e" "RUSTFLAGS=--cap-lints=warn" "-e" "RUSTDOCFLAGS=--cap-lints=warn" "-w" "/opt/rustwide/workdir" "--user" "0:0" "de57769d1fe4047a230836fc978d5d88fcc66601ccc860a3ce0560b4f2dbfe78" "/opt/rustwide/cargo-home/bin/cargo" "+1.100.0-beta.1" "build" "--frozen" "--message-format=json" "--release", kill_on_drop: false }`
[INFO] [stderr]    Compiling libc v0.2.186
[INFO] [stderr]    Compiling typenum v1.20.0
[INFO] [stderr]    Compiling log v0.4.30
[INFO] [stderr]    Compiling http v1.4.1
[INFO] [stderr]    Compiling memchr v2.8.0
[INFO] [stderr]    Compiling slab v0.4.12
[INFO] [stderr]    Compiling anyhow v1.0.102
[INFO] [stderr]    Compiling jobserver v0.1.34
[INFO] [stderr]    Compiling crossbeam-utils v0.8.21
[INFO] [stderr]    Compiling either v1.16.0
[INFO] [stderr]    Compiling futures-io v0.3.32
[INFO] [stderr]    Compiling serde_core v1.0.228
[INFO] [stderr]    Compiling aws-lc-rs v1.17.0
[INFO] [stderr]    Compiling prettyplease v0.2.37
[INFO] [stderr]    Compiling pulldown-cmark v0.13.4
[INFO] [stderr]    Compiling serde v1.0.228
[INFO] [stderr]    Compiling getrandom v0.3.4
[INFO] [stderr]    Compiling rustix v1.1.4
[INFO] [stderr]    Compiling tracing v0.1.44
[INFO] [stderr]    Compiling zerocopy v0.8.48
[INFO] [stderr]    Compiling bytes v1.11.1
[INFO] [stderr]    Compiling cc v1.2.63
[INFO] [stderr]    Compiling regex-syntax v0.8.10
[INFO] [stderr]    Compiling rustls v0.23.40
[INFO] [stderr]    Compiling serde_json v1.0.149
[INFO] [stderr]    Compiling itertools v0.10.5
[INFO] [stderr]    Compiling crossbeam-epoch v0.9.18
[INFO] [stderr]    Compiling indexmap v2.14.0
[INFO] [stderr]    Compiling hashbrown v0.15.5
[INFO] [stderr]    Compiling icu_normalizer v2.2.0
[INFO] [stderr]    Compiling fastrand v2.4.1
[INFO] [stderr]    Compiling generic-array v0.14.7
[INFO] [stderr]    Compiling futures-util v0.3.32
[INFO] [stderr]    Compiling fixedbitset v0.5.7
[INFO] [stderr]    Compiling hybrid-array v0.4.12
[INFO] [stderr]    Compiling petgraph v0.8.3
[INFO] [stderr]    Compiling idna_adapter v1.2.2
[INFO] [stderr]    Compiling http-body v1.0.1
[INFO] [stderr]    Compiling cmake v0.1.58
[INFO] [stderr]    Compiling http-body-util v0.1.3
[INFO] [stderr]    Compiling inout v0.1.4
[INFO] [stderr]    Compiling pulldown-cmark-to-cmark v22.0.0
[INFO] [stderr]    Compiling ucd-trie v0.1.7
[INFO] [stderr]    Compiling multimap v0.10.1
[INFO] [stderr]    Compiling prost-derive v0.14.3
[INFO] [stderr]    Compiling rayon-core v1.13.0
[INFO] [stderr]    Compiling regex-automata v0.4.14
[INFO] [stderr]    Compiling nix v0.31.3
[INFO] [stderr]    Compiling axum-core v0.5.6
[INFO] [stderr]    Compiling pest v2.8.6
[INFO] [stderr]    Compiling parking_lot_core v0.9.12
[INFO] [stderr]    Compiling getrandom v0.2.17
[INFO] [stderr]    Compiling errno v0.3.14
[INFO] [stderr]    Compiling signal-hook-registry v1.4.8
[INFO] [stderr]    Compiling mio v1.2.1
[INFO] [stderr]    Compiling socket2 v0.6.4
[INFO] [stderr]    Compiling rand_core v0.6.4
[INFO] [stderr]    Compiling aws-lc-sys v0.41.0
[INFO] [stderr]    Compiling parking_lot v0.12.5
[INFO] [stderr]    Compiling crypto-common v0.1.7
[INFO] [stderr]    Compiling tempfile v3.27.0
[INFO] [stderr]    Compiling cipher v0.4.4
[INFO] [stderr]    Compiling universal-hash v0.5.1
[INFO] [stderr]    Compiling block-buffer v0.10.4
[INFO] [stderr]    Compiling tonic-build v0.14.6
[INFO] [stderr]    Compiling idna v1.1.0
[INFO] [stderr]    Compiling tokio v1.52.3
[INFO] [stderr]    Compiling num-traits v0.2.19
[INFO] [stderr]    Compiling serde_path_to_error v0.1.20
[INFO] [stderr]    Compiling prost v0.14.3
[INFO] [stderr]    Compiling crossbeam-deque v0.8.6
[INFO] [stderr]    Compiling pin-project-internal v1.1.13
[INFO] [stderr]    Compiling hashbrown v0.16.1
[INFO] [stderr]    Compiling prost-types v0.14.3
[INFO] [stderr]    Compiling xxhash-rust v0.8.15
[INFO] [stderr]    Compiling twox-hash v2.1.2
[INFO] [stderr]    Compiling regex v1.12.3
[INFO] [stderr]    Compiling serde_urlencoded v0.7.1
[INFO] [stderr]    Compiling protoc-bin-vendored-macos-x86_64 v3.2.0
[INFO] [stderr]    Compiling protoc-bin-vendored-linux-x86_64 v3.2.0
[INFO] [stderr]    Compiling protoc-bin-vendored-linux-s390_64 v3.2.0
[INFO] [stderr]    Compiling protoc-bin-vendored-linux-aarch_64 v3.2.0
[INFO] [stderr]    Compiling matchit v0.8.4
[INFO] [stderr]    Compiling compare v0.0.6
[INFO] [stderr]    Compiling protoc-bin-vendored-win32 v3.2.0
[INFO] [stderr]    Compiling protoc-bin-vendored-macos-aarch_64 v3.2.0
[INFO] [stderr]    Compiling protoc-bin-vendored-linux-x86_32 v3.2.0
[INFO] [stderr]    Compiling protoc-bin-vendored-linux-ppcle_64 v3.2.0
[INFO] [stderr]    Compiling interval-heap v0.0.5
[INFO] [stderr]    Compiling protoc-bin-vendored v3.2.0
[INFO] [stderr]    Compiling polyval v0.6.2
[INFO] [stderr]    Compiling sfa v1.0.0
[INFO] [stderr]    Compiling lz4_flex v0.13.1
[INFO] [stderr]    Compiling pest_meta v2.8.6
[INFO] [stderr]    Compiling url v2.5.8
[INFO] [stderr]    Compiling prost-build v0.14.3
[INFO] [stderr]    Compiling quick_cache v0.6.22
[INFO] [stderr]    Compiling pin-project v1.1.13
[INFO] [stderr]    Compiling digest v0.10.7
[INFO] [stderr]    Compiling blake3 v1.8.5
[INFO] [stderr]    Compiling block-buffer v0.12.0
[INFO] [stderr]    Compiling crypto-common v0.2.2
[INFO] [stderr]    Compiling crossbeam-skiplist v0.1.3
[INFO] [stderr]    Compiling enum_dispatch v0.3.13
[INFO] [stderr]    Compiling spin v0.9.8
[INFO] [stderr]    Compiling nibble_vec v0.1.0
[INFO] [stderr]    Compiling redb v2.6.3
[INFO] [stderr]    Compiling tonic-prost-build v0.14.6
[INFO] [stderr]    Compiling byteview v0.10.1
[INFO] [stderr]    Compiling varint-rs v2.2.0
[INFO] [stderr]    Compiling rustc-hash v2.1.2
[INFO] [stderr]    Compiling endian-type v0.2.0
[INFO] [stderr]    Compiling self_cell v1.2.2
[INFO] [stderr]    Compiling cpufeatures v0.3.0
[INFO] [stderr]    Compiling const-oid v0.10.2
[INFO] [stderr]    Compiling radix_trie v0.3.0
[INFO] [stderr]    Compiling rayon v1.12.0
[INFO] [stderr]    Compiling lsm-tree v3.1.6
[INFO] [stderr]    Compiling dashmap v6.2.1
[INFO] [stderr]    Compiling password-hash v0.5.0
[INFO] [stderr]    Compiling ordered-float v3.9.2
[INFO] [stderr]    Compiling digest v0.11.3
[INFO] [stderr]    Compiling edisondb v0.6.0-p3m9 (/opt/rustwide/workdir)
[INFO] [stderr]    Compiling clap_builder v4.6.0
[INFO] [stderr]    Compiling pest_generator v2.8.6
[INFO] [stderr]    Compiling flume v0.12.0
[INFO] [stderr]    Compiling blake2 v0.10.6
[INFO] [stderr]    Compiling ghash v0.5.1
[INFO] [stderr]    Compiling ctr v0.9.2
[INFO] [stderr]    Compiling aes v0.8.4
[INFO] [stderr]    Compiling aead v0.5.2
[INFO] [stderr]    Compiling num_cpus v1.17.0
[INFO] [stderr]    Compiling rtoolbox v0.0.5
[INFO] [stderr]    Compiling thiserror-impl v1.0.69
[INFO] [stderr]    Compiling encoding_rs v0.8.35
[INFO] [stderr]    Compiling ppv-lite86 v0.2.21
[INFO] [stderr]    Compiling constant_time_eq v0.4.2
[INFO] [stderr]    Compiling home v0.5.12
[INFO] [stderr]    Compiling arrayref v0.3.9
[INFO] [stderr]    Compiling unicode-segmentation v1.13.2
[INFO] [stderr]    Compiling arrayvec v0.7.8
[INFO] [stderr]    Compiling pest_derive v2.8.6
[INFO] [stderr]    Compiling rand_chacha v0.3.1
[INFO] [stderr]    Compiling rpassword v7.5.3
[INFO] [stderr]    Compiling aes-gcm v0.10.3
[INFO] [stderr]    Compiling rand v0.8.6
[INFO] [stderr]    Compiling argon2 v0.5.3
[INFO] [stderr]    Compiling sha2 v0.11.0
[INFO] [stderr]    Compiling thiserror v1.0.69
[INFO] [stderr]    Compiling rustyline v18.0.0
[INFO] [stderr]    Compiling tokio-util v0.7.18
[INFO] [stderr]    Compiling tokio-stream v0.1.18
[INFO] [stderr]    Compiling clap v4.6.1
[INFO] [stderr]    Compiling fjall v3.1.6
[INFO] [stderr]    Compiling instant-distance v0.6.1
[INFO] [stderr]    Compiling h2 v0.4.14
[INFO] [stderr]    Compiling tower v0.5.3
[INFO] [stderr]    Compiling tower-http v0.6.11
[INFO] [stderr]    Compiling hyper v1.10.1
[INFO] [stderr]    Compiling hyper-util v0.1.20
[INFO] [stderr]    Compiling axum v0.8.9
[INFO] [stderr]    Compiling hyper-timeout v0.5.2
[INFO] [stderr]    Compiling tonic v0.14.6
[INFO] [stderr]    Compiling tonic-prost v0.14.6
[INFO] [stderr]    Compiling rustls-webpki v0.103.13
[INFO] [stderr]    Compiling tokio-rustls v0.26.4
[INFO] [stderr]    Compiling rustls-platform-verifier v0.7.0
[INFO] [stderr]    Compiling hyper-rustls v0.27.9
[INFO] [stderr]    Compiling reqwest v0.13.4
[INFO] [stderr]     Finished `release` profile [optimized] target(s) in 3m 49s
[INFO] [stderr] warning: the following packages contain code that will be rejected by a future version of Rust: nix v0.31.3
[INFO] [stderr] note: to see what the problems were, use the option `--future-incompat-report`, or run `cargo report future-incompatibilities --id 5`
[INFO] running `Command { std: "docker" "inspect" "de57769d1fe4047a230836fc978d5d88fcc66601ccc860a3ce0560b4f2dbfe78", kill_on_drop: false }`
[INFO] running `Command { std: "docker" "exec" "-e" "SOURCE_DIR=/opt/rustwide/workdir" "-e" "CARGO_HOME=/opt/rustwide/cargo-home" "-e" "RUSTUP_HOME=/opt/rustwide/rustup-home" "-e" "CARGO_TARGET_DIR=/opt/rustwide/target" "-e" "CARGO_INCREMENTAL=0" "-e" "RUST_BACKTRACE=full" "-e" "RUSTFLAGS=--cap-lints=warn" "-e" "RUSTDOCFLAGS=--cap-lints=warn" "-w" "/opt/rustwide/workdir" "--user" "0:0" "de57769d1fe4047a230836fc978d5d88fcc66601ccc860a3ce0560b4f2dbfe78" "/opt/rustwide/cargo-home/bin/cargo" "+1.100.0-beta.1" "test" "--frozen" "--no-run" "--message-format=json" "--release", kill_on_drop: false }`
[INFO] [stderr]    Compiling zerocopy v0.8.48
[INFO] [stderr]    Compiling futures-macro v0.3.32
[INFO] [stderr]    Compiling zerocopy-derive v0.8.48
[INFO] [stderr]    Compiling serde v1.0.228
[INFO] [stderr]    Compiling getrandom v0.3.4
[INFO] [stderr]    Compiling either v1.16.0
[INFO] [stderr]    Compiling ordered-float v3.9.2
[INFO] [stderr]    Compiling ciborium-io v0.2.2
[INFO] [stderr]    Compiling winnow v1.0.4
[INFO] [stderr]    Compiling plotters-backend v0.3.7
[INFO] [stderr]    Compiling regex-automata v0.4.14
[INFO] [stderr]    Compiling target-triple v1.0.1
[INFO] [stderr]    Compiling serde_spanned v1.1.1
[INFO] [stderr]    Compiling toml_datetime v1.1.1+spec-1.1.0
[INFO] [stderr]    Compiling wait-timeout v0.2.1
[INFO] [stderr]    Compiling cast v0.3.0
[INFO] [stderr]    Compiling bit-vec v0.8.0
[INFO] [stderr]    Compiling tempfile v3.27.0
[INFO] [stderr]    Compiling rand_core v0.9.5
[INFO] [stderr]    Compiling rayon v1.12.0
[INFO] [stderr]    Compiling itertools v0.10.5
[INFO] [stderr]    Compiling bit-set v0.8.0
[INFO] [stderr]    Compiling is-terminal v0.4.17
[INFO] [stderr]    Compiling unarray v0.1.4
[INFO] [stderr]    Compiling glob v0.3.3
[INFO] [stderr]    Compiling anes v0.1.6
[INFO] [stderr]    Compiling plotters-svg v0.3.7
[INFO] [stderr]    Compiling rand v0.9.4
[INFO] [stderr]    Compiling rand_xorshift v0.4.0
[INFO] [stderr]    Compiling oorandom v11.1.5
[INFO] [stderr]    Compiling lsm-tree v3.1.6
[INFO] [stderr]    Compiling toml_parser v1.1.3+spec-1.1.0
[INFO] [stderr]    Compiling rusty-fork v0.3.1
[INFO] [stderr]    Compiling plotters v0.3.7
[INFO] [stderr]    Compiling futures-util v0.3.32
[INFO] [stderr]    Compiling serde_urlencoded v0.7.1
[INFO] [stderr]    Compiling tinytemplate v1.2.1
[INFO] [stderr]    Compiling toml v1.1.4+spec-1.1.0
[INFO] [stderr]    Compiling criterion-plot v0.5.0
[INFO] [stderr]    Compiling trybuild v1.0.120
[INFO] [stderr]    Compiling regex v1.12.3
[INFO] [stderr]    Compiling fjall v3.1.6
[INFO] [stderr]    Compiling hyper-util v0.1.20
[INFO] [stderr]    Compiling tower v0.5.3
[INFO] [stderr]    Compiling futures-executor v0.3.32
[INFO] [stderr]    Compiling futures v0.3.32
[INFO] [stderr]    Compiling tower-http v0.6.11
[INFO] [stderr]    Compiling ppv-lite86 v0.2.21
[INFO] [stderr]    Compiling half v2.7.1
[INFO] [stderr]    Compiling ciborium-ll v0.2.2
[INFO] [stderr]    Compiling ciborium v0.2.2
[INFO] [stderr]    Compiling rand_chacha v0.3.1
[INFO] [stderr]    Compiling rand_chacha v0.9.0
[INFO] [stderr]    Compiling rand v0.8.6
[INFO] [stderr]    Compiling hyper-timeout v0.5.2
[INFO] [stderr]    Compiling axum v0.8.9
[INFO] [stderr]    Compiling hyper-rustls v0.27.9
[INFO] [stderr]    Compiling proptest v1.11.0
[INFO] [stderr]    Compiling reqwest v0.13.4
[INFO] [stderr]    Compiling criterion v0.5.1
[INFO] [stderr]    Compiling instant-distance v0.6.1
[INFO] [stderr]    Compiling tonic v0.14.6
[INFO] [stderr]    Compiling tonic-prost v0.14.6
[INFO] [stderr]    Compiling edisondb v0.6.0-p3m9 (/opt/rustwide/workdir)
[INFO] [stderr]     Finished `release` profile [optimized] target(s) in 2m 27s
[INFO] [stderr] warning: the following packages contain code that will be rejected by a future version of Rust: nix v0.31.3
[INFO] [stderr] note: to see what the problems were, use the option `--future-incompat-report`, or run `cargo report future-incompatibilities --id 5`
[INFO] running `Command { std: "docker" "inspect" "de57769d1fe4047a230836fc978d5d88fcc66601ccc860a3ce0560b4f2dbfe78", kill_on_drop: false }`
[INFO] running `Command { std: "docker" "exec" "-e" "SOURCE_DIR=/opt/rustwide/workdir" "-e" "CARGO_HOME=/opt/rustwide/cargo-home" "-e" "RUSTUP_HOME=/opt/rustwide/rustup-home" "-e" "CARGO_TARGET_DIR=/opt/rustwide/target" "-e" "CARGO_INCREMENTAL=0" "-e" "RUST_BACKTRACE=full" "-e" "RUSTFLAGS=--cap-lints=warn" "-e" "RUSTDOCFLAGS=--cap-lints=warn" "-w" "/opt/rustwide/workdir" "--user" "0:0" "de57769d1fe4047a230836fc978d5d88fcc66601ccc860a3ce0560b4f2dbfe78" "/opt/rustwide/cargo-home/bin/cargo" "+1.100.0-beta.1" "test" "--frozen" "--release", kill_on_drop: false }`
[INFO] [stderr]     Finished `release` profile [optimized] target(s) in 0.51s
[INFO] [stderr] warning: the following packages contain code that will be rejected by a future version of Rust: nix v0.31.3
[INFO] [stderr] note: to see what the problems were, use the option `--future-incompat-report`, or run `cargo report future-incompatibilities --id 5`
[INFO] [stderr]      Running unittests src/lib.rs (/opt/rustwide/target/release/build/edisondb/d583fe620c22e986/out/edisondb-d583fe620c22e986)
[INFO] [stdout] 
[INFO] [stdout] running 103 tests
[INFO] [stdout] test backends::fjall::checkpoint_state_tests::checkpoint_state_reports_count_mismatch ... ok
[INFO] [stdout] test backends::fjall::checkpoint_state_tests::checkpoint_state_reports_missing ... ok
[INFO] [stdout] test backends::fjall::checkpoint_state_tests::checkpoint_state_reports_malformed ... ok
[INFO] [stdout] test backends::fjall::checkpoint_state_tests::checkpoint_state_reports_unanchored_records ... ok
[INFO] [stdout] test backends::fjall::checkpoint_state_tests::checkpoint_state_reports_head_mismatch ... ok
[INFO] [stdout] test backends::fjall::checkpoint_state_tests::p1b_list_preserves_no_owner_error ... ok
[INFO] [stdout] test backends::fjall::checkpoint_state_tests::p1c_valid_versioned_persisted_payload_reconstructs ... ok
[INFO] [stdout] test backends::fjall::checkpoint_state_tests::p1b_list_preserves_invalid_created_at_error ... ok
[INFO] [stdout] test backends::fjall::checkpoint_state_tests::p1c_persisted_unmarked_legacy_payload_fails_closed ... ok
[INFO] [stdout] test backends::fjall::checkpoint_state_tests::p1b_list_rejects_malformed_persisted_json ... ok
[INFO] [stdout] test backends::fjall::checkpoint_state_tests::p1c_persisted_truncated_current_envelope_fails_closed ... ok
[INFO] [stdout] test backends::fjall::p35_authenticated_backend_tests::p35_fjall_authenticated_open_rejects_legacy_checkpoint ... ok
[INFO] [stdout] test backends::fjall::checkpoint_state_tests::p1b_list_preserves_empty_record_id_error ... ok
[INFO] [stdout] test eql::parser::tests::parse_audit_global ... ok
[INFO] [stdout] test eql::parser::tests::parse_audit_specific ... ok
[INFO] [stdout] test eql::parser::tests::parse_case_insensitive ... ok
[INFO] [stdout] test eql::parser::tests::parse_empty_fails ... ok
[INFO] [stdout] test eql::parser::tests::parse_delete_stmt ... ok
[INFO] [stdout] test eql::parser::tests::parse_list_all ... ok
[INFO] [stdout] test eql::parser::tests::parse_list_tier ... ok
[INFO] [stdout] test eql::parser::tests::parse_read ... ok
[INFO] [stdout] test backends::fjall::checkpoint_state_tests::p1c_persisted_unknown_version_fails_closed ... ok
[INFO] [stdout] test eql::parser::tests::parse_unknown_tier_fails ... ok
[INFO] [stdout] test eql::parser::tests::parse_write_critical ... ok
[INFO] [stdout] test eql::parser::tests::parse_write_noise ... ok
[INFO] [stdout] test eql::parser::tests::parse_write_personal ... ok
[INFO] [stdout] test backends::redb::p35_authenticated_backend_tests::p35_redb_authenticated_open_rejects_legacy_checkpoint ... ok
[INFO] [stdout] test backends::fjall::p35_authenticated_backend_tests::p35_fjall_legacy_open_rejects_authenticated_checkpoint ... ok
[INFO] [stdout] test embedding::tests::embedding_client_unavailable ... ok
[INFO] [stdout] test embedding::tests::embedding_client_returns_vec ... ok
[INFO] [stdout] test executor::tests::eql_delete_removes_record ... ok
[INFO] [stdout] test executor::tests::eql_duplicate_id_rejected ... ok
[INFO] [stdout] test backends::fjall::p35_authenticated_backend_tests::p35_fjall_authenticated_open_rejects_wrong_store_secret ... ok
[INFO] [stdout] test backends::fjall::p35_authenticated_backend_tests::p35_fjall_authenticated_open_and_reopen ... ok
[INFO] [stdout] test backends::redb::p35_authenticated_backend_tests::p35_redb_authenticated_open_rejects_wrong_store_secret ... ok
[INFO] [stdout] test backends::fjall::p35_authenticated_backend_tests::p35_fjall_authenticated_delete_preserves_checkpoint ... ok
[INFO] [stdout] test backends::fjall::p35_authenticated_backend_tests::p35_fjall_authenticated_read_granted_preserves_checkpoint ... ok
[INFO] [stdout] test backends::fjall::p35_authenticated_backend_tests::p35_fjall_authenticated_write_preserves_authenticated_checkpoint ... ok
[INFO] [stdout] test tests::aad_mismatch_fails_decryption ... ok
[INFO] [stdout] test executor::tests::eql_read_nonexistent_fails ... ok
[INFO] [stdout] test tests::aad_tier_mismatch_fails_decryption ... ok
[INFO] [stdout] test tests::attacker_cannot_read_stored_record ... ok
[INFO] [stdout] test tests::admin_cannot_read_critical ... ok
[INFO] [stdout] test tests::audit_chain_detects_tampering ... ok
[INFO] [stdout] test tests::audit_chain_is_valid ... ok
[INFO] [stdout] test tests::denied_read_is_audited ... ok
[INFO] [stdout] test executor::tests::vector_empty_returns_empty ... ok
[INFO] [stdout] test executor::tests::vector_similarity_threshold ... ok
[INFO] [stdout] test executor::tests::vector_eql_embed_and_search ... ok
[INFO] [stdout] test tests::duplicate_id_rejected ... ok
[INFO] [stdout] test tests::granted_read_is_audited ... ok
[INFO] [stdout] test tests::limit012_authenticated_checkpoint_v1_shape_fails_closed ... ok
[INFO] [stdout] test tests::limit012_record_created_at_commitment_is_canonical_and_timestamp_sensitive ... ok
[INFO] [stdout] test tests::multiple_writes_all_audited ... ok
[INFO] [stdout] test tests::list_returns_owner_records_only ... ok
[INFO] [stdout] test tests::noise_readable_by_anyone ... ok
[INFO] [stdout] test tests::non_owner_cannot_delete_record ... ok
[INFO] [stdout] test tests::non_owner_cannot_read_critical ... ok
[INFO] [stdout] test tests::owner_can_delete_own_record ... ok
[INFO] [stdout] test tests::owner_can_read_critical ... ok
[INFO] [stdout] test tests::owner_can_read_stored_record ... ok
[INFO] [stdout] test tests::p1b_construction_zero_timestamp_remains_allowed ... ok
[INFO] [stdout] test tests::p1b_persisted_zero_timestamp_fails_closed ... ok
[INFO] [stdout] test tests::p1c_encryption_emits_versioned_envelope_and_round_trips ... ok
[INFO] [stdout] test tests::p1c_unknown_payload_version_fails_closed ... ok
[INFO] [stdout] test tests::p1c_pre_p1b_record_json_fails_closed_as_legacy ... ok
[INFO] [stdout] test tests::p1c_truncated_current_envelope_fails_closed ... ok
[INFO] [stdout] test backends::fjall::p35_authenticated_backend_tests::p35_fjall_authenticated_read_denied_preserves_checkpoint ... ok
[INFO] [stdout] test tests::p1c_unmarked_legacy_payload_fails_closed ... ok
[INFO] [stdout] test backends::redb::p35_authenticated_backend_tests::p35_redb_legacy_open_rejects_authenticated_checkpoint ... ok
[INFO] [stdout] test tests::p2_record_constructor_binds_payload_to_immutable_id_and_tier ... ok
[INFO] [stdout] test tests::audit_log_persists ... ok
[INFO] [stdout] test executor::tests::eql_write_and_read_personal ... ok
[INFO] [stdout] test executor::tests::eql_list_all ... ok
[INFO] [stdout] test executor::tests::eql_write_and_read_critical ... ok
[INFO] [stdout] test tests::payload_encrypts_and_decrypts ... ok
[INFO] [stdout] test executor::tests::eql_wrong_password_fails ... ok
[INFO] [stdout] test tests::record_identity_both_empty_preserves_no_owner_precedence ... ok
[INFO] [stdout] test tests::record_without_owner_rejected ... ok
[INFO] [stdout] test tests::record_has_timestamp ... ok
[INFO] [stdout] test tests::p35_store_authenticated_load_rejects_legacy_checkpoint ... ok
[INFO] [stdout] test tests::p35_store_authenticated_load_rejects_wrong_store_secret ... ok
[INFO] [stdout] test tests::p35_store_authenticated_round_trip_and_legacy_load_rejects ... ok
[INFO] [stdout] test vector::tests::vector_empty_search ... ok
[INFO] [stdout] test tests::write_creates_audit_entry ... ok
[INFO] [stdout] test vector::tests::vector_persists_and_loads ... ok
[INFO] [stdout] test vector::tests::vector_insert_and_search ... ok
[INFO] [stdout] test vector::tests::vector_index_is_send ... ok
[INFO] [stdout] test tests::same_password_same_key ... ok
[INFO] [stdout] test vector::tests::vector_search_respects_k ... ok
[INFO] [stdout] test vector::tests::vector_remove ... ok
[INFO] [stdout] test tests::p35_checkpoint_mac_rejects_count_head_and_mac_tamper ... ok
[INFO] [stdout] test tests::store_saves_and_loads ... ok
[INFO] [stdout] test executor::tests::eql_audit_captures_operations ... ok
[INFO] [stdout] test executor::tests::eql_write_and_read_noise ... ok
[INFO] [stdout] test tests::different_password_different_key ... ok
[INFO] [stdout] test tests::p35_checkpoint_mac_rejects_unknown_version ... ok
[INFO] [stdout] test tests::p35_checkpoint_mac_round_trips ... ok
[INFO] [stdout] test backends::redb::p35_authenticated_backend_tests::p35_redb_authenticated_open_save_and_reopen ... ok
[INFO] [stdout] test tests::p35_authenticated_checkpoint_cannot_parse_as_legacy ... ok
[INFO] [stdout] test executor::tests::eql_list_tier_filter ... ok
[INFO] [stdout] test tests::p35_checkpoint_mac_rejects_wrong_store_secret_and_salt_tamper ... ok
[INFO] [stdout] test executor::tests::p35_authenticated_store_secret_is_independent_of_owner_password ... ok
[INFO] [stdout] 
[INFO] [stdout] test result: ok. 103 passed; 0 failed; 0 ignored; 0 measured; 0 filtered out; finished in 1.71s
[INFO] [stdout] 
[INFO] [stderr]      Running unittests src/main.rs (/opt/rustwide/target/release/build/edisondb/27234f6311990901/out/edisondb-27234f6311990901)
[INFO] [stderr]      Running unittests src/server.rs (/opt/rustwide/target/release/build/edisondb/d4224917a7c7a3d4/out/edisondb_server-d4224917a7c7a3d4)
[INFO] [stdout] 
[INFO] [stdout] running 0 tests
[INFO] [stdout] 
[INFO] [stdout] test result: ok. 0 passed; 0 failed; 0 ignored; 0 measured; 0 filtered out; finished in 0.00s
[INFO] [stdout] 
[INFO] [stdout] 
[INFO] [stdout] running 0 tests
[INFO] [stdout] 
[INFO] [stdout] test result: ok. 0 passed; 0 failed; 0 ignored; 0 measured; 0 filtered out; finished in 0.00s
[INFO] [stdout] 
[INFO] [stderr]      Running tests/fv3_storage_invariants_tests.rs (/opt/rustwide/target/release/build/edisondb/94bdc05a5f826d40/out/fv3_storage_invariants_tests-94bdc05a5f826d40)
[INFO] [stdout] 
[INFO] [stdout] running 12 tests
[INFO] [stdout] test constructor_rejects_empty_record_id_before_store_mutation ... ok
[INFO] [stdout] test store_rejects_empty_owner_without_mutation ... ok
[INFO] [stdout] test store_load_rejects_invalid_record ... ok
[INFO] [stdout] test store_load_rejects_key_id_mismatch ... ok
[INFO] [stdout] test store_rejects_invalid_record_before_save ... ok
[INFO] [stdout] test fjall_open_rejects_key_id_mismatch ... ok
[INFO] [stdout] test constructor_rejects_empty_record_id_before_fjall_mutation ... ok
[INFO] [stdout] test fjall_enforces_global_id_immutability_across_tiers ... ok
[INFO] [stdout] test fjall_open_rejects_tier_keyspace_mismatch ... ok
[INFO] [stdout] test fjall_open_rejects_invalid_persisted_record ... ok
[INFO] [stdout] test fjall_open_rejects_cross_tier_duplicate_ids ... ok
[INFO] [stdout] test fjall_rejects_empty_owner_without_mutation ... ok
[INFO] [stdout] 
[INFO] [stdout] test result: ok. 12 passed; 0 failed; 0 ignored; 0 measured; 0 filtered out; finished in 0.54s
[INFO] [stdout] 
[INFO] [stderr]      Running tests/fv4_audit_integrity_tests.rs (/opt/rustwide/target/release/build/edisondb/56d63ffc04c784ee/out/fv4_audit_integrity_tests-56d63ffc04c784ee)
[INFO] [stdout] 
[INFO] [stdout] running 18 tests
[INFO] [stdout] test audit_hash_known_answer_v1 ... ok
[INFO] [stdout] test audit_sha256_distinct_record_identity_separates_entries ... ok
[INFO] [stdout] test audit_sha256_timestamp_single_bit_tamper_changes_digest ... ok
[INFO] [stdout] test redb_load_rejects_broken_audit_chain ... ok
[INFO] [stdout] test audit_sha256_prev_hash_single_bit_tamper_changes_digest ... ok
[INFO] [stdout] test redb_load_rejects_noncanonical_audit_key ... ok
[INFO] [stdout] test redb_load_rejects_malformed_audit_entry ... ok
[INFO] [stdout] test redb_save_uses_canonical_audit_keys ... ok
[INFO] [stdout] test redb_load_rejects_persisted_content_tamper ... ok
[INFO] [stdout] test redb_save_rejects_unrelated_history_replacement ... ok
[INFO] [stdout] test redb_save_allows_same_lineage_resave_and_extension ... ok
[INFO] [stdout] test redb_save_rejects_stale_snapshot_after_history_extension ... ok
[INFO] [stdout] test redb_save_rejects_divergent_stale_writer ... ok
[INFO] [stdout] test fjall_open_rejects_audit_sequence_gap ... ok
[INFO] [stdout] test fjall_open_rejects_tampered_final_audit_entry ... ok
[INFO] [stdout] test fjall_open_rejects_broken_audit_chain ... ok
[INFO] [stdout] test fjall_open_rejects_noncanonical_audit_key ... ok
[INFO] [stdout] test fjall_open_rejects_malformed_audit_entry ... ok
[INFO] [stdout] 
[INFO] [stdout] test result: ok. 18 passed; 0 failed; 0 ignored; 0 measured; 0 filtered out; finished in 0.51s
[INFO] [stdout] 
[INFO] [stderr]      Running tests/fv4b_checkpoint_tests.rs (/opt/rustwide/target/release/build/edisondb/5e3c5ba59f5251cd/out/fv4b_checkpoint_tests-5e3c5ba59f5251cd)
[INFO] [stdout] 
[INFO] [stdout] running 22 tests
[INFO] [stdout] test redb_open_rejects_existing_records_without_checkpoint ... ok
[INFO] [stdout] test redb_fresh_open_persists_genesis_checkpoint ... ok
[INFO] [stdout] test redb_open_rejects_checkpoint_count_mismatch ... ok
[INFO] [stdout] test redb_open_rejects_final_audit_row_deletion_against_checkpoint ... ok
[INFO] [stdout] test redb_open_rejects_malformed_checkpoint ... ok
[INFO] [stdout] test redb_open_rejects_unanchored_records_with_valid_checkpoint ... ok
[INFO] [stdout] test redb_open_rejects_checkpoint_head_mismatch ... ok
[INFO] [stdout] test redb_reopen_after_delete_save_preserves_checkpoint_coherence ... ok
[INFO] [stdout] test redb_reopen_after_read_denied_save_preserves_checkpoint_coherence ... ok
[INFO] [stdout] test redb_reopen_after_read_granted_save_preserves_checkpoint_coherence ... ok
[INFO] [stdout] test redb_reopen_after_write_save_preserves_checkpoint_coherence ... ok
[INFO] [stdout] test fjall_reopen_after_read_denied_preserves_checkpoint_coherence ... ok
[INFO] [stdout] test fjall_open_rejects_unanchored_records_with_valid_checkpoint ... ok
[INFO] [stdout] test fjall_open_rejects_existing_records_without_checkpoint ... ok
[INFO] [stdout] test fjall_open_rejects_checkpoint_count_mismatch ... ok
[INFO] [stdout] test fjall_open_rejects_final_audit_row_deletion_against_checkpoint ... ok
[INFO] [stdout] test fjall_fresh_open_persists_genesis_checkpoint ... ok
[INFO] [stdout] test fjall_open_rejects_checkpoint_head_mismatch ... ok
[INFO] [stdout] test fjall_reopen_after_read_granted_preserves_checkpoint_coherence ... ok
[INFO] [stdout] test fjall_open_rejects_malformed_checkpoint ... ok
[INFO] [stdout] test fjall_reopen_after_delete_preserves_checkpoint_coherence ... ok
[INFO] [stdout] test fjall_reopen_after_write_preserves_checkpoint_coherence ... ok
[INFO] [stdout] 
[INFO] [stdout] test result: ok. 22 passed; 0 failed; 0 ignored; 0 measured; 0 filtered out; finished in 0.63s
[INFO] [stdout] 
[INFO] [stderr]      Running tests/fv5_limit012_created_at_auth_tests.rs (/opt/rustwide/target/release/build/edisondb/66e95d3297de3efb/out/fv5_limit012_created_at_auth_tests-66e95d3297de3efb)
[INFO] [stdout] 
[INFO] [stdout] running 2 tests
[INFO] [stdout] test limit012_redb_authenticated_load_rejects_nonzero_created_at_tamper ... ok
[INFO] [stdout] test limit012_fjall_authenticated_open_rejects_nonzero_created_at_tamper ... ok
[INFO] [stdout] 
[INFO] [stdout] test result: ok. 2 passed; 0 failed; 0 ignored; 0 measured; 0 filtered out; finished in 0.36s
[INFO] [stdout] 
[INFO] [stderr]      Running tests/fv5_mobile_provenance_tests.rs (/opt/rustwide/target/release/build/edisondb/7838e89a887dffb6/out/fv5_mobile_provenance_tests-7838e89a887dffb6)
[INFO] [stdout] 
[INFO] [stdout] running 0 tests
[INFO] [stdout] 
[INFO] [stdout] test result: ok. 0 passed; 0 failed; 0 ignored; 0 measured; 0 filtered out; finished in 0.00s
[INFO] [stdout] 
[INFO] [stdout] 
[INFO] [stdout] running 9 tests
[INFO] [stderr]      Running tests/grpc_tests.rs (/opt/rustwide/target/release/build/edisondb/23073a0663fb7c45/out/grpc_tests-23073a0663fb7c45)
[INFO] [stdout] test test_grpc_read_not_found ... ok
[INFO] [stdout] test test_grpc_audit_history ... ok
[INFO] [stdout] test p35_server_requires_store_secret_at_startup ... ok
[INFO] [stdout] test test_grpc_wrong_owner_rejected ... ok
[INFO] [stdout] test test_grpc_list_by_tier ... ok
[INFO] [stdout] test test_grpc_no_password_rejected ... ok
[INFO] [stdout] test test_grpc_delete_removes_record ... ok
[INFO] [stdout] test test_grpc_write_critical ... ok
[INFO] [stderr]      Running tests/p1b_compile_fail.rs (/opt/rustwide/target/release/build/edisondb/b455c3e86f73e825/out/p1b_compile_fail-b455c3e86f73e825)
[INFO] [stdout] test test_grpc_concurrent_writes ... ok
[INFO] [stdout] 
[INFO] [stdout] test result: ok. 9 passed; 0 failed; 0 ignored; 0 measured; 0 filtered out; finished in 20.14s
[INFO] [stdout] 
[INFO] [stdout] 
[INFO] [stdout] running 1 test
[INFO] [stderr]    Compiling proc-macro2 v1.0.106
[INFO] [stderr]    Compiling unicode-ident v1.0.24
[INFO] [stderr]    Compiling quote v1.0.45
[INFO] [stderr]    Compiling libc v0.2.186
[INFO] [stderr]     Checking cfg-if v1.0.4
[INFO] [stderr]     Checking smallvec v1.15.1
[INFO] [stderr]     Checking once_cell v1.21.4
[INFO] [stderr]     Checking scopeguard v1.2.0
[INFO] [stderr]    Compiling parking_lot_core v0.9.12
[INFO] [stderr]     Checking pin-project-lite v0.2.17
[INFO] [stderr]     Checking bytes v1.11.1
[INFO] [stderr]     Checking futures-core v0.3.32
[INFO] [stderr]     Checking typenum v1.20.0
[INFO] [stderr]     Checking itoa v1.0.18
[INFO] [stderr]     Checking log v0.4.30
[INFO] [stderr]    Compiling find-msvc-tools v0.1.9
[INFO] [stderr]     Checking lock_api v0.4.14
[INFO] [stderr]     Checking memchr v2.8.0
[INFO] [stderr]    Compiling shlex v2.0.1
[INFO] [stderr]    Compiling version_check v0.9.5
[INFO] [stderr]     Checking futures-sink v0.3.32
[INFO] [stderr]     Checking stable_deref_trait v1.2.1
[INFO] [stderr]     Checking equivalent v1.0.2
[INFO] [stderr]     Checking slab v0.4.12
[INFO] [stderr]    Compiling rustix v1.1.4
[INFO] [stderr]     Checking futures-channel v0.3.32
[INFO] [stderr]     Checking subtle v2.6.1
[INFO] [stderr]     Checking tracing-core v0.1.36
[INFO] [stderr]    Compiling serde_core v1.0.228
[INFO] [stderr]    Compiling dunce v1.0.5
[INFO] [stderr]    Compiling fs_extra v1.3.0
[INFO] [stderr]     Checking futures-task v0.3.32
[INFO] [stderr]     Checking futures-io v0.3.32
[INFO] [stderr]    Compiling crossbeam-utils v0.8.21
[INFO] [stderr]     Checking hashbrown v0.17.1
[INFO] [stderr]    Compiling zerocopy v0.8.48
[INFO] [stderr]    Compiling getrandom v0.3.4
[INFO] [stderr]    Compiling anyhow v1.0.102
[INFO] [stderr]     Checking percent-encoding v2.3.2
[INFO] [stderr]     Checking fnv v1.0.7
[INFO] [stderr]    Compiling httparse v1.10.1
[INFO] [stderr]    Compiling serde v1.0.228
[INFO] [stderr]    Compiling generic-array v0.14.7
[INFO] [stderr]     Checking http v1.4.1
[INFO] [stderr]     Checking tower-service v0.3.3
[INFO] [stderr]     Checking bitflags v2.11.1
[INFO] [stderr]    Compiling either v1.16.0
[INFO] [stderr]     Checking try-lock v0.2.5
[INFO] [stderr]    Compiling aws-lc-rs v1.17.0
[INFO] [stderr]     Checking atomic-waker v1.1.2
[INFO] [stderr]    Compiling zmij v1.0.21
[INFO] [stderr]     Checking litemap v0.8.2
[INFO] [stderr]     Checking writeable v0.6.3
[INFO] [stderr]     Checking zeroize v1.8.2
[INFO] [stderr]    Compiling itertools v0.10.5
[INFO] [stderr]     Checking want v0.3.1
[INFO] [stderr]    Compiling autocfg v1.5.1
[INFO] [stderr]    Compiling syn v2.0.117
[INFO] [stderr]     Checking crossbeam-epoch v0.9.18
[INFO] [stderr]     Checking httpdate v1.0.3
[INFO] [stderr]     Checking indexmap v2.14.0
[INFO] [stderr]    Compiling serde_json v1.0.149
[INFO] [stderr]     Checking utf8_iter v1.0.4
[INFO] [stderr]    Compiling icu_properties_data v2.2.0
[INFO] [stderr]    Compiling icu_normalizer_data v2.2.0
[INFO] [stderr]     Checking rustls-pki-types v1.14.1
[INFO] [stderr]     Checking form_urlencoded v1.2.2
[INFO] [stderr]     Checking sync_wrapper v1.0.2
[INFO] [stderr]    Compiling heck v0.5.0
[INFO] [stderr]     Checking ipnet v2.12.0
[INFO] [stderr]    Compiling prettyplease v0.2.37
[INFO] [stderr]     Checking tower-layer v0.3.3
[INFO] [stderr]     Checking base64 v0.22.1
[INFO] [stderr]    Compiling pulldown-cmark v0.13.4
[INFO] [stderr]     Checking http-body v1.0.1
[INFO] [stderr]     Checking untrusted v0.9.0
[INFO] [stderr]    Compiling foldhash v0.1.5
[INFO] [stderr]    Compiling linux-raw-sys v0.12.1
[INFO] [stderr]    Compiling regex-syntax v0.8.10
[INFO] [stderr]    Compiling rustls v0.23.40
[INFO] [stderr]    Compiling unicase v2.9.0
[INFO] [stderr]     Checking utf8parse v0.2.2
[INFO] [stderr]     Checking getrandom v0.2.17
[INFO] [stderr]     Checking errno v0.3.14
[INFO] [stderr]     Checking mio v1.2.1
[INFO] [stderr]     Checking socket2 v0.6.4
[INFO] [stderr]     Checking rand_core v0.6.4
[INFO] [stderr]     Checking parking_lot v0.12.5
[INFO] [stderr]     Checking signal-hook-registry v1.4.8
[INFO] [stderr]    Compiling num-traits v0.2.19
[INFO] [stderr]    Compiling hashbrown v0.15.5
[INFO] [stderr]     Checking http-body-util v0.1.3
[INFO] [stderr]    Compiling fixedbitset v0.5.7
[INFO] [stderr]     Checking cpufeatures v0.2.17
[INFO] [stderr]    Compiling rayon-core v1.13.0
[INFO] [stderr]     Checking fastrand v2.4.1
[INFO] [stderr]     Checking crypto-common v0.1.7
[INFO] [stderr]    Compiling jobserver v0.1.34
[INFO] [stderr]     Checking mime v0.3.17
[INFO] [stderr]    Compiling cc v1.2.63
[INFO] [stderr]     Checking inout v0.1.4
[INFO] [stderr]     Checking anstyle-parse v1.0.0
[INFO] [stderr]     Checking hybrid-array v0.4.12
[INFO] [stderr]     Checking crossbeam-deque v0.8.6
[INFO] [stderr]     Checking anstyle v1.0.14
[INFO] [stderr]     Checking anstyle-query v1.1.5
[INFO] [stderr]    Compiling ucd-trie v0.1.7
[INFO] [stderr]     Checking colorchoice v1.0.5
[INFO] [stderr]    Compiling cfg_aliases v0.2.1
[INFO] [stderr]    Compiling multimap v0.10.1
[INFO] [stderr]     Checking ryu v1.0.23
[INFO] [stderr]     Checking is_terminal_polyfill v1.70.2
[INFO] [stderr]    Compiling nix v0.31.3
[INFO] [stderr]     Checking anstream v1.0.0
[INFO] [stderr]    Compiling pest v2.8.6
[INFO] [stderr]     Checking cipher v0.4.4
[INFO] [stderr]     Checking universal-hash v0.5.1
[INFO] [stderr]     Checking block-buffer v0.10.4
[INFO] [stderr]     Checking rand_core v0.9.5
[INFO] [stderr]    Compiling protoc-bin-vendored-linux-x86_64 v3.2.0
[INFO] [stderr]    Compiling protoc-bin-vendored-macos-aarch_64 v3.2.0
[INFO] [stderr]     Checking opaque-debug v0.3.1
[INFO] [stderr]     Checking byteorder-lite v0.1.0
[INFO] [stderr]     Checking compare v0.0.6
[INFO] [stderr]    Compiling protoc-bin-vendored-macos-x86_64 v3.2.0
[INFO] [stderr]     Checking clap_lex v1.1.0
[INFO] [stderr]    Compiling protoc-bin-vendored-win32 v3.2.0
[INFO] [stderr]     Checking openssl-probe v0.2.1
[INFO] [stderr]     Checking strsim v0.11.1
[INFO] [stderr]    Compiling protoc-bin-vendored-linux-aarch_64 v3.2.0
[INFO] [stderr]     Checking hashbrown v0.16.1
[INFO] [stderr]     Checking xxhash-rust v0.8.15
[INFO] [stderr]    Compiling pulldown-cmark-to-cmark v22.0.0
[INFO] [stderr]    Compiling protoc-bin-vendored-linux-ppcle_64 v3.2.0
[INFO] [stderr]     Checking twox-hash v2.1.2
[INFO] [stderr]     Checking matchit v0.8.4
[INFO] [stderr]     Checking serde_path_to_error v0.1.20
[INFO] [stderr]    Compiling protoc-bin-vendored-linux-s390_64 v3.2.0
[INFO] [stderr]    Compiling protoc-bin-vendored-linux-x86_32 v3.2.0
[INFO] [stderr]    Compiling cmake v0.1.58
[INFO] [stderr]    Compiling petgraph v0.8.3
[INFO] [stderr]    Compiling protoc-bin-vendored v3.2.0
[INFO] [stderr]     Checking sfa v1.0.0
[INFO] [stderr]     Checking lz4_flex v0.13.1
[INFO] [stderr]     Checking clap_builder v4.6.0
[INFO] [stderr]     Checking rayon v1.12.0
[INFO] [stderr]     Checking rustls-native-certs v0.8.4
[INFO] [stderr]     Checking crypto-common v0.2.2
[INFO] [stderr]     Checking block-buffer v0.12.0
[INFO] [stderr]     Checking interval-heap v0.0.5
[INFO] [stderr]     Checking polyval v0.6.2
[INFO] [stderr]     Checking digest v0.10.7
[INFO] [stderr]    Compiling regex-automata v0.4.14
[INFO] [stderr]     Checking quick_cache v0.6.22
[INFO] [stderr]     Checking crossbeam-skiplist v0.1.3
[INFO] [stderr]    Compiling pest_meta v2.8.6
[INFO] [stderr]     Checking tempfile v3.27.0
[INFO] [stderr]     Checking nibble_vec v0.1.0
[INFO] [stderr]     Checking spin v0.9.8
[INFO] [stderr]     Checking const-oid v0.10.2
[INFO] [stderr]     Checking hashbrown v0.14.5
[INFO] [stderr]     Checking cpufeatures v0.3.0
[INFO] [stderr]    Compiling redb v2.6.3
[INFO] [stderr]     Checking plotters-backend v0.3.7
[INFO] [stderr]     Checking rustc-hash v2.1.2
[INFO] [stderr]    Compiling thiserror v1.0.69
[INFO] [stderr]     Checking self_cell v1.2.2
[INFO] [stderr]     Checking varint-rs v2.2.0
[INFO] [stderr]     Checking byteview v0.10.1
[INFO] [stderr]     Checking endian-type v0.2.0
[INFO] [stderr]     Checking base64ct v1.8.3
[INFO] [stderr]     Checking ciborium-io v0.2.2
[INFO] [stderr]     Checking plotters-svg v0.3.7
[INFO] [stderr]     Checking radix_trie v0.3.0
[INFO] [stderr]     Checking digest v0.11.3
[INFO] [stderr]     Checking flume v0.12.0
[INFO] [stderr]     Checking blake2 v0.10.6
[INFO] [stderr]     Checking ghash v0.5.1
[INFO] [stderr]    Compiling aws-lc-sys v0.41.0
[INFO] [stderr]    Compiling blake3 v1.8.5
[INFO] [stderr]     Checking password-hash v0.5.0
[INFO] [stderr]     Checking ordered-float v3.9.2
[INFO] [stderr]     Checking ctr v0.9.2
[INFO] [stderr]     Checking aes v0.8.4
[INFO] [stderr]     Checking aead v0.5.2
[INFO] [stderr]     Checking dashmap v6.2.1
[INFO] [stderr]     Checking rtoolbox v0.0.5
[INFO] [stderr]     Checking num_cpus v1.17.0
[INFO] [stderr]     Checking wait-timeout v0.2.1
[INFO] [stderr]     Checking encoding_rs v0.8.35
[INFO] [stderr]     Checking unicode-width v0.2.2
[INFO] [stderr]     Checking home v0.5.12
[INFO] [stderr]     Checking arrayref v0.3.9
[INFO] [stderr]     Checking bit-vec v0.8.0
[INFO] [stderr]     Checking arrayvec v0.7.8
[INFO] [stderr]     Checking cast v0.3.0
[INFO] [stderr]     Checking quick-error v1.2.3
[INFO] [stderr]     Checking constant_time_eq v0.4.2
[INFO] [stderr]     Checking same-file v1.0.6
[INFO] [stderr]     Checking unicode-segmentation v1.13.2
[INFO] [stderr]    Compiling synstructure v0.13.2
[INFO] [stderr]    Compiling pest_generator v2.8.6
[INFO] [stderr]     Checking walkdir v2.5.0
[INFO] [stderr]     Checking rusty-fork v0.3.1
[INFO] [stderr]     Checking aes-gcm v0.10.3
[INFO] [stderr]     Checking bit-set v0.8.0
[INFO] [stderr]     Checking rpassword v7.5.3
[INFO] [stderr]     Checking argon2 v0.5.3
[INFO] [stderr]     Checking plotters v0.3.7
[INFO] [stderr]    Compiling regex v1.12.3
[INFO] [stderr]    Compiling tonic-build v0.14.6
[INFO] [stderr]     Checking criterion-plot v0.5.0
[INFO] [stderr]     Checking sha2 v0.11.0
[INFO] [stderr]     Checking rand v0.9.4
[INFO] [stderr]     Checking rand_xorshift v0.4.0
[INFO] [stderr]     Checking is-terminal v0.4.17
[INFO] [stderr]     Checking oorandom v11.1.5
[INFO] [stderr]     Checking anes v0.1.6
[INFO] [stderr]     Checking unarray v0.1.4
[INFO] [stderr]     Checking rustyline v18.0.0
[INFO] [stderr]    Compiling zerofrom-derive v0.1.7
[INFO] [stderr]    Compiling tokio-macros v2.7.0
[INFO] [stderr]    Compiling yoke-derive v0.8.2
[INFO] [stderr]    Compiling zerovec-derive v0.11.3
[INFO] [stderr]    Compiling tracing-attributes v0.1.31
[INFO] [stderr]    Compiling displaydoc v0.2.6
[INFO] [stderr]    Compiling futures-macro v0.3.32
[INFO] [stderr]    Compiling zerocopy-derive v0.8.48
[INFO] [stderr]    Compiling serde_derive v1.0.228
[INFO] [stderr]    Compiling prost-derive v0.14.3
[INFO] [stderr]    Compiling pin-project-internal v1.1.13
[INFO] [stderr]    Compiling async-trait v0.1.89
[INFO] [stdout] test public_record_cannot_be_deserialized has been running for over 60 seconds
[INFO] [stderr]    Compiling enum_dispatch v0.3.13
[INFO] [stderr]     Checking tokio v1.52.3
[INFO] [stderr]    Compiling clap_derive v4.6.1
[INFO] [stderr]    Compiling thiserror-impl v1.0.69
[INFO] [stderr]     Checking futures-util v0.3.32
[INFO] [stderr]    Compiling pest_derive v2.8.6
[INFO] [stderr]     Checking lsm-tree v3.1.6
[INFO] [stderr]     Checking tracing v0.1.44
[INFO] [stderr]     Checking axum-core v0.5.6
[INFO] [stderr]     Checking pin-project v1.1.13
[INFO] [stderr]     Checking zerofrom v0.1.8
[INFO] [stderr]     Checking yoke v0.8.3
[INFO] [stderr]     Checking zerovec v0.11.6
[INFO] [stderr]     Checking zerotrie v0.2.4
[INFO] [stderr]    Compiling prost v0.14.3
[INFO] [stderr]     Checking tinystr v0.8.3
[INFO] [stderr]     Checking potential_utf v0.1.5
[INFO] [stderr]    Compiling prost-types v0.14.3
[INFO] [stderr]     Checking icu_locale_core v2.2.0
[INFO] [stderr]     Checking icu_collections v2.2.0
[INFO] [stderr]     Checking clap v4.6.1
[INFO] [stderr]     Checking icu_provider v2.2.0
[INFO] [stderr]     Checking fjall v3.1.6
[INFO] [stderr]     Checking icu_properties v2.2.0
[INFO] [stderr]     Checking icu_normalizer v2.2.0
[INFO] [stderr]     Checking futures-executor v0.3.32
[INFO] [stderr]    Compiling prost-build v0.14.3
[INFO] [stderr]     Checking futures v0.3.32
[INFO] [stderr]     Checking serde_urlencoded v0.7.1
[INFO] [stderr]     Checking tinytemplate v1.2.1
[INFO] [stderr]     Checking idna_adapter v1.2.2
[INFO] [stderr]    Compiling tonic-prost-build v0.14.6
[INFO] [stderr]     Checking idna v1.1.0
[INFO] [stderr]     Checking url v2.5.8
[INFO] [stderr]    Compiling edisondb v0.6.0-p3m9 (/opt/rustwide/workdir)
[INFO] [stderr]     Checking tokio-util v0.7.18
[INFO] [stderr]     Checking tokio-stream v0.1.18
[INFO] [stderr]     Checking h2 v0.4.14
[INFO] [stderr]     Checking tower v0.5.3
[INFO] [stderr]     Checking ppv-lite86 v0.2.21
[INFO] [stderr]     Checking half v2.7.1
[INFO] [stderr]     Checking ciborium-ll v0.2.2
[INFO] [stderr]     Checking tower-http v0.6.11
[INFO] [stderr]     Checking rand_chacha v0.3.1
[INFO] [stderr]     Checking rand_chacha v0.9.0
[INFO] [stderr]     Checking ciborium v0.2.2
[INFO] [stderr]     Checking proptest v1.11.0
[INFO] [stderr]     Checking rand v0.8.6
[INFO] [stderr]     Checking criterion v0.5.1
[INFO] [stderr]     Checking instant-distance v0.6.1
[INFO] [stderr]     Checking hyper v1.10.1
[INFO] [stderr]     Checking hyper-util v0.1.20
[INFO] [stderr]     Checking rustls-webpki v0.103.13
[INFO] [stderr]     Checking axum v0.8.9
[INFO] [stderr]     Checking hyper-timeout v0.5.2
[INFO] [stderr]     Checking tokio-rustls v0.26.4
[INFO] [stderr]     Checking rustls-platform-verifier v0.7.0
[INFO] [stderr]     Checking hyper-rustls v0.27.9
[INFO] [stderr]     Checking reqwest v0.13.4
[INFO] [stderr]     Checking tonic v0.14.6
[INFO] [stderr]     Checking tonic-prost v0.14.6
[INFO] [stderr]     Checking edisondb-tests v0.0.0 (/opt/rustwide/target/tests/trybuild/edisondb)
[INFO] [stderr]     Finished `dev` profile [unoptimized + debuginfo] target(s) in 2m 01s
[INFO] [stderr] warning: the following packages contain code that will be rejected by a future version of Rust: nix v0.31.3
[INFO] [stderr] note: to see what the problems were, use the option `--future-incompat-report`, or run `cargo report future-incompatibilities --id 1`
[INFO] [stderr] 
[INFO] [stderr] 
[INFO] [stderr] test tests/ui/p1b_record_deserialize.rs ... mismatch
[INFO] [stderr] 
[INFO] [stderr] EXPECTED:
[INFO] [stderr] ┈┈┈┈┈┈┈┈┈┈┈┈┈┈┈┈┈┈┈┈┈┈┈┈┈┈┈┈┈┈┈┈┈┈┈┈┈┈┈┈┈┈┈┈┈┈┈┈┈┈┈┈┈┈┈┈┈┈┈┈
[INFO] [stderr] error[E0277]: the trait bound `Record: serde::Deserialize<'de>` is not satisfied
[INFO] [stderr]  --> tests/ui/p1b_record_deserialize.rs:6:21
[INFO] [stderr]   |
[INFO] [stderr] 6 |     let _: Record = serde_json::from_str("{}").unwrap();
[INFO] [stderr]   |                     ^^^^^^^^^^^^^^^^^^^^^^^^^^ the trait `serde_core::de::Deserialize<'_>` is not implemented for `Record`
[INFO] [stderr]   |
[INFO] [stderr]   = note: for local types consider adding `#[derive(serde::Deserialize)]` to your `Record` type
[INFO] [stderr]   = note: for types from other crates check whether the crate offers a `serde` feature flag
[INFO] [stderr]   = help: the following other types implement trait `serde_core::de::Deserialize<'de>`:
[INFO] [stderr]             &'a Path
[INFO] [stderr]             &'a RawValue
[INFO] [stderr]             &'a [u8]
[INFO] [stderr]             &'a str
[INFO] [stderr]             ()
[INFO] [stderr]             (T,)
[INFO] [stderr]             (T0, T1)
[INFO] [stderr]             (T0, T1, T2)
[INFO] [stderr]           and $N others
[INFO] [stderr] note: required by a bound in `serde_json::from_str`
[INFO] [stderr]  --> $CARGO/serde_json-$VERSION/src/de.rs
[INFO] [stderr]   |
[INFO] [stderr]   | pub fn from_str<'a, T>(s: &'a str) -> Result<T>
[INFO] [stderr]   |        -------- required by a bound in this function
[INFO] [stderr]   | where
[INFO] [stderr]   |     T: de::Deserialize<'a>,
[INFO] [stderr]   |        ^^^^^^^^^^^^^^^^^^^ required by this bound in `from_str`
[INFO] [stderr] ┈┈┈┈┈┈┈┈┈┈┈┈┈┈┈┈┈┈┈┈┈┈┈┈┈┈┈┈┈┈┈┈┈┈┈┈┈┈┈┈┈┈┈┈┈┈┈┈┈┈┈┈┈┈┈┈┈┈┈┈
[INFO] [stderr] 
[INFO] [stderr] ACTUAL OUTPUT:
[INFO] [stderr] ┈┈┈┈┈┈┈┈┈┈┈┈┈┈┈┈┈┈┈┈┈┈┈┈┈┈┈┈┈┈┈┈┈┈┈┈┈┈┈┈┈┈┈┈┈┈┈┈┈┈┈┈┈┈┈┈┈┈┈┈
[INFO] [stderr] error[E0277]: the trait bound `Record: serde::Deserialize<'de>` is not satisfied
[INFO] [stderr]  --> tests/ui/p1b_record_deserialize.rs:6:21
[INFO] [stderr]   |
[INFO] [stderr] 6 |     let _: Record = serde_json::from_str("{}").unwrap();
[INFO] [stderr]   |                     ^^^^^^^^^^^^^^^^^^^^^^^^^^ the trait `serde_core::de::Deserialize<'_>` is not implemented for `Record`
[INFO] [stderr]   |
[INFO] [stderr]   = note: for local types consider adding `#[derive(serde::Deserialize)]` to your `Record` type
[INFO] [stderr]   = note: for types from other crates check whether the crate offers a `serde` feature flag
[INFO] [stderr]   = help: the following other types implement trait `serde_core::de::Deserialize<'de>`:
[INFO] [stderr]             &'a Path
[INFO] [stderr]             &'a RawValue
[INFO] [stderr]             &'a [u8]
[INFO] [stderr]             &'a str
[INFO] [stderr]             ()
[INFO] [stderr]             (T,)
[INFO] [stderr]             (T0, T1)
[INFO] [stderr]             (T0, T1, T2)
[INFO] [stderr]           and $N others
[INFO] [stderr] note: required by a bound in `serde_json::from_str`
[INFO] [stderr]  --> $CARGO/serde_json-$VERSION/src/de.rs
[INFO] [stderr]   |
[INFO] [stderr]   | pub fn from_str<'a, T>(s: &'a str) -> Result<T>
[INFO] [stderr]   | where
[INFO] [stderr]   |     T: de::Deserialize<'a>,
[INFO] [stderr]   |        ^^^^^^^^^^^^^^^^^^^ required by this bound in `from_str`
[INFO] [stderr] ┈┈┈┈┈┈┈┈┈┈┈┈┈┈┈┈┈┈┈┈┈┈┈┈┈┈┈┈┈┈┈┈┈┈┈┈┈┈┈┈┈┈┈┈┈┈┈┈┈┈┈┈┈┈┈┈┈┈┈┈
[INFO] [stderr] note: If the actual output is the correct output you can bless it by rerunning
[INFO] [stderr]       your test with the environment variable TRYBUILD=overwrite
[INFO] [stderr] 
[INFO] [stderr] 
[INFO] [stderr] 
[INFO] [stdout] test public_record_cannot_be_deserialized ... FAILED
[INFO] [stdout] 
[INFO] [stdout] failures:
[INFO] [stdout] 
[INFO] [stdout] ---- public_record_cannot_be_deserialized stdout ----
[INFO] [stdout] 
[INFO] [stdout] thread 'public_record_cannot_be_deserialized' (6729) panicked at /opt/rustwide/cargo-home/registry/src/index.crates.io-1949cf8c6b5b557f/trybuild-1.0.120/src/run.rs:103:13:
[INFO] [stdout] 1 of 1 tests failed
[INFO] [stdout] stack backtrace:
[INFO] [stdout]    0:     0x5d81ab2520c1 - <<std[617be2ca0a6fd877]::sys::backtrace::BacktraceLock>::print::DisplayBacktrace as core[a373ad73a504971]::fmt::Display>::fmt
[INFO] [stdout]    1:     0x5d81ab2683aa - core[a373ad73a504971]::fmt::write
[INFO] [stdout]    2:     0x5d81ab25690c - <alloc[2e1b2a31b91974c5]::vec::Vec<u8> as core[a373ad73a504971]::io::write::Write>::write_fmt
[INFO] [stdout]    3:     0x5d81ab22b526 - std[617be2ca0a6fd877]::panicking::default_hook::{closure#0}
[INFO] [stdout]    4:     0x5d81ab249669 - std[617be2ca0a6fd877]::panicking::default_hook
[INFO] [stdout]    5:     0x5d81ab1e2c70 - test[aada8e7e76ba119b]::test_main_inner::{closure#0}
[INFO] [stdout]    6:     0x5d81ab249822 - std[617be2ca0a6fd877]::panicking::panic_with_hook
[INFO] [stdout]    7:     0x5d81ab22b5d2 - std[617be2ca0a6fd877]::panicking::panic_handler::{closure#0}
[INFO] [stdout]    8:     0x5d81ab223e29 - std[617be2ca0a6fd877]::sys::backtrace::__rust_end_short_backtrace::<std[617be2ca0a6fd877]::panicking::panic_handler::{closure#0}, !>
[INFO] [stdout]    9:     0x5d81ab22c1dd - __rustc[ea4f61d10b84890b]::rust_begin_unwind
[INFO] [stdout]   10:     0x5d81ab268b1c - core[a373ad73a504971]::panicking::panic_fmt
[INFO] [stdout]   11:     0x5d81ab134fd7 - <trybuild[1402d9c57d6031ed]::Runner>::run
[INFO] [stdout]   12:     0x5d81ab138200 - <trybuild[1402d9c57d6031ed]::TestCases as core[a373ad73a504971]::ops::drop::Drop>::drop
[INFO] [stdout]   13:     0x5d81ab12efd8 - p1b_compile_fail[6c148ba2ba96fd24]::public_record_cannot_be_deserialized
[INFO] [stdout]   14:     0x5d81ab12f1d9 - <p1b_compile_fail[6c148ba2ba96fd24]::public_record_cannot_be_deserialized::{closure#0} as core[a373ad73a504971]::ops::function::FnOnce<()>>::call_once
[INFO] [stdout]   15:     0x5d81ab1d60bb - test[aada8e7e76ba119b]::__rust_begin_short_backtrace::<core[a373ad73a504971]::result::Result<(), alloc[2e1b2a31b91974c5]::string::String>, fn() -> core[a373ad73a504971]::result::Result<(), alloc[2e1b2a31b91974c5]::string::String>>
[INFO] [stdout]   16:     0x5d81ab1e3295 - test[aada8e7e76ba119b]::run_test::{closure#0}
[INFO] [stdout]   17:     0x5d81ab1dcb84 - std[617be2ca0a6fd877]::sys::backtrace::__rust_begin_short_backtrace::<test[aada8e7e76ba119b]::run_test::{closure#1}, ()>
[INFO] [stdout]   18:     0x5d81ab1e6322 - <std[617be2ca0a6fd877]::thread::lifecycle::spawn_unchecked<test[aada8e7e76ba119b]::run_test::{closure#1}, ()>::{closure#1} as core[a373ad73a504971]::ops::function::FnOnce<()>>::call_once::{shim:vtable#0}
[INFO] [stdout]   19:     0x5d81ab25131f - <std[617be2ca0a6fd877]::sys::thread::unix::Thread>::new::thread_start
[INFO] [stdout]   20:     0x7389bcee4dfa - <unknown>
[INFO] [stdout]   21:     0x7389bcf783d4 - clone
[INFO] [stdout]   22:                0x0 - <unknown>
[INFO] [stdout] 
[INFO] [stdout] 
[INFO] [stdout] failures:
[INFO] [stdout]     public_record_cannot_be_deserialized
[INFO] [stdout] 
[INFO] [stdout] test result: FAILED. 0 passed; 1 failed; 0 ignored; 0 measured; 0 filtered out; finished in 198.64s
[INFO] [stdout] 
[INFO] [stderr] error: test failed, to rerun pass `--test p1b_compile_fail`
[INFO] running `Command { std: "docker" "inspect" "de57769d1fe4047a230836fc978d5d88fcc66601ccc860a3ce0560b4f2dbfe78", kill_on_drop: false }`
[INFO] running `Command { std: "docker" "rm" "-f" "de57769d1fe4047a230836fc978d5d88fcc66601ccc860a3ce0560b4f2dbfe78", kill_on_drop: false }`
[INFO] [stdout] de57769d1fe4047a230836fc978d5d88fcc66601ccc860a3ce0560b4f2dbfe78
