[INFO] cloning repository https://github.com/adkelley/axum-production-coding
[INFO] running `Command { std: "git" "-c" "credential.helper=" "-c" "credential.helper=/workspace/cargo-home/bin/git-credential-null" "clone" "--bare" "https://github.com/adkelley/axum-production-coding" "/workspace/cache/git-repos/https%3A%2F%2Fgithub.com%2Fadkelley%2Faxum-production-coding", kill_on_drop: false }`
[INFO] [stderr] Cloning into bare repository '/workspace/cache/git-repos/https%3A%2F%2Fgithub.com%2Fadkelley%2Faxum-production-coding'...
[INFO] running `Command { std: "git" "rev-parse" "HEAD", kill_on_drop: false }`
[INFO] [stdout] 89858939ad54ab1f104169fb37a53c3dff71d1f5
[INFO] testing adkelley/axum-production-coding against 1.99.0-beta.8+cargoflags=--release for beta-release-1.100-2
[INFO] running `Command { std: "git" "clone" "/workspace/cache/git-repos/https%3A%2F%2Fgithub.com%2Fadkelley%2Faxum-production-coding" "/workspace/builds/worker-1-tc1/source", kill_on_drop: false }`
[INFO] [stderr] Cloning into '/workspace/builds/worker-1-tc1/source'...
[INFO] [stderr] done.
[INFO] removed /workspace/builds/worker-1-tc1/source/.cargo/config.toml
[INFO] started tweaking git repo https://github.com/adkelley/axum-production-coding
[INFO] finished tweaking git repo https://github.com/adkelley/axum-production-coding
[INFO] tweaked toml for git repo https://github.com/adkelley/axum-production-coding written to /workspace/builds/worker-1-tc1/source/Cargo.toml
[INFO] validating manifest of git repo https://github.com/adkelley/axum-production-coding on toolchain 1.99.0-beta.8
[INFO] running `Command { std: CARGO_HOME="/workspace/cargo-home" RUSTUP_HOME="/workspace/rustup-home" "/workspace/cargo-home/bin/cargo" "+1.99.0-beta.8" "metadata" "--manifest-path" "Cargo.toml" "--no-deps", kill_on_drop: false }`
[INFO] crate git repo https://github.com/adkelley/axum-production-coding already has a lockfile, it will not be regenerated
[INFO] running `Command { std: CARGO_HOME="/workspace/cargo-home" RUSTUP_HOME="/workspace/rustup-home" "/workspace/cargo-home/bin/cargo" "+1.99.0-beta.8" "fetch" "--manifest-path" "Cargo.toml", kill_on_drop: false }`
[INFO] [stderr]     Updating crates.io index
[INFO] [stderr]  Downloading crates ...
[INFO] [stderr]   Downloaded tower-cookies v0.10.0
[INFO] [stderr]   Downloaded serial_test_derive v3.1.1
[INFO] [stderr]   Downloaded serial_test v3.1.1
[INFO] [stderr]   Downloaded http-range-header v0.4.1
[INFO] [stderr]   Downloaded sea-query-derive v0.4.1
[INFO] [stderr]   Downloaded modql-macros v0.3.10
[INFO] [stderr]   Downloaded subtle v2.6.0
[INFO] [stderr]   Downloaded serial_test_derive v2.0.0
[INFO] [stderr]   Downloaded lazy-regex v3.1.0
[INFO] [stderr]   Downloaded lazy-regex-proc_macros v3.1.0
[INFO] [stderr]   Downloaded scc v2.1.1
[INFO] [stderr]   Downloaded sdd v0.2.0
[INFO] [stderr]   Downloaded modql v0.3.10
[INFO] [stderr]   Downloaded serial_test v2.0.0
[INFO] [stderr]   Downloaded httpc-test v0.1.9
[INFO] [stderr]   Downloaded reqwest_cookie_store v0.6.0
[INFO] [stderr]   Downloaded hyper v0.14.29
[INFO] [stderr]   Downloaded cookie_store v0.20.0
[INFO] [stderr]   Downloaded publicsuffix v2.2.3
[INFO] [stderr]   Downloaded cookie v0.17.0
[INFO] running `Command { std: "docker" "create" "-v" "/var/lib/crater-agent-workspace/builds/worker-1-tc1/source:/opt/rustwide/workdir:ro,Z" "-v" "/var/lib/crater-agent-workspace/builds/worker-1-tc1/target:/opt/rustwide/target:rw,Z" "-v" "/var/lib/crater-agent-workspace/cargo-home:/opt/rustwide/cargo-home:ro,Z" "-v" "/var/lib/crater-agent-workspace/rustup-home:/opt/rustwide/rustup-home:ro,Z" "-m" "1610612736" "--network" "none" "ghcr.io/rust-lang/crates-build-env/linux@sha256:77db811e55d90add9212f6832c23229e3de5f1c1f9905e8cb07319ea15df73ac" "sleep" "infinity", kill_on_drop: false }`
[INFO] [stdout] 155d69ca086972d488a92b691dbbdd0f37f91ff8c6c90b49a1b762a725751c5b
[INFO] running `Command { std: "docker" "start" "155d69ca086972d488a92b691dbbdd0f37f91ff8c6c90b49a1b762a725751c5b", kill_on_drop: false }`
[INFO] running `Command { std: "docker" "inspect" "155d69ca086972d488a92b691dbbdd0f37f91ff8c6c90b49a1b762a725751c5b", kill_on_drop: false }`
[INFO] running `Command { std: "docker" "exec" "-e" "SOURCE_DIR=/opt/rustwide/workdir" "-e" "CARGO_HOME=/opt/rustwide/cargo-home" "-e" "RUSTUP_HOME=/opt/rustwide/rustup-home" "-e" "CARGO_TARGET_DIR=/opt/rustwide/target" "-w" "/opt/rustwide/workdir" "--user" "0:0" "155d69ca086972d488a92b691dbbdd0f37f91ff8c6c90b49a1b762a725751c5b" "/opt/rustwide/cargo-home/bin/cargo" "+1.99.0-beta.8" "metadata" "--no-deps" "--format-version=1", kill_on_drop: false }`
[INFO] running `Command { std: "docker" "inspect" "155d69ca086972d488a92b691dbbdd0f37f91ff8c6c90b49a1b762a725751c5b", kill_on_drop: false }`
[INFO] running `Command { std: "docker" "exec" "-e" "SOURCE_DIR=/opt/rustwide/workdir" "-e" "CARGO_HOME=/opt/rustwide/cargo-home" "-e" "RUSTUP_HOME=/opt/rustwide/rustup-home" "-e" "CARGO_TARGET_DIR=/opt/rustwide/target" "-e" "CARGO_INCREMENTAL=0" "-e" "RUST_BACKTRACE=full" "-e" "RUSTFLAGS=--cap-lints=warn" "-e" "RUSTDOCFLAGS=--cap-lints=warn" "-w" "/opt/rustwide/workdir" "--user" "0:0" "155d69ca086972d488a92b691dbbdd0f37f91ff8c6c90b49a1b762a725751c5b" "/opt/rustwide/cargo-home/bin/cargo" "+1.99.0-beta.8" "build" "--frozen" "--message-format=json" "--release", kill_on_drop: false }`
[INFO] [stderr]    Compiling proc-macro2 v1.0.85
[INFO] [stderr]    Compiling serde v1.0.203
[INFO] [stderr]    Compiling smallvec v1.13.2
[INFO] [stderr]    Compiling generic-array v0.14.7
[INFO] [stderr]    Compiling ahash v0.8.11
[INFO] [stderr]    Compiling thiserror v1.0.61
[INFO] [stderr]    Compiling typenum v1.17.0
[INFO] [stderr]    Compiling time-macros v0.2.18
[INFO] [stderr]    Compiling memchr v2.7.4
[INFO] [stderr]    Compiling num-traits v0.2.19
[INFO] [stderr]    Compiling crossbeam-utils v0.8.20
[INFO] [stderr]    Compiling serde_json v1.0.117
[INFO] [stderr]    Compiling mio v0.8.11
[INFO] [stderr]    Compiling num_cpus v1.16.0
[INFO] [stderr]    Compiling getrandom v0.2.15
[INFO] [stderr]    Compiling subtle v2.6.0
[INFO] [stderr]    Compiling unicode-segmentation v1.11.0
[INFO] [stderr]    Compiling parking_lot_core v0.9.10
[INFO] [stderr]    Compiling ppv-lite86 v0.2.17
[INFO] [stderr]    Compiling tinyvec v1.6.0
[INFO] [stderr]    Compiling zerocopy v0.7.34
[INFO] [stderr]    Compiling futures-core v0.3.30
[INFO] [stderr]    Compiling lock_api v0.4.12
[INFO] [stderr]    Compiling unicode-bidi v0.3.15
[INFO] [stderr]    Compiling allocator-api2 v0.2.18
[INFO] [stderr]    Compiling parking_lot v0.12.3
[INFO] [stderr]    Compiling heck v0.4.1
[INFO] [stderr]    Compiling rand_chacha v0.3.1
[INFO] [stderr]    Compiling socket2 v0.5.7
[INFO] [stderr]    Compiling slab v0.4.9
[INFO] [stderr]    Compiling powerfmt v0.2.0
[INFO] [stderr]    Compiling rustversion v1.0.17
[INFO] [stderr]    Compiling bytes v1.6.0
[INFO] [stderr]    Compiling futures-sink v0.3.30
[INFO] [stderr]    Compiling itoa v1.0.11
[INFO] [stderr]    Compiling percent-encoding v2.3.1
[INFO] [stderr]    Compiling hashbrown v0.14.5
[INFO] [stderr]    Compiling unicode-normalization v0.1.23
[INFO] [stderr]    Compiling deranged v0.3.11
[INFO] [stderr]    Compiling form_urlencoded v1.2.1
[INFO] [stderr]    Compiling quote v1.0.36
[INFO] [stderr]    Compiling rand v0.8.5
[INFO] [stderr]    Compiling block-buffer v0.10.4
[INFO] [stderr]    Compiling crypto-common v0.1.6
[INFO] [stderr]    Compiling nom v7.1.3
[INFO] [stderr]    Compiling syn v2.0.66
[INFO] [stderr]    Compiling digest v0.10.7
[INFO] [stderr]    Compiling tokio v1.38.0
[INFO] [stderr]    Compiling idna v0.5.0
[INFO] [stderr]    Compiling rand_core v0.6.4
[INFO] [stderr]    Compiling tracing-core v0.1.32
[INFO] [stderr]    Compiling futures-channel v0.3.30
[INFO] [stderr]    Compiling futures-task v0.3.30
[INFO] [stderr]    Compiling unicode_categories v0.1.1
[INFO] [stderr]    Compiling equivalent v1.0.1
[INFO] [stderr]    Compiling cpufeatures v0.2.12
[INFO] [stderr]    Compiling bitflags v2.5.0
[INFO] [stderr]    Compiling rustix v0.38.34
[INFO] [stderr]    Compiling futures-io v0.3.30
[INFO] [stderr]    Compiling ryu v1.0.18
[INFO] [stderr]    Compiling uuid v1.8.0
[INFO] [stderr]    Compiling futures-util v0.3.30
[INFO] [stderr]    Compiling time v0.3.36
[INFO] [stderr]    Compiling sha2 v0.10.8
[INFO] [stderr]    Compiling hmac v0.12.1
[INFO] [stderr]    Compiling url v2.5.2
[INFO] [stderr]    Compiling atoi v2.0.0
[INFO] [stderr]    Compiling crossbeam-queue v0.3.11
[INFO] [stderr]    Compiling crc v3.2.1
[INFO] [stderr]    Compiling indexmap v2.2.6
[INFO] [stderr]    Compiling hashlink v0.8.4
[INFO] [stderr]    Compiling http v1.1.0
[INFO] [stderr]    Compiling futures-intrusive v0.5.0
[INFO] [stderr]    Compiling unicase v2.7.0
[INFO] [stderr]    Compiling syn v1.0.109
[INFO] [stderr]    Compiling linux-raw-sys v0.4.14
[INFO] [stderr]    Compiling event-listener v2.5.3
[INFO] [stderr]    Compiling sqlformat v0.2.4
[INFO] [stderr]    Compiling unicode-properties v0.1.1
[INFO] [stderr]    Compiling stringprep v0.1.5
[INFO] [stderr]    Compiling hkdf v0.12.4
[INFO] [stderr]    Compiling md-5 v0.10.6
[INFO] [stderr]    Compiling aho-corasick v1.1.3
[INFO] [stderr]    Compiling regex-syntax v0.8.4
[INFO] [stderr]    Compiling whoami v1.5.1
[INFO] [stderr]    Compiling http-body v1.0.0
[INFO] [stderr]    Compiling base64 v0.21.7
[INFO] [stderr]    Compiling home v0.5.9
[INFO] [stderr]    Compiling fastrand v2.1.0
[INFO] [stderr]    Compiling tempfile v3.10.1
[INFO] [stderr]    Compiling darling_core v0.20.9
[INFO] [stderr]    Compiling base64ct v1.6.0
[INFO] [stderr]    Compiling tower-layer v0.3.2
[INFO] [stderr]    Compiling password-hash v0.5.0
[INFO] [stderr]    Compiling axum-core v0.4.3
[INFO] [stderr]    Compiling blake2 v0.10.6
[INFO] [stderr]    Compiling mime_guess v2.0.4
[INFO] [stderr]    Compiling cookie v0.18.1
[INFO] [stderr]    Compiling sync_wrapper v0.1.2
[INFO] [stderr]    Compiling regex-automata v0.4.7
[INFO] [stderr]    Compiling argon2 v0.5.3
[INFO] [stderr]    Compiling axum v0.7.5
[INFO] [stderr]    Compiling tokio-stream v0.1.15
[INFO] [stderr]    Compiling http-range-header v0.4.1
[INFO] [stderr]    Compiling matchit v0.7.3
[INFO] [stderr]    Compiling sync_wrapper v1.0.1
[INFO] [stderr]    Compiling serde_derive v1.0.203
[INFO] [stderr]    Compiling tracing-attributes v0.1.27
[INFO] [stderr]    Compiling thiserror-impl v1.0.61
[INFO] [stderr]    Compiling futures-macro v0.3.30
[INFO] [stderr]    Compiling tokio-macros v2.3.0
[INFO] [stderr]    Compiling inherent v1.0.11
[INFO] [stderr]    Compiling pin-project-internal v1.1.5
[INFO] [stderr]    Compiling async-trait v0.1.80
[INFO] [stderr]    Compiling derive_more v0.99.18
[INFO] [stderr]    Compiling enum_dispatch v0.3.13
[INFO] [stderr]    Compiling axum-macros v0.4.1
[INFO] [stderr]    Compiling sea-query-derive v0.4.1
[INFO] [stderr]    Compiling tracing v0.1.40
[INFO] [stderr]    Compiling darling_macro v0.20.9
[INFO] [stderr]    Compiling sea-query v0.30.7
[INFO] [stderr]    Compiling strum_macros v0.26.4
[INFO] [stderr]    Compiling pin-project v1.1.5
[INFO] [stderr]    Compiling darling v0.20.9
[INFO] [stderr]    Compiling serde_with_macros v3.8.1
[INFO] [stderr]    Compiling regex v1.10.5
[INFO] [stderr]    Compiling lazy-regex-proc_macros v3.1.0
[INFO] [stderr]    Compiling modql-macros v0.3.10
[INFO] [stderr]    Compiling lazy-regex v3.1.0
[INFO] [stderr]    Compiling tracing-subscriber v0.3.18
[INFO] [stderr]    Compiling http-body-util v0.1.2
[INFO] [stderr]    Compiling either v1.12.0
[INFO] [stderr]    Compiling hyper v1.3.1
[INFO] [stderr]    Compiling tower v0.4.13
[INFO] [stderr]    Compiling tokio-util v0.7.11
[INFO] [stderr]    Compiling serde_with v3.8.1
[INFO] [stderr]    Compiling serde_path_to_error v0.1.16
[INFO] [stderr]    Compiling serde_urlencoded v0.7.1
[INFO] [stderr]    Compiling tower-http v0.5.2
[INFO] [stderr]    Compiling sqlx-core v0.7.4
[INFO] [stderr]    Compiling hyper-util v0.1.5
[INFO] [stderr]    Compiling lib-utils v0.1.0 (/opt/rustwide/workdir/crates/libs/lib-utils)
[INFO] [stderr]    Compiling lib-auth v0.1.0 (/opt/rustwide/workdir/crates/libs/lib-auth)
[INFO] [stderr]    Compiling tower-cookies v0.10.0
[INFO] [stderr]    Compiling sqlx-postgres v0.7.4
[INFO] [stderr]    Compiling gen-key v0.1.0 (/opt/rustwide/workdir/crates/tools/gen-key)
[INFO] [stderr]    Compiling modql v0.3.10
[INFO] [stderr]    Compiling sqlx-macros-core v0.7.4
[INFO] [stderr]    Compiling sqlx-macros v0.7.4
[INFO] [stderr]    Compiling sqlx v0.7.4
[INFO] [stderr]    Compiling sea-query-binder v0.5.0
[INFO] [stderr]    Compiling lib-core v0.1.0 (/opt/rustwide/workdir/crates/libs/lib-core)
[INFO] [stdout] warning: field `WEB_FOLDER` is never read
[INFO] [stdout]   --> crates/libs/lib-core/src/config.rs:19:9
[INFO] [stdout]    |
[INFO] [stdout] 14 | pub struct CoreConfig {
[INFO] [stdout]    |            ---------- field in this struct
[INFO] [stdout] ...
[INFO] [stdout] 19 |     pub WEB_FOLDER: String,
[INFO] [stdout]    |         ^^^^^^^^^^
[INFO] [stdout]    |
[INFO] [stdout]    = note: `#[warn(dead_code)]` (part of `#[warn(unused)]`) on by default
[INFO] [stdout] 
[INFO] [stdout] 
[INFO] [stderr]    Compiling lib-rpc v0.1.0 (/opt/rustwide/workdir/crates/libs/lib-rpc)
[INFO] [stderr]    Compiling web-server v0.1.0 (/opt/rustwide/workdir/crates/services/web-server)
[INFO] [stderr]     Finished `release` profile [optimized] target(s) in 2m 26s
[INFO] [stderr] warning: the following packages contain code that will be rejected by a future version of Rust: sqlx-postgres v0.7.4
[INFO] [stderr] note: to see what the problems were, use the option `--future-incompat-report`, or run `cargo report future-incompatibilities --id 2`
[INFO] running `Command { std: "docker" "inspect" "155d69ca086972d488a92b691dbbdd0f37f91ff8c6c90b49a1b762a725751c5b", kill_on_drop: false }`
[INFO] running `Command { std: "docker" "exec" "-e" "SOURCE_DIR=/opt/rustwide/workdir" "-e" "CARGO_HOME=/opt/rustwide/cargo-home" "-e" "RUSTUP_HOME=/opt/rustwide/rustup-home" "-e" "CARGO_TARGET_DIR=/opt/rustwide/target" "-e" "CARGO_INCREMENTAL=0" "-e" "RUST_BACKTRACE=full" "-e" "RUSTFLAGS=--cap-lints=warn" "-e" "RUSTDOCFLAGS=--cap-lints=warn" "-w" "/opt/rustwide/workdir" "--user" "0:0" "155d69ca086972d488a92b691dbbdd0f37f91ff8c6c90b49a1b762a725751c5b" "/opt/rustwide/cargo-home/bin/cargo" "+1.99.0-beta.8" "test" "--frozen" "--no-run" "--message-format=json" "--release", kill_on_drop: false }`
[INFO] [stderr]    Compiling futures-util v0.3.30
[INFO] [stderr]    Compiling cc v1.0.99
[INFO] [stderr]    Compiling url v2.5.2
[INFO] [stderr]    Compiling base64 v0.21.7
[INFO] [stderr]    Compiling openssl v0.10.64
[INFO] [stderr]    Compiling tokio-util v0.7.11
[INFO] [stderr]    Compiling http v0.2.12
[INFO] [stderr]    Compiling openssl-macros v0.1.1
[INFO] [stderr]    Compiling native-tls v0.2.12
[INFO] [stderr]    Compiling cookie v0.17.0
[INFO] [stderr]    Compiling idna v0.3.0
[INFO] [stderr]    Compiling psl-types v2.0.11
[INFO] [stderr]    Compiling ipnet v2.9.0
[INFO] [stderr]    Compiling sdd v0.2.0
[INFO] [stderr]    Compiling serial_test_derive v3.1.1
[INFO] [stderr]    Compiling dashmap v5.5.3
[INFO] [stderr]    Compiling serial_test_derive v2.0.0
[INFO] [stderr]    Compiling lib-auth v0.1.0 (/opt/rustwide/workdir/crates/libs/lib-auth)
[INFO] [stderr]    Compiling gen-key v0.1.0 (/opt/rustwide/workdir/crates/tools/gen-key)
[INFO] [stderr]    Compiling scc v2.1.1
[INFO] [stderr]    Compiling lib-utils v0.1.0 (/opt/rustwide/workdir/crates/libs/lib-utils)
[INFO] [stderr]    Compiling rustls-pemfile v1.0.4
[INFO] [stderr]    Compiling publicsuffix v2.2.3
[INFO] [stderr]    Compiling cookie_store v0.20.0
[INFO] [stderr]    Compiling openssl-sys v0.9.102
[INFO] [stderr]    Compiling http-body v0.4.6
[INFO] [stderr]    Compiling sqlx-core v0.7.4
[INFO] [stderr]    Compiling h2 v0.3.26
[INFO] [stderr]    Compiling http-body-util v0.1.2
[INFO] [stderr]    Compiling futures-executor v0.3.30
[INFO] [stderr]    Compiling hyper v1.3.1
[INFO] [stderr]    Compiling tower v0.4.13
[INFO] [stderr]    Compiling futures v0.3.30
[INFO] [stderr]    Compiling serial_test v3.1.1
[INFO] [stderr]    Compiling serial_test v2.0.0
[INFO] [stderr]    Compiling axum-core v0.4.3
[INFO] [stderr]    Compiling tower-http v0.5.2
[INFO] [stderr]    Compiling hyper-util v0.1.5
[INFO] [stderr]    Compiling axum v0.7.5
[INFO] [stderr]    Compiling tower-cookies v0.10.0
[INFO] [stderr]    Compiling tokio-native-tls v0.3.1
[INFO] [stderr]    Compiling sqlx-postgres v0.7.4
[INFO] [stderr]    Compiling hyper v0.14.29
[INFO] [stderr]    Compiling sqlx v0.7.4
[INFO] [stderr]    Compiling sea-query-binder v0.5.0
[INFO] [stderr]    Compiling lib-core v0.1.0 (/opt/rustwide/workdir/crates/libs/lib-core)
[INFO] [stdout] warning: field `WEB_FOLDER` is never read
[INFO] [stdout]   --> crates/libs/lib-core/src/config.rs:19:9
[INFO] [stdout]    |
[INFO] [stdout] 14 | pub struct CoreConfig {
[INFO] [stdout]    |            ---------- field in this struct
[INFO] [stdout] ...
[INFO] [stdout] 19 |     pub WEB_FOLDER: String,
[INFO] [stdout]    |         ^^^^^^^^^^
[INFO] [stdout]    |
[INFO] [stdout]    = note: `#[warn(dead_code)]` (part of `#[warn(unused)]`) on by default
[INFO] [stdout] 
[INFO] [stdout] 
[INFO] [stderr]    Compiling hyper-tls v0.5.0
[INFO] [stderr]    Compiling reqwest v0.11.27
[INFO] [stderr]    Compiling lib-rpc v0.1.0 (/opt/rustwide/workdir/crates/libs/lib-rpc)
[INFO] [stderr]    Compiling reqwest_cookie_store v0.6.0
[INFO] [stderr]    Compiling httpc-test v0.1.9
[INFO] [stderr]    Compiling web-server v0.1.0 (/opt/rustwide/workdir/crates/services/web-server)
[INFO] [stdout] warning: unused variable: `req_logoff`
[INFO] [stdout]   --> crates/services/web-server/examples/quick_dev.rs:88:9
[INFO] [stdout]    |
[INFO] [stdout] 88 |     let req_logoff = hc.do_post(
[INFO] [stdout]    |         ^^^^^^^^^^ help: if this is intentional, prefix it with an underscore: `_req_logoff`
[INFO] [stdout]    |
[INFO] [stdout]    = note: `#[warn(unused_variables)]` (part of `#[warn(unused)]`) on by default
[INFO] [stdout] 
[INFO] [stdout] 
[INFO] [stdout] warning: field `WEB_FOLDER` is never read
[INFO] [stdout]   --> crates/libs/lib-core/src/config.rs:19:9
[INFO] [stdout]    |
[INFO] [stdout] 14 | pub struct CoreConfig {
[INFO] [stdout]    |            ---------- field in this struct
[INFO] [stdout] ...
[INFO] [stdout] 19 |     pub WEB_FOLDER: String,
[INFO] [stdout]    |         ^^^^^^^^^^
[INFO] [stdout]    |
[INFO] [stdout]    = note: `#[warn(dead_code)]` (part of `#[warn(unused)]`) on by default
[INFO] [stdout] 
[INFO] [stdout] 
[INFO] [stderr]     Finished `release` profile [optimized] target(s) in 1m 05s
[INFO] [stderr] warning: the following packages contain code that will be rejected by a future version of Rust: sqlx-postgres v0.7.4
[INFO] [stderr] note: to see what the problems were, use the option `--future-incompat-report`, or run `cargo report future-incompatibilities --id 2`
[INFO] running `Command { std: "docker" "inspect" "155d69ca086972d488a92b691dbbdd0f37f91ff8c6c90b49a1b762a725751c5b", kill_on_drop: false }`
[INFO] running `Command { std: "docker" "exec" "-e" "SOURCE_DIR=/opt/rustwide/workdir" "-e" "CARGO_HOME=/opt/rustwide/cargo-home" "-e" "RUSTUP_HOME=/opt/rustwide/rustup-home" "-e" "CARGO_TARGET_DIR=/opt/rustwide/target" "-e" "CARGO_INCREMENTAL=0" "-e" "RUST_BACKTRACE=full" "-e" "RUSTFLAGS=--cap-lints=warn" "-e" "RUSTDOCFLAGS=--cap-lints=warn" "-w" "/opt/rustwide/workdir" "--user" "0:0" "155d69ca086972d488a92b691dbbdd0f37f91ff8c6c90b49a1b762a725751c5b" "/opt/rustwide/cargo-home/bin/cargo" "+1.99.0-beta.8" "test" "--frozen" "--release", kill_on_drop: false }`
[INFO] [stderr] warning: field `WEB_FOLDER` is never read
[INFO] [stderr]   --> crates/libs/lib-core/src/config.rs:19:9
[INFO] [stderr]    |
[INFO] [stderr] 14 | pub struct CoreConfig {
[INFO] [stderr]    |            ---------- field in this struct
[INFO] [stderr] ...
[INFO] [stderr] 19 |     pub WEB_FOLDER: String,
[INFO] [stderr]    |         ^^^^^^^^^^
[INFO] [stderr]    |
[INFO] [stderr]    = note: `#[warn(dead_code)]` (part of `#[warn(unused)]`) on by default
[INFO] [stderr] 
[INFO] [stderr] warning: `lib-core` (lib) generated 1 warning
[INFO] [stderr] warning: unused variable: `req_logoff`
[INFO] [stderr]   --> crates/services/web-server/examples/quick_dev.rs:88:9
[INFO] [stderr]    |
[INFO] [stderr] 88 |     let req_logoff = hc.do_post(
[INFO] [stderr]    |         ^^^^^^^^^^ help: if this is intentional, prefix it with an underscore: `_req_logoff`
[INFO] [stderr]    |
[INFO] [stderr]    = note: `#[warn(unused_variables)]` (part of `#[warn(unused)]`) on by default
[INFO] [stderr] 
[INFO] [stderr] warning: `web-server` (example "quick_dev") generated 1 warning (run `cargo fix --example "quick_dev" -p web-server` to apply 1 suggestion)
[INFO] [stderr] warning: `lib-core` (lib test) generated 1 warning (1 duplicate)
[INFO] [stderr]     Finished `release` profile [optimized] target(s) in 0.29s
[INFO] [stderr] warning: the following packages contain code that will be rejected by a future version of Rust: sqlx-postgres v0.7.4
[INFO] [stderr] note: to see what the problems were, use the option `--future-incompat-report`, or run `cargo report future-incompatibilities --id 2`
[INFO] [stderr]      Running unittests src/main.rs (/opt/rustwide/target/release/deps/gen_key-5a800b4b2f1eb940)
[INFO] [stderr]      Running unittests src/lib.rs (/opt/rustwide/target/release/deps/lib_auth-5d90dc09cccd0ce9)
[INFO] [stdout] 
[INFO] [stdout] running 0 tests
[INFO] [stdout] 
[INFO] [stdout] test result: ok. 0 passed; 0 failed; 0 ignored; 0 measured; 0 filtered out; finished in 0.00s
[INFO] [stdout] 
[INFO] [stdout] 
[INFO] [stdout] running 7 tests
[INFO] [stdout] test token::tests::test_token_from_str_ok ... ok
[INFO] [stderr] error: test failed, to rerun pass `-p lib-auth --lib`
[INFO] [stdout] test pwd::scheme::scheme_02::tests::test_scheme_02_hash_into_b64u_ok ... FAILED
[INFO] [stdout] test pwd::tests::test_multi_scheme_ok ... FAILED
[INFO] [stdout] test pwd::scheme::scheme_01::tests::test_scheme_01_hash_into_b64u_ok ... FAILED
[INFO] [stdout] test token::tests::test_token_display_ok ... ok
[INFO] [stdout] test token::tests::test_validate_web_token_err_expired ... FAILED
[INFO] [stdout] test token::tests::test_validate_web_token_ok ... FAILED
[INFO] [stdout] 
[INFO] [stdout] failures:
[INFO] [stdout] 
[INFO] [stdout] ---- pwd::scheme::scheme_02::tests::test_scheme_02_hash_into_b64u_ok stdout ----
[INFO] [stdout] 
[INFO] [stdout] thread 'pwd::scheme::scheme_02::tests::test_scheme_02_hash_into_b64u_ok' (4933) panicked at crates/libs/lib-auth/src/config.rs:9:34:
[INFO] [stdout] FATAL - WHILE LOADING CONF - Cause: MissingEnv("SERVICE_PWD_KEY")
[INFO] [stdout] stack backtrace:
[INFO] [stdout]    0:     0x5e59ef097a81 - <<std[70759c8f55707aa4]::sys::backtrace::BacktraceLock>::print::DisplayBacktrace as core[df12db4294e9bfd3]::fmt::Display>::fmt
[INFO] [stdout]    1:     0x5e59ef0ae13a - core[df12db4294e9bfd3]::fmt::write
[INFO] [stdout]    2:     0x5e59ef09c58c - <alloc[2182bb758b4b3781]::vec::Vec<u8> as core[df12db4294e9bfd3]::io::write::Write>::write_fmt
[INFO] [stdout]    3:     0x5e59ef0733c6 - std[70759c8f55707aa4]::panicking::default_hook::{closure#0}
[INFO] [stdout]    4:     0x5e59ef08fe69 - std[70759c8f55707aa4]::panicking::default_hook
[INFO] [stdout]    5:     0x5e59eef4f790 - test[9d35eded1c95d3be]::test_main_inner::<test[9d35eded1c95d3be]::test_main_static::{closure#0}>::{closure#0}
[INFO] [stdout]    6:     0x5e59ef090022 - std[70759c8f55707aa4]::panicking::panic_with_hook
[INFO] [stdout]    7:     0x5e59ef073472 - std[70759c8f55707aa4]::panicking::panic_handler::{closure#0}
[INFO] [stdout]    8:     0x5e59ef06bc69 - std[70759c8f55707aa4]::sys::backtrace::__rust_end_short_backtrace::<std[70759c8f55707aa4]::panicking::panic_handler::{closure#0}, !>
[INFO] [stdout]    9:     0x5e59ef07417d - __rustc[8fa7c3cbc660c2b3]::rust_begin_unwind
[INFO] [stdout]   10:     0x5e59ef0ae91c - core[df12db4294e9bfd3]::panicking::panic_fmt
[INFO] [stdout]   11:     0x5e59eef13a9f - <std[70759c8f55707aa4]::sync::once::Once>::call_once_force::<<std[70759c8f55707aa4]::sync::once_lock::OnceLock<lib_auth[ccb757f6d382e6e]::config::AuthConfig>>::initialize<<std[70759c8f55707aa4]::sync::once_lock::OnceLock<lib_auth[ccb757f6d382e6e]::config::AuthConfig>>::get_or_init<lib_auth[ccb757f6d382e6e]::config::auth_config::{closure#0}>::{closure#0}, !>::{closure#0}>::{closure#0}
[INFO] [stdout]   12:     0x5e59ef0790c9 - <std[70759c8f55707aa4]::sys::sync::once::futex::Once>::call
[INFO] [stdout]   13:     0x5e59eef12b58 - <std[70759c8f55707aa4]::sync::once_lock::OnceLock<lib_auth[ccb757f6d382e6e]::config::AuthConfig>>::initialize::<<std[70759c8f55707aa4]::sync::once_lock::OnceLock<lib_auth[ccb757f6d382e6e]::config::AuthConfig>>::get_or_init<lib_auth[ccb757f6d382e6e]::config::auth_config::{closure#0}>::{closure#0}, !>
[INFO] [stdout]   14:     0x5e59eef139a3 - <std[70759c8f55707aa4]::sync::once::Once>::call_once_force::<<std[70759c8f55707aa4]::sync::once_lock::OnceLock<argon2[59d6d6f8d063a723]::Argon2>>::initialize<<std[70759c8f55707aa4]::sync::once_lock::OnceLock<argon2[59d6d6f8d063a723]::Argon2>>::get_or_init<lib_auth[ccb757f6d382e6e]::pwd::scheme::scheme_02::get_argon2::{closure#0}>::{closure#0}, !>::{closure#0}>::{closure#0}
[INFO] [stdout]   15:     0x5e59ef0790c9 - <std[70759c8f55707aa4]::sys::sync::once::futex::Once>::call
[INFO] [stdout]   16:     0x5e59eef12b13 - <std[70759c8f55707aa4]::sync::once_lock::OnceLock<argon2[59d6d6f8d063a723]::Argon2>>::initialize::<<std[70759c8f55707aa4]::sync::once_lock::OnceLock<argon2[59d6d6f8d063a723]::Argon2>>::get_or_init<lib_auth[ccb757f6d382e6e]::pwd::scheme::scheme_02::get_argon2::{closure#0}>::{closure#0}, !>
[INFO] [stdout]   17:     0x5e59eef178b7 - <lib_auth[ccb757f6d382e6e]::pwd::scheme::scheme_02::Scheme02 as lib_auth[ccb757f6d382e6e]::pwd::scheme::Scheme>::hash
[INFO] [stdout]   18:     0x5e59eef14a85 - lib_auth[ccb757f6d382e6e]::pwd::scheme::scheme_02::tests::test_scheme_02_hash_into_b64u_ok
[INFO] [stdout]   19:     0x5e59eef17f6f - <lib_auth[ccb757f6d382e6e]::pwd::scheme::scheme_02::tests::test_scheme_02_hash_into_b64u_ok::{closure#0} as core[df12db4294e9bfd3]::ops::function::FnOnce<()>>::call_once
[INFO] [stdout]   20:     0x5e59eef42a7b - test[9d35eded1c95d3be]::__rust_begin_short_backtrace::<core[df12db4294e9bfd3]::result::Result<(), alloc[2182bb758b4b3781]::string::String>, fn() -> core[df12db4294e9bfd3]::result::Result<(), alloc[2182bb758b4b3781]::string::String>>
[INFO] [stdout]   21:     0x5e59eef500e5 - test[9d35eded1c95d3be]::run_test::{closure#0}
[INFO] [stdout]   22:     0x5e59eef499a4 - std[70759c8f55707aa4]::sys::backtrace::__rust_begin_short_backtrace::<test[9d35eded1c95d3be]::run_test::{closure#1}, ()>
[INFO] [stdout]   23:     0x5e59eef53242 - <std[70759c8f55707aa4]::thread::lifecycle::spawn_unchecked<test[9d35eded1c95d3be]::run_test::{closure#1}, ()>::{closure#1} as core[df12db4294e9bfd3]::ops::function::FnOnce<()>>::call_once::{shim:vtable#0}
[INFO] [stdout]   24:     0x5e59ef097329 - <std[70759c8f55707aa4]::sys::thread::unix::Thread>::new::thread_start
[INFO] [stdout]   25:     0x741a9cef2dfa - <unknown>
[INFO] [stdout]   26:     0x741a9cf863d4 - clone
[INFO] [stdout]   27:                0x0 - <unknown>
[INFO] [stdout] 
[INFO] [stdout] ---- pwd::tests::test_multi_scheme_ok stdout ----
[INFO] [stdout] 
[INFO] [stdout] thread 'pwd::tests::test_multi_scheme_ok' (4934) panicked at crates/libs/lib-auth/src/config.rs:9:34:
[INFO] [stdout] FATAL - WHILE LOADING CONF - Cause: MissingEnv("SERVICE_PWD_KEY")
[INFO] [stdout] stack backtrace:
[INFO] [stdout]    0:     0x5e59ef097a81 - <<std[70759c8f55707aa4]::sys::backtrace::BacktraceLock>::print::DisplayBacktrace as core[df12db4294e9bfd3]::fmt::Display>::fmt
[INFO] [stdout]    1:     0x5e59ef0ae13a - core[df12db4294e9bfd3]::fmt::write
[INFO] [stdout]    2:     0x5e59ef09c58c - <alloc[2182bb758b4b3781]::vec::Vec<u8> as core[df12db4294e9bfd3]::io::write::Write>::write_fmt
[INFO] [stdout]    3:     0x5e59ef0733c6 - std[70759c8f55707aa4]::panicking::default_hook::{closure#0}
[INFO] [stdout]    4:     0x5e59ef08fe69 - std[70759c8f55707aa4]::panicking::default_hook
[INFO] [stdout]    5:     0x5e59eef4f790 - test[9d35eded1c95d3be]::test_main_inner::<test[9d35eded1c95d3be]::test_main_static::{closure#0}>::{closure#0}
[INFO] [stdout]    6:     0x5e59ef090022 - std[70759c8f55707aa4]::panicking::panic_with_hook
[INFO] [stdout]    7:     0x5e59ef073472 - std[70759c8f55707aa4]::panicking::panic_handler::{closure#0}
[INFO] [stdout]    8:     0x5e59ef06bc69 - std[70759c8f55707aa4]::sys::backtrace::__rust_end_short_backtrace::<std[70759c8f55707aa4]::panicking::panic_handler::{closure#0}, !>
[INFO] [stdout]    9:     0x5e59ef07417d - __rustc[8fa7c3cbc660c2b3]::rust_begin_unwind
[INFO] [stdout]   10:     0x5e59ef0ae91c - core[df12db4294e9bfd3]::panicking::panic_fmt
[INFO] [stdout]   11:     0x5e59eef13a9f - <std[70759c8f55707aa4]::sync::once::Once>::call_once_force::<<std[70759c8f55707aa4]::sync::once_lock::OnceLock<lib_auth[ccb757f6d382e6e]::config::AuthConfig>>::initialize<<std[70759c8f55707aa4]::sync::once_lock::OnceLock<lib_auth[ccb757f6d382e6e]::config::AuthConfig>>::get_or_init<lib_auth[ccb757f6d382e6e]::config::auth_config::{closure#0}>::{closure#0}, !>::{closure#0}>::{closure#0}
[INFO] [stdout]   12:     0x5e59ef0790c9 - <std[70759c8f55707aa4]::sys::sync::once::futex::Once>::call
[INFO] [stdout]   13:     0x5e59eef12b58 - <std[70759c8f55707aa4]::sync::once_lock::OnceLock<lib_auth[ccb757f6d382e6e]::config::AuthConfig>>::initialize::<<std[70759c8f55707aa4]::sync::once_lock::OnceLock<lib_auth[ccb757f6d382e6e]::config::AuthConfig>>::get_or_init<lib_auth[ccb757f6d382e6e]::config::auth_config::{closure#0}>::{closure#0}, !>
[INFO] [stdout]   14:     0x5e59eef0eb92 - lib_auth[ccb757f6d382e6e]::pwd::hash_for_scheme
[INFO] [stdout]   15:     0x5e59eef18c5a - lib_auth[ccb757f6d382e6e]::pwd::tests::test_multi_scheme_ok::{closure#0}
[INFO] [stdout]   16:     0x5e59eef14e78 - <tokio[8475524e6631ae0e]::runtime::scheduler::current_thread::Context>::enter::<core[df12db4294e9bfd3]::task::poll::Poll<core[df12db4294e9bfd3]::result::Result<(), anyhow[458e6f9e88f535e4]::Error>>, <tokio[8475524e6631ae0e]::runtime::scheduler::current_thread::CoreGuard>::block_on<core[df12db4294e9bfd3]::pin::Pin<&mut core[df12db4294e9bfd3]::pin::Pin<&mut dyn core[df12db4294e9bfd3]::future::future::Future<Output = core[df12db4294e9bfd3]::result::Result<(), anyhow[458e6f9e88f535e4]::Error>>>>>::{closure#0}::{closure#0}>
[INFO] [stdout]   17:     0x5e59eef180ef - <std[70759c8f55707aa4]::thread::local::LocalKey<tokio[8475524e6631ae0e]::runtime::context::Context>>::with::<tokio[8475524e6631ae0e]::runtime::context::set_scheduler<(alloc[2182bb758b4b3781]::boxed::Box<tokio[8475524e6631ae0e]::runtime::scheduler::current_thread::Core>, core[df12db4294e9bfd3]::option::Option<core[df12db4294e9bfd3]::result::Result<(), anyhow[458e6f9e88f535e4]::Error>>), <tokio[8475524e6631ae0e]::runtime::scheduler::current_thread::CoreGuard>::enter<<tokio[8475524e6631ae0e]::runtime::scheduler::current_thread::CoreGuard>::block_on<core[df12db4294e9bfd3]::pin::Pin<&mut core[df12db4294e9bfd3]::pin::Pin<&mut dyn core[df12db4294e9bfd3]::future::future::Future<Output = core[df12db4294e9bfd3]::result::Result<(), anyhow[458e6f9e88f535e4]::Error>>>>>::{closure#0}, core[df12db4294e9bfd3]::option::Option<core[df12db4294e9bfd3]::result::Result<(), anyhow[458e6f9e88f535e4]::Error>>>::{closure#0}>::{closure#0}, (alloc[2182bb758b4b3781]::boxed::Box<tokio[8475524e6631ae0e]::runtime::scheduler::current_thread::Core>, core[df12db4294e9bfd3]::option::Option<core[df12db4294e9bfd3]::result::Result<(), anyhow[458e6f9e88f535e4]::Error>>)>
[INFO] [stdout]   18:     0x5e59eef154de - <tokio[8475524e6631ae0e]::runtime::scheduler::current_thread::CoreGuard>::block_on::<core[df12db4294e9bfd3]::pin::Pin<&mut core[df12db4294e9bfd3]::pin::Pin<&mut dyn core[df12db4294e9bfd3]::future::future::Future<Output = core[df12db4294e9bfd3]::result::Result<(), anyhow[458e6f9e88f535e4]::Error>>>>>
[INFO] [stdout]   19:     0x5e59eef134f4 - tokio[8475524e6631ae0e]::runtime::context::runtime::enter_runtime::<<tokio[8475524e6631ae0e]::runtime::scheduler::current_thread::CurrentThread>::block_on<core[df12db4294e9bfd3]::pin::Pin<&mut dyn core[df12db4294e9bfd3]::future::future::Future<Output = core[df12db4294e9bfd3]::result::Result<(), anyhow[458e6f9e88f535e4]::Error>>>>::{closure#0}, core[df12db4294e9bfd3]::result::Result<(), anyhow[458e6f9e88f535e4]::Error>>
[INFO] [stdout]   20:     0x5e59eef1b3b5 - <tokio[8475524e6631ae0e]::runtime::runtime::Runtime>::block_on::<core[df12db4294e9bfd3]::pin::Pin<&mut dyn core[df12db4294e9bfd3]::future::future::Future<Output = core[df12db4294e9bfd3]::result::Result<(), anyhow[458e6f9e88f535e4]::Error>>>>
[INFO] [stdout]   21:     0x5e59eef194cb - lib_auth[ccb757f6d382e6e]::pwd::tests::test_multi_scheme_ok
[INFO] [stdout]   22:     0x5e59eef17b4f - <lib_auth[ccb757f6d382e6e]::pwd::tests::test_multi_scheme_ok::{closure#0} as core[df12db4294e9bfd3]::ops::function::FnOnce<()>>::call_once
[INFO] [stdout]   23:     0x5e59eef42a7b - test[9d35eded1c95d3be]::__rust_begin_short_backtrace::<core[df12db4294e9bfd3]::result::Result<(), alloc[2182bb758b4b3781]::string::String>, fn() -> core[df12db4294e9bfd3]::result::Result<(), alloc[2182bb758b4b3781]::string::String>>
[INFO] [stdout]   24:     0x5e59eef500e5 - test[9d35eded1c95d3be]::run_test::{closure#0}
[INFO] [stdout]   25:     0x5e59eef499a4 - std[70759c8f55707aa4]::sys::backtrace::__rust_begin_short_backtrace::<test[9d35eded1c95d3be]::run_test::{closure#1}, ()>
[INFO] [stdout]   26:     0x5e59eef53242 - <std[70759c8f55707aa4]::thread::lifecycle::spawn_unchecked<test[9d35eded1c95d3be]::run_test::{closure#1}, ()>::{closure#1} as core[df12db4294e9bfd3]::ops::function::FnOnce<()>>::call_once::{shim:vtable#0}
[INFO] [stdout]   27:     0x5e59ef097329 - <std[70759c8f55707aa4]::sys::thread::unix::Thread>::new::thread_start
[INFO] [stdout]   28:     0x741a9cef2dfa - <unknown>
[INFO] [stdout]   29:     0x741a9cf863d4 - clone
[INFO] [stdout]   30:                0x0 - <unknown>
[INFO] [stdout] 
[INFO] [stdout] ---- pwd::scheme::scheme_01::tests::test_scheme_01_hash_into_b64u_ok stdout ----
[INFO] [stdout] 
[INFO] [stdout] thread 'pwd::scheme::scheme_01::tests::test_scheme_01_hash_into_b64u_ok' (4932) panicked at crates/libs/lib-auth/src/config.rs:9:34:
[INFO] [stdout] FATAL - WHILE LOADING CONF - Cause: MissingEnv("SERVICE_PWD_KEY")
[INFO] [stdout] stack backtrace:
[INFO] [stdout]    0:     0x5e59ef097a81 - <<std[70759c8f55707aa4]::sys::backtrace::BacktraceLock>::print::DisplayBacktrace as core[df12db4294e9bfd3]::fmt::Display>::fmt
[INFO] [stdout]    1:     0x5e59ef0ae13a - core[df12db4294e9bfd3]::fmt::write
[INFO] [stdout]    2:     0x5e59ef09c58c - <alloc[2182bb758b4b3781]::vec::Vec<u8> as core[df12db4294e9bfd3]::io::write::Write>::write_fmt
[INFO] [stdout]    3:     0x5e59ef0733c6 - std[70759c8f55707aa4]::panicking::default_hook::{closure#0}
[INFO] [stdout]    4:     0x5e59ef08fe69 - std[70759c8f55707aa4]::panicking::default_hook
[INFO] [stdout]    5:     0x5e59eef4f790 - test[9d35eded1c95d3be]::test_main_inner::<test[9d35eded1c95d3be]::test_main_static::{closure#0}>::{closure#0}
[INFO] [stdout]    6:     0x5e59ef090022 - std[70759c8f55707aa4]::panicking::panic_with_hook
[INFO] [stdout]    7:     0x5e59ef073472 - std[70759c8f55707aa4]::panicking::panic_handler::{closure#0}
[INFO] [stdout]    8:     0x5e59ef06bc69 - std[70759c8f55707aa4]::sys::backtrace::__rust_end_short_backtrace::<std[70759c8f55707aa4]::panicking::panic_handler::{closure#0}, !>
[INFO] [stdout]    9:     0x5e59ef07417d - __rustc[8fa7c3cbc660c2b3]::rust_begin_unwind
[INFO] [stdout]   10:     0x5e59ef0ae91c - core[df12db4294e9bfd3]::panicking::panic_fmt
[INFO] [stdout]   11:     0x5e59eef13a9f - <std[70759c8f55707aa4]::sync::once::Once>::call_once_force::<<std[70759c8f55707aa4]::sync::once_lock::OnceLock<lib_auth[ccb757f6d382e6e]::config::AuthConfig>>::initialize<<std[70759c8f55707aa4]::sync::once_lock::OnceLock<lib_auth[ccb757f6d382e6e]::config::AuthConfig>>::get_or_init<lib_auth[ccb757f6d382e6e]::config::auth_config::{closure#0}>::{closure#0}, !>::{closure#0}>::{closure#0}
[INFO] [stdout]   12:     0x5e59ef0790c9 - <std[70759c8f55707aa4]::sys::sync::once::futex::Once>::call
[INFO] [stdout]   13:     0x5e59eef12b58 - <std[70759c8f55707aa4]::sync::once_lock::OnceLock<lib_auth[ccb757f6d382e6e]::config::AuthConfig>>::initialize::<<std[70759c8f55707aa4]::sync::once_lock::OnceLock<lib_auth[ccb757f6d382e6e]::config::AuthConfig>>::get_or_init<lib_auth[ccb757f6d382e6e]::config::auth_config::{closure#0}>::{closure#0}, !>
[INFO] [stdout]   14:     0x5e59eef121d3 - lib_auth[ccb757f6d382e6e]::pwd::scheme::scheme_01::tests::test_scheme_01_hash_into_b64u_ok
[INFO] [stdout]   15:     0x5e59eef17ebf - <lib_auth[ccb757f6d382e6e]::pwd::scheme::scheme_01::tests::test_scheme_01_hash_into_b64u_ok::{closure#0} as core[df12db4294e9bfd3]::ops::function::FnOnce<()>>::call_once
[INFO] [stdout]   16:     0x5e59eef42a7b - test[9d35eded1c95d3be]::__rust_begin_short_backtrace::<core[df12db4294e9bfd3]::result::Result<(), alloc[2182bb758b4b3781]::string::String>, fn() -> core[df12db4294e9bfd3]::result::Result<(), alloc[2182bb758b4b3781]::string::String>>
[INFO] [stdout]   17:     0x5e59eef500e5 - test[9d35eded1c95d3be]::run_test::{closure#0}
[INFO] [stdout]   18:     0x5e59eef499a4 - std[70759c8f55707aa4]::sys::backtrace::__rust_begin_short_backtrace::<test[9d35eded1c95d3be]::run_test::{closure#1}, ()>
[INFO] [stdout]   19:     0x5e59eef53242 - <std[70759c8f55707aa4]::thread::lifecycle::spawn_unchecked<test[9d35eded1c95d3be]::run_test::{closure#1}, ()>::{closure#1} as core[df12db4294e9bfd3]::ops::function::FnOnce<()>>::call_once::{shim:vtable#0}
[INFO] [stdout]   20:     0x5e59ef097329 - <std[70759c8f55707aa4]::sys::thread::unix::Thread>::new::thread_start
[INFO] [stdout]   21:     0x741a9cef2dfa - <unknown>
[INFO] [stdout]   22:     0x741a9cf863d4 - clone
[INFO] [stdout]   23:                0x0 - <unknown>
[INFO] [stdout] 
[INFO] [stdout] ---- token::tests::test_validate_web_token_err_expired stdout ----
[INFO] [stdout] 
[INFO] [stdout] thread 'token::tests::test_validate_web_token_err_expired' (4937) panicked at crates/libs/lib-auth/src/config.rs:9:34:
[INFO] [stdout] FATAL - WHILE LOADING CONF - Cause: MissingEnv("SERVICE_PWD_KEY")
[INFO] [stdout] stack backtrace:
[INFO] [stdout]    0:     0x5e59ef097a81 - <<std[70759c8f55707aa4]::sys::backtrace::BacktraceLock>::print::DisplayBacktrace as core[df12db4294e9bfd3]::fmt::Display>::fmt
[INFO] [stdout]    1:     0x5e59ef0ae13a - core[df12db4294e9bfd3]::fmt::write
[INFO] [stdout]    2:     0x5e59ef09c58c - <alloc[2182bb758b4b3781]::vec::Vec<u8> as core[df12db4294e9bfd3]::io::write::Write>::write_fmt
[INFO] [stdout]    3:     0x5e59ef0733c6 - std[70759c8f55707aa4]::panicking::default_hook::{closure#0}
[INFO] [stdout]    4:     0x5e59ef08fe69 - std[70759c8f55707aa4]::panicking::default_hook
[INFO] [stdout]    5:     0x5e59eef4f790 - test[9d35eded1c95d3be]::test_main_inner::<test[9d35eded1c95d3be]::test_main_static::{closure#0}>::{closure#0}
[INFO] [stdout]    6:     0x5e59ef090022 - std[70759c8f55707aa4]::panicking::panic_with_hook
[INFO] [stdout]    7:     0x5e59ef073472 - std[70759c8f55707aa4]::panicking::panic_handler::{closure#0}
[INFO] [stdout]    8:     0x5e59ef06bc69 - std[70759c8f55707aa4]::sys::backtrace::__rust_end_short_backtrace::<std[70759c8f55707aa4]::panicking::panic_handler::{closure#0}, !>
[INFO] [stdout]    9:     0x5e59ef07417d - __rustc[8fa7c3cbc660c2b3]::rust_begin_unwind
[INFO] [stdout]   10:     0x5e59ef0ae91c - core[df12db4294e9bfd3]::panicking::panic_fmt
[INFO] [stdout]   11:     0x5e59eef13a9f - <std[70759c8f55707aa4]::sync::once::Once>::call_once_force::<<std[70759c8f55707aa4]::sync::once_lock::OnceLock<lib_auth[ccb757f6d382e6e]::config::AuthConfig>>::initialize<<std[70759c8f55707aa4]::sync::once_lock::OnceLock<lib_auth[ccb757f6d382e6e]::config::AuthConfig>>::get_or_init<lib_auth[ccb757f6d382e6e]::config::auth_config::{closure#0}>::{closure#0}, !>::{closure#0}>::{closure#0}
[INFO] [stdout]   12:     0x5e59ef0790c9 - <std[70759c8f55707aa4]::sys::sync::once::futex::Once>::call
[INFO] [stdout]   13:     0x5e59eef12b58 - <std[70759c8f55707aa4]::sync::once_lock::OnceLock<lib_auth[ccb757f6d382e6e]::config::AuthConfig>>::initialize::<<std[70759c8f55707aa4]::sync::once_lock::OnceLock<lib_auth[ccb757f6d382e6e]::config::AuthConfig>>::get_or_init<lib_auth[ccb757f6d382e6e]::config::auth_config::{closure#0}>::{closure#0}, !>
[INFO] [stdout]   14:     0x5e59eef117c0 - lib_auth[ccb757f6d382e6e]::token::tests::test_validate_web_token_err_expired
[INFO] [stdout]   15:     0x5e59eef17e0f - <lib_auth[ccb757f6d382e6e]::token::tests::test_validate_web_token_err_expired::{closure#0} as core[df12db4294e9bfd3]::ops::function::FnOnce<()>>::call_once
[INFO] [stdout]   16:     0x5e59eef42a7b - test[9d35eded1c95d3be]::__rust_begin_short_backtrace::<core[df12db4294e9bfd3]::result::Result<(), alloc[2182bb758b4b3781]::string::String>, fn() -> core[df12db4294e9bfd3]::result::Result<(), alloc[2182bb758b4b3781]::string::String>>
[INFO] [stdout]   17:     0x5e59eef500e5 - test[9d35eded1c95d3be]::run_test::{closure#0}
[INFO] [stdout]   18:     0x5e59eef499a4 - std[70759c8f55707aa4]::sys::backtrace::__rust_begin_short_backtrace::<test[9d35eded1c95d3be]::run_test::{closure#1}, ()>
[INFO] [stdout]   19:     0x5e59eef53242 - <std[70759c8f55707aa4]::thread::lifecycle::spawn_unchecked<test[9d35eded1c95d3be]::run_test::{closure#1}, ()>::{closure#1} as core[df12db4294e9bfd3]::ops::function::FnOnce<()>>::call_once::{shim:vtable#0}
[INFO] [stdout]   20:     0x5e59ef097329 - <std[70759c8f55707aa4]::sys::thread::unix::Thread>::new::thread_start
[INFO] [stdout]   21:     0x741a9cef2dfa - <unknown>
[INFO] [stdout]   22:     0x741a9cf863d4 - clone
[INFO] [stdout]   23:                0x0 - <unknown>
[INFO] [stdout] 
[INFO] [stdout] ---- token::tests::test_validate_web_token_ok stdout ----
[INFO] [stdout] 
[INFO] [stdout] thread 'token::tests::test_validate_web_token_ok' (4938) panicked at crates/libs/lib-auth/src/config.rs:9:34:
[INFO] [stdout] FATAL - WHILE LOADING CONF - Cause: MissingEnv("SERVICE_PWD_KEY")
[INFO] [stdout] stack backtrace:
[INFO] [stdout]    0:     0x5e59ef097a81 - <<std[70759c8f55707aa4]::sys::backtrace::BacktraceLock>::print::DisplayBacktrace as core[df12db4294e9bfd3]::fmt::Display>::fmt
[INFO] [stdout]    1:     0x5e59ef0ae13a - core[df12db4294e9bfd3]::fmt::write
[INFO] [stdout]    2:     0x5e59ef09c58c - <alloc[2182bb758b4b3781]::vec::Vec<u8> as core[df12db4294e9bfd3]::io::write::Write>::write_fmt
[INFO] [stdout]    3:     0x5e59ef0733c6 - std[70759c8f55707aa4]::panicking::default_hook::{closure#0}
[INFO] [stdout]    4:     0x5e59ef08fe69 - std[70759c8f55707aa4]::panicking::default_hook
[INFO] [stdout]    5:     0x5e59eef4f790 - test[9d35eded1c95d3be]::test_main_inner::<test[9d35eded1c95d3be]::test_main_static::{closure#0}>::{closure#0}
[INFO] [stdout]    6:     0x5e59ef090022 - std[70759c8f55707aa4]::panicking::panic_with_hook
[INFO] [stdout]    7:     0x5e59ef073472 - std[70759c8f55707aa4]::panicking::panic_handler::{closure#0}
[INFO] [stdout]    8:     0x5e59ef06bc69 - std[70759c8f55707aa4]::sys::backtrace::__rust_end_short_backtrace::<std[70759c8f55707aa4]::panicking::panic_handler::{closure#0}, !>
[INFO] [stdout]    9:     0x5e59ef07417d - __rustc[8fa7c3cbc660c2b3]::rust_begin_unwind
[INFO] [stdout]   10:     0x5e59ef0ae91c - core[df12db4294e9bfd3]::panicking::panic_fmt
[INFO] [stdout]   11:     0x5e59eef13a9f - <std[70759c8f55707aa4]::sync::once::Once>::call_once_force::<<std[70759c8f55707aa4]::sync::once_lock::OnceLock<lib_auth[ccb757f6d382e6e]::config::AuthConfig>>::initialize<<std[70759c8f55707aa4]::sync::once_lock::OnceLock<lib_auth[ccb757f6d382e6e]::config::AuthConfig>>::get_or_init<lib_auth[ccb757f6d382e6e]::config::auth_config::{closure#0}>::{closure#0}, !>::{closure#0}>::{closure#0}
[INFO] [stdout]   12:     0x5e59ef0790c9 - <std[70759c8f55707aa4]::sys::sync::once::futex::Once>::call
[INFO] [stdout]   13:     0x5e59eef12b58 - <std[70759c8f55707aa4]::sync::once_lock::OnceLock<lib_auth[ccb757f6d382e6e]::config::AuthConfig>>::initialize::<<std[70759c8f55707aa4]::sync::once_lock::OnceLock<lib_auth[ccb757f6d382e6e]::config::AuthConfig>>::get_or_init<lib_auth[ccb757f6d382e6e]::config::auth_config::{closure#0}>::{closure#0}, !>
[INFO] [stdout]   14:     0x5e59eef115d8 - lib_auth[ccb757f6d382e6e]::token::tests::test_validate_web_token_ok
[INFO] [stdout]   15:     0x5e59eef17d5f - <lib_auth[ccb757f6d382e6e]::token::tests::test_validate_web_token_ok::{closure#0} as core[df12db4294e9bfd3]::ops::function::FnOnce<()>>::call_once
[INFO] [stdout]   16:     0x5e59eef42a7b - test[9d35eded1c95d3be]::__rust_begin_short_backtrace::<core[df12db4294e9bfd3]::result::Result<(), alloc[2182bb758b4b3781]::string::String>, fn() -> core[df12db4294e9bfd3]::result::Result<(), alloc[2182bb758b4b3781]::string::String>>
[INFO] [stdout]   17:     0x5e59eef500e5 - test[9d35eded1c95d3be]::run_test::{closure#0}
[INFO] [stdout]   18:     0x5e59eef499a4 - std[70759c8f55707aa4]::sys::backtrace::__rust_begin_short_backtrace::<test[9d35eded1c95d3be]::run_test::{closure#1}, ()>
[INFO] [stdout]   19:     0x5e59eef53242 - <std[70759c8f55707aa4]::thread::lifecycle::spawn_unchecked<test[9d35eded1c95d3be]::run_test::{closure#1}, ()>::{closure#1} as core[df12db4294e9bfd3]::ops::function::FnOnce<()>>::call_once::{shim:vtable#0}
[INFO] [stdout]   20:     0x5e59ef097329 - <std[70759c8f55707aa4]::sys::thread::unix::Thread>::new::thread_start
[INFO] [stdout]   21:     0x741a9cef2dfa - <unknown>
[INFO] [stdout]   22:     0x741a9cf863d4 - clone
[INFO] [stdout]   23:                0x0 - <unknown>
[INFO] [stdout] 
[INFO] [stdout] 
[INFO] [stdout] failures:
[INFO] [stdout]     pwd::scheme::scheme_01::tests::test_scheme_01_hash_into_b64u_ok
[INFO] [stdout]     pwd::scheme::scheme_02::tests::test_scheme_02_hash_into_b64u_ok
[INFO] [stdout]     pwd::tests::test_multi_scheme_ok
[INFO] [stdout]     token::tests::test_validate_web_token_err_expired
[INFO] [stdout]     token::tests::test_validate_web_token_ok
[INFO] [stdout] 
[INFO] [stdout] test result: FAILED. 2 passed; 5 failed; 0 ignored; 0 measured; 0 filtered out; finished in 0.01s
[INFO] [stdout] 
[INFO] running `Command { std: "docker" "inspect" "155d69ca086972d488a92b691dbbdd0f37f91ff8c6c90b49a1b762a725751c5b", kill_on_drop: false }`
[INFO] running `Command { std: "docker" "rm" "-f" "155d69ca086972d488a92b691dbbdd0f37f91ff8c6c90b49a1b762a725751c5b", kill_on_drop: false }`
[INFO] [stdout] 155d69ca086972d488a92b691dbbdd0f37f91ff8c6c90b49a1b762a725751c5b
