[INFO] cloning repository https://github.com/actions-marketplace-validations/goweft_tenter-rs
[INFO] running `Command { std: "git" "-c" "credential.helper=" "-c" "credential.helper=/workspace/cargo-home/bin/git-credential-null" "clone" "--bare" "https://github.com/actions-marketplace-validations/goweft_tenter-rs" "/workspace/cache/git-repos/https%3A%2F%2Fgithub.com%2Factions-marketplace-validations%2Fgoweft_tenter-rs", kill_on_drop: false }`
[INFO] [stderr] Cloning into bare repository '/workspace/cache/git-repos/https%3A%2F%2Fgithub.com%2Factions-marketplace-validations%2Fgoweft_tenter-rs'...
[INFO] running `Command { std: "git" "rev-parse" "HEAD", kill_on_drop: false }`
[INFO] [stdout] 63e409ceead7131261add8d2a42427c791cb7177
[INFO] testing actions-marketplace-validations/goweft_tenter-rs against 1.100.0-beta.1+cargoflags=--release for beta-release-1.100-2
[INFO] running `Command { std: "git" "clone" "/workspace/cache/git-repos/https%3A%2F%2Fgithub.com%2Factions-marketplace-validations%2Fgoweft_tenter-rs" "/workspace/builds/worker-3-tc2/source", kill_on_drop: false }`
[INFO] [stderr] Cloning into '/workspace/builds/worker-3-tc2/source'...
[INFO] [stderr] done.
[INFO] started tweaking git repo https://github.com/actions-marketplace-validations/goweft_tenter-rs
[INFO] finished tweaking git repo https://github.com/actions-marketplace-validations/goweft_tenter-rs
[INFO] tweaked toml for git repo https://github.com/actions-marketplace-validations/goweft_tenter-rs written to /workspace/builds/worker-3-tc2/source/Cargo.toml
[INFO] validating manifest of git repo https://github.com/actions-marketplace-validations/goweft_tenter-rs on toolchain 1.100.0-beta.1
[INFO] running `Command { std: CARGO_HOME="/workspace/cargo-home" RUSTUP_HOME="/workspace/rustup-home" "/workspace/cargo-home/bin/cargo" "+1.100.0-beta.1" "metadata" "--manifest-path" "Cargo.toml" "--no-deps", kill_on_drop: false }`
[INFO] crate git repo https://github.com/actions-marketplace-validations/goweft_tenter-rs already has a lockfile, it will not be regenerated
[INFO] running `Command { std: CARGO_HOME="/workspace/cargo-home" RUSTUP_HOME="/workspace/rustup-home" "/workspace/cargo-home/bin/cargo" "+1.100.0-beta.1" "fetch" "--manifest-path" "Cargo.toml", kill_on_drop: false }`
[INFO] running `Command { std: "docker" "create" "-v" "/var/lib/crater-agent-workspace/builds/worker-3-tc2/source:/opt/rustwide/workdir:ro,Z" "-v" "/var/lib/crater-agent-workspace/builds/worker-3-tc2/target:/opt/rustwide/target:rw,Z" "-v" "/var/lib/crater-agent-workspace/cargo-home:/opt/rustwide/cargo-home:ro,Z" "-v" "/var/lib/crater-agent-workspace/rustup-home:/opt/rustwide/rustup-home:ro,Z" "-m" "1610612736" "--network" "none" "ghcr.io/rust-lang/crates-build-env/linux@sha256:77db811e55d90add9212f6832c23229e3de5f1c1f9905e8cb07319ea15df73ac" "sleep" "infinity", kill_on_drop: false }`
[INFO] [stdout] 6d35f363090c9cc36bc19b154a2a500113618dd72cefe68c84142e3cd50d8bc9
[INFO] running `Command { std: "docker" "start" "6d35f363090c9cc36bc19b154a2a500113618dd72cefe68c84142e3cd50d8bc9", kill_on_drop: false }`
[INFO] running `Command { std: "docker" "inspect" "6d35f363090c9cc36bc19b154a2a500113618dd72cefe68c84142e3cd50d8bc9", kill_on_drop: false }`
[INFO] running `Command { std: "docker" "exec" "-e" "SOURCE_DIR=/opt/rustwide/workdir" "-e" "CARGO_HOME=/opt/rustwide/cargo-home" "-e" "RUSTUP_HOME=/opt/rustwide/rustup-home" "-e" "CARGO_TARGET_DIR=/opt/rustwide/target" "-w" "/opt/rustwide/workdir" "--user" "0:0" "6d35f363090c9cc36bc19b154a2a500113618dd72cefe68c84142e3cd50d8bc9" "/opt/rustwide/cargo-home/bin/cargo" "+1.100.0-beta.1" "metadata" "--no-deps" "--format-version=1", kill_on_drop: false }`
[INFO] running `Command { std: "docker" "inspect" "6d35f363090c9cc36bc19b154a2a500113618dd72cefe68c84142e3cd50d8bc9", kill_on_drop: false }`
[INFO] running `Command { std: "docker" "exec" "-e" "SOURCE_DIR=/opt/rustwide/workdir" "-e" "CARGO_HOME=/opt/rustwide/cargo-home" "-e" "RUSTUP_HOME=/opt/rustwide/rustup-home" "-e" "CARGO_TARGET_DIR=/opt/rustwide/target" "-e" "CARGO_INCREMENTAL=0" "-e" "RUST_BACKTRACE=full" "-e" "RUSTFLAGS=--cap-lints=warn" "-e" "RUSTDOCFLAGS=--cap-lints=warn" "-w" "/opt/rustwide/workdir" "--user" "0:0" "6d35f363090c9cc36bc19b154a2a500113618dd72cefe68c84142e3cd50d8bc9" "/opt/rustwide/cargo-home/bin/cargo" "+1.100.0-beta.1" "build" "--frozen" "--message-format=json" "--release", kill_on_drop: false }`
[INFO] [stderr]    Compiling proc-macro2 v1.0.106
[INFO] [stderr]    Compiling quote v1.0.45
[INFO] [stderr]    Compiling unicode-ident v1.0.24
[INFO] [stderr]    Compiling cfg-if v1.0.4
[INFO] [stderr]    Compiling memchr v2.8.0
[INFO] [stderr]    Compiling libc v0.2.184
[INFO] [stderr]    Compiling crc32fast v1.5.0
[INFO] [stderr]    Compiling rustix v1.1.4
[INFO] [stderr]    Compiling utf8parse v0.2.2
[INFO] [stderr]    Compiling serde_core v1.0.228
[INFO] [stderr]    Compiling bitflags v2.11.0
[INFO] [stderr]    Compiling simd-adler32 v0.3.9
[INFO] [stderr]    Compiling linux-raw-sys v0.12.1
[INFO] [stderr]    Compiling anstyle-parse v1.0.0
[INFO] [stderr]    Compiling adler2 v2.0.1
[INFO] [stderr]    Compiling anstyle-query v1.1.5
[INFO] [stderr]    Compiling is_terminal_polyfill v1.70.2
[INFO] [stderr]    Compiling anstyle v1.0.14
[INFO] [stderr]    Compiling getrandom v0.4.2
[INFO] [stderr]    Compiling log v0.4.29
[INFO] [stderr]    Compiling thiserror v2.0.18
[INFO] [stderr]    Compiling aho-corasick v1.1.4
[INFO] [stderr]    Compiling colorchoice v1.0.5
[INFO] [stderr]    Compiling zmij v1.0.21
[INFO] [stderr]    Compiling regex-syntax v0.8.10
[INFO] [stderr]    Compiling anstream v1.0.0
[INFO] [stderr]    Compiling miniz_oxide v0.8.9
[INFO] [stderr]    Compiling equivalent v1.0.2
[INFO] [stderr]    Compiling heck v0.5.0
[INFO] [stderr]    Compiling syn v2.0.117
[INFO] [stderr]    Compiling clap_lex v1.1.0
[INFO] [stderr]    Compiling anyhow v1.0.102
[INFO] [stderr]    Compiling bumpalo v3.20.2
[INFO] [stderr]    Compiling hashbrown v0.16.1
[INFO] [stderr]    Compiling serde v1.0.228
[INFO] [stderr]    Compiling zip v2.4.2
[INFO] [stderr]    Compiling serde_json v1.0.149
[INFO] [stderr]    Compiling strsim v0.11.1
[INFO] [stderr]    Compiling zopfli v0.8.3
[INFO] [stderr]    Compiling clap_builder v4.6.0
[INFO] [stderr]    Compiling regex-automata v0.4.14
[INFO] [stderr]    Compiling indexmap v2.13.1
[INFO] [stderr]    Compiling xattr v1.6.1
[INFO] [stderr]    Compiling filetime v0.2.27
[INFO] [stderr]    Compiling flate2 v1.1.9
[INFO] [stderr]    Compiling bstr v1.12.1
[INFO] [stderr]    Compiling itoa v1.0.18
[INFO] [stderr]    Compiling fastrand v2.3.0
[INFO] [stderr]    Compiling once_cell v1.21.4
[INFO] [stderr]    Compiling same-file v1.0.6
[INFO] [stderr]    Compiling tempfile v3.27.0
[INFO] [stderr]    Compiling walkdir v2.5.0
[INFO] [stderr]    Compiling tar v0.4.45
[INFO] [stderr]    Compiling is-terminal v0.4.17
[INFO] [stderr]    Compiling thiserror-impl v2.0.18
[INFO] [stderr]    Compiling displaydoc v0.2.5
[INFO] [stderr]    Compiling serde_derive v1.0.228
[INFO] [stderr]    Compiling clap_derive v4.6.0
[INFO] [stderr]    Compiling regex v1.12.3
[INFO] [stderr]    Compiling globset v0.4.18
[INFO] [stderr]    Compiling clap v4.6.0
[INFO] [stderr]    Compiling tenter v2.1.1 (/opt/rustwide/workdir)
[INFO] [stderr]     Finished `release` profile [optimized] target(s) in 1m 13s
[INFO] running `Command { std: "docker" "inspect" "6d35f363090c9cc36bc19b154a2a500113618dd72cefe68c84142e3cd50d8bc9", kill_on_drop: false }`
[INFO] running `Command { std: "docker" "exec" "-e" "SOURCE_DIR=/opt/rustwide/workdir" "-e" "CARGO_HOME=/opt/rustwide/cargo-home" "-e" "RUSTUP_HOME=/opt/rustwide/rustup-home" "-e" "CARGO_TARGET_DIR=/opt/rustwide/target" "-e" "CARGO_INCREMENTAL=0" "-e" "RUST_BACKTRACE=full" "-e" "RUSTFLAGS=--cap-lints=warn" "-e" "RUSTDOCFLAGS=--cap-lints=warn" "-w" "/opt/rustwide/workdir" "--user" "0:0" "6d35f363090c9cc36bc19b154a2a500113618dd72cefe68c84142e3cd50d8bc9" "/opt/rustwide/cargo-home/bin/cargo" "+1.100.0-beta.1" "test" "--frozen" "--no-run" "--message-format=json" "--release", kill_on_drop: false }`
[INFO] [stderr]    Compiling cfg-if v1.0.4
[INFO] [stderr]    Compiling memchr v2.8.0
[INFO] [stderr]    Compiling libc v0.2.184
[INFO] [stderr]    Compiling utf8parse v0.2.2
[INFO] [stderr]    Compiling linux-raw-sys v0.12.1
[INFO] [stderr]    Compiling bitflags v2.11.0
[INFO] [stderr]    Compiling simd-adler32 v0.3.9
[INFO] [stderr]    Compiling regex-syntax v0.8.10
[INFO] [stderr]    Compiling anstyle-parse v1.0.0
[INFO] [stderr]    Compiling crc32fast v1.5.0
[INFO] [stderr]    Compiling adler2 v2.0.1
[INFO] [stderr]    Compiling anstyle v1.0.14
[INFO] [stderr]    Compiling anstyle-query v1.1.5
[INFO] [stderr]    Compiling log v0.4.29
[INFO] [stderr]    Compiling rustix v1.1.4
[INFO] [stderr]    Compiling colorchoice v1.0.5
[INFO] [stderr]    Compiling is_terminal_polyfill v1.70.2
[INFO] [stderr]    Compiling anstream v1.0.0
[INFO] [stderr]    Compiling miniz_oxide v0.8.9
[INFO] [stderr]    Compiling serde_core v1.0.228
[INFO] [stderr]    Compiling strsim v0.11.1
[INFO] [stderr]    Compiling aho-corasick v1.1.4
[INFO] [stderr]    Compiling equivalent v1.0.2
[INFO] [stderr]    Compiling bumpalo v3.20.2
[INFO] [stderr]    Compiling hashbrown v0.16.1
[INFO] [stderr]    Compiling clap_lex v1.1.0
[INFO] [stderr]    Compiling getrandom v0.4.2
[INFO] [stderr]    Compiling filetime v0.2.27
[INFO] [stderr]    Compiling clap_builder v4.6.0
[INFO] [stderr]    Compiling zopfli v0.8.3
[INFO] [stderr]    Compiling flate2 v1.1.9
[INFO] [stderr]    Compiling indexmap v2.13.1
[INFO] [stderr]    Compiling bstr v1.12.1
[INFO] [stderr]    Compiling regex-automata v0.4.14
[INFO] [stderr]    Compiling xattr v1.6.1
[INFO] [stderr]    Compiling zmij v1.0.21
[INFO] [stderr]    Compiling thiserror v2.0.18
[INFO] [stderr]    Compiling itoa v1.0.18
[INFO] [stderr]    Compiling fastrand v2.3.0
[INFO] [stderr]    Compiling same-file v1.0.6
[INFO] [stderr]    Compiling once_cell v1.21.4
[INFO] [stderr]    Compiling walkdir v2.5.0
[INFO] [stderr]    Compiling zip v2.4.2
[INFO] [stderr]    Compiling tempfile v3.27.0
[INFO] [stderr]    Compiling tar v0.4.45
[INFO] [stderr]    Compiling serde_json v1.0.149
[INFO] [stderr]    Compiling serde v1.0.228
[INFO] [stderr]    Compiling clap v4.6.0
[INFO] [stderr]    Compiling is-terminal v0.4.17
[INFO] [stderr]    Compiling anyhow v1.0.102
[INFO] [stderr]    Compiling globset v0.4.18
[INFO] [stderr]    Compiling regex v1.12.3
[INFO] [stderr]    Compiling tenter v2.1.1 (/opt/rustwide/workdir)
[INFO] [stderr]     Finished `release` profile [optimized] target(s) in 55.91s
[INFO] running `Command { std: "docker" "inspect" "6d35f363090c9cc36bc19b154a2a500113618dd72cefe68c84142e3cd50d8bc9", kill_on_drop: false }`
[INFO] running `Command { std: "docker" "exec" "-e" "SOURCE_DIR=/opt/rustwide/workdir" "-e" "CARGO_HOME=/opt/rustwide/cargo-home" "-e" "RUSTUP_HOME=/opt/rustwide/rustup-home" "-e" "CARGO_TARGET_DIR=/opt/rustwide/target" "-e" "CARGO_INCREMENTAL=0" "-e" "RUST_BACKTRACE=full" "-e" "RUSTFLAGS=--cap-lints=warn" "-e" "RUSTDOCFLAGS=--cap-lints=warn" "-w" "/opt/rustwide/workdir" "--user" "0:0" "6d35f363090c9cc36bc19b154a2a500113618dd72cefe68c84142e3cd50d8bc9" "/opt/rustwide/cargo-home/bin/cargo" "+1.100.0-beta.1" "test" "--frozen" "--release", kill_on_drop: false }`
[INFO] [stderr]     Finished `release` profile [optimized] target(s) in 0.16s
[INFO] [stderr]      Running unittests src/main.rs (/opt/rustwide/target/release/build/tenter/6c4e7b01a4a4f37b/out/tenter-6c4e7b01a4a4f37b)
[INFO] [stdout] 
[INFO] [stdout] running 0 tests
[INFO] [stdout] 
[INFO] [stdout] test result: ok. 0 passed; 0 failed; 0 ignored; 0 measured; 0 filtered out; finished in 0.00s
[INFO] [stdout] 
[INFO] [stderr]      Running tests/integration.rs (/opt/rustwide/target/release/build/tenter/690562ea6e2b2cba/out/integration-690562ea6e2b2cba)
[INFO] [stdout] 
[INFO] [stdout] running 25 tests
[INFO] [stdout] test test_clean_js_no_map_findings ... FAILED
[INFO] [stdout] test test_detects_claude_md ... FAILED
[INFO] [stdout] test test_detects_github_token ... FAILED
[INFO] [stdout] test test_detects_coverage_dir ... FAILED
[INFO] [stdout] test test_detects_aws_key ... FAILED
[INFO] [stdout] test test_detects_env_file ... FAILED
[INFO] [stdout] test test_allowlist_skips_file ... FAILED
[INFO] [stdout] test test_detects_pdb ... FAILED
[INFO] [stdout] test test_detects_private_key ... FAILED
[INFO] [stdout] test test_detects_sourcemapping_url_local ... FAILED
[INFO] [stdout] test test_fail_on_threshold ... FAILED
[INFO] [stdout] test test_detects_src_zip ... FAILED
[INFO] [stdout] test test_detects_sourcemapping_url_external ... FAILED
[INFO] [stdout] test test_directory_scan_prunes_vcs_dirs ... FAILED
[INFO] [stdout] test test_json_output_schema ... FAILED
[INFO] [stdout] test test_human_clean_output ... FAILED
[INFO] [stdout] test test_internal_dir_aggregated_one_finding ... FAILED
[INFO] [stdout] test test_detects_claude_config ... FAILED
[INFO] [stdout] test test_tarball_git_dir_flagged_once ... FAILED
[INFO] [stdout] test test_standalone_pyc_still_perfile ... FAILED
[INFO] [stdout] test test_no_perfile_finding_inside_internal_dir ... FAILED
[INFO] [stdout] test test_secret_inside_internal_dir_still_detected ... FAILED
[INFO] [stdout] test test_detects_map_file ... FAILED
[INFO] [stdout] test test_sarif_output_schema ... FAILED
[INFO] [stdout] test test_detects_large_file ... FAILED
[INFO] [stdout] 
[INFO] [stdout] failures:
[INFO] [stdout] 
[INFO] [stdout] ---- test_clean_js_no_map_findings stdout ----
[INFO] [stdout] 
[INFO] [stdout] thread 'test_clean_js_no_map_findings' (1358) panicked at tests/integration.rs:23:10:
[INFO] [stdout] failed to run tenter binary: Os { code: 2, kind: NotFound, message: "No such file or directory" }
[INFO] [stdout] stack backtrace:
[INFO] [stdout]    0:     0x622e85019975 - <unknown>
[INFO] [stdout]    1:     0x622e84ff9fc4 - <unknown>
[INFO] [stdout]    2:     0x622e8501901b - <unknown>
[INFO] [stdout]    3:     0x622e85018c19 - <unknown>
[INFO] [stdout]    4:     0x622e8501889a - <unknown>
[INFO] [stdout]    5:     0x622e850183cb - <unknown>
[INFO] [stdout]    6:     0x622e8503e231 - <unknown>
[INFO] [stdout]    7:     0x622e8503e1e9 - <unknown>
[INFO] [stdout]    8:     0x622e8503e6dc - <unknown>
[INFO] [stdout]    9:     0x622e84ff9e5b - <unknown>
[INFO] [stdout]   10:     0x622e84ffcd01 - <unknown>
[INFO] [stdout]   11:     0x622e84ff25cf - <unknown>
[INFO] [stdout]   12:     0x622e84ff63b5 - <unknown>
[INFO] [stdout]   13:     0x622e85058f7b - <unknown>
[INFO] [stdout]   14:     0x622e85055206 - <unknown>
[INFO] [stdout]   15:     0x622e85054a2c - <unknown>
[INFO] [stdout]   16:     0x622e85072e5c - <unknown>
[INFO] [stdout]   17:     0x622e8503fe98 - <unknown>
[INFO] [stdout]   18:     0x7655d68eadfa - <unknown>
[INFO] [stdout]   19:     0x7655d697e3d4 - clone
[INFO] [stdout]   20:                0x0 - <unknown>
[INFO] [stdout] 
[INFO] [stdout] ---- test_detects_claude_md stdout ----
[INFO] [stdout] 
[INFO] [stdout] thread 'test_detects_claude_md' (1361) panicked at tests/integration.rs:23:10:
[INFO] [stdout] failed to run tenter binary: Os { code: 2, kind: NotFound, message: "No such file or directory" }
[INFO] [stdout] stack backtrace:
[INFO] [stdout]    0:     0x622e85019975 - <unknown>
[INFO] [stdout]    1:     0x622e84ff9fc4 - <unknown>
[INFO] [stdout]    2:     0x622e8501901b - <unknown>
[INFO] [stdout]    3:     0x622e85018c19 - <unknown>
[INFO] [stdout]    4:     0x622e8501889a - <unknown>
[INFO] [stdout]    5:     0x622e850183cb - <unknown>
[INFO] [stdout]    6:     0x622e8503e231 - <unknown>
[INFO] [stdout]    7:     0x622e8503e1e9 - <unknown>
[INFO] [stdout]    8:     0x622e8503e6dc - <unknown>
[INFO] [stdout]    9:     0x622e84ff9e5b - <unknown>
[INFO] [stdout]   10:     0x622e84ffcd01 - <unknown>
[INFO] [stdout]   11:     0x622e84ff25cf - <unknown>
[INFO] [stdout]   12:     0x622e84ff518e - <unknown>
[INFO] [stdout]   13:     0x622e85058f7b - <unknown>
[INFO] [stdout]   14:     0x622e85055206 - <unknown>
[INFO] [stdout]   15:     0x622e85054a2c - <unknown>
[INFO] [stdout]   16:     0x622e85072e5c - <unknown>
[INFO] [stdout]   17:     0x622e8503fe98 - <unknown>
[INFO] [stdout]   18:     0x7655d68eadfa - <unknown>
[INFO] [stdout]   19:     0x7655d697e3d4 - clone
[INFO] [stdout]   20:                0x0 - <unknown>
[INFO] [stdout] 
[INFO] [stdout] ---- test_detects_github_token stdout ----
[INFO] [stdout] 
[INFO] [stdout] thread 'test_detects_github_token' (1364) panicked at tests/integration.rs:23:10:
[INFO] [stdout] failed to run tenter binary: Os { code: 2, kind: NotFound, message: "No such file or directory" }
[INFO] [stdout] stack backtrace:
[INFO] [stdout]    0:     0x622e85019975 - <unknown>
[INFO] [stdout]    1:     0x622e84ff9fc4 - <unknown>
[INFO] [stdout]    2:     0x622e8501901b - <unknown>
[INFO] [stdout]    3:     0x622e85018c19 - <unknown>
[INFO] [stdout]    4:     0x622e8501889a - <unknown>
[INFO] [stdout]    5:     0x622e850183cb - <unknown>
[INFO] [stdout]    6:     0x622e8503e231 - <unknown>
[INFO] [stdout]    7:     0x622e8503e1e9 - <unknown>
[INFO] [stdout]    8:     0x622e8503e6dc - <unknown>
[INFO] [stdout]    9:     0x622e84ff9e5b - <unknown>
[INFO] [stdout]   10:     0x622e84ffcd01 - <unknown>
[INFO] [stdout]   11:     0x622e84ff25cf - <unknown>
[INFO] [stdout]   12:     0x622e84ff6109 - <unknown>
[INFO] [stdout]   13:     0x622e85058f7b - <unknown>
[INFO] [stdout]   14:     0x622e85055206 - <unknown>
[INFO] [stdout]   15:     0x622e85054a2c - <unknown>
[INFO] [stdout]   16:     0x622e85072e5c - <unknown>
[INFO] [stdout]   17:     0x622e8503fe98 - <unknown>
[INFO] [stdout]   18:     0x7655d68eadfa - <unknown>
[INFO] [stdout]   19:     0x7655d697e3d4 - clone
[INFO] [stdout]   20:                0x0 - <unknown>
[INFO] [stdout] 
[INFO] [stdout] ---- test_detects_coverage_dir stdout ----
[INFO] [stdout] 
[INFO] [stdout] thread 'test_detects_coverage_dir' (1362) panicked at tests/integration.rs:23:10:
[INFO] [stdout] failed to run tenter binary: Os { code: 2, kind: NotFound, message: "No such file or directory" }
[INFO] [stdout] stack backtrace:
[INFO] [stdout]    0:     0x622e85019975 - <unknown>
[INFO] [stdout]    1:     0x622e84ff9fc4 - <unknown>
[INFO] [stdout]    2:     0x622e8501901b - <unknown>
[INFO] [stdout]    3:     0x622e85018c19 - <unknown>
[INFO] [stdout]    4:     0x622e8501889a - <unknown>
[INFO] [stdout]    5:     0x622e850183cb - <unknown>
[INFO] [stdout]    6:     0x622e8503e231 - <unknown>
[INFO] [stdout]    7:     0x622e8503e1e9 - <unknown>
[INFO] [stdout]    8:     0x622e8503e6dc - <unknown>
[INFO] [stdout]    9:     0x622e84ff9e5b - <unknown>
[INFO] [stdout]   10:     0x622e84ffcd01 - <unknown>
[INFO] [stdout]   11:     0x622e84ff25cf - <unknown>
[INFO] [stdout]   12:     0x622e84ff5fb4 - <unknown>
[INFO] [stdout]   13:     0x622e85058f7b - <unknown>
[INFO] [stdout]   14:     0x622e85055206 - <unknown>
[INFO] [stdout]   15:     0x622e85054a2c - <unknown>
[INFO] [stdout]   16:     0x622e85072e5c - <unknown>
[INFO] [stdout]   17:     0x622e8503fe98 - <unknown>
[INFO] [stdout]   18:     0x7655d68eadfa - <unknown>
[INFO] [stdout]   19:     0x7655d697e3d4 - clone
[INFO] [stdout]   20:                0x0 - <unknown>
[INFO] [stdout] 
[INFO] [stdout] ---- test_detects_aws_key stdout ----
[INFO] [stdout] 
[INFO] [stdout] thread 'test_detects_aws_key' (1359) panicked at tests/integration.rs:23:10:
[INFO] [stdout] failed to run tenter binary: Os { code: 2, kind: NotFound, message: "No such file or directory" }
[INFO] [stdout] stack backtrace:
[INFO] [stdout]    0:     0x622e85019975 - <unknown>
[INFO] [stdout]    1:     0x622e84ff9fc4 - <unknown>
[INFO] [stdout]    2:     0x622e8501901b - <unknown>
[INFO] [stdout]    3:     0x622e85018c19 - <unknown>
[INFO] [stdout]    4:     0x622e8501889a - <unknown>
[INFO] [stdout]    5:     0x622e850183cb - <unknown>
[INFO] [stdout]    6:     0x622e8503e231 - <unknown>
[INFO] [stdout]    7:     0x622e8503e1e9 - <unknown>
[INFO] [stdout]    8:     0x622e8503e6dc - <unknown>
[INFO] [stdout]    9:     0x622e84ff9e5b - <unknown>
[INFO] [stdout]   10:     0x622e84ffcd01 - <unknown>
[INFO] [stdout]   11:     0x622e84ff25cf - <unknown>
[INFO] [stdout]   12:     0x622e84ff4bd9 - <unknown>
[INFO] [stdout]   13:     0x622e85058f7b - <unknown>
[INFO] [stdout]   14:     0x622e85055206 - <unknown>
[INFO] [stdout]   15:     0x622e85054a2c - <unknown>
[INFO] [stdout]   16:     0x622e85072e5c - <unknown>
[INFO] [stdout]   17:     0x622e8503fe98 - <unknown>
[INFO] [stdout]   18:     0x7655d68eadfa - <unknown>
[INFO] [stdout]   19:     0x7655d697e3d4 - clone
[INFO] [stdout]   20:                0x0 - <unknown>
[INFO] [stdout] 
[INFO] [stdout] ---- test_detects_env_file stdout ----
[INFO] [stdout] 
[INFO] [stdout] thread 'test_detects_env_file' (1363) panicked at tests/integration.rs:23:10:
[INFO] [stdout] failed to run tenter binary: Os { code: 2, kind: NotFound, message: "No such file or directory" }
[INFO] [stdout] stack backtrace:
[INFO] [stdout]    0:     0x622e85019975 - <unknown>
[INFO] [stdout]    1:     0x622e84ff9fc4 - <unknown>
[INFO] [stdout]    2:     0x622e8501901b - <unknown>
[INFO] [stdout]    3:     0x622e85018c19 - <unknown>
[INFO] [stdout]    4:     0x622e8501889a - <unknown>
[INFO] [stdout]    5:     0x622e850183cb - <unknown>
[INFO] [stdout]    6:     0x622e8503e231 - <unknown>
[INFO] [stdout]    7:     0x622e8503e1e9 - <unknown>
[INFO] [stdout]    8:     0x622e8503e6dc - <unknown>
[INFO] [stdout]    9:     0x622e84ff9e5b - <unknown>
[INFO] [stdout]   10:     0x622e84ffcd01 - <unknown>
[INFO] [stdout]   11:     0x622e84ff25cf - <unknown>
[INFO] [stdout]   12:     0x622e84ff4eb1 - <unknown>
[INFO] [stdout]   13:     0x622e85058f7b - <unknown>
[INFO] [stdout]   14:     0x622e85055206 - <unknown>
[INFO] [stdout]   15:     0x622e85054a2c - <unknown>
[INFO] [stdout]   16:     0x622e85072e5c - <unknown>
[INFO] [stdout]   17:     0x622e8503fe98 - <unknown>
[INFO] [stdout]   18:     0x7655d68eadfa - <unknown>
[INFO] [stdout]   19:     0x7655d697e3d4 - clone
[INFO] [stdout]   20:                0x0 - <unknown>
[INFO] [stdout] 
[INFO] [stdout] ---- test_allowlist_skips_file stdout ----
[INFO] [stdout] 
[INFO] [stdout] thread 'test_allowlist_skips_file' (1357) panicked at tests/integration.rs:23:10:
[INFO] [stdout] failed to run tenter binary: Os { code: 2, kind: NotFound, message: "No such file or directory" }
[INFO] [stdout] stack backtrace:
[INFO] [stdout]    0:     0x622e85019975 - <unknown>
[INFO] [stdout]    1:     0x622e84ff9fc4 - <unknown>
[INFO] [stdout]    2:     0x622e8501901b - <unknown>
[INFO] [stdout]    3:     0x622e85018c19 - <unknown>
[INFO] [stdout]    4:     0x622e8501889a - <unknown>
[INFO] [stdout]    5:     0x622e850183cb - <unknown>
[INFO] [stdout]    6:     0x622e8503e231 - <unknown>
[INFO] [stdout]    7:     0x622e8503e1e9 - <unknown>
[INFO] [stdout]    8:     0x622e8503e6dc - <unknown>
[INFO] [stdout]    9:     0x622e84ff9e5b - <unknown>
[INFO] [stdout]   10:     0x622e84ffcd01 - <unknown>
[INFO] [stdout]   11:     0x622e84ff25cf - <unknown>
[INFO] [stdout]   12:     0x622e84ff5e13 - <unknown>
[INFO] [stdout]   13:     0x622e85058f7b - <unknown>
[INFO] [stdout]   14:     0x622e85055206 - <unknown>
[INFO] [stdout]   15:     0x622e85054a2c - <unknown>
[INFO] [stdout]   16:     0x622e85072e5c - <unknown>
[INFO] [stdout]   17:     0x622e8503fe98 - <unknown>
[INFO] [stdout]   18:     0x7655d68eadfa - <unknown>
[INFO] [stdout]   19:     0x7655d697e3d4 - clone
[INFO] [stdout]   20:                0x0 - <unknown>
[INFO] [stdout] 
[INFO] [stdout] ---- test_detects_pdb stdout ----
[INFO] [stdout] 
[INFO] [stdout] thread 'test_detects_pdb' (1373) panicked at tests/integration.rs:23:10:
[INFO] [stdout] failed to run tenter binary: Os { code: 2, kind: NotFound, message: "No such file or directory" }
[INFO] [stdout] stack backtrace:
[INFO] [stdout]    0:     0x622e85019975 - <unknown>
[INFO] [stdout]    1:     0x622e84ff9fc4 - <unknown>
[INFO] [stdout]    2:     0x622e8501901b - <unknown>
[INFO] [stdout]    3:     0x622e85018c19 - <unknown>
[INFO] [stdout]    4:     0x622e8501889a - <unknown>
[INFO] [stdout]    5:     0x622e850183cb - <unknown>
[INFO] [stdout]    6:     0x622e8503e231 - <unknown>
[INFO] [stdout]    7:     0x622e8503e1e9 - <unknown>
[INFO] [stdout]    8:     0x622e8503e6dc - <unknown>
[INFO] [stdout]    9:     0x622e84ff9e5b - <unknown>
[INFO] [stdout]   10:     0x622e84ffcd01 - <unknown>
[INFO] [stdout]   11:     0x622e84ff25cf - <unknown>
[INFO] [stdout]   12:     0x622e84ff4a7d - <unknown>
[INFO] [stdout]   13:     0x622e85058f7b - <unknown>
[INFO] [stdout]   14:     0x622e85055206 - <unknown>
[INFO] [stdout]   15:     0x622e85054a2c - <unknown>
[INFO] [stdout]   16:     0x622e85072e5c - <unknown>
[INFO] [stdout]   17:     0x622e8503fe98 - <unknown>
[INFO] [stdout]   18:     0x7655d68eadfa - <unknown>
[INFO] [stdout]   19:     0x7655d697e3d4 - clone
[INFO] [stdout]   20:                0x0 - <unknown>
[INFO] [stdout] 
[INFO] [stdout] ---- test_detects_private_key stdout ----
[INFO] [stdout] 
[INFO] [stdout] thread 'test_detects_private_key' (1375) panicked at tests/integration.rs:23:10:
[INFO] [stdout] failed to run tenter binary: Os { code: 2, kind: NotFound, message: "No such file or directory" }
[INFO] [stdout] stack backtrace:
[INFO] [stdout]    0:     0x622e85019975 - <unknown>
[INFO] [stdout]    1:     0x622e84ff9fc4 - <unknown>
[INFO] [stdout]    2:     0x622e8501901b - <unknown>
[INFO] [stdout]    3:     0x622e85018c19 - <unknown>
[INFO] [stdout]    4:     0x622e8501889a - <unknown>
[INFO] [stdout]    5:     0x622e850183cb - <unknown>
[INFO] [stdout]    6:     0x622e8503e231 - <unknown>
[INFO] [stdout]    7:     0x622e8503e1e9 - <unknown>
[INFO] [stdout]    8:     0x622e8503e6dc - <unknown>
[INFO] [stdout]    9:     0x622e84ff9e5b - <unknown>
[INFO] [stdout]   10:     0x622e84ffcd01 - <unknown>
[INFO] [stdout]   11:     0x622e84ff25cf - <unknown>
[INFO] [stdout]   12:     0x622e84ff59f1 - <unknown>
[INFO] [stdout]   13:     0x622e85058f7b - <unknown>
[INFO] [stdout]   14:     0x622e85055206 - <unknown>
[INFO] [stdout]   15:     0x622e85054a2c - <unknown>
[INFO] [stdout]   16:     0x622e85072e5c - <unknown>
[INFO] [stdout]   17:     0x622e8503fe98 - <unknown>
[INFO] [stdout]   18:     0x7655d68eadfa - <unknown>
[INFO] [stdout]   19:     0x7655d697e3d4 - clone
[INFO] [stdout]   20:                0x0 - <unknown>
[INFO] [stdout] 
[INFO] [stdout] ---- test_detects_sourcemapping_url_local stdout ----
[INFO] [stdout] 
[INFO] [stdout] thread 'test_detects_sourcemapping_url_local' (1381) panicked at tests/integration.rs:23:10:
[INFO] [stdout] failed to run tenter binary: Os { code: 2, kind: NotFound, message: "No such file or directory" }
[INFO] [stdout] stack backtrace:
[INFO] [stdout]    0:     0x622e85019975 - <unknown>
[INFO] [stdout]    1:     0x622e84ff9fc4 - <unknown>
[INFO] [stdout]    2:     0x622e8501901b - <unknown>
[INFO] [stdout]    3:     0x622e85018c19 - <unknown>
[INFO] [stdout]    4:     0x622e8501889a - <unknown>
[INFO] [stdout]    5:     0x622e850183cb - <unknown>
[INFO] [stdout]    6:     0x622e8503e231 - <unknown>
[INFO] [stdout]    7:     0x622e8503e1e9 - <unknown>
[INFO] [stdout]    8:     0x622e8503e6dc - <unknown>
[INFO] [stdout]    9:     0x622e84ff9e5b - <unknown>
[INFO] [stdout]   10:     0x622e84ffcd01 - <unknown>
[INFO] [stdout]   11:     0x622e84ff25cf - <unknown>
[INFO] [stdout]   12:     0x622e84ff7d77 - <unknown>
[INFO] [stdout]   13:     0x622e85058f7b - <unknown>
[INFO] [stdout]   14:     0x622e85055206 - <unknown>
[INFO] [stdout]   15:     0x622e85054a2c - <unknown>
[INFO] [stdout]   16:     0x622e85072e5c - <unknown>
[INFO] [stdout]   17:     0x622e8503fe98 - <unknown>
[INFO] [stdout]   18:     0x7655d68eadfa - <unknown>
[INFO] [stdout]   19:     0x7655d697e3d4 - clone
[INFO] [stdout]   20:                0x0 - <unknown>
[INFO] [stdout] 
[INFO] [stdout] ---- test_fail_on_threshold stdout ----
[INFO] [stdout] 
[INFO] [stdout] thread 'test_fail_on_threshold' (1386) panicked at tests/integration.rs:23:10:
[INFO] [stdout] failed to run tenter binary: Os { code: 2, kind: NotFound, message: "No such file or directory" }
[INFO] [stdout] stack backtrace:
[INFO] [stdout]    0:     0x622e85019975 - <unknown>
[INFO] [stdout]    1:     0x622e84ff9fc4 - <unknown>
[INFO] [stdout]    2:     0x622e8501901b - <unknown>
[INFO] [stdout]    3:     0x622e85018c19 - <unknown>
[INFO] [stdout]    4:     0x622e8501889a - <unknown>
[INFO] [stdout]    5:     0x622e850183cb - <unknown>
[INFO] [stdout]    6:     0x622e8503e231 - <unknown>
[INFO] [stdout]    7:     0x622e8503e1e9 - <unknown>
[INFO] [stdout]    8:     0x622e8503e6dc - <unknown>
[INFO] [stdout]    9:     0x622e84ff9e5b - <unknown>
[INFO] [stdout]   10:     0x622e84ffcd01 - <unknown>
[INFO] [stdout]   11:     0x622e84ff25cf - <unknown>
[INFO] [stdout]   12:     0x622e84ff52f1 - <unknown>
[INFO] [stdout]   13:     0x622e85058f7b - <unknown>
[INFO] [stdout]   14:     0x622e85055206 - <unknown>
[INFO] [stdout]   15:     0x622e85054a2c - <unknown>
[INFO] [stdout]   16:     0x622e85072e5c - <unknown>
[INFO] [stdout]   17:     0x622e8503fe98 - <unknown>
[INFO] [stdout]   18:     0x7655d68eadfa - <unknown>
[INFO] [stdout]   19:     0x7655d697e3d4 - clone
[INFO] [stdout]   20:                0x0 - <unknown>
[INFO] [stdout] 
[INFO] [stdout] ---- test_detects_src_zip stdout ----
[INFO] [stdout] 
[INFO] [stdout] thread 'test_detects_src_zip' (1384) panicked at tests/integration.rs:23:10:
[INFO] [stdout] failed to run tenter binary: Os { code: 2, kind: NotFound, message: "No such file or directory" }
[INFO] [stdout] stack backtrace:
[INFO] [stdout]    0:     0x622e85019975 - <unknown>
[INFO] [stdout]    1:     0x622e84ff9fc4 - <unknown>
[INFO] [stdout]    2:     0x622e8501901b - <unknown>
[INFO] [stdout]    3:     0x622e85018c19 - <unknown>
[INFO] [stdout]    4:     0x622e8501889a - <unknown>
[INFO] [stdout]    5:     0x622e850183cb - <unknown>
[INFO] [stdout]    6:     0x622e8503e231 - <unknown>
[INFO] [stdout]    7:     0x622e8503e1e9 - <unknown>
[INFO] [stdout]    8:     0x622e8503e6dc - <unknown>
[INFO] [stdout]    9:     0x622e84ff9e5b - <unknown>
[INFO] [stdout]   10:     0x622e84ffcd01 - <unknown>
[INFO] [stdout]   11:     0x622e84ff25cf - <unknown>
[INFO] [stdout]   12:     0x622e84ff4d5c - <unknown>
[INFO] [stdout]   13:     0x622e85058f7b - <unknown>
[INFO] [stdout]   14:     0x622e85055206 - <unknown>
[INFO] [stdout]   15:     0x622e85054a2c - <unknown>
[INFO] [stdout]   16:     0x622e85072e5c - <unknown>
[INFO] [stdout]   17:     0x622e8503fe98 - <unknown>
[INFO] [stdout]   18:     0x7655d68eadfa - <unknown>
[INFO] [stdout]   19:     0x7655d697e3d4 - clone
[INFO] [stdout]   20:                0x0 - <unknown>
[INFO] [stdout] 
[INFO] [stdout] ---- test_detects_sourcemapping_url_external stdout ----
[INFO] [stdout] 
[INFO] [stdout] thread 'test_detects_sourcemapping_url_external' (1377) panicked at tests/integration.rs:23:10:
[INFO] [stdout] failed to run tenter binary: Os { code: 2, kind: NotFound, message: "No such file or directory" }
[INFO] [stdout] stack backtrace:
[INFO] [stdout]    0:     0x622e85019975 - <unknown>
[INFO] [stdout]    1:     0x622e84ff9fc4 - <unknown>
[INFO] [stdout]    2:     0x622e8501901b - <unknown>
[INFO] [stdout]    3:     0x622e85018c19 - <unknown>
[INFO] [stdout]    4:     0x622e8501889a - <unknown>
[INFO] [stdout]    5:     0x622e850183cb - <unknown>
[INFO] [stdout]    6:     0x622e8503e231 - <unknown>
[INFO] [stdout]    7:     0x622e8503e1e9 - <unknown>
[INFO] [stdout]    8:     0x622e8503e6dc - <unknown>
[INFO] [stdout]    9:     0x622e84ff9e5b - <unknown>
[INFO] [stdout]   10:     0x622e84ffcd01 - <unknown>
[INFO] [stdout]   11:     0x622e84ff25cf - <unknown>
[INFO] [stdout]   12:     0x622e84ff7f01 - <unknown>
[INFO] [stdout]   13:     0x622e85058f7b - <unknown>
[INFO] [stdout]   14:     0x622e85055206 - <unknown>
[INFO] [stdout]   15:     0x622e85054a2c - <unknown>
[INFO] [stdout]   16:     0x622e85072e5c - <unknown>
[INFO] [stdout]   17:     0x622e8503fe98 - <unknown>
[INFO] [stdout]   18:     0x7655d68eadfa - <unknown>
[INFO] [stdout]   19:     0x7655d697e3d4 - clone
[INFO] [stdout]   20:                0x0 - <unknown>
[INFO] [stdout] 
[INFO] [stdout] ---- test_directory_scan_prunes_vcs_dirs stdout ----
[INFO] [stdout] 
[INFO] [stdout] thread 'test_directory_scan_prunes_vcs_dirs' (1385) panicked at tests/integration.rs:23:10:
[INFO] [stdout] failed to run tenter binary: Os { code: 2, kind: NotFound, message: "No such file or directory" }
[INFO] [stdout] stack backtrace:
[INFO] [stdout]    0:     0x622e85019975 - <unknown>
[INFO] [stdout]    1:     0x622e84ff9fc4 - <unknown>
[INFO] [stdout]    2:     0x622e8501901b - <unknown>
[INFO] [stdout]    3:     0x622e85018c19 - <unknown>
[INFO] [stdout]    4:     0x622e8501889a - <unknown>
[INFO] [stdout]    5:     0x622e850183cb - <unknown>
[INFO] [stdout]    6:     0x622e8503e231 - <unknown>
[INFO] [stdout]    7:     0x622e8503e1e9 - <unknown>
[INFO] [stdout]    8:     0x622e8503e6dc - <unknown>
[INFO] [stdout]    9:     0x622e84ff9e5b - <unknown>
[INFO] [stdout]   10:     0x622e84ffcd01 - <unknown>
[INFO] [stdout]   11:     0x622e84ff25cf - <unknown>
[INFO] [stdout]   12:     0x622e84ff7ab8 - <unknown>
[INFO] [stdout]   13:     0x622e85058f7b - <unknown>
[INFO] [stdout]   14:     0x622e85055206 - <unknown>
[INFO] [stdout]   15:     0x622e85054a2c - <unknown>
[INFO] [stdout]   16:     0x622e85072e5c - <unknown>
[INFO] [stdout]   17:     0x622e8503fe98 - <unknown>
[INFO] [stdout]   18:     0x7655d68eadfa - <unknown>
[INFO] [stdout]   19:     0x7655d697e3d4 - clone
[INFO] [stdout]   20:                0x0 - <unknown>
[INFO] [stdout] 
[INFO] [stdout] ---- test_json_output_schema stdout ----
[INFO] [stdout] 
[INFO] [stdout] thread 'test_json_output_schema' (1392) panicked at tests/integration.rs:23:10:
[INFO] [stdout] failed to run tenter binary: Os { code: 2, kind: NotFound, message: "No such file or directory" }
[INFO] [stdout] stack backtrace:
[INFO] [stdout]    0:     0x622e85019975 - <unknown>
[INFO] [stdout]    1:     0x622e84ff9fc4 - <unknown>
[INFO] [stdout]    2:     0x622e8501901b - <unknown>
[INFO] [stdout]    3:     0x622e85018c19 - <unknown>
[INFO] [stdout]    4:     0x622e8501889a - <unknown>
[INFO] [stdout]    5:     0x622e850183cb - <unknown>
[INFO] [stdout]    6:     0x622e8503e231 - <unknown>
[INFO] [stdout]    7:     0x622e8503e1e9 - <unknown>
[INFO] [stdout]    8:     0x622e8503e6dc - <unknown>
[INFO] [stdout]    9:     0x622e84ff9e5b - <unknown>
[INFO] [stdout]   10:     0x622e84ffcd01 - <unknown>
[INFO] [stdout]   11:     0x622e84ff25cf - <unknown>
[INFO] [stdout]   12:     0x622e84ff5823 - <unknown>
[INFO] [stdout]   13:     0x622e85058f7b - <unknown>
[INFO] [stdout]   14:     0x622e85055206 - <unknown>
[INFO] [stdout]   15:     0x622e85054a2c - <unknown>
[INFO] [stdout]   16:     0x622e85072e5c - <unknown>
[INFO] [stdout]   17:     0x622e8503fe98 - <unknown>
[INFO] [stdout]   18:     0x7655d68eadfa - <unknown>
[INFO] [stdout]   19:     0x7655d697e3d4 - clone
[INFO] [stdout]   20:                0x0 - <unknown>
[INFO] [stdout] 
[INFO] [stdout] ---- test_human_clean_output stdout ----
[INFO] [stdout] 
[INFO] [stdout] thread 'test_human_clean_output' (1390) panicked at tests/integration.rs:23:10:
[INFO] [stdout] failed to run tenter binary: Os { code: 2, kind: NotFound, message: "No such file or directory" }
[INFO] [stdout] stack backtrace:
[INFO] [stdout]    0:     0x622e85019975 - <unknown>
[INFO] [stdout]    1:     0x622e84ff9fc4 - <unknown>
[INFO] [stdout]    2:     0x622e8501901b - <unknown>
[INFO] [stdout]    3:     0x622e85018c19 - <unknown>
[INFO] [stdout]    4:     0x622e8501889a - <unknown>
[INFO] [stdout]    5:     0x622e850183cb - <unknown>
[INFO] [stdout]    6:     0x622e8503e231 - <unknown>
[INFO] [stdout]    7:     0x622e8503e1e9 - <unknown>
[INFO] [stdout]    8:     0x622e8503e6dc - <unknown>
[INFO] [stdout]    9:     0x622e84ff9e5b - <unknown>
[INFO] [stdout]   10:     0x622e84ffcd01 - <unknown>
[INFO] [stdout]   11:     0x622e84ff25cf - <unknown>
[INFO] [stdout]   12:     0x622e84ff569a - <unknown>
[INFO] [stdout]   13:     0x622e85058f7b - <unknown>
[INFO] [stdout]   14:     0x622e85055206 - <unknown>
[INFO] [stdout]   15:     0x622e85054a2c - <unknown>
[INFO] [stdout]   16:     0x622e85072e5c - <unknown>
[INFO] [stdout]   17:     0x622e8503fe98 - <unknown>
[INFO] [stdout]   18:     0x7655d68eadfa - <unknown>
[INFO] [stdout]   19:     0x7655d697e3d4 - clone
[INFO] [stdout]   20:                0x0 - <unknown>
[INFO] [stdout] 
[INFO] [stdout] ---- test_internal_dir_aggregated_one_finding stdout ----
[INFO] [stdout] 
[INFO] [stdout] thread 'test_internal_dir_aggregated_one_finding' (1391) panicked at tests/integration.rs:23:10:
[INFO] [stdout] failed to run tenter binary: Os { code: 2, kind: NotFound, message: "No such file or directory" }
[INFO] [stdout] stack backtrace:
[INFO] [stdout]    0:     0x622e85019975 - <unknown>
[INFO] [stdout]    1:     0x622e84ff9fc4 - <unknown>
[INFO] [stdout]    2:     0x622e8501901b - <unknown>
[INFO] [stdout]    3:     0x622e85018c19 - <unknown>
[INFO] [stdout]    4:     0x622e8501889a - <unknown>
[INFO] [stdout]    5:     0x622e850183cb - <unknown>
[INFO] [stdout]    6:     0x622e8503e231 - <unknown>
[INFO] [stdout]    7:     0x622e8503e1e9 - <unknown>
[INFO] [stdout]    8:     0x622e8503e6dc - <unknown>
[INFO] [stdout]    9:     0x622e84ff9e5b - <unknown>
[INFO] [stdout]   10:     0x622e84ffcd01 - <unknown>
[INFO] [stdout]   11:     0x622e84ff25cf - <unknown>
[INFO] [stdout]   12:     0x622e84ff8093 - <unknown>
[INFO] [stdout]   13:     0x622e85058f7b - <unknown>
[INFO] [stdout]   14:     0x622e85055206 - <unknown>
[INFO] [stdout]   15:     0x622e85054a2c - <unknown>
[INFO] [stdout]   16:     0x622e85072e5c - <unknown>
[INFO] [stdout]   17:     0x622e8503fe98 - <unknown>
[INFO] [stdout]   18:     0x7655d68eadfa - <unknown>
[INFO] [stdout]   19:     0x7655d697e3d4 - clone
[INFO] [stdout]   20:                0x0 - <unknown>
[INFO] [stdout] 
[INFO] [stdout] ---- test_detects_claude_config stdout ----
[INFO] [stdout] 
[INFO] [stdout] thread 'test_detects_claude_config' (1360) panicked at tests/integration.rs:23:10:
[INFO] [stdout] failed to run tenter binary: Os { code: 2, kind: NotFound, message: "No such file or directory" }
[INFO] [stdout] stack backtrace:
[INFO] [stdout]    0:     0x622e85019975 - <unknown>
[INFO] [stdout]    1:     0x622e84ff9fc4 - <unknown>
[INFO] [stdout]    2:     0x622e8501901b - <unknown>
[INFO] [stdout]    3:     0x622e85018c19 - <unknown>
[INFO] [stdout]    4:     0x622e8501889a - <unknown>
[INFO] [stdout]    5:     0x622e850183cb - <unknown>
[INFO] [stdout]    6:     0x622e8503e231 - <unknown>
[INFO] [stdout]    7:     0x622e8503e1e9 - <unknown>
[INFO] [stdout]    8:     0x622e8503e6dc - <unknown>
[INFO] [stdout]    9:     0x622e84ff9e5b - <unknown>
[INFO] [stdout]   10:     0x622e84ffcd01 - <unknown>
[INFO] [stdout]   11:     0x622e84ff25cf - <unknown>
[INFO] [stdout]   12:     0x622e84ff625e - <unknown>
[INFO] [stdout]   13:     0x622e85058f7b - <unknown>
[INFO] [stdout]   14:     0x622e85055206 - <unknown>
[INFO] [stdout]   15:     0x622e85054a2c - <unknown>
[INFO] [stdout]   16:     0x622e85072e5c - <unknown>
[INFO] [stdout]   17:     0x622e8503fe98 - <unknown>
[INFO] [stdout]   18:     0x7655d68eadfa - <unknown>
[INFO] [stdout]   19:     0x7655d697e3d4 - clone
[INFO] [stdout]   20:                0x0 - <unknown>
[INFO] [stdout] 
[INFO] [stdout] ---- test_tarball_git_dir_flagged_once stdout ----
[INFO] [stdout] 
[INFO] [stdout] thread 'test_tarball_git_dir_flagged_once' (1401) panicked at tests/integration.rs:23:10:
[INFO] [stdout] failed to run tenter binary: Os { code: 2, kind: NotFound, message: "No such file or directory" }
[INFO] [stdout] stack backtrace:
[INFO] [stdout]    0:     0x622e85019975 - <unknown>
[INFO] [stdout]    1:     0x622e84ff9fc4 - <unknown>
[INFO] [stdout]    2:     0x622e8501901b - <unknown>
[INFO] [stdout]    3:     0x622e85018c19 - <unknown>
[INFO] [stdout]    4:     0x622e8501889a - <unknown>
[INFO] [stdout]    5:     0x622e850183cb - <unknown>
[INFO] [stdout]    6:     0x622e8503e231 - <unknown>
[INFO] [stdout]    7:     0x622e8503e1e9 - <unknown>
[INFO] [stdout]    8:     0x622e8503e6dc - <unknown>
[INFO] [stdout]    9:     0x622e84ff9e5b - <unknown>
[INFO] [stdout]   10:     0x622e84ffcd01 - <unknown>
[INFO] [stdout]   11:     0x622e84ff25cf - <unknown>
[INFO] [stdout]   12:     0x622e84ff71a1 - <unknown>
[INFO] [stdout]   13:     0x622e85058f7b - <unknown>
[INFO] [stdout]   14:     0x622e85055206 - <unknown>
[INFO] [stdout]   15:     0x622e85054a2c - <unknown>
[INFO] [stdout]   16:     0x622e85072e5c - <unknown>
[INFO] [stdout]   17:     0x622e8503fe98 - <unknown>
[INFO] [stdout]   18:     0x7655d68eadfa - <unknown>
[INFO] [stdout]   19:     0x7655d697e3d4 - clone
[INFO] [stdout]   20:                0x0 - <unknown>
[INFO] [stdout] 
[INFO] [stdout] ---- test_standalone_pyc_still_perfile stdout ----
[INFO] [stdout] 
[INFO] [stdout] thread 'test_standalone_pyc_still_perfile' (1399) panicked at tests/integration.rs:23:10:
[INFO] [stdout] failed to run tenter binary: Os { code: 2, kind: NotFound, message: "No such file or directory" }
[INFO] [stdout] stack backtrace:
[INFO] [stdout]    0:     0x622e85019975 - <unknown>
[INFO] [stdout]    1:     0x622e84ff9fc4 - <unknown>
[INFO] [stdout]    2:     0x622e8501901b - <unknown>
[INFO] [stdout]    3:     0x622e85018c19 - <unknown>
[INFO] [stdout]    4:     0x622e8501889a - <unknown>
[INFO] [stdout]    5:     0x622e850183cb - <unknown>
[INFO] [stdout]    6:     0x622e8503e231 - <unknown>
[INFO] [stdout]    7:     0x622e8503e1e9 - <unknown>
[INFO] [stdout]    8:     0x622e8503e6dc - <unknown>
[INFO] [stdout]    9:     0x622e84ff9e5b - <unknown>
[INFO] [stdout]   10:     0x622e84ffcd01 - <unknown>
[INFO] [stdout]   11:     0x622e84ff25cf - <unknown>
[INFO] [stdout]   12:     0x622e84ff64f0 - <unknown>
[INFO] [stdout]   13:     0x622e85058f7b - <unknown>
[INFO] [stdout]   14:     0x622e85055206 - <unknown>
[INFO] [stdout]   15:     0x622e85054a2c - <unknown>
[INFO] [stdout]   16:     0x622e85072e5c - <unknown>
[INFO] [stdout]   17:     0x622e8503fe98 - <unknown>
[INFO] [stdout]   18:     0x7655d68eadfa - <unknown>
[INFO] [stdout]   19:     0x7655d697e3d4 - clone
[INFO] [stdout]   20:                0x0 - <unknown>
[INFO] [stdout] 
[INFO] [stdout] ---- test_no_perfile_finding_inside_internal_dir stdout ----
[INFO] [stdout] 
[INFO] [stdout] thread 'test_no_perfile_finding_inside_internal_dir' (1396) panicked at tests/integration.rs:23:10:
[INFO] [stdout] failed to run tenter binary: Os { code: 2, kind: NotFound, message: "No such file or directory" }
[INFO] [stdout] stack backtrace:
[INFO] [stdout]    0:     0x622e85019975 - <unknown>
[INFO] [stdout]    1:     0x622e84ff9fc4 - <unknown>
[INFO] [stdout]    2:     0x622e8501901b - <unknown>
[INFO] [stdout]    3:     0x622e85018c19 - <unknown>
[INFO] [stdout]    4:     0x622e8501889a - <unknown>
[INFO] [stdout]    5:     0x622e850183cb - <unknown>
[INFO] [stdout]    6:     0x622e8503e231 - <unknown>
[INFO] [stdout]    7:     0x622e8503e1e9 - <unknown>
[INFO] [stdout]    8:     0x622e8503e6dc - <unknown>
[INFO] [stdout]    9:     0x622e84ff9e5b - <unknown>
[INFO] [stdout]   10:     0x622e84ffcd01 - <unknown>
[INFO] [stdout]   11:     0x622e84ff25cf - <unknown>
[INFO] [stdout]   12:     0x622e84ff83d9 - <unknown>
[INFO] [stdout]   13:     0x622e85058f7b - <unknown>
[INFO] [stdout]   14:     0x622e85055206 - <unknown>
[INFO] [stdout]   15:     0x622e85054a2c - <unknown>
[INFO] [stdout]   16:     0x622e85072e5c - <unknown>
[INFO] [stdout]   17:     0x622e8503fe98 - <unknown>
[INFO] [stdout]   18:     0x7655d68eadfa - <unknown>
[INFO] [stdout]   19:     0x7655d697e3d4 - clone
[INFO] [stdout]   20:                0x0 - <unknown>
[INFO] [stdout] 
[INFO] [stdout] ---- test_secret_inside_internal_dir_still_detected stdout ----
[INFO] [stdout] 
[INFO] [stdout] thread 'test_secret_inside_internal_dir_still_detected' (1398) panicked at tests/integration.rs:23:10:
[INFO] [stdout] failed to run tenter binary: Os { code: 2, kind: NotFound, message: "No such file or directory" }
[INFO] [stdout] stack backtrace:
[INFO] [stdout]    0:     0x622e85019975 - <unknown>
[INFO] [stdout]    1:     0x622e84ff9fc4 - <unknown>
[INFO] [stdout]    2:     0x622e8501901b - <unknown>
[INFO] [stdout]    3:     0x622e85018c19 - <unknown>
[INFO] [stdout]    4:     0x622e8501889a - <unknown>
[INFO] [stdout]    5:     0x622e850183cb - <unknown>
[INFO] [stdout]    6:     0x622e8503e231 - <unknown>
[INFO] [stdout]    7:     0x622e8503e1e9 - <unknown>
[INFO] [stdout]    8:     0x622e8503e6dc - <unknown>
[INFO] [stdout]    9:     0x622e84ff9e5b - <unknown>
[INFO] [stdout]   10:     0x622e84ffcd01 - <unknown>
[INFO] [stdout]   11:     0x622e84ff25cf - <unknown>
[INFO] [stdout]   12:     0x622e84ff8710 - <unknown>
[INFO] [stdout]   13:     0x622e85058f7b - <unknown>
[INFO] [stdout]   14:     0x622e85055206 - <unknown>
[INFO] [stdout]   15:     0x622e85054a2c - <unknown>
[INFO] [stdout]   16:     0x622e85072e5c - <unknown>
[INFO] [stdout]   17:     0x622e8503fe98 - <unknown>
[INFO] [stdout]   18:     0x7655d68eadfa - <unknown>
[INFO] [stdout]   19:     0x7655d697e3d4 - clone
[INFO] [stdout]   20:                0x0 - <unknown>
[INFO] [stdout] 
[INFO] [stdout] ---- test_detects_map_file stdout ----
[INFO] [stdout] 
[INFO] [stdout] thread 'test_detects_map_file' (1372) panicked at tests/integration.rs:23:10:
[INFO] [stdout] failed to run tenter binary: Os { code: 2, kind: NotFound, message: "No such file or directory" }
[INFO] [stdout] stack backtrace:
[INFO] [stdout]    0:     0x622e85019975 - <unknown>
[INFO] [stdout]    1:     0x622e84ff9fc4 - <unknown>
[INFO] [stdout]    2:     0x622e8501901b - <unknown>
[INFO] [stdout]    3:     0x622e85018c19 - <unknown>
[INFO] [stdout]    4:     0x622e8501889a - <unknown>
[INFO] [stdout]    5:     0x622e850183cb - <unknown>
[INFO] [stdout]    6:     0x622e8503e231 - <unknown>
[INFO] [stdout]    7:     0x622e8503e1e9 - <unknown>
[INFO] [stdout]    8:     0x622e8503e6dc - <unknown>
[INFO] [stdout]    9:     0x622e84ff9e5b - <unknown>
[INFO] [stdout]   10:     0x622e84ffcd01 - <unknown>
[INFO] [stdout]   11:     0x622e84ff25cf - <unknown>
[INFO] [stdout]   12:     0x622e84ff5006 - <unknown>
[INFO] [stdout]   13:     0x622e85058f7b - <unknown>
[INFO] [stdout]   14:     0x622e85055206 - <unknown>
[INFO] [stdout]   15:     0x622e85054a2c - <unknown>
[INFO] [stdout]   16:     0x622e85072e5c - <unknown>
[INFO] [stdout]   17:     0x622e8503fe98 - <unknown>
[INFO] [stdout]   18:     0x7655d68eadfa - <unknown>
[INFO] [stdout]   19:     0x7655d697e3d4 - clone
[INFO] [stdout]   20:                0x0 - <unknown>
[INFO] [stdout] 
[INFO] [stdout] ---- test_sarif_output_schema stdout ----
[INFO] [stdout] 
[INFO] [stdout] thread 'test_sarif_output_schema' (1397) panicked at tests/integration.rs:23:10:
[INFO] [stdout] failed to run tenter binary: Os { code: 2, kind: NotFound, message: "No such file or directory" }
[INFO] [stdout] stack backtrace:
[INFO] [stdout]    0:     0x622e85019975 - <unknown>
[INFO] [stdout]    1:     0x622e84ff9fc4 - <unknown>
[INFO] [stdout]    2:     0x622e8501901b - <unknown>
[INFO] [stdout]    3:     0x622e85018c19 - <unknown>
[INFO] [stdout]    4:     0x622e8501889a - <unknown>
[INFO] [stdout]    5:     0x622e850183cb - <unknown>
[INFO] [stdout]    6:     0x622e8503e231 - <unknown>
[INFO] [stdout]    7:     0x622e8503e1e9 - <unknown>
[INFO] [stdout]    8:     0x622e8503e6dc - <unknown>
[INFO] [stdout]    9:     0x622e84ff9e5b - <unknown>
[INFO] [stdout]   10:     0x622e84ffcd01 - <unknown>
[INFO] [stdout]   11:     0x622e84ff25cf - <unknown>
[INFO] [stdout]   12:     0x622e84ff5b4d - <unknown>
[INFO] [stdout]   13:     0x622e85058f7b - <unknown>
[INFO] [stdout]   14:     0x622e85055206 - <unknown>
[INFO] [stdout]   15:     0x622e85054a2c - <unknown>
[INFO] [stdout]   16:     0x622e85072e5c - <unknown>
[INFO] [stdout]   17:     0x622e8503fe98 - <unknown>
[INFO] [stdout]   18:     0x7655d68eadfa - <unknown>
[INFO] [stdout]   19:     0x7655d697e3d4 - clone
[INFO] [stdout]   20:                0x0 - <unknown>
[INFO] [stdout] 
[INFO] [stdout] ---- test_detects_large_file stdout ----
[INFO] [stdout] 
[INFO] [stdout] thread 'test_detects_large_file' (1371) panicked at tests/integration.rs:23:10:
[INFO] [stdout] failed to run tenter binary: Os { code: 2, kind: NotFound, message: "No such file or directory" }
[INFO] [stdout] stack backtrace:
[INFO] [stdout]    0:     0x622e85019975 - <unknown>
[INFO] [stdout]    1:     0x622e84ff9fc4 - <unknown>
[INFO] [stdout]    2:     0x622e8501901b - <unknown>
[INFO] [stdout]    3:     0x622e85018c19 - <unknown>
[INFO] [stdout]    4:     0x622e8501889a - <unknown>
[INFO] [stdout]    5:     0x622e850183cb - <unknown>
[INFO] [stdout]    6:     0x622e8503e231 - <unknown>
[INFO] [stdout]    7:     0x622e8503e1e9 - <unknown>
[INFO] [stdout]    8:     0x622e8503e6dc - <unknown>
[INFO] [stdout]    9:     0x622e84ff9e5b - <unknown>
[INFO] [stdout]   10:     0x622e84ffcd01 - <unknown>
[INFO] [stdout]   11:     0x622e84ff25cf - <unknown>
[INFO] [stdout]   12:     0x622e84ff5526 - <unknown>
[INFO] [stdout]   13:     0x622e85058f7b - <unknown>
[INFO] [stdout]   14:     0x622e85055206 - <unknown>
[INFO] [stdout]   15:     0x622e85054a2c - <unknown>
[INFO] [stdout]   16:     0x622e85072e5c - <unknown>
[INFO] [stdout]   17:     0x622e8503fe98 - <unknown>
[INFO] [stdout]   18:     0x7655d68eadfa - <unknown>
[INFO] [stdout]   19:     0x7655d697e3d4 - clone
[INFO] [stdout]   20:                0x0 - <unknown>
[INFO] [stdout] 
[INFO] [stdout] 
[INFO] [stdout] failures:
[INFO] [stdout]     test_allowlist_skips_file
[INFO] [stderr] error: test failed, to rerun pass `--test integration`
[INFO] [stdout]     test_clean_js_no_map_findings
[INFO] [stdout]     test_detects_aws_key
[INFO] [stdout]     test_detects_claude_config
[INFO] [stdout]     test_detects_claude_md
[INFO] [stdout]     test_detects_coverage_dir
[INFO] [stdout]     test_detects_env_file
[INFO] [stdout]     test_detects_github_token
[INFO] [stdout]     test_detects_large_file
[INFO] [stdout]     test_detects_map_file
[INFO] [stdout]     test_detects_pdb
[INFO] [stdout]     test_detects_private_key
[INFO] [stdout]     test_detects_sourcemapping_url_external
[INFO] [stdout]     test_detects_sourcemapping_url_local
[INFO] [stdout]     test_detects_src_zip
[INFO] [stdout]     test_directory_scan_prunes_vcs_dirs
[INFO] [stdout]     test_fail_on_threshold
[INFO] [stdout]     test_human_clean_output
[INFO] [stdout]     test_internal_dir_aggregated_one_finding
[INFO] [stdout]     test_json_output_schema
[INFO] [stdout]     test_no_perfile_finding_inside_internal_dir
[INFO] [stdout]     test_sarif_output_schema
[INFO] [stdout]     test_secret_inside_internal_dir_still_detected
[INFO] [stdout]     test_standalone_pyc_still_perfile
[INFO] [stdout]     test_tarball_git_dir_flagged_once
[INFO] [stdout] 
[INFO] [stdout] test result: FAILED. 0 passed; 25 failed; 0 ignored; 0 measured; 0 filtered out; finished in 0.21s
[INFO] [stdout] 
[INFO] running `Command { std: "docker" "inspect" "6d35f363090c9cc36bc19b154a2a500113618dd72cefe68c84142e3cd50d8bc9", kill_on_drop: false }`
[INFO] running `Command { std: "docker" "rm" "-f" "6d35f363090c9cc36bc19b154a2a500113618dd72cefe68c84142e3cd50d8bc9", kill_on_drop: false }`
[INFO] [stdout] 6d35f363090c9cc36bc19b154a2a500113618dd72cefe68c84142e3cd50d8bc9
