[INFO] cloning repository https://github.com/ZaCtalina123/bundler
[INFO] running `Command { std: "git" "-c" "credential.helper=" "-c" "credential.helper=/workspace/cargo-home/bin/git-credential-null" "clone" "--bare" "https://github.com/ZaCtalina123/bundler" "/workspace/cache/git-repos/https%3A%2F%2Fgithub.com%2FZaCtalina123%2Fbundler", kill_on_drop: false }`
[INFO] [stderr] Cloning into bare repository '/workspace/cache/git-repos/https%3A%2F%2Fgithub.com%2FZaCtalina123%2Fbundler'...
[INFO] running `Command { std: "git" "rev-parse" "HEAD", kill_on_drop: false }`
[INFO] [stdout] 1617e2120e149faac83a506743e10608a0f9253e
[INFO] testing ZaCtalina123/bundler against 1.100.0-beta.1+cargoflags=--release for beta-release-1.100-2
[INFO] running `Command { std: "git" "clone" "/workspace/cache/git-repos/https%3A%2F%2Fgithub.com%2FZaCtalina123%2Fbundler" "/workspace/builds/worker-0-tc2/source", kill_on_drop: false }`
[INFO] [stderr] Cloning into '/workspace/builds/worker-0-tc2/source'...
[INFO] [stderr] done.
[INFO] started tweaking git repo https://github.com/ZaCtalina123/bundler
[INFO] finished tweaking git repo https://github.com/ZaCtalina123/bundler
[INFO] tweaked toml for git repo https://github.com/ZaCtalina123/bundler written to /workspace/builds/worker-0-tc2/source/Cargo.toml
[INFO] validating manifest of git repo https://github.com/ZaCtalina123/bundler on toolchain 1.100.0-beta.1
[INFO] running `Command { std: CARGO_HOME="/workspace/cargo-home" RUSTUP_HOME="/workspace/rustup-home" "/workspace/cargo-home/bin/cargo" "+1.100.0-beta.1" "metadata" "--manifest-path" "Cargo.toml" "--no-deps", kill_on_drop: false }`
[INFO] crate git repo https://github.com/ZaCtalina123/bundler already has a lockfile, it will not be regenerated
[INFO] running `Command { std: CARGO_HOME="/workspace/cargo-home" RUSTUP_HOME="/workspace/rustup-home" "/workspace/cargo-home/bin/cargo" "+1.100.0-beta.1" "fetch" "--manifest-path" "Cargo.toml", kill_on_drop: false }`
[INFO] running `Command { std: "docker" "create" "-v" "/var/lib/crater-agent-workspace/builds/worker-0-tc2/source:/opt/rustwide/workdir:ro,Z" "-v" "/var/lib/crater-agent-workspace/builds/worker-0-tc2/target:/opt/rustwide/target:rw,Z" "-v" "/var/lib/crater-agent-workspace/cargo-home:/opt/rustwide/cargo-home:ro,Z" "-v" "/var/lib/crater-agent-workspace/rustup-home:/opt/rustwide/rustup-home:ro,Z" "-m" "1610612736" "--network" "none" "ghcr.io/rust-lang/crates-build-env/linux@sha256:77db811e55d90add9212f6832c23229e3de5f1c1f9905e8cb07319ea15df73ac" "sleep" "infinity", kill_on_drop: false }`
[INFO] [stdout] d5f957b191789a1cbb71d4aaf7b3eb5ec4a75f3eaa2ba52e4e7d3e8af6a9a63d
[INFO] running `Command { std: "docker" "start" "d5f957b191789a1cbb71d4aaf7b3eb5ec4a75f3eaa2ba52e4e7d3e8af6a9a63d", kill_on_drop: false }`
[INFO] running `Command { std: "docker" "inspect" "d5f957b191789a1cbb71d4aaf7b3eb5ec4a75f3eaa2ba52e4e7d3e8af6a9a63d", kill_on_drop: false }`
[INFO] running `Command { std: "docker" "exec" "-e" "SOURCE_DIR=/opt/rustwide/workdir" "-e" "CARGO_HOME=/opt/rustwide/cargo-home" "-e" "RUSTUP_HOME=/opt/rustwide/rustup-home" "-e" "CARGO_TARGET_DIR=/opt/rustwide/target" "-w" "/opt/rustwide/workdir" "--user" "0:0" "d5f957b191789a1cbb71d4aaf7b3eb5ec4a75f3eaa2ba52e4e7d3e8af6a9a63d" "/opt/rustwide/cargo-home/bin/cargo" "+1.100.0-beta.1" "metadata" "--no-deps" "--format-version=1", kill_on_drop: false }`
[INFO] running `Command { std: "docker" "inspect" "d5f957b191789a1cbb71d4aaf7b3eb5ec4a75f3eaa2ba52e4e7d3e8af6a9a63d", kill_on_drop: false }`
[INFO] running `Command { std: "docker" "exec" "-e" "SOURCE_DIR=/opt/rustwide/workdir" "-e" "CARGO_HOME=/opt/rustwide/cargo-home" "-e" "RUSTUP_HOME=/opt/rustwide/rustup-home" "-e" "CARGO_TARGET_DIR=/opt/rustwide/target" "-e" "CARGO_INCREMENTAL=0" "-e" "RUST_BACKTRACE=full" "-e" "RUSTFLAGS=--cap-lints=warn" "-e" "RUSTDOCFLAGS=--cap-lints=warn" "-w" "/opt/rustwide/workdir" "--user" "0:0" "d5f957b191789a1cbb71d4aaf7b3eb5ec4a75f3eaa2ba52e4e7d3e8af6a9a63d" "/opt/rustwide/cargo-home/bin/cargo" "+1.100.0-beta.1" "build" "--frozen" "--message-format=json" "--release", kill_on_drop: false }`
[INFO] [stderr]    Compiling proc-macro2 v1.0.107
[INFO] [stderr]    Compiling quote v1.0.47
[INFO] [stderr]    Compiling unicode-ident v1.0.24
[INFO] [stderr]    Compiling serde_core v1.0.229
[INFO] [stderr]    Compiling memchr v2.8.3
[INFO] [stderr]    Compiling serde v1.0.229
[INFO] [stderr]    Compiling crc32fast v1.5.1
[INFO] [stderr]    Compiling equivalent v1.0.2
[INFO] [stderr]    Compiling crossbeam-utils v0.8.23
[INFO] [stderr]    Compiling hashbrown v0.17.1
[INFO] [stderr]    Compiling utf8parse v0.2.2
[INFO] [stderr]    Compiling log v0.4.34
[INFO] [stderr]    Compiling libc v0.2.189
[INFO] [stderr]    Compiling autocfg v1.5.1
[INFO] [stderr]    Compiling cfg-if v1.0.4
[INFO] [stderr]    Compiling crossbeam-epoch v0.9.21
[INFO] [stderr]    Compiling simd-adler32 v0.3.10
[INFO] [stderr]    Compiling is_terminal_polyfill v1.70.2
[INFO] [stderr]    Compiling anstyle-parse v1.0.0
[INFO] [stderr]    Compiling zmij v1.0.23
[INFO] [stderr]    Compiling anstyle-query v1.1.5
[INFO] [stderr]    Compiling crossbeam-deque v0.8.8
[INFO] [stderr]    Compiling regex-syntax v0.8.11
[INFO] [stderr]    Compiling adler2 v2.0.1
[INFO] [stderr]    Compiling anstyle v1.0.14
[INFO] [stderr]    Compiling portable-atomic v1.15.0
[INFO] [stderr]    Compiling colorchoice v1.0.5
[INFO] [stderr]    Compiling thiserror v2.0.20
[INFO] [stderr]    Compiling anstream v1.0.0
[INFO] [stderr]    Compiling miniz_oxide v0.9.1
[INFO] [stderr]    Compiling num-traits v0.2.19
[INFO] [stderr]    Compiling zip v2.4.2
[INFO] [stderr]    Compiling serde_json v1.0.151
[INFO] [stderr]    Compiling same-file v1.0.6
[INFO] [stderr]    Compiling strsim v0.11.1
[INFO] [stderr]    Compiling anyhow v1.0.104
[INFO] [stderr]    Compiling heck v0.5.0
[INFO] [stderr]    Compiling unicode-width v0.2.2
[INFO] [stderr]    Compiling winnow v0.7.15
[INFO] [stderr]    Compiling itoa v1.0.18
[INFO] [stderr]    Compiling once_cell v1.21.4
[INFO] [stderr]    Compiling clap_lex v1.1.0
[INFO] [stderr]    Compiling toml_write v0.1.2
[INFO] [stderr]    Compiling bumpalo v3.20.3
[INFO] [stderr]    Compiling clap_builder v4.6.6
[INFO] [stderr]    Compiling syn v3.0.5
[INFO] [stderr]    Compiling aho-corasick v1.1.5
[INFO] [stderr]    Compiling bstr v1.13.1
[INFO] [stderr]    Compiling zopfli v0.8.3
[INFO] [stderr]    Compiling walkdir v2.5.0
[INFO] [stderr]    Compiling indexmap v2.14.2
[INFO] [stderr]    Compiling flate2 v1.1.10
[INFO] [stderr]    Compiling unsafe-libyaml v0.2.11
[INFO] [stderr]    Compiling number_prefix v0.4.0
[INFO] [stderr]    Compiling iana-time-zone v0.1.65
[INFO] [stderr]    Compiling ryu v1.0.23
[INFO] [stderr]    Compiling chrono v0.4.45
[INFO] [stderr]    Compiling base64 v0.22.1
[INFO] [stderr]    Compiling console v0.15.11
[INFO] [stderr]    Compiling regex-automata v0.4.18
[INFO] [stderr]    Compiling indicatif v0.17.11
[INFO] [stderr]    Compiling serde_derive v1.0.229
[INFO] [stderr]    Compiling thiserror-impl v2.0.20
[INFO] [stderr]    Compiling clap_derive v4.6.4
[INFO] [stderr]    Compiling displaydoc v0.2.7
[INFO] [stderr]    Compiling clap v4.6.6
[INFO] [stderr]    Compiling globset v0.4.20
[INFO] [stderr]    Compiling ignore v0.4.33
[INFO] [stderr]    Compiling serde_spanned v0.6.9
[INFO] [stderr]    Compiling toml_datetime v0.6.11
[INFO] [stderr]    Compiling serde_yaml v0.9.34+deprecated
[INFO] [stderr]    Compiling toml_edit v0.22.27
[INFO] [stderr]    Compiling toml v0.8.23
[INFO] [stderr]    Compiling bundler v1.0.0 (/opt/rustwide/workdir)
[INFO] [stderr]     Finished `release` profile [optimized] target(s) in 1m 33s
[INFO] running `Command { std: "docker" "inspect" "d5f957b191789a1cbb71d4aaf7b3eb5ec4a75f3eaa2ba52e4e7d3e8af6a9a63d", kill_on_drop: false }`
[INFO] running `Command { std: "docker" "exec" "-e" "SOURCE_DIR=/opt/rustwide/workdir" "-e" "CARGO_HOME=/opt/rustwide/cargo-home" "-e" "RUSTUP_HOME=/opt/rustwide/rustup-home" "-e" "CARGO_TARGET_DIR=/opt/rustwide/target" "-e" "CARGO_INCREMENTAL=0" "-e" "RUST_BACKTRACE=full" "-e" "RUSTFLAGS=--cap-lints=warn" "-e" "RUSTDOCFLAGS=--cap-lints=warn" "-w" "/opt/rustwide/workdir" "--user" "0:0" "d5f957b191789a1cbb71d4aaf7b3eb5ec4a75f3eaa2ba52e4e7d3e8af6a9a63d" "/opt/rustwide/cargo-home/bin/cargo" "+1.100.0-beta.1" "test" "--frozen" "--no-run" "--message-format=json" "--release", kill_on_drop: false }`
[INFO] [stderr]    Compiling rustix v1.1.4
[INFO] [stderr]    Compiling getrandom v0.4.3
[INFO] [stderr]    Compiling linux-raw-sys v0.12.1
[INFO] [stderr]    Compiling bitflags v2.13.1
[INFO] [stderr]    Compiling fastrand v2.5.0
[INFO] [stderr]    Compiling tempfile v3.27.0
[INFO] [stderr]    Compiling bundler v1.0.0 (/opt/rustwide/workdir)
[INFO] [stderr]     Finished `release` profile [optimized] target(s) in 46.39s
[INFO] running `Command { std: "docker" "inspect" "d5f957b191789a1cbb71d4aaf7b3eb5ec4a75f3eaa2ba52e4e7d3e8af6a9a63d", kill_on_drop: false }`
[INFO] running `Command { std: "docker" "exec" "-e" "SOURCE_DIR=/opt/rustwide/workdir" "-e" "CARGO_HOME=/opt/rustwide/cargo-home" "-e" "RUSTUP_HOME=/opt/rustwide/rustup-home" "-e" "CARGO_TARGET_DIR=/opt/rustwide/target" "-e" "CARGO_INCREMENTAL=0" "-e" "RUST_BACKTRACE=full" "-e" "RUSTFLAGS=--cap-lints=warn" "-e" "RUSTDOCFLAGS=--cap-lints=warn" "-w" "/opt/rustwide/workdir" "--user" "0:0" "d5f957b191789a1cbb71d4aaf7b3eb5ec4a75f3eaa2ba52e4e7d3e8af6a9a63d" "/opt/rustwide/cargo-home/bin/cargo" "+1.100.0-beta.1" "test" "--frozen" "--release", kill_on_drop: false }`
[INFO] [stderr]     Finished `release` profile [optimized] target(s) in 0.11s
[INFO] [stderr]      Running unittests src/main.rs (/opt/rustwide/target/release/build/bundler/b472021aa50391ba/out/bundler-b472021aa50391ba)
[INFO] [stdout] 
[INFO] [stdout] running 26 tests
[INFO] [stdout] test formats::text::tests::reads_v1_bundle ... ok
[INFO] [stdout] test formats::yaml::tests::yaml_roundtrip_with_multiline_and_binary ... ok
[INFO] [stdout] test formats::toml_fmt::tests::toml_roundtrip ... ok
[INFO] [stdout] test model::tests::payload_derives_metadata ... ok
[INFO] [stdout] test formats::zip_fmt::tests::zip_roundtrip_keeps_binaries_raw ... ok
[INFO] [stdout] test formats::text::tests::full_text_roundtrip_with_base64_and_skip ... ok
[INFO] [stdout] test formats::zip_fmt::tests::reads_foreign_zip_without_manifest ... ok
[INFO] [stdout] test model::tests::path_string_normalizes_separators ... ok
[INFO] [stdout] test formats::dto::tests::dto_manifest_has_no_content_field ... ok
[INFO] [stdout] test formats::text::tests::unicode_text_roundtrip ... ok
[INFO] [stdout] test model::tests::labels_are_stable ... ok
[INFO] [stdout] test model::tests::payload_exposes_raw_bytes ... ok
[INFO] [stdout] test formats::tests::detects_format_by_extension ... ok
[INFO] [stdout] test formats::json::tests::json_roundtrip ... ok
[INFO] [stdout] test formats::text::tests::empty_body_text_roundtrip ... ok
[INFO] [stdout] test formats::tests::auto_resolves_to_text_for_unknown_extension ... ok
[INFO] [stdout] test formats::dto::tests::dto_roundtrip_preserves_everything ... ok
[INFO] [stdout] test ui::tests::sizes_are_human_readable ... ok
[INFO] [stdout] test scan::tests::include_set_from_extensions ... ok
[INFO] [stdout] test model::tests::sanitize_rejects_traversal ... ok
[INFO] [stdout] test scan::tests::exclude_set_normalizes_backslashes ... ok
[INFO] [stdout] test scan::tests::include_set_from_raw_glob ... ok
[INFO] [stdout] test scan::tests::sniff_detects_null_byte ... ok
[INFO] [stdout] test formats::dto::tests::dto_rejects_traversal_paths ... ok
[INFO] [stdout] test formats::zip_fmt::tests::zip_roundtrip_with_skipped_entries ... ok
[INFO] [stderr]      Running tests/integration.rs (/opt/rustwide/target/release/build/bundler/ff3a324aa13dec4d/out/integration-ff3a324aa13dec4d)
[INFO] [stdout] test model::tests::bundle_aggregates_totals ... ok
[INFO] [stdout] 
[INFO] [stdout] test result: ok. 26 passed; 0 failed; 0 ignored; 0 measured; 0 filtered out; finished in 0.08s
[INFO] [stdout] 
[INFO] [stdout] 
[INFO] [stdout] running 19 tests
[INFO] [stdout] test test_inspect_text_report ... FAILED
[INFO] [stdout] test test_keep_existing_flag ... FAILED
[INFO] [stdout] test test_hidden_files_flag ... FAILED
[INFO] [stdout] test test_auto_format_detection ... FAILED
[INFO] [stdout] test test_format_matrix_roundtrip_with_binaries ... FAILED
[INFO] [stdout] test test_follow_symlinks ... FAILED
[INFO] [stdout] test test_v1_bundle_backward_compatibility ... FAILED
[INFO] [stdout] test test_unpack_creates_missing_output_directories ... FAILED
[INFO] [stdout] test test_formats_command ... FAILED
[INFO] [stdout] test test_zip_is_real_archive ... FAILED
[INFO] [stdout] test test_inspect_json_output ... FAILED
[INFO] [stdout] test test_non_utf8_payload_preserved ... FAILED
[INFO] [stdout] test test_exclude_filter ... FAILED
[INFO] [stdout] test test_pack_empty_directory ... FAILED
[INFO] [stdout] test test_gitignore_respected ... FAILED
[INFO] [stdout] test test_include_filter ... FAILED
[INFO] [stdout] test test_pack_unpack_roundtrip_legacy_text ... FAILED
[INFO] [stdout] test test_deterministic_file_order ... FAILED
[INFO] [stdout] test test_path_traversal_rejected ... FAILED
[INFO] [stderr] error: test failed, to rerun pass `--test integration`
[INFO] [stdout] 
[INFO] [stdout] failures:
[INFO] [stdout] 
[INFO] [stdout] ---- test_inspect_text_report stdout ----
[INFO] [stdout] 
[INFO] [stdout] thread 'test_inspect_text_report' (1474) panicked at tests/integration.rs:49:10:
[INFO] [stdout] failed to run bundler: Os { code: 2, kind: NotFound, message: "No such file or directory" }
[INFO] [stdout] stack backtrace:
[INFO] [stdout]    0:     0x60e022ed0385 - <unknown>
[INFO] [stdout]    1:     0x60e022eb3cea - <unknown>
[INFO] [stdout]    2:     0x60e022ecfa1b - <unknown>
[INFO] [stdout]    3:     0x60e022ecf4ff - <unknown>
[INFO] [stdout]    4:     0x60e022ecf12a - <unknown>
[INFO] [stdout]    5:     0x60e022ecec65 - <unknown>
[INFO] [stdout]    6:     0x60e022ef5aa1 - <unknown>
[INFO] [stdout]    7:     0x60e022ef5a59 - <unknown>
[INFO] [stdout]    8:     0x60e022ef5f5c - <unknown>
[INFO] [stdout]    9:     0x60e022eb3b7b - <unknown>
[INFO] [stdout]   10:     0x60e022eb6e31 - <unknown>
[INFO] [stdout]   11:     0x60e022ea0f2c - <unknown>
[INFO] [stdout]   12:     0x60e022eac1f6 - <unknown>
[INFO] [stdout]   13:     0x60e022f11cab - <unknown>
[INFO] [stdout]   14:     0x60e022f0dc71 - <unknown>
[INFO] [stdout]   15:     0x60e022f0d45c - <unknown>
[INFO] [stdout]   16:     0x60e022f2d0fc - <unknown>
[INFO] [stdout]   17:     0x60e022ef77d4 - <unknown>
[INFO] [stdout]   18:     0x718d0c56fdfa - <unknown>
[INFO] [stdout]   19:     0x718d0c6033d4 - clone
[INFO] [stdout]   20:                0x0 - <unknown>
[INFO] [stdout] 
[INFO] [stdout] ---- test_keep_existing_flag stdout ----
[INFO] [stdout] 
[INFO] [stdout] thread 'test_keep_existing_flag' (1475) panicked at tests/integration.rs:49:10:
[INFO] [stdout] failed to run bundler: Os { code: 2, kind: NotFound, message: "No such file or directory" }
[INFO] [stdout] stack backtrace:
[INFO] [stdout]    0:     0x60e022ed0385 - <unknown>
[INFO] [stdout]    1:     0x60e022eb3cea - <unknown>
[INFO] [stdout]    2:     0x60e022ecfa1b - <unknown>
[INFO] [stdout]    3:     0x60e022ecf4ff - <unknown>
[INFO] [stdout]    4:     0x60e022ecf12a - <unknown>
[INFO] [stdout]    5:     0x60e022ecec65 - <unknown>
[INFO] [stdout]    6:     0x60e022ef5aa1 - <unknown>
[INFO] [stdout]    7:     0x60e022ef5a59 - <unknown>
[INFO] [stdout]    8:     0x60e022ef5f5c - <unknown>
[INFO] [stdout]    9:     0x60e022eb3b7b - <unknown>
[INFO] [stdout]   10:     0x60e022eb6e31 - <unknown>
[INFO] [stdout]   11:     0x60e022ea0f2c - <unknown>
[INFO] [stdout]   12:     0x60e022ea9ec2 - <unknown>
[INFO] [stdout]   13:     0x60e022f11cab - <unknown>
[INFO] [stdout]   14:     0x60e022f0dc71 - <unknown>
[INFO] [stdout]   15:     0x60e022f0d45c - <unknown>
[INFO] [stdout]   16:     0x60e022f2d0fc - <unknown>
[INFO] [stdout]   17:     0x60e022ef77d4 - <unknown>
[INFO] [stdout]   18:     0x718d0c56fdfa - <unknown>
[INFO] [stdout]   19:     0x718d0c6033d4 - clone
[INFO] [stdout]   20:                0x0 - <unknown>
[INFO] [stdout] 
[INFO] [stdout] ---- test_hidden_files_flag stdout ----
[INFO] [stdout] 
[INFO] [stdout] thread 'test_hidden_files_flag' (1471) panicked at tests/integration.rs:49:10:
[INFO] [stdout] failed to run bundler: Os { code: 2, kind: NotFound, message: "No such file or directory" }
[INFO] [stdout] stack backtrace:
[INFO] [stdout]    0:     0x60e022ed0385 - <unknown>
[INFO] [stdout]    1:     0x60e022eb3cea - <unknown>
[INFO] [stdout]    2:     0x60e022ecfa1b - <unknown>
[INFO] [stdout]    3:     0x60e022ecf4ff - <unknown>
[INFO] [stdout]    4:     0x60e022ecf12a - <unknown>
[INFO] [stdout]    5:     0x60e022ecec65 - <unknown>
[INFO] [stdout]    6:     0x60e022ef5aa1 - <unknown>
[INFO] [stdout]    7:     0x60e022ef5a59 - <unknown>
[INFO] [stdout]    8:     0x60e022ef5f5c - <unknown>
[INFO] [stdout]    9:     0x60e022eb3b7b - <unknown>
[INFO] [stdout]   10:     0x60e022eb6e31 - <unknown>
[INFO] [stdout]   11:     0x60e022ea0f2c - <unknown>
[INFO] [stdout]   12:     0x60e022ea920d - <unknown>
[INFO] [stdout]   13:     0x60e022f11cab - <unknown>
[INFO] [stdout]   14:     0x60e022f0dc71 - <unknown>
[INFO] [stdout]   15:     0x60e022f0d45c - <unknown>
[INFO] [stdout]   16:     0x60e022f2d0fc - <unknown>
[INFO] [stdout]   17:     0x60e022ef77d4 - <unknown>
[INFO] [stdout]   18:     0x718d0c56fdfa - <unknown>
[INFO] [stdout]   19:     0x718d0c6033d4 - clone
[INFO] [stdout]   20:                0x0 - <unknown>
[INFO] [stdout] 
[INFO] [stdout] ---- test_auto_format_detection stdout ----
[INFO] [stdout] 
[INFO] [stdout] thread 'test_auto_format_detection' (1464) panicked at tests/integration.rs:49:10:
[INFO] [stdout] failed to run bundler: Os { code: 2, kind: NotFound, message: "No such file or directory" }
[INFO] [stdout] stack backtrace:
[INFO] [stdout]    0:     0x60e022ed0385 - <unknown>
[INFO] [stdout]    1:     0x60e022eb3cea - <unknown>
[INFO] [stdout]    2:     0x60e022ecfa1b - <unknown>
[INFO] [stdout]    3:     0x60e022ecf4ff - <unknown>
[INFO] [stdout]    4:     0x60e022ecf12a - <unknown>
[INFO] [stdout]    5:     0x60e022ecec65 - <unknown>
[INFO] [stdout]    6:     0x60e022ef5aa1 - <unknown>
[INFO] [stdout]    7:     0x60e022ef5a59 - <unknown>
[INFO] [stdout]    8:     0x60e022ef5f5c - <unknown>
[INFO] [stdout]    9:     0x60e022eb3b7b - <unknown>
[INFO] [stdout]   10:     0x60e022eb6e31 - <unknown>
[INFO] [stdout]   11:     0x60e022ea0f2c - <unknown>
[INFO] [stdout]   12:     0x60e022ead766 - <unknown>
[INFO] [stdout]   13:     0x60e022f11cab - <unknown>
[INFO] [stdout]   14:     0x60e022f0dc71 - <unknown>
[INFO] [stdout]   15:     0x60e022f0d45c - <unknown>
[INFO] [stdout]   16:     0x60e022f2d0fc - <unknown>
[INFO] [stdout]   17:     0x60e022ef77d4 - <unknown>
[INFO] [stdout]   18:     0x718d0c56fdfa - <unknown>
[INFO] [stdout]   19:     0x718d0c6033d4 - clone
[INFO] [stdout]   20:                0x0 - <unknown>
[INFO] [stdout] 
[INFO] [stdout] ---- test_format_matrix_roundtrip_with_binaries stdout ----
[INFO] [stdout] 
[INFO] [stdout] thread 'test_format_matrix_roundtrip_with_binaries' (1468) panicked at tests/integration.rs:49:10:
[INFO] [stdout] failed to run bundler: Os { code: 2, kind: NotFound, message: "No such file or directory" }
[INFO] [stdout] stack backtrace:
[INFO] [stdout]    0:     0x60e022ed0385 - <unknown>
[INFO] [stdout]    1:     0x60e022eb3cea - <unknown>
[INFO] [stdout]    2:     0x60e022ecfa1b - <unknown>
[INFO] [stdout]    3:     0x60e022ecf4ff - <unknown>
[INFO] [stdout]    4:     0x60e022ecf12a - <unknown>
[INFO] [stdout]    5:     0x60e022ecec65 - <unknown>
[INFO] [stdout]    6:     0x60e022ef5aa1 - <unknown>
[INFO] [stdout]    7:     0x60e022ef5a59 - <unknown>
[INFO] [stdout]    8:     0x60e022ef5f5c - <unknown>
[INFO] [stdout]    9:     0x60e022eb3b7b - <unknown>
[INFO] [stdout]   10:     0x60e022eb6e31 - <unknown>
[INFO] [stdout]   11:     0x60e022ea0f2c - <unknown>
[INFO] [stdout]   12:     0x60e022eb1257 - <unknown>
[INFO] [stdout]   13:     0x60e022f11cab - <unknown>
[INFO] [stdout]   14:     0x60e022f0dc71 - <unknown>
[INFO] [stdout]   15:     0x60e022f0d45c - <unknown>
[INFO] [stdout]   16:     0x60e022f2d0fc - <unknown>
[INFO] [stdout]   17:     0x60e022ef77d4 - <unknown>
[INFO] [stdout]   18:     0x718d0c56fdfa - <unknown>
[INFO] [stdout]   19:     0x718d0c6033d4 - clone
[INFO] [stdout]   20:                0x0 - <unknown>
[INFO] [stdout] 
[INFO] [stdout] ---- test_follow_symlinks stdout ----
[INFO] [stdout] 
[INFO] [stdout] thread 'test_follow_symlinks' (1467) panicked at tests/integration.rs:49:10:
[INFO] [stdout] failed to run bundler: Os { code: 2, kind: NotFound, message: "No such file or directory" }
[INFO] [stdout] stack backtrace:
[INFO] [stdout]    0:     0x60e022ed0385 - <unknown>
[INFO] [stdout]    1:     0x60e022eb3cea - <unknown>
[INFO] [stdout]    2:     0x60e022ecfa1b - <unknown>
[INFO] [stdout]    3:     0x60e022ecf4ff - <unknown>
[INFO] [stdout]    4:     0x60e022ecf12a - <unknown>
[INFO] [stdout]    5:     0x60e022ecec65 - <unknown>
[INFO] [stdout]    6:     0x60e022ef5aa1 - <unknown>
[INFO] [stdout]    7:     0x60e022ef5a59 - <unknown>
[INFO] [stdout]    8:     0x60e022ef5f5c - <unknown>
[INFO] [stdout]    9:     0x60e022eb3b7b - <unknown>
[INFO] [stdout]   10:     0x60e022eb6e31 - <unknown>
[INFO] [stdout]   11:     0x60e022ea0f2c - <unknown>
[INFO] [stdout]   12:     0x60e022ea8475 - <unknown>
[INFO] [stdout]   13:     0x60e022f11cab - <unknown>
[INFO] [stdout]   14:     0x60e022f0dc71 - <unknown>
[INFO] [stdout]   15:     0x60e022f0d45c - <unknown>
[INFO] [stdout]   16:     0x60e022f2d0fc - <unknown>
[INFO] [stdout]   17:     0x60e022ef77d4 - <unknown>
[INFO] [stdout]   18:     0x718d0c56fdfa - <unknown>
[INFO] [stdout]   19:     0x718d0c6033d4 - clone
[INFO] [stdout]   20:                0x0 - <unknown>
[INFO] [stdout] 
[INFO] [stdout] ---- test_v1_bundle_backward_compatibility stdout ----
[INFO] [stdout] 
[INFO] [stdout] thread 'test_v1_bundle_backward_compatibility' (1493) panicked at tests/integration.rs:49:10:
[INFO] [stdout] failed to run bundler: Os { code: 2, kind: NotFound, message: "No such file or directory" }
[INFO] [stdout] stack backtrace:
[INFO] [stdout]    0:     0x60e022ed0385 - <unknown>
[INFO] [stdout]    1:     0x60e022eb3cea - <unknown>
[INFO] [stdout]    2:     0x60e022ecfa1b - <unknown>
[INFO] [stdout]    3:     0x60e022ecf4ff - <unknown>
[INFO] [stdout]    4:     0x60e022ecf12a - <unknown>
[INFO] [stdout]    5:     0x60e022ecec65 - <unknown>
[INFO] [stdout]    6:     0x60e022ef5aa1 - <unknown>
[INFO] [stdout]    7:     0x60e022ef5a59 - <unknown>
[INFO] [stdout]    8:     0x60e022ef5f5c - <unknown>
[INFO] [stdout]    9:     0x60e022eb3b7b - <unknown>
[INFO] [stdout]   10:     0x60e022eb6e31 - <unknown>
[INFO] [stdout]   11:     0x60e022ea0f2c - <unknown>
[INFO] [stdout]   12:     0x60e022eaffc5 - <unknown>
[INFO] [stdout]   13:     0x60e022f11cab - <unknown>
[INFO] [stdout]   14:     0x60e022f0dc71 - <unknown>
[INFO] [stdout]   15:     0x60e022f0d45c - <unknown>
[INFO] [stdout]   16:     0x60e022f2d0fc - <unknown>
[INFO] [stdout]   17:     0x60e022ef77d4 - <unknown>
[INFO] [stdout]   18:     0x718d0c56fdfa - <unknown>
[INFO] [stdout]   19:     0x718d0c6033d4 - clone
[INFO] [stdout]   20:                0x0 - <unknown>
[INFO] [stdout] 
[INFO] [stdout] ---- test_unpack_creates_missing_output_directories stdout ----
[INFO] [stdout] 
[INFO] [stdout] thread 'test_unpack_creates_missing_output_directories' (1491) panicked at tests/integration.rs:49:10:
[INFO] [stdout] failed to run bundler: Os { code: 2, kind: NotFound, message: "No such file or directory" }
[INFO] [stdout] stack backtrace:
[INFO] [stdout]    0:     0x60e022ed0385 - <unknown>
[INFO] [stdout]    1:     0x60e022eb3cea - <unknown>
[INFO] [stdout]    2:     0x60e022ecfa1b - <unknown>
[INFO] [stdout]    3:     0x60e022ecf4ff - <unknown>
[INFO] [stdout]    4:     0x60e022ecf12a - <unknown>
[INFO] [stdout]    5:     0x60e022ecec65 - <unknown>
[INFO] [stdout]    6:     0x60e022ef5aa1 - <unknown>
[INFO] [stdout]    7:     0x60e022ef5a59 - <unknown>
[INFO] [stdout]    8:     0x60e022ef5f5c - <unknown>
[INFO] [stdout]    9:     0x60e022eb3b7b - <unknown>
[INFO] [stdout]   10:     0x60e022eb6e31 - <unknown>
[INFO] [stdout]   11:     0x60e022ea0f2c - <unknown>
[INFO] [stdout]   12:     0x60e022eb1e7c - <unknown>
[INFO] [stdout]   13:     0x60e022f11cab - <unknown>
[INFO] [stdout]   14:     0x60e022f0dc71 - <unknown>
[INFO] [stdout]   15:     0x60e022f0d45c - <unknown>
[INFO] [stdout]   16:     0x60e022f2d0fc - <unknown>
[INFO] [stdout]   17:     0x60e022ef77d4 - <unknown>
[INFO] [stdout]   18:     0x718d0c56fdfa - <unknown>
[INFO] [stdout]   19:     0x718d0c6033d4 - clone
[INFO] [stdout]   20:                0x0 - <unknown>
[INFO] [stdout] 
[INFO] [stdout] ---- test_formats_command stdout ----
[INFO] [stdout] 
[INFO] [stdout] thread 'test_formats_command' (1469) panicked at tests/integration.rs:63:10:
[INFO] [stdout] failed to run bundler: Os { code: 2, kind: NotFound, message: "No such file or directory" }
[INFO] [stdout] stack backtrace:
[INFO] [stdout]    0:     0x60e022ed0385 - <unknown>
[INFO] [stdout]    1:     0x60e022eb3cea - <unknown>
[INFO] [stdout]    2:     0x60e022ecfa1b - <unknown>
[INFO] [stdout]    3:     0x60e022ecf4ff - <unknown>
[INFO] [stdout]    4:     0x60e022ecf12a - <unknown>
[INFO] [stdout]    5:     0x60e022ecec65 - <unknown>
[INFO] [stdout]    6:     0x60e022ef5aa1 - <unknown>
[INFO] [stdout]    7:     0x60e022ef5a59 - <unknown>
[INFO] [stdout]    8:     0x60e022ef5f5c - <unknown>
[INFO] [stdout]    9:     0x60e022eb3b7b - <unknown>
[INFO] [stdout]   10:     0x60e022eb6e31 - <unknown>
[INFO] [stdout]   11:     0x60e022ea1724 - <unknown>
[INFO] [stdout]   12:     0x60e022ea8f42 - <unknown>
[INFO] [stdout]   13:     0x60e022f11cab - <unknown>
[INFO] [stdout]   14:     0x60e022f0dc71 - <unknown>
[INFO] [stdout]   15:     0x60e022f0d45c - <unknown>
[INFO] [stdout]   16:     0x60e022f2d0fc - <unknown>
[INFO] [stdout]   17:     0x60e022ef77d4 - <unknown>
[INFO] [stdout]   18:     0x718d0c56fdfa - <unknown>
[INFO] [stdout]   19:     0x718d0c6033d4 - clone
[INFO] [stdout]   20:                0x0 - <unknown>
[INFO] [stdout] 
[INFO] [stdout] ---- test_zip_is_real_archive stdout ----
[INFO] [stdout] 
[INFO] [stdout] thread 'test_zip_is_real_archive' (1494) panicked at tests/integration.rs:49:10:
[INFO] [stdout] failed to run bundler: Os { code: 2, kind: NotFound, message: "No such file or directory" }
[INFO] [stdout] stack backtrace:
[INFO] [stdout]    0:     0x60e022ed0385 - <unknown>
[INFO] [stdout]    1:     0x60e022eb3cea - <unknown>
[INFO] [stdout]    2:     0x60e022ecfa1b - <unknown>
[INFO] [stdout]    3:     0x60e022ecf4ff - <unknown>
[INFO] [stdout]    4:     0x60e022ecf12a - <unknown>
[INFO] [stdout]    5:     0x60e022ecec65 - <unknown>
[INFO] [stdout]    6:     0x60e022ef5aa1 - <unknown>
[INFO] [stdout]    7:     0x60e022ef5a59 - <unknown>
[INFO] [stdout]    8:     0x60e022ef5f5c - <unknown>
[INFO] [stdout]    9:     0x60e022eb3b7b - <unknown>
[INFO] [stdout]   10:     0x60e022eb6e31 - <unknown>
[INFO] [stdout]   11:     0x60e022ea0f2c - <unknown>
[INFO] [stdout]   12:     0x60e022eac77d - <unknown>
[INFO] [stdout]   13:     0x60e022f11cab - <unknown>
[INFO] [stdout]   14:     0x60e022f0dc71 - <unknown>
[INFO] [stdout]   15:     0x60e022f0d45c - <unknown>
[INFO] [stdout]   16:     0x60e022f2d0fc - <unknown>
[INFO] [stdout]   17:     0x60e022ef77d4 - <unknown>
[INFO] [stdout]   18:     0x718d0c56fdfa - <unknown>
[INFO] [stdout]   19:     0x718d0c6033d4 - clone
[INFO] [stdout]   20:                0x0 - <unknown>
[INFO] [stdout] 
[INFO] [stdout] ---- test_inspect_json_output stdout ----
[INFO] [stdout] 
[INFO] [stdout] thread 'test_inspect_json_output' (1473) panicked at tests/integration.rs:49:10:
[INFO] [stdout] failed to run bundler: Os { code: 2, kind: NotFound, message: "No such file or directory" }
[INFO] [stdout] stack backtrace:
[INFO] [stdout]    0:     0x60e022ed0385 - <unknown>
[INFO] [stdout]    1:     0x60e022eb3cea - <unknown>
[INFO] [stdout]    2:     0x60e022ecfa1b - <unknown>
[INFO] [stdout]    3:     0x60e022ecf4ff - <unknown>
[INFO] [stdout]    4:     0x60e022ecf12a - <unknown>
[INFO] [stdout]    5:     0x60e022ecec65 - <unknown>
[INFO] [stdout]    6:     0x60e022ef5aa1 - <unknown>
[INFO] [stdout]    7:     0x60e022ef5a59 - <unknown>
[INFO] [stdout]    8:     0x60e022ef5f5c - <unknown>
[INFO] [stdout]    9:     0x60e022eb3b7b - <unknown>
[INFO] [stdout]   10:     0x60e022eb6e31 - <unknown>
[INFO] [stdout]   11:     0x60e022ea0f2c - <unknown>
[INFO] [stdout]   12:     0x60e022eab3de - <unknown>
[INFO] [stdout]   13:     0x60e022f11cab - <unknown>
[INFO] [stdout]   14:     0x60e022f0dc71 - <unknown>
[INFO] [stdout]   15:     0x60e022f0d45c - <unknown>
[INFO] [stdout]   16:     0x60e022f2d0fc - <unknown>
[INFO] [stdout]   17:     0x60e022ef77d4 - <unknown>
[INFO] [stdout]   18:     0x718d0c56fdfa - <unknown>
[INFO] [stdout]   19:     0x718d0c6033d4 - clone
[INFO] [stdout]   20:                0x0 - <unknown>
[INFO] [stdout] 
[INFO] [stdout] ---- test_non_utf8_payload_preserved stdout ----
[INFO] [stdout] 
[INFO] [stdout] thread 'test_non_utf8_payload_preserved' (1476) panicked at tests/integration.rs:49:10:
[INFO] [stdout] failed to run bundler: Os { code: 2, kind: NotFound, message: "No such file or directory" }
[INFO] [stdout] stack backtrace:
[INFO] [stdout]    0:     0x60e022ed0385 - <unknown>
[INFO] [stdout]    1:     0x60e022eb3cea - <unknown>
[INFO] [stdout]    2:     0x60e022ecfa1b - <unknown>
[INFO] [stdout]    3:     0x60e022ecf4ff - <unknown>
[INFO] [stdout]    4:     0x60e022ecf12a - <unknown>
[INFO] [stdout]    5:     0x60e022ecec65 - <unknown>
[INFO] [stdout]    6:     0x60e022ef5aa1 - <unknown>
[INFO] [stdout]    7:     0x60e022ef5a59 - <unknown>
[INFO] [stdout]    8:     0x60e022ef5f5c - <unknown>
[INFO] [stdout]    9:     0x60e022eb3b7b - <unknown>
[INFO] [stdout]   10:     0x60e022eb6e31 - <unknown>
[INFO] [stdout]   11:     0x60e022ea0f2c - <unknown>
[INFO] [stdout]   12:     0x60e022eaf841 - <unknown>
[INFO] [stdout]   13:     0x60e022f11cab - <unknown>
[INFO] [stdout]   14:     0x60e022f0dc71 - <unknown>
[INFO] [stdout]   15:     0x60e022f0d45c - <unknown>
[INFO] [stdout]   16:     0x60e022f2d0fc - <unknown>
[INFO] [stdout]   17:     0x60e022ef77d4 - <unknown>
[INFO] [stdout]   18:     0x718d0c56fdfa - <unknown>
[INFO] [stdout]   19:     0x718d0c6033d4 - clone
[INFO] [stdout]   20:                0x0 - <unknown>
[INFO] [stdout] 
[INFO] [stdout] ---- test_exclude_filter stdout ----
[INFO] [stdout] 
[INFO] [stdout] thread 'test_exclude_filter' (1466) panicked at tests/integration.rs:49:10:
[INFO] [stdout] failed to run bundler: Os { code: 2, kind: NotFound, message: "No such file or directory" }
[INFO] [stdout] stack backtrace:
[INFO] [stdout]    0:     0x60e022ed0385 - <unknown>
[INFO] [stdout]    1:     0x60e022eb3cea - <unknown>
[INFO] [stdout]    2:     0x60e022ecfa1b - <unknown>
[INFO] [stdout]    3:     0x60e022ecf4ff - <unknown>
[INFO] [stdout]    4:     0x60e022ecf12a - <unknown>
[INFO] [stdout]    5:     0x60e022ecec65 - <unknown>
[INFO] [stdout]    6:     0x60e022ef5aa1 - <unknown>
[INFO] [stdout]    7:     0x60e022ef5a59 - <unknown>
[INFO] [stdout]    8:     0x60e022ef5f5c - <unknown>
[INFO] [stdout]    9:     0x60e022eb3b7b - <unknown>
[INFO] [stdout]   10:     0x60e022eb6e31 - <unknown>
[INFO] [stdout]   11:     0x60e022ea0f2c - <unknown>
[INFO] [stdout]   12:     0x60e022ea716e - <unknown>
[INFO] [stdout]   13:     0x60e022f11cab - <unknown>
[INFO] [stdout]   14:     0x60e022f0dc71 - <unknown>
[INFO] [stdout]   15:     0x60e022f0d45c - <unknown>
[INFO] [stdout]   16:     0x60e022f2d0fc - <unknown>
[INFO] [stdout]   17:     0x60e022ef77d4 - <unknown>
[INFO] [stdout]   18:     0x718d0c56fdfa - <unknown>
[INFO] [stdout]   19:     0x718d0c6033d4 - clone
[INFO] [stdout]   20:                0x0 - <unknown>
[INFO] [stdout] 
[INFO] [stdout] ---- test_pack_empty_directory stdout ----
[INFO] [stdout] 
[INFO] [stdout] thread 'test_pack_empty_directory' (1477) panicked at tests/integration.rs:49:10:
[INFO] [stdout] failed to run bundler: Os { code: 2, kind: NotFound, message: "No such file or directory" }
[INFO] [stdout] stack backtrace:
[INFO] [stdout]    0:     0x60e022ed0385 - <unknown>
[INFO] [stdout]    1:     0x60e022eb3cea - <unknown>
[INFO] [stdout]    2:     0x60e022ecfa1b - <unknown>
[INFO] [stdout]    3:     0x60e022ecf4ff - <unknown>
[INFO] [stdout]    4:     0x60e022ecf12a - <unknown>
[INFO] [stdout]    5:     0x60e022ecec65 - <unknown>
[INFO] [stdout]    6:     0x60e022ef5aa1 - <unknown>
[INFO] [stdout]    7:     0x60e022ef5a59 - <unknown>
[INFO] [stdout]    8:     0x60e022ef5f5c - <unknown>
[INFO] [stdout]    9:     0x60e022eb3b7b - <unknown>
[INFO] [stdout]   10:     0x60e022eb6e31 - <unknown>
[INFO] [stdout]   11:     0x60e022ea0f2c - <unknown>
[INFO] [stdout]   12:     0x60e022eacc16 - <unknown>
[INFO] [stdout]   13:     0x60e022f11cab - <unknown>
[INFO] [stdout]   14:     0x60e022f0dc71 - <unknown>
[INFO] [stdout]   15:     0x60e022f0d45c - <unknown>
[INFO] [stdout]   16:     0x60e022f2d0fc - <unknown>
[INFO] [stdout]   17:     0x60e022ef77d4 - <unknown>
[INFO] [stdout]   18:     0x718d0c56fdfa - <unknown>
[INFO] [stdout]   19:     0x718d0c6033d4 - clone
[INFO] [stdout]   20:                0x0 - <unknown>
[INFO] [stdout] 
[INFO] [stdout] ---- test_gitignore_respected stdout ----
[INFO] [stdout] 
[INFO] [stdout] thread 'test_gitignore_respected' (1470) panicked at tests/integration.rs:49:10:
[INFO] [stdout] failed to run bundler: Os { code: 2, kind: NotFound, message: "No such file or directory" }
[INFO] [stdout] stack backtrace:
[INFO] [stdout]    0:     0x60e022ed0385 - <unknown>
[INFO] [stdout]    1:     0x60e022eb3cea - <unknown>
[INFO] [stdout]    2:     0x60e022ecfa1b - <unknown>
[INFO] [stdout]    3:     0x60e022ecf4ff - <unknown>
[INFO] [stdout]    4:     0x60e022ecf12a - <unknown>
[INFO] [stdout]    5:     0x60e022ecec65 - <unknown>
[INFO] [stdout]    6:     0x60e022ef5aa1 - <unknown>
[INFO] [stdout]    7:     0x60e022ef5a59 - <unknown>
[INFO] [stdout]    8:     0x60e022ef5f5c - <unknown>
[INFO] [stdout]    9:     0x60e022eb3b7b - <unknown>
[INFO] [stdout]   10:     0x60e022eb6e31 - <unknown>
[INFO] [stdout]   11:     0x60e022ea0f2c - <unknown>
[INFO] [stdout]   12:     0x60e022eaa85c - <unknown>
[INFO] [stdout]   13:     0x60e022f11cab - <unknown>
[INFO] [stdout]   14:     0x60e022f0dc71 - <unknown>
[INFO] [stdout]   15:     0x60e022f0d45c - <unknown>
[INFO] [stdout]   16:     0x60e022f2d0fc - <unknown>
[INFO] [stdout]   17:     0x60e022ef77d4 - <unknown>
[INFO] [stdout]   18:     0x718d0c56fdfa - <unknown>
[INFO] [stdout]   19:     0x718d0c6033d4 - clone
[INFO] [stdout]   20:                0x0 - <unknown>
[INFO] [stdout] 
[INFO] [stdout] ---- test_include_filter stdout ----
[INFO] [stdout] 
[INFO] [stdout] thread 'test_include_filter' (1472) panicked at tests/integration.rs:49:10:
[INFO] [stdout] failed to run bundler: Os { code: 2, kind: NotFound, message: "No such file or directory" }
[INFO] [stdout] stack backtrace:
[INFO] [stdout]    0:     0x60e022ed0385 - <unknown>
[INFO] [stdout]    1:     0x60e022eb3cea - <unknown>
[INFO] [stdout]    2:     0x60e022ecfa1b - <unknown>
[INFO] [stdout]    3:     0x60e022ecf4ff - <unknown>
[INFO] [stdout]    4:     0x60e022ecf12a - <unknown>
[INFO] [stdout]    5:     0x60e022ecec65 - <unknown>
[INFO] [stdout]    6:     0x60e022ef5aa1 - <unknown>
[INFO] [stdout]    7:     0x60e022ef5a59 - <unknown>
[INFO] [stdout]    8:     0x60e022ef5f5c - <unknown>
[INFO] [stdout]    9:     0x60e022eb3b7b - <unknown>
[INFO] [stdout]   10:     0x60e022eb6e31 - <unknown>
[INFO] [stdout]   11:     0x60e022ea0f2c - <unknown>
[INFO] [stdout]   12:     0x60e022ea7a4d - <unknown>
[INFO] [stdout]   13:     0x60e022f11cab - <unknown>
[INFO] [stdout]   14:     0x60e022f0dc71 - <unknown>
[INFO] [stdout]   15:     0x60e022f0d45c - <unknown>
[INFO] [stdout]   16:     0x60e022f2d0fc - <unknown>
[INFO] [stdout]   17:     0x60e022ef77d4 - <unknown>
[INFO] [stdout]   18:     0x718d0c56fdfa - <unknown>
[INFO] [stdout]   19:     0x718d0c6033d4 - clone
[INFO] [stdout]   20:                0x0 - <unknown>
[INFO] [stdout] 
[INFO] [stdout] ---- test_pack_unpack_roundtrip_legacy_text stdout ----
[INFO] [stdout] 
[INFO] [stdout] thread 'test_pack_unpack_roundtrip_legacy_text' (1478) panicked at tests/integration.rs:49:10:
[INFO] [stdout] failed to run bundler: Os { code: 2, kind: NotFound, message: "No such file or directory" }
[INFO] [stdout] stack backtrace:
[INFO] [stdout]    0:     0x60e022ed0385 - <unknown>
[INFO] [stdout]    1:     0x60e022eb3cea - <unknown>
[INFO] [stdout]    2:     0x60e022ecfa1b - <unknown>
[INFO] [stdout]    3:     0x60e022ecf4ff - <unknown>
[INFO] [stdout]    4:     0x60e022ecf12a - <unknown>
[INFO] [stdout]    5:     0x60e022ecec65 - <unknown>
[INFO] [stdout]    6:     0x60e022ef5aa1 - <unknown>
[INFO] [stdout]    7:     0x60e022ef5a59 - <unknown>
[INFO] [stdout]    8:     0x60e022ef5f5c - <unknown>
[INFO] [stdout]    9:     0x60e022eb3b7b - <unknown>
[INFO] [stdout]   10:     0x60e022eb6e31 - <unknown>
[INFO] [stdout]   11:     0x60e022ea0f2c - <unknown>
[INFO] [stdout]   12:     0x60e022eb0658 - <unknown>
[INFO] [stdout]   13:     0x60e022f11cab - <unknown>
[INFO] [stdout]   14:     0x60e022f0dc71 - <unknown>
[INFO] [stdout]   15:     0x60e022f0d45c - <unknown>
[INFO] [stdout]   16:     0x60e022f2d0fc - <unknown>
[INFO] [stdout]   17:     0x60e022ef77d4 - <unknown>
[INFO] [stdout]   18:     0x718d0c56fdfa - <unknown>
[INFO] [stdout]   19:     0x718d0c6033d4 - clone
[INFO] [stdout]   20:                0x0 - <unknown>
[INFO] [stdout] 
[INFO] [stdout] ---- test_deterministic_file_order stdout ----
[INFO] [stdout] 
[INFO] [stdout] thread 'test_deterministic_file_order' (1465) panicked at tests/integration.rs:49:10:
[INFO] [stdout] failed to run bundler: Os { code: 2, kind: NotFound, message: "No such file or directory" }
[INFO] [stdout] stack backtrace:
[INFO] [stdout]    0:     0x60e022ed0385 - <unknown>
[INFO] [stdout]    1:     0x60e022eb3cea - <unknown>
[INFO] [stdout]    2:     0x60e022ecfa1b - <unknown>
[INFO] [stdout]    3:     0x60e022ecf4ff - <unknown>
[INFO] [stdout]    4:     0x60e022ecf12a - <unknown>
[INFO] [stdout]    5:     0x60e022ecec65 - <unknown>
[INFO] [stdout]    6:     0x60e022ef5aa1 - <unknown>
[INFO] [stdout]    7:     0x60e022ef5a59 - <unknown>
[INFO] [stdout]    8:     0x60e022ef5f5c - <unknown>
[INFO] [stdout]    9:     0x60e022eb3b7b - <unknown>
[INFO] [stdout]   10:     0x60e022eb6e31 - <unknown>
[INFO] [stdout]   11:     0x60e022ea0f2c - <unknown>
[INFO] [stdout]   12:     0x60e022eae7f6 - <unknown>
[INFO] [stdout]   13:     0x60e022f11cab - <unknown>
[INFO] [stdout]   14:     0x60e022f0dc71 - <unknown>
[INFO] [stdout]   15:     0x60e022f0d45c - <unknown>
[INFO] [stdout]   16:     0x60e022f2d0fc - <unknown>
[INFO] [stdout]   17:     0x60e022ef77d4 - <unknown>
[INFO] [stdout]   18:     0x718d0c56fdfa - <unknown>
[INFO] [stdout]   19:     0x718d0c6033d4 - clone
[INFO] [stdout]   20:                0x0 - <unknown>
[INFO] [stdout] 
[INFO] [stdout] ---- test_path_traversal_rejected stdout ----
[INFO] [stdout] 
[INFO] [stdout] thread 'test_path_traversal_rejected' (1479) panicked at tests/integration.rs:718:10:
[INFO] [stdout] failed to run bundler: Os { code: 2, kind: NotFound, message: "No such file or directory" }
[INFO] [stdout] stack backtrace:
[INFO] [stdout]    0:     0x60e022ed0385 - <unknown>
[INFO] [stdout]    1:     0x60e022eb3cea - <unknown>
[INFO] [stdout]    2:     0x60e022ecfa1b - <unknown>
[INFO] [stdout]    3:     0x60e022ecf4ff - <unknown>
[INFO] [stdout]    4:     0x60e022ecf12a - <unknown>
[INFO] [stdout]    5:     0x60e022ecec65 - <unknown>
[INFO] [stdout]    6:     0x60e022ef5aa1 - <unknown>
[INFO] [stdout]    7:     0x60e022ef5a59 - <unknown>
[INFO] [stdout]    8:     0x60e022ef5f5c - <unknown>
[INFO] [stdout]    9:     0x60e022eb3b7b - <unknown>
[INFO] [stdout]   10:     0x60e022eb6e31 - <unknown>
[INFO] [stdout]   11:     0x60e022eae33e - <unknown>
[INFO] [stdout]   12:     0x60e022f11cab - <unknown>
[INFO] [stdout]   13:     0x60e022f0dc71 - <unknown>
[INFO] [stdout]   14:     0x60e022f0d45c - <unknown>
[INFO] [stdout]   15:     0x60e022f2d0fc - <unknown>
[INFO] [stdout]   16:     0x60e022ef77d4 - <unknown>
[INFO] [stdout]   17:     0x718d0c56fdfa - <unknown>
[INFO] [stdout]   18:     0x718d0c6033d4 - clone
[INFO] [stdout]   19:                0x0 - <unknown>
[INFO] [stdout] 
[INFO] [stdout] 
[INFO] [stdout] failures:
[INFO] [stdout]     test_auto_format_detection
[INFO] [stdout]     test_deterministic_file_order
[INFO] [stdout]     test_exclude_filter
[INFO] [stdout]     test_follow_symlinks
[INFO] [stdout]     test_format_matrix_roundtrip_with_binaries
[INFO] [stdout]     test_formats_command
[INFO] [stdout]     test_gitignore_respected
[INFO] [stdout]     test_hidden_files_flag
[INFO] [stdout]     test_include_filter
[INFO] [stdout]     test_inspect_json_output
[INFO] [stdout]     test_inspect_text_report
[INFO] [stdout]     test_keep_existing_flag
[INFO] [stdout]     test_non_utf8_payload_preserved
[INFO] [stdout]     test_pack_empty_directory
[INFO] [stdout]     test_pack_unpack_roundtrip_legacy_text
[INFO] [stdout]     test_path_traversal_rejected
[INFO] [stdout]     test_unpack_creates_missing_output_directories
[INFO] [stdout]     test_v1_bundle_backward_compatibility
[INFO] [stdout]     test_zip_is_real_archive
[INFO] [stdout] 
[INFO] [stdout] test result: FAILED. 0 passed; 19 failed; 0 ignored; 0 measured; 0 filtered out; finished in 0.02s
[INFO] [stdout] 
[INFO] running `Command { std: "docker" "inspect" "d5f957b191789a1cbb71d4aaf7b3eb5ec4a75f3eaa2ba52e4e7d3e8af6a9a63d", kill_on_drop: false }`
[INFO] running `Command { std: "docker" "rm" "-f" "d5f957b191789a1cbb71d4aaf7b3eb5ec4a75f3eaa2ba52e4e7d3e8af6a9a63d", kill_on_drop: false }`
[INFO] [stdout] d5f957b191789a1cbb71d4aaf7b3eb5ec4a75f3eaa2ba52e4e7d3e8af6a9a63d
