[INFO] cloning repository https://github.com/WeissP/webman
[INFO] running `Command { std: "git" "-c" "credential.helper=" "-c" "credential.helper=/workspace/cargo-home/bin/git-credential-null" "clone" "--bare" "https://github.com/WeissP/webman" "/workspace/cache/git-repos/https%3A%2F%2Fgithub.com%2FWeissP%2Fwebman", kill_on_drop: false }`
[INFO] [stderr] Cloning into bare repository '/workspace/cache/git-repos/https%3A%2F%2Fgithub.com%2FWeissP%2Fwebman'...
[INFO] running `Command { std: "git" "rev-parse" "HEAD", kill_on_drop: false }`
[INFO] [stdout] c230652e40bcd7d08f63de9319f76647ea0250bc
[INFO] testing WeissP/webman against 1.99.0-beta.8+cargoflags=--release for beta-release-1.100-2
[INFO] running `Command { std: "git" "clone" "/workspace/cache/git-repos/https%3A%2F%2Fgithub.com%2FWeissP%2Fwebman" "/workspace/builds/worker-2-tc1/source", kill_on_drop: false }`
[INFO] [stderr] Cloning into '/workspace/builds/worker-2-tc1/source'...
[INFO] [stderr] done.
[INFO] started tweaking git repo https://github.com/WeissP/webman
[INFO] finished tweaking git repo https://github.com/WeissP/webman
[INFO] tweaked toml for git repo https://github.com/WeissP/webman written to /workspace/builds/worker-2-tc1/source/Cargo.toml
[INFO] validating manifest of git repo https://github.com/WeissP/webman on toolchain 1.99.0-beta.8
[INFO] running `Command { std: CARGO_HOME="/workspace/cargo-home" RUSTUP_HOME="/workspace/rustup-home" "/workspace/cargo-home/bin/cargo" "+1.99.0-beta.8" "metadata" "--manifest-path" "Cargo.toml" "--no-deps", kill_on_drop: false }`
[INFO] crate git repo https://github.com/WeissP/webman already has a lockfile, it will not be regenerated
[INFO] running `Command { std: CARGO_HOME="/workspace/cargo-home" RUSTUP_HOME="/workspace/rustup-home" "/workspace/cargo-home/bin/cargo" "+1.99.0-beta.8" "fetch" "--manifest-path" "Cargo.toml", kill_on_drop: false }`
[INFO] [stderr]     Updating crates.io index
[INFO] [stderr]     Blocking waiting for file lock on package cache
[INFO] [stderr]  Downloading crates ...
[INFO] [stderr]   Downloaded tokio-macros v1.8.0
[INFO] [stderr]   Downloaded sqlx-rt v0.6.3
[INFO] [stderr]   Downloaded wasm-bindgen-macro v0.2.82
[INFO] [stderr]   Downloaded strum v0.24.1
[INFO] [stderr]   Downloaded futures-macro v0.3.21
[INFO] [stderr]   Downloaded sqlx-database-tester-macros v0.4.2
[INFO] [stderr]   Downloaded wasm-bindgen-macro-support v0.2.82
[INFO] [stderr]   Downloaded thiserror-impl v1.0.31
[INFO] [stderr]   Downloaded hashlink v0.8.0
[INFO] [stderr]   Downloaded whoami v1.2.1
[INFO] [stderr]   Downloaded either v1.7.0
[INFO] [stderr]   Downloaded sha1 v0.10.4
[INFO] [stderr]   Downloaded md-5 v0.10.1
[INFO] [stderr]   Downloaded crossbeam-queue v0.3.6
[INFO] [stderr]   Downloaded serial_test v1.0.0
[INFO] [stderr]   Downloaded serial_test_derive v1.0.0
[INFO] [stderr]   Downloaded rocket_db_pools_codegen v0.1.0-rc.3
[INFO] [stderr]   Downloaded dirs-sys v0.3.7
[INFO] [stderr]   Downloaded wasm-bindgen-shared v0.2.82
[INFO] [stderr]   Downloaded atoi v1.0.0
[INFO] [stderr]   Downloaded fastrand v1.8.0
[INFO] [stderr]   Downloaded rocket_db_pools v0.1.0-rc.3
[INFO] [stderr]   Downloaded ubyte v0.10.2
[INFO] [stderr]   Downloaded thread_local v1.1.4
[INFO] [stderr]   Downloaded uncased v0.9.7
[INFO] [stderr]   Downloaded ref-cast v1.0.8
[INFO] [stderr]   Downloaded lock_api v0.4.8
[INFO] [stderr]   Downloaded rustversion v1.0.8
[INFO] [stderr]   Downloaded sha2 v0.10.2
[INFO] [stderr]   Downloaded ref-cast-impl v1.0.8
[INFO] [stderr]   Downloaded pear_codegen v0.2.3
[INFO] [stderr]   Downloaded wasm-bindgen-futures v0.4.32
[INFO] [stderr]   Downloaded errno v0.3.0
[INFO] [stderr]   Downloaded parse_duration v2.1.1
[INFO] [stderr]   Downloaded universal-hash v0.5.0
[INFO] [stderr]   Downloaded unicode-xid v0.2.3
[INFO] [stderr]   Downloaded async-stream-impl v0.3.3
[INFO] [stderr]   Downloaded clap_lex v0.2.4
[INFO] [stderr]   Downloaded sqlx-database-tester v0.4.2
[INFO] [stderr]   Downloaded sqlx-macros v0.6.3
[INFO] [stderr]   Downloaded wasm-bindgen-backend v0.2.82
[INFO] [stderr]   Downloaded tokio-stream v0.1.9
[INFO] [stderr]   Downloaded rustls-pemfile v1.0.2
[INFO] [stderr]   Downloaded tokio-rustls v0.23.4
[INFO] [stderr]   Downloaded futures-executor v0.3.21
[INFO] [stderr]   Downloaded tracing-attributes v0.1.22
[INFO] [stderr]   Downloaded state v0.5.3
[INFO] [stderr]   Downloaded generator v0.7.1
[INFO] [stderr]   Downloaded pear v0.2.3
[INFO] [stderr]   Downloaded polyval v0.6.0
[INFO] [stderr]   Downloaded async-stream v0.3.3
[INFO] [stderr]   Downloaded unicode-ident v1.0.2
[INFO] [stderr]   Downloaded glob v0.3.0
[INFO] [stderr]   Downloaded spin v0.9.4
[INFO] [stderr]   Downloaded simplelog v0.12.0
[INFO] [stderr]   Downloaded clap_derive v3.2.15
[INFO] [stderr]   Downloaded atomic v0.5.1
[INFO] [stderr]   Downloaded async-trait v0.1.57
[INFO] [stderr]   Downloaded rmp v0.8.11
[INFO] [stderr]   Downloaded multer v2.0.3
[INFO] [stderr]   Downloaded os_str_bytes v6.2.0
[INFO] [stderr]   Downloaded thiserror v1.0.31
[INFO] [stderr]   Downloaded bitflags v2.1.0
[INFO] [stderr]   Downloaded rmp-serde v1.1.0
[INFO] [stderr]   Downloaded hyper-rustls v0.23.0
[INFO] [stderr]   Downloaded anyhow v1.0.60
[INFO] [stderr]   Downloaded proc-macro2 v1.0.56
[INFO] [stderr]   Downloaded once_cell v1.14.0
[INFO] [stderr]   Downloaded strum_macros v0.24.2
[INFO] [stderr]   Downloaded uuid v1.3.0
[INFO] [stderr]   Downloaded crossbeam-utils v0.8.11
[INFO] [stderr]   Downloaded cookie v0.17.0
[INFO] [stderr]   Downloaded textwrap v0.15.0
[INFO] [stderr]   Downloaded bytes v1.2.1
[INFO] [stderr]   Downloaded webpki v0.22.0
[INFO] [stderr]   Downloaded js-sys v0.3.59
[INFO] [stderr]   Downloaded futures v0.3.21
[INFO] [stderr]   Downloaded figment v0.10.6
[INFO] [stderr]   Downloaded base64 v0.21.0
[INFO] [stderr]   Downloaded futures-intrusive v0.4.0
[INFO] [stderr]   Downloaded rocket_http v0.5.0-rc.3
[INFO] [stderr]   Downloaded nom v7.1.1
[INFO] [stderr]   Downloaded rocket_codegen v0.5.0-rc.3
[INFO] [stderr]   Downloaded sqlx v0.6.3
[INFO] [stderr]   Downloaded aes-gcm v0.10.1
[INFO] [stderr]   Downloaded aes v0.8.2
[INFO] [stderr]   Downloaded rusqlite v0.28.0
[INFO] [stderr]   Downloaded wasm-bindgen v0.2.82
[INFO] [stderr]   Downloaded tracing-subscriber v0.3.15
[INFO] [stderr]   Downloaded hyper v0.14.20
[INFO] [stderr]   Downloaded chrono v0.4.20
[INFO] [stderr]   Downloaded clap v3.2.16
[INFO] [stderr]   Downloaded webpki-roots v0.22.4
[INFO] [stderr]   Downloaded syn v2.0.13
[INFO] [stderr]   Downloaded rustls v0.20.6
[INFO] [stderr]   Downloaded sqlx-core v0.6.3
[INFO] [stderr]   Downloaded rocket v0.5.0-rc.3
[INFO] [stderr]   Downloaded rustix v0.37.8
[INFO] [stderr]   Downloaded libc v0.2.141
[INFO] [stderr]   Downloaded web-sys v0.3.59
[INFO] [stderr]   Downloaded linux-raw-sys v0.3.1
[INFO] [stderr]   Downloaded libsqlite3-sys v0.25.1
[INFO] [stderr]   Downloaded windows v0.32.0
[INFO] running `Command { std: "docker" "create" "-v" "/var/lib/crater-agent-workspace/builds/worker-2-tc1/source:/opt/rustwide/workdir:ro,Z" "-v" "/var/lib/crater-agent-workspace/builds/worker-2-tc1/target:/opt/rustwide/target:rw,Z" "-v" "/var/lib/crater-agent-workspace/cargo-home:/opt/rustwide/cargo-home:ro,Z" "-v" "/var/lib/crater-agent-workspace/rustup-home:/opt/rustwide/rustup-home:ro,Z" "-m" "1610612736" "--network" "none" "ghcr.io/rust-lang/crates-build-env/linux@sha256:77db811e55d90add9212f6832c23229e3de5f1c1f9905e8cb07319ea15df73ac" "sleep" "infinity", kill_on_drop: false }`
[INFO] [stdout] edb58231fd60df658ba85d105d85a93fcc5301eef20c3817de2b102687864b65
[INFO] running `Command { std: "docker" "start" "edb58231fd60df658ba85d105d85a93fcc5301eef20c3817de2b102687864b65", kill_on_drop: false }`
[INFO] running `Command { std: "docker" "inspect" "edb58231fd60df658ba85d105d85a93fcc5301eef20c3817de2b102687864b65", kill_on_drop: false }`
[INFO] running `Command { std: "docker" "exec" "-e" "SOURCE_DIR=/opt/rustwide/workdir" "-e" "CARGO_HOME=/opt/rustwide/cargo-home" "-e" "RUSTUP_HOME=/opt/rustwide/rustup-home" "-e" "CARGO_TARGET_DIR=/opt/rustwide/target" "-w" "/opt/rustwide/workdir" "--user" "0:0" "edb58231fd60df658ba85d105d85a93fcc5301eef20c3817de2b102687864b65" "/opt/rustwide/cargo-home/bin/cargo" "+1.99.0-beta.8" "metadata" "--no-deps" "--format-version=1", kill_on_drop: false }`
[INFO] running `Command { std: "docker" "inspect" "edb58231fd60df658ba85d105d85a93fcc5301eef20c3817de2b102687864b65", kill_on_drop: false }`
[INFO] running `Command { std: "docker" "exec" "-e" "SOURCE_DIR=/opt/rustwide/workdir" "-e" "CARGO_HOME=/opt/rustwide/cargo-home" "-e" "RUSTUP_HOME=/opt/rustwide/rustup-home" "-e" "CARGO_TARGET_DIR=/opt/rustwide/target" "-e" "CARGO_INCREMENTAL=0" "-e" "RUST_BACKTRACE=full" "-e" "RUSTFLAGS=--cap-lints=warn" "-e" "RUSTDOCFLAGS=--cap-lints=warn" "-w" "/opt/rustwide/workdir" "--user" "0:0" "edb58231fd60df658ba85d105d85a93fcc5301eef20c3817de2b102687864b65" "/opt/rustwide/cargo-home/bin/cargo" "+1.99.0-beta.8" "build" "--frozen" "--message-format=json" "--release", kill_on_drop: false }`
[INFO] [stderr]    Compiling proc-macro2 v1.0.56
[INFO] [stderr]    Compiling libc v0.2.141
[INFO] [stderr]    Compiling unicode-ident v1.0.2
[INFO] [stderr]    Compiling quote v1.0.26
[INFO] [stderr]    Compiling syn v1.0.109
[INFO] [stderr]    Compiling memchr v2.5.0
[INFO] [stderr]    Compiling serde_derive v1.0.140
[INFO] [stderr]    Compiling once_cell v1.14.0
[INFO] [stderr]    Compiling cc v1.0.73
[INFO] [stderr]    Compiling lock_api v0.4.8
[INFO] [stderr]    Compiling serde v1.0.140
[INFO] [stderr]    Compiling num-traits v0.2.15
[INFO] [stderr]    Compiling futures-channel v0.3.21
[INFO] [stderr]    Compiling smallvec v1.9.0
[INFO] [stderr]    Compiling log v0.4.17
[INFO] [stderr]    Compiling pin-project-lite v0.2.9
[INFO] [stderr]    Compiling parking_lot_core v0.9.3
[INFO] [stderr]    Compiling itoa v1.0.2
[INFO] [stderr]    Compiling bytes v1.2.1
[INFO] [stderr]    Compiling rustls v0.20.6
[INFO] [stderr]    Compiling tokio v1.20.1
[INFO] [stderr]    Compiling subtle v2.4.1
[INFO] [stderr]    Compiling slab v0.4.7
[INFO] [stderr]    Compiling futures-task v0.3.21
[INFO] [stderr]    Compiling yansi v0.5.1
[INFO] [stderr]    Compiling typenum v1.15.0
[INFO] [stderr]    Compiling futures-core v0.3.21
[INFO] [stderr]    Compiling indexmap v1.9.1
[INFO] [stderr]    Compiling untrusted v0.7.1
[INFO] [stderr]    Compiling spin v0.5.2
[INFO] [stderr]    Compiling futures-util v0.3.21
[INFO] [stderr]    Compiling httparse v1.7.1
[INFO] [stderr]    Compiling generic-array v0.14.5
[INFO] [stderr]    Compiling futures-io v0.3.21
[INFO] [stderr]    Compiling parking_lot_core v0.8.5
[INFO] [stderr]    Compiling serde_json v1.0.82
[INFO] [stderr]    Compiling cpufeatures v0.2.2
[INFO] [stderr]    Compiling ahash v0.7.6
[INFO] [stderr]    Compiling num-integer v0.1.45
[INFO] [stderr]    Compiling proc-macro2-diagnostics v0.9.1
[INFO] [stderr]    Compiling futures-sink v0.3.21
[INFO] [stderr]    Compiling time-macros v0.2.4
[INFO] [stderr]    Compiling crossbeam-utils v0.8.11
[INFO] [stderr]    Compiling getrandom v0.2.7
[INFO] [stderr]    Compiling socket2 v0.4.4
[INFO] [stderr]    Compiling num_cpus v1.13.1
[INFO] [stderr]    Compiling mio v0.8.4
[INFO] [stderr]    Compiling tracing-core v0.1.29
[INFO] [stderr]    Compiling percent-encoding v2.1.0
[INFO] [stderr]    Compiling http v0.2.8
[INFO] [stderr]    Compiling ring v0.16.20
[INFO] [stderr]    Compiling proc-macro2-diagnostics v0.10.0
[INFO] [stderr]    Compiling tinyvec_macros v0.1.0
[INFO] [stderr]    Compiling ref-cast v1.0.8
[INFO] [stderr]    Compiling tracing v0.1.36
[INFO] [stderr]    Compiling hashbrown v0.12.3
[INFO] [stderr]    Compiling crossbeam-queue v0.3.6
[INFO] [stderr]    Compiling ryu v1.0.10
[INFO] [stderr]    Compiling tinyvec v1.6.0
[INFO] [stderr]    Compiling syn v2.0.13
[INFO] [stderr]    Compiling crypto-common v0.1.6
[INFO] [stderr]    Compiling block-buffer v0.10.2
[INFO] [stderr]    Compiling digest v0.10.3
[INFO] [stderr]    Compiling inout v0.1.3
[INFO] [stderr]    Compiling paste v1.0.7
[INFO] [stderr]    Compiling unicode-segmentation v1.9.0
[INFO] [stderr]    Compiling base64 v0.21.0
[INFO] [stderr]    Compiling signal-hook-registry v1.4.0
[INFO] [stderr]    Compiling rand_core v0.6.3
[INFO] [stderr]    Compiling parking_lot v0.12.1
[INFO] [stderr]    Compiling unicode-normalization v0.1.21
[INFO] [stderr]    Compiling rand_chacha v0.3.1
[INFO] [stderr]    Compiling hmac v0.12.1
[INFO] [stderr]    Compiling universal-hash v0.5.0
[INFO] [stderr]    Compiling cipher v0.4.4
[INFO] [stderr]    Compiling heck v0.4.0
[INFO] [stderr]    Compiling instant v0.1.12
[INFO] [stderr]    Compiling matches v0.1.9
[INFO] [stderr]    Compiling bitflags v2.1.0
[INFO] [stderr]    Compiling opaque-debug v0.3.0
[INFO] [stderr]    Compiling try-lock v0.2.3
[INFO] [stderr]    Compiling scopeguard v1.1.0
[INFO] [stderr]    Compiling unicode-bidi v0.3.8
[INFO] [stderr]    Compiling num_threads v0.1.6
[INFO] [stderr]    Compiling want v0.3.0
[INFO] [stderr]    Compiling time v0.3.11
[INFO] [stderr]    Compiling polyval v0.6.0
[INFO] [stderr]    Compiling hkdf v0.12.3
[INFO] [stderr]    Compiling rand v0.8.5
[INFO] [stderr]    Compiling sha2 v0.10.2
[INFO] [stderr]    Compiling rustls-pemfile v1.0.2
[INFO] [stderr]    Compiling http-body v0.4.5
[INFO] [stderr]    Compiling cookie v0.17.0
[INFO] [stderr]    Compiling uncased v0.9.7
[INFO] [stderr]    Compiling ppv-lite86 v0.2.16
[INFO] [stderr]    Compiling byteorder v1.4.3
[INFO] [stderr]    Compiling encoding_rs v0.8.31
[INFO] [stderr]    Compiling io-lifetimes v1.0.10
[INFO] [stderr]    Compiling nom v7.1.1
[INFO] [stderr]    Compiling webpki v0.22.0
[INFO] [stderr]    Compiling sct v0.7.0
[INFO] [stderr]    Compiling parking_lot v0.11.2
[INFO] [stderr]    Compiling ghash v0.5.0
[INFO] [stderr]    Compiling idna v0.2.3
[INFO] [stderr]    Compiling form_urlencoded v1.0.1
[INFO] [stderr]    Compiling ctr v0.9.2
[INFO] [stderr]    Compiling aes v0.8.2
[INFO] [stderr]    Compiling aead v0.5.2
[INFO] [stderr]    Compiling dirs-sys v0.3.7
[INFO] [stderr]    Compiling httpdate v1.0.2
[INFO] [stderr]    Compiling rustix v0.37.8
[INFO] [stderr]    Compiling crc-catalog v2.2.0
[INFO] [stderr]    Compiling linked-hash-map v0.5.6
[INFO] [stderr]    Compiling tokio-stream v0.1.9
[INFO] [stderr]    Compiling hyper v0.14.20
[INFO] [stderr]    Compiling futures v0.3.21
[INFO] [stderr]    Compiling crc v3.0.1
[INFO] [stderr]    Compiling aes-gcm v0.10.1
[INFO] [stderr]    Compiling yaml-rust v0.4.5
[INFO] [stderr]    Compiling url v2.2.2
[INFO] [stderr]    Compiling dirs v4.0.0
[INFO] [stderr]    Compiling futures-intrusive v0.4.0
[INFO] [stderr]    Compiling webpki-roots v0.22.4
[INFO] [stderr]    Compiling chrono v0.4.20
[INFO] [stderr]    Compiling devise_core v0.4.1
[INFO] [stderr]    Compiling sha1 v0.10.4
[INFO] [stderr]    Compiling atoi v1.0.0
[INFO] [stderr]    Compiling hashlink v0.8.0
[INFO] [stderr]    Compiling stringprep v0.1.2
[INFO] [stderr]    Compiling time v0.1.44
[INFO] [stderr]    Compiling md-5 v0.10.1
[INFO] [stderr]    Compiling tokio-rustls v0.23.4
[INFO] [stderr]    Compiling sqlx-rt v0.6.3
[INFO] [stderr]    Compiling tokio-macros v1.8.0
[INFO] [stderr]    Compiling futures-macro v0.3.21
[INFO] [stderr]    Compiling pear_codegen v0.2.3
[INFO] [stderr]    Compiling ref-cast-impl v1.0.8
[INFO] [stderr]    Compiling thiserror-impl v1.0.31
[INFO] [stderr]    Compiling stable-pattern v0.1.0
[INFO] [stderr]    Compiling atomic v0.5.1
[INFO] [stderr]    Compiling devise_codegen v0.4.1
[INFO] [stderr]    Compiling figment v0.10.6
[INFO] [stderr]    Compiling multer v2.0.3
[INFO] [stderr]    Compiling pear v0.2.3
[INFO] [stderr]    Compiling bitflags v1.3.2
[INFO] [stderr]    Compiling linux-raw-sys v0.3.1
[INFO] [stderr]    Compiling devise v0.4.1
[INFO] [stderr]    Compiling base64 v0.13.0
[INFO] [stderr]    Compiling whoami v1.2.1
[INFO] [stderr]    Compiling rustversion v1.0.8
[INFO] [stderr]    Compiling pkg-config v0.3.25
[INFO] [stderr]    Compiling state v0.5.3
[INFO] [stderr]    Compiling async-trait v0.1.57
[INFO] [stderr]    Compiling thiserror v1.0.31
[INFO] [stderr]    Compiling async-stream-impl v0.3.3
[INFO] [stderr]    Compiling rmp v0.8.11
[INFO] [stderr]    Compiling libsqlite3-sys v0.25.1
[INFO] [stderr]    Compiling num-bigint v0.2.6
[INFO] [stderr]    Compiling rocket v0.5.0-rc.3
[INFO] [stderr]    Compiling spin v0.9.4
[INFO] [stderr]    Compiling fastrand v1.8.0
[INFO] [stderr]    Compiling unicode-xid v0.2.3
[INFO] [stderr]    Compiling remove_dir_all v0.5.3
[INFO] [stderr]    Compiling glob v0.3.0
[INFO] [stderr]    Compiling async-stream v0.3.3
[INFO] [stderr]    Compiling tempfile v3.3.0
[INFO] [stderr]    Compiling num-iter v0.1.43
[INFO] [stderr]    Compiling num-complex v0.2.4
[INFO] [stderr]    Compiling num-rational v0.2.4
[INFO] [stderr]    Compiling anyhow v1.0.60
[INFO] [stderr]    Compiling proc-macro-error-attr v1.0.4
[INFO] [stderr]    Compiling is-terminal v0.4.7
[INFO] [stderr]    Compiling rocket_db_pools_codegen v0.1.0-rc.3
[INFO] [stderr]    Compiling fallible-iterator v0.2.0
[INFO] [stderr]    Compiling strum_macros v0.24.2
[INFO] [stderr]    Compiling ipnet v2.5.0
[INFO] [stderr]    Compiling fallible-streaming-iterator v0.1.9
[INFO] [stderr]    Compiling proc-macro-error v1.0.4
[INFO] [stderr]    Compiling aho-corasick v0.7.18
[INFO] [stderr]    Compiling cookie v0.16.0
[INFO] [stderr]    Compiling regex-syntax v0.6.27
[INFO] [stderr]    Compiling os_str_bytes v6.2.0
[INFO] [stderr]    Compiling termcolor v1.1.3
[INFO] [stderr]    Compiling clap_derive v3.2.15
[INFO] [stderr]    Compiling clap_lex v0.2.4
[INFO] [stderr]    Compiling atty v0.2.14
[INFO] [stderr]    Compiling strsim v0.10.0
[INFO] [stderr]    Compiling textwrap v0.15.0
[INFO] [stderr]    Compiling simplelog v0.12.0
[INFO] [stderr]    Compiling futures-executor v0.3.21
[INFO] [stderr]    Compiling strum v0.24.1
[INFO] [stderr]    Compiling num v0.2.1
[INFO] [stderr]    Compiling dashmap v5.4.0
[INFO] [stderr]    Compiling regex v1.6.0
[INFO] [stderr]    Compiling tokio-util v0.7.3
[INFO] [stderr]    Compiling parse_duration v2.1.1
[INFO] [stderr]    Compiling either v1.7.0
[INFO] [stderr]    Compiling toml v0.5.9
[INFO] [stderr]    Compiling rmp-serde v1.1.0
[INFO] [stderr]    Compiling ubyte v0.10.2
[INFO] [stderr]    Compiling serde_urlencoded v0.7.1
[INFO] [stderr]    Compiling itertools v0.10.3
[INFO] [stderr]    Compiling h2 v0.3.13
[INFO] [stderr]    Compiling serde_yaml v0.8.26
[INFO] [stderr]    Compiling clap v3.2.16
[INFO] [stderr]    Compiling rocket_http v0.5.0-rc.3
[INFO] [stderr]    Compiling sqlformat v0.2.1
[INFO] [stderr]    Compiling rocket_codegen v0.5.0-rc.3
[INFO] [stderr]    Compiling sqlx-core v0.6.3
[INFO] [stderr]    Compiling hyper-rustls v0.23.0
[INFO] [stderr]    Compiling reqwest v0.11.11
[INFO] [stderr]    Compiling sqlx-macros v0.6.3
[INFO] [stderr]    Compiling sqlx v0.6.3
[INFO] [stderr]    Compiling rocket_db_pools v0.1.0-rc.3
[INFO] [stderr]    Compiling rusqlite v0.28.0
[INFO] [stderr]    Compiling webman-core v0.1.0 (/opt/rustwide/workdir/webman-core)
[INFO] [stdout] warning: unused import: `establish_connection_in_place`
[INFO] [stdout]  --> webman-core/src/browser/miner/firefox.rs:1:40
[INFO] [stdout]   |
[INFO] [stdout] 1 | use super::{establish_connection_copy, establish_connection_in_place, Browser, BrowserMiner};
[INFO] [stdout]   |                                        ^^^^^^^^^^^^^^^^^^^^^^^^^^^^^
[INFO] [stdout]   |
[INFO] [stdout]   = note: `#[warn(unused_imports)]` (part of `#[warn(unused)]`) on by default
[INFO] [stdout] 
[INFO] [stdout] 
[INFO] [stdout] warning: unused import: `establish_connection_in_place`
[INFO] [stdout]  --> webman-core/src/browser/miner/vivaldi.rs:1:33
[INFO] [stdout]   |
[INFO] [stdout] 1 | use super::{chromium::Chromium, establish_connection_in_place, Browser, BrowserMiner};
[INFO] [stdout]   |                                 ^^^^^^^^^^^^^^^^^^^^^^^^^^^^^
[INFO] [stdout] 
[INFO] [stdout] 
[INFO] [stdout] warning: unexpected `cfg` condition value: `postgres`
[INFO] [stdout]   --> webman-core/src/node.rs:32:39
[INFO] [stdout]    |
[INFO] [stdout] 32 | #[cfg_attr(feature = "server", derive(sqlx::Type))]
[INFO] [stdout]    |                                       ^^^^^^^^^^
[INFO] [stdout]    |
[INFO] [stdout]    = note: expected values for `feature` are: `browser` and `server`
[INFO] [stdout]    = note: using a cfg inside a derive macro will use the cfgs from the destination crate and not the ones from the defining crate
[INFO] [stdout]    = help: try referring to `sqlx::Type` crate for guidance on how handle this unexpected cfg
[INFO] [stdout]    = note: see <https://doc.rust-lang.org/nightly/rustc/check-cfg/cargo-specifics.html> for more information about checking conditional configuration
[INFO] [stdout]    = note: `#[warn(unexpected_cfgs)]` on by default
[INFO] [stdout]    = note: this warning originates in the derive macro `sqlx::Type` (in Nightly builds, run with -Z macro-backtrace for more info)
[INFO] [stdout] 
[INFO] [stdout] 
[INFO] [stdout] warning: unused variable: `s`
[INFO] [stdout]   --> webman-core/src/lib.rs:30:9
[INFO] [stdout]    |
[INFO] [stdout] 30 |     let s = 1;
[INFO] [stdout]    |         ^ help: if this is intentional, prefix it with an underscore: `_s`
[INFO] [stdout]    |
[INFO] [stdout]    = note: `#[warn(unused_variables)]` (part of `#[warn(unused)]`) on by default
[INFO] [stdout] 
[INFO] [stdout] 
[INFO] [stdout] warning: unused variable: `x`
[INFO] [stdout]   --> webman-core/src/lib.rs:31:9
[INFO] [stdout]    |
[INFO] [stdout] 31 |     let x = 2;
[INFO] [stdout]    |         ^ help: if this is intentional, prefix it with an underscore: `_x`
[INFO] [stdout] 
[INFO] [stdout] 
[INFO] [stdout] warning: function `xx` is never used
[INFO] [stdout]   --> webman-core/src/lib.rs:29:4
[INFO] [stdout]    |
[INFO] [stdout] 29 | fn xx() -> () {
[INFO] [stdout]    |    ^^
[INFO] [stdout]    |
[INFO] [stdout]    = note: `#[warn(dead_code)]` (part of `#[warn(unused)]`) on by default
[INFO] [stdout] 
[INFO] [stdout] 
[INFO] [stderr]    Compiling webman-cli v0.1.0 (/opt/rustwide/workdir/webman-cli)
[INFO] [stderr]    Compiling webman-server v0.1.0 (/opt/rustwide/workdir/webman-server)
[INFO] [stdout] warning: unused import: `auth_ping`
[INFO] [stdout]   --> webman-server/src/server.rs:63:10
[INFO] [stdout]    |
[INFO] [stdout] 63 | async fn auth_ping(_key: ApiKey<'_>) -> status::Accepted<&'static str> {
[INFO] [stdout]    |          ^^^^^^^^^
[INFO] [stdout]    |
[INFO] [stdout]    = note: `#[warn(unused_imports)]` (part of `#[warn(unused)]`) on by default
[INFO] [stdout] 
[INFO] [stdout] 
[INFO] [stdout] warning: unused import: `login`
[INFO] [stdout]   --> webman-server/src/server.rs:68:10
[INFO] [stdout]    |
[INFO] [stdout] 68 | async fn login(auth: Json<Auth>, cookies: &CookieJar<'_>) -> Result<&'static str> {
[INFO] [stdout]    |          ^^^^^
[INFO] [stdout] 
[INFO] [stdout] 
[INFO] [stdout] warning: unused import: `last_import_time`
[INFO] [stdout]   --> webman-server/src/server.rs:84:10
[INFO] [stdout]    |
[INFO] [stdout] 84 | async fn last_import_time(
[INFO] [stdout]    |          ^^^^^^^^^^^^^^^^
[INFO] [stdout] 
[INFO] [stdout] 
[INFO] [stdout] warning: unused import: `search_by_query_without_key`
[INFO] [stdout]   --> webman-server/src/server.rs:94:10
[INFO] [stdout]    |
[INFO] [stdout] 94 | async fn search_by_query_without_key() -> Status {
[INFO] [stdout]    |          ^^^^^^^^^^^^^^^^^^^^^^^^^^^
[INFO] [stdout] 
[INFO] [stdout] 
[INFO] [stdout] warning: unused import: `search_by_query`
[INFO] [stdout]   --> webman-server/src/server.rs:99:10
[INFO] [stdout]    |
[INFO] [stdout] 99 | async fn search_by_query(
[INFO] [stdout]    |          ^^^^^^^^^^^^^^^
[INFO] [stdout] 
[INFO] [stdout] 
[INFO] [stdout] warning: unused import: `get_urls`
[INFO] [stdout]    --> webman-server/src/server.rs:114:10
[INFO] [stdout]     |
[INFO] [stdout] 114 | async fn get_urls(
[INFO] [stdout]     |          ^^^^^^^^
[INFO] [stdout] 
[INFO] [stdout] 
[INFO] [stdout] warning: unused import: `insert_urls`
[INFO] [stdout]    --> webman-server/src/server.rs:126:10
[INFO] [stdout]     |
[INFO] [stdout] 126 | async fn insert_urls(
[INFO] [stdout]     |          ^^^^^^^^^^^
[INFO] [stdout] 
[INFO] [stdout] 
[INFO] [stdout] warning: unused import: `insert_fake_url`
[INFO] [stdout]    --> webman-server/src/server.rs:144:10
[INFO] [stdout]     |
[INFO] [stdout] 144 | async fn insert_fake_url(
[INFO] [stdout]     |          ^^^^^^^^^^^^^^^
[INFO] [stdout] 
[INFO] [stdout] 
[INFO] [stdout] warning: unused import: `insert_urls_json`
[INFO] [stdout]    --> webman-server/src/server.rs:162:10
[INFO] [stdout]     |
[INFO] [stdout] 162 | async fn insert_urls_json(
[INFO] [stdout]     |          ^^^^^^^^^^^^^^^^
[INFO] [stdout] 
[INFO] [stdout] 
[INFO] [stdout] warning: unused import: `set_tag`
[INFO] [stdout]    --> webman-server/src/server.rs:180:10
[INFO] [stdout]     |
[INFO] [stdout] 180 | async fn set_tag(
[INFO] [stdout]     |          ^^^^^^^
[INFO] [stdout] 
[INFO] [stdout] 
[INFO] [stdout] warning: unused import: `get_tag_log`
[INFO] [stdout]    --> webman-server/src/server.rs:193:10
[INFO] [stdout]     |
[INFO] [stdout] 193 | async fn get_tag_log<'a>() -> Json<tag::History> {
[INFO] [stdout]     |          ^^^^^^^^^^^
[INFO] [stdout] 
[INFO] [stdout] 
[INFO] [stdout] warning: unused import: `update_tag_log`
[INFO] [stdout]    --> webman-server/src/server.rs:199:10
[INFO] [stdout]     |
[INFO] [stdout] 199 | async fn update_tag_log(mut pool: Connection<Pool>, log: Json<tag::History>) -> Result<Status> {
[INFO] [stdout]     |          ^^^^^^^^^^^^^^
[INFO] [stdout] 
[INFO] [stdout] 
[INFO] [stdout] warning: unused import: `get_all_tags`
[INFO] [stdout]    --> webman-server/src/server.rs:214:10
[INFO] [stdout]     |
[INFO] [stdout] 214 | async fn get_all_tags(mut pool: Connection<Pool>, _key: ApiKey<'_>) -> Result<Json<url::Tags>> {
[INFO] [stdout]     |          ^^^^^^^^^^^^
[INFO] [stdout] 
[INFO] [stdout] 
[INFO] [stdout] warning: unused import: `providers`
[INFO] [stdout]    --> webman-server/src/server.rs:220:10
[INFO] [stdout]     |
[INFO] [stdout] 220 | async fn providers(mut pool: Connection<Pool>, _key: ApiKey<'_>) -> Result<Json<Vec<Provider>>> {
[INFO] [stdout]     |          ^^^^^^^^^
[INFO] [stdout] 
[INFO] [stdout] 
[INFO] [stdout] warning: unused import: `browsers`
[INFO] [stdout]    --> webman-server/src/server.rs:226:10
[INFO] [stdout]     |
[INFO] [stdout] 226 | async fn browsers(
[INFO] [stdout]     |          ^^^^^^^^
[INFO] [stdout] 
[INFO] [stdout] 
[INFO] [stdout] warning: unused import: `sync`
[INFO] [stdout]    --> webman-server/src/server.rs:236:10
[INFO] [stdout]     |
[INFO] [stdout] 236 | async fn sync(remote: String, _key: ApiKey<'_>) -> Result<Status> {
[INFO] [stdout]     |          ^^^^
[INFO] [stdout] 
[INFO] [stdout] 
[INFO] [stdout] warning: unused import: `sync_all_nodes`
[INFO] [stdout]    --> webman-server/src/server.rs:244:10
[INFO] [stdout]     |
[INFO] [stdout] 244 | async fn sync_all_nodes(_key: ApiKey<'_>) -> Result<Status> {
[INFO] [stdout]     |          ^^^^^^^^^^^^^^
[INFO] [stdout] 
[INFO] [stdout] 
[INFO] [stdout] warning: field `0` is never read
[INFO] [stdout]   --> webman-server/src/server.rs:35:23
[INFO] [stdout]    |
[INFO] [stdout] 35 | pub struct ApiKey<'r>(&'r str);
[INFO] [stdout]    |            ------     ^^^^^^^
[INFO] [stdout]    |            |
[INFO] [stdout]    |            field in this struct
[INFO] [stdout]    |
[INFO] [stdout]    = help: consider removing this field
[INFO] [stdout]    = note: `#[warn(dead_code)]` (part of `#[warn(unused)]`) on by default
[INFO] [stdout] 
[INFO] [stdout] 
[INFO] [stderr]     Finished `release` profile [optimized] target(s) in 4m 59s
[INFO] [stderr] warning: the following packages contain code that will be rejected by a future version of Rust: sqlx-core v0.6.3
[INFO] [stderr] note: to see what the problems were, use the option `--future-incompat-report`, or run `cargo report future-incompatibilities --id 4`
[INFO] running `Command { std: "docker" "inspect" "edb58231fd60df658ba85d105d85a93fcc5301eef20c3817de2b102687864b65", kill_on_drop: false }`
[INFO] running `Command { std: "docker" "exec" "-e" "SOURCE_DIR=/opt/rustwide/workdir" "-e" "CARGO_HOME=/opt/rustwide/cargo-home" "-e" "RUSTUP_HOME=/opt/rustwide/rustup-home" "-e" "CARGO_TARGET_DIR=/opt/rustwide/target" "-e" "CARGO_INCREMENTAL=0" "-e" "RUST_BACKTRACE=full" "-e" "RUSTFLAGS=--cap-lints=warn" "-e" "RUSTDOCFLAGS=--cap-lints=warn" "-w" "/opt/rustwide/workdir" "--user" "0:0" "edb58231fd60df658ba85d105d85a93fcc5301eef20c3817de2b102687864b65" "/opt/rustwide/cargo-home/bin/cargo" "+1.99.0-beta.8" "test" "--frozen" "--no-run" "--message-format=json" "--release", kill_on_drop: false }`
[INFO] [stderr]    Compiling sqlx v0.6.3
[INFO] [stderr]    Compiling darling_core v0.14.4
[INFO] [stderr]    Compiling serial_test_derive v1.0.0
[INFO] [stderr]    Compiling uuid v1.3.0
[INFO] [stderr]    Compiling dotenv v0.15.0
[INFO] [stderr]    Compiling rocket_db_pools v0.1.0-rc.3
[INFO] [stderr]    Compiling serial_test v1.0.0
[INFO] [stderr]    Compiling webman-core v0.1.0 (/opt/rustwide/workdir/webman-core)
[INFO] [stdout] warning: unused import: `establish_connection_in_place`
[INFO] [stdout]  --> webman-core/src/browser/miner/firefox.rs:1:40
[INFO] [stdout]   |
[INFO] [stdout] 1 | use super::{establish_connection_copy, establish_connection_in_place, Browser, BrowserMiner};
[INFO] [stdout]   |                                        ^^^^^^^^^^^^^^^^^^^^^^^^^^^^^
[INFO] [stdout]   |
[INFO] [stdout]   = note: `#[warn(unused_imports)]` (part of `#[warn(unused)]`) on by default
[INFO] [stdout] 
[INFO] [stdout] 
[INFO] [stdout] warning: unused import: `establish_connection_in_place`
[INFO] [stdout]  --> webman-core/src/browser/miner/vivaldi.rs:1:33
[INFO] [stdout]   |
[INFO] [stdout] 1 | use super::{chromium::Chromium, establish_connection_in_place, Browser, BrowserMiner};
[INFO] [stdout]   |                                 ^^^^^^^^^^^^^^^^^^^^^^^^^^^^^
[INFO] [stdout] 
[INFO] [stdout] 
[INFO] [stdout] warning: unexpected `cfg` condition value: `postgres`
[INFO] [stdout]   --> webman-core/src/node.rs:32:39
[INFO] [stdout]    |
[INFO] [stdout] 32 | #[cfg_attr(feature = "server", derive(sqlx::Type))]
[INFO] [stdout]    |                                       ^^^^^^^^^^
[INFO] [stdout]    |
[INFO] [stdout]    = note: expected values for `feature` are: `browser` and `server`
[INFO] [stdout]    = note: using a cfg inside a derive macro will use the cfgs from the destination crate and not the ones from the defining crate
[INFO] [stdout]    = help: try referring to `sqlx::Type` crate for guidance on how handle this unexpected cfg
[INFO] [stdout]    = note: see <https://doc.rust-lang.org/nightly/rustc/check-cfg/cargo-specifics.html> for more information about checking conditional configuration
[INFO] [stdout]    = note: `#[warn(unexpected_cfgs)]` on by default
[INFO] [stdout]    = note: this warning originates in the derive macro `sqlx::Type` (in Nightly builds, run with -Z macro-backtrace for more info)
[INFO] [stdout] 
[INFO] [stdout] 
[INFO] [stderr]    Compiling darling_macro v0.14.4
[INFO] [stderr]    Compiling darling v0.14.4
[INFO] [stderr]    Compiling sqlx-database-tester-macros v0.4.2
[INFO] [stdout] warning: unused variable: `s`
[INFO] [stdout]   --> webman-core/src/lib.rs:30:9
[INFO] [stdout]    |
[INFO] [stdout] 30 |     let s = 1;
[INFO] [stdout]    |         ^ help: if this is intentional, prefix it with an underscore: `_s`
[INFO] [stdout]    |
[INFO] [stdout]    = note: `#[warn(unused_variables)]` (part of `#[warn(unused)]`) on by default
[INFO] [stdout] 
[INFO] [stdout] 
[INFO] [stdout] warning: unused variable: `x`
[INFO] [stdout]   --> webman-core/src/lib.rs:31:9
[INFO] [stdout]    |
[INFO] [stdout] 31 |     let x = 2;
[INFO] [stdout]    |         ^ help: if this is intentional, prefix it with an underscore: `_x`
[INFO] [stdout] 
[INFO] [stdout] 
[INFO] [stdout] warning: function `xx` is never used
[INFO] [stdout]   --> webman-core/src/lib.rs:29:4
[INFO] [stdout]    |
[INFO] [stdout] 29 | fn xx() -> () {
[INFO] [stdout]    |    ^^
[INFO] [stdout]    |
[INFO] [stdout]    = note: `#[warn(dead_code)]` (part of `#[warn(unused)]`) on by default
[INFO] [stdout] 
[INFO] [stdout] 
[INFO] [stderr]    Compiling sqlx-database-tester v0.4.2
[INFO] [stdout] warning: unused import: `establish_connection_in_place`
[INFO] [stdout]  --> webman-core/src/browser/miner/firefox.rs:1:40
[INFO] [stdout]   |
[INFO] [stdout] 1 | use super::{establish_connection_copy, establish_connection_in_place, Browser, BrowserMiner};
[INFO] [stdout]   |                                        ^^^^^^^^^^^^^^^^^^^^^^^^^^^^^
[INFO] [stdout]   |
[INFO] [stdout]   = note: `#[warn(unused_imports)]` (part of `#[warn(unused)]`) on by default
[INFO] [stdout] 
[INFO] [stdout] 
[INFO] [stdout] warning: unused import: `establish_connection_in_place`
[INFO] [stdout]  --> webman-core/src/browser/miner/vivaldi.rs:1:33
[INFO] [stdout]   |
[INFO] [stdout] 1 | use super::{chromium::Chromium, establish_connection_in_place, Browser, BrowserMiner};
[INFO] [stdout]   |                                 ^^^^^^^^^^^^^^^^^^^^^^^^^^^^^
[INFO] [stdout] 
[INFO] [stdout] 
[INFO] [stdout] warning: unexpected `cfg` condition value: `postgres`
[INFO] [stdout]   --> webman-core/src/node.rs:32:39
[INFO] [stdout]    |
[INFO] [stdout] 32 | #[cfg_attr(feature = "server", derive(sqlx::Type))]
[INFO] [stdout]    |                                       ^^^^^^^^^^
[INFO] [stdout]    |
[INFO] [stdout]    = note: expected values for `feature` are: `browser` and `server`
[INFO] [stdout]    = note: using a cfg inside a derive macro will use the cfgs from the destination crate and not the ones from the defining crate
[INFO] [stdout]    = help: try referring to `sqlx::Type` crate for guidance on how handle this unexpected cfg
[INFO] [stdout]    = note: see <https://doc.rust-lang.org/nightly/rustc/check-cfg/cargo-specifics.html> for more information about checking conditional configuration
[INFO] [stdout]    = note: `#[warn(unexpected_cfgs)]` on by default
[INFO] [stdout]    = note: this warning originates in the derive macro `sqlx::Type` (in Nightly builds, run with -Z macro-backtrace for more info)
[INFO] [stdout] 
[INFO] [stdout] 
[INFO] [stdout] warning: unused variable: `s`
[INFO] [stdout]   --> webman-core/src/lib.rs:30:9
[INFO] [stdout]    |
[INFO] [stdout] 30 |     let s = 1;
[INFO] [stdout]    |         ^ help: if this is intentional, prefix it with an underscore: `_s`
[INFO] [stdout]    |
[INFO] [stdout]    = note: `#[warn(unused_variables)]` (part of `#[warn(unused)]`) on by default
[INFO] [stdout] 
[INFO] [stdout] 
[INFO] [stdout] warning: unused variable: `x`
[INFO] [stdout]   --> webman-core/src/lib.rs:31:9
[INFO] [stdout]    |
[INFO] [stdout] 31 |     let x = 2;
[INFO] [stdout]    |         ^ help: if this is intentional, prefix it with an underscore: `_x`
[INFO] [stdout] 
[INFO] [stdout] 
[INFO] [stdout] warning: function `xx` is never used
[INFO] [stdout]   --> webman-core/src/lib.rs:29:4
[INFO] [stdout]    |
[INFO] [stdout] 29 | fn xx() -> () {
[INFO] [stdout]    |    ^^
[INFO] [stdout]    |
[INFO] [stdout]    = note: `#[warn(dead_code)]` (part of `#[warn(unused)]`) on by default
[INFO] [stdout] 
[INFO] [stdout] 
[INFO] [stderr]    Compiling webman-cli v0.1.0 (/opt/rustwide/workdir/webman-cli)
[INFO] [stderr]    Compiling webman-server v0.1.0 (/opt/rustwide/workdir/webman-server)
[INFO] [stdout] warning: unused import: `auth_ping`
[INFO] [stdout]   --> webman-server/src/server.rs:63:10
[INFO] [stdout]    |
[INFO] [stdout] 63 | async fn auth_ping(_key: ApiKey<'_>) -> status::Accepted<&'static str> {
[INFO] [stdout]    |          ^^^^^^^^^
[INFO] [stdout]    |
[INFO] [stdout]    = note: `#[warn(unused_imports)]` (part of `#[warn(unused)]`) on by default
[INFO] [stdout] 
[INFO] [stdout] 
[INFO] [stdout] warning: unused import: `login`
[INFO] [stdout]   --> webman-server/src/server.rs:68:10
[INFO] [stdout]    |
[INFO] [stdout] 68 | async fn login(auth: Json<Auth>, cookies: &CookieJar<'_>) -> Result<&'static str> {
[INFO] [stdout]    |          ^^^^^
[INFO] [stdout] 
[INFO] [stdout] 
[INFO] [stdout] warning: unused import: `last_import_time`
[INFO] [stdout]   --> webman-server/src/server.rs:84:10
[INFO] [stdout]    |
[INFO] [stdout] 84 | async fn last_import_time(
[INFO] [stdout]    |          ^^^^^^^^^^^^^^^^
[INFO] [stdout] 
[INFO] [stdout] 
[INFO] [stdout] warning: unused import: `search_by_query_without_key`
[INFO] [stdout]   --> webman-server/src/server.rs:94:10
[INFO] [stdout]    |
[INFO] [stdout] 94 | async fn search_by_query_without_key() -> Status {
[INFO] [stdout]    |          ^^^^^^^^^^^^^^^^^^^^^^^^^^^
[INFO] [stdout] 
[INFO] [stdout] 
[INFO] [stdout] warning: unused import: `search_by_query`
[INFO] [stdout]   --> webman-server/src/server.rs:99:10
[INFO] [stdout]    |
[INFO] [stdout] 99 | async fn search_by_query(
[INFO] [stdout]    |          ^^^^^^^^^^^^^^^
[INFO] [stdout] 
[INFO] [stdout] 
[INFO] [stdout] warning: unused import: `get_urls`
[INFO] [stdout]    --> webman-server/src/server.rs:114:10
[INFO] [stdout]     |
[INFO] [stdout] 114 | async fn get_urls(
[INFO] [stdout]     |          ^^^^^^^^
[INFO] [stdout] 
[INFO] [stdout] 
[INFO] [stdout] warning: unused import: `insert_urls`
[INFO] [stdout]    --> webman-server/src/server.rs:126:10
[INFO] [stdout]     |
[INFO] [stdout] 126 | async fn insert_urls(
[INFO] [stdout]     |          ^^^^^^^^^^^
[INFO] [stdout] 
[INFO] [stdout] 
[INFO] [stdout] warning: unused import: `insert_fake_url`
[INFO] [stdout]    --> webman-server/src/server.rs:144:10
[INFO] [stdout]     |
[INFO] [stdout] 144 | async fn insert_fake_url(
[INFO] [stdout]     |          ^^^^^^^^^^^^^^^
[INFO] [stdout] 
[INFO] [stdout] 
[INFO] [stdout] warning: unused import: `insert_urls_json`
[INFO] [stdout]    --> webman-server/src/server.rs:162:10
[INFO] [stdout]     |
[INFO] [stdout] 162 | async fn insert_urls_json(
[INFO] [stdout]     |          ^^^^^^^^^^^^^^^^
[INFO] [stdout] 
[INFO] [stdout] 
[INFO] [stdout] warning: unused import: `set_tag`
[INFO] [stdout]    --> webman-server/src/server.rs:180:10
[INFO] [stdout]     |
[INFO] [stdout] 180 | async fn set_tag(
[INFO] [stdout]     |          ^^^^^^^
[INFO] [stdout] 
[INFO] [stdout] 
[INFO] [stdout] warning: unused import: `get_tag_log`
[INFO] [stdout]    --> webman-server/src/server.rs:193:10
[INFO] [stdout]     |
[INFO] [stdout] 193 | async fn get_tag_log<'a>() -> Json<tag::History> {
[INFO] [stdout]     |          ^^^^^^^^^^^
[INFO] [stdout] 
[INFO] [stdout] 
[INFO] [stdout] warning: unused import: `update_tag_log`
[INFO] [stdout]    --> webman-server/src/server.rs:199:10
[INFO] [stdout]     |
[INFO] [stdout] 199 | async fn update_tag_log(mut pool: Connection<Pool>, log: Json<tag::History>) -> Result<Status> {
[INFO] [stdout]     |          ^^^^^^^^^^^^^^
[INFO] [stdout] 
[INFO] [stdout] 
[INFO] [stdout] warning: unused import: `get_all_tags`
[INFO] [stdout]    --> webman-server/src/server.rs:214:10
[INFO] [stdout]     |
[INFO] [stdout] 214 | async fn get_all_tags(mut pool: Connection<Pool>, _key: ApiKey<'_>) -> Result<Json<url::Tags>> {
[INFO] [stdout]     |          ^^^^^^^^^^^^
[INFO] [stdout] 
[INFO] [stdout] 
[INFO] [stdout] warning: unused import: `providers`
[INFO] [stdout]    --> webman-server/src/server.rs:220:10
[INFO] [stdout]     |
[INFO] [stdout] 220 | async fn providers(mut pool: Connection<Pool>, _key: ApiKey<'_>) -> Result<Json<Vec<Provider>>> {
[INFO] [stdout]     |          ^^^^^^^^^
[INFO] [stdout] 
[INFO] [stdout] 
[INFO] [stdout] warning: unused import: `browsers`
[INFO] [stdout]    --> webman-server/src/server.rs:226:10
[INFO] [stdout]     |
[INFO] [stdout] 226 | async fn browsers(
[INFO] [stdout]     |          ^^^^^^^^
[INFO] [stdout] 
[INFO] [stdout] 
[INFO] [stdout] warning: unused import: `sync`
[INFO] [stdout]    --> webman-server/src/server.rs:236:10
[INFO] [stdout]     |
[INFO] [stdout] 236 | async fn sync(remote: String, _key: ApiKey<'_>) -> Result<Status> {
[INFO] [stdout]     |          ^^^^
[INFO] [stdout] 
[INFO] [stdout] 
[INFO] [stdout] warning: unused import: `sync_all_nodes`
[INFO] [stdout]    --> webman-server/src/server.rs:244:10
[INFO] [stdout]     |
[INFO] [stdout] 244 | async fn sync_all_nodes(_key: ApiKey<'_>) -> Result<Status> {
[INFO] [stdout]     |          ^^^^^^^^^^^^^^
[INFO] [stdout] 
[INFO] [stdout] 
[INFO] [stdout] warning: field `0` is never read
[INFO] [stdout]   --> webman-server/src/server.rs:35:23
[INFO] [stdout]    |
[INFO] [stdout] 35 | pub struct ApiKey<'r>(&'r str);
[INFO] [stdout]    |            ------     ^^^^^^^
[INFO] [stdout]    |            |
[INFO] [stdout]    |            field in this struct
[INFO] [stdout]    |
[INFO] [stdout]    = help: consider removing this field
[INFO] [stdout]    = note: `#[warn(dead_code)]` (part of `#[warn(unused)]`) on by default
[INFO] [stdout] 
[INFO] [stdout] 
[INFO] [stderr]     Finished `release` profile [optimized] target(s) in 25.73s
[INFO] [stderr] warning: the following packages contain code that will be rejected by a future version of Rust: sqlx-core v0.6.3
[INFO] [stderr] note: to see what the problems were, use the option `--future-incompat-report`, or run `cargo report future-incompatibilities --id 4`
[INFO] running `Command { std: "docker" "inspect" "edb58231fd60df658ba85d105d85a93fcc5301eef20c3817de2b102687864b65", kill_on_drop: false }`
[INFO] running `Command { std: "docker" "exec" "-e" "SOURCE_DIR=/opt/rustwide/workdir" "-e" "CARGO_HOME=/opt/rustwide/cargo-home" "-e" "RUSTUP_HOME=/opt/rustwide/rustup-home" "-e" "CARGO_TARGET_DIR=/opt/rustwide/target" "-e" "CARGO_INCREMENTAL=0" "-e" "RUST_BACKTRACE=full" "-e" "RUSTFLAGS=--cap-lints=warn" "-e" "RUSTDOCFLAGS=--cap-lints=warn" "-w" "/opt/rustwide/workdir" "--user" "0:0" "edb58231fd60df658ba85d105d85a93fcc5301eef20c3817de2b102687864b65" "/opt/rustwide/cargo-home/bin/cargo" "+1.99.0-beta.8" "test" "--frozen" "--release", kill_on_drop: false }`
[INFO] [stderr] warning: unused import: `establish_connection_in_place`
[INFO] [stderr]  --> webman-core/src/browser/miner/firefox.rs:1:40
[INFO] [stderr]   |
[INFO] [stderr] 1 | use super::{establish_connection_copy, establish_connection_in_place, Browser, BrowserMiner};
[INFO] [stderr]   |                                        ^^^^^^^^^^^^^^^^^^^^^^^^^^^^^
[INFO] [stderr]   |
[INFO] [stderr]   = note: `#[warn(unused_imports)]` (part of `#[warn(unused)]`) on by default
[INFO] [stderr] 
[INFO] [stderr] warning: unused import: `establish_connection_in_place`
[INFO] [stderr]  --> webman-core/src/browser/miner/vivaldi.rs:1:33
[INFO] [stderr]   |
[INFO] [stderr] 1 | use super::{chromium::Chromium, establish_connection_in_place, Browser, BrowserMiner};
[INFO] [stderr]   |                                 ^^^^^^^^^^^^^^^^^^^^^^^^^^^^^
[INFO] [stderr] 
[INFO] [stderr] warning: unexpected `cfg` condition value: `postgres`
[INFO] [stderr]   --> webman-core/src/node.rs:32:39
[INFO] [stderr]    |
[INFO] [stderr] 32 | #[cfg_attr(feature = "server", derive(sqlx::Type))]
[INFO] [stderr]    |                                       ^^^^^^^^^^
[INFO] [stderr]    |
[INFO] [stderr]    = note: expected values for `feature` are: `browser` and `server`
[INFO] [stderr]    = note: using a cfg inside a derive macro will use the cfgs from the destination crate and not the ones from the defining crate
[INFO] [stderr]    = help: try referring to `sqlx::Type` crate for guidance on how handle this unexpected cfg
[INFO] [stderr]    = note: see <https://doc.rust-lang.org/nightly/rustc/check-cfg/cargo-specifics.html> for more information about checking conditional configuration
[INFO] [stderr]    = note: `#[warn(unexpected_cfgs)]` on by default
[INFO] [stderr]    = note: this warning originates in the derive macro `sqlx::Type` (in Nightly builds, run with -Z macro-backtrace for more info)
[INFO] [stderr] 
[INFO] [stderr] warning: unused variable: `s`
[INFO] [stderr]   --> webman-core/src/lib.rs:30:9
[INFO] [stderr]    |
[INFO] [stderr] 30 |     let s = 1;
[INFO] [stderr]    |         ^ help: if this is intentional, prefix it with an underscore: `_s`
[INFO] [stderr]    |
[INFO] [stderr]    = note: `#[warn(unused_variables)]` (part of `#[warn(unused)]`) on by default
[INFO] [stderr] 
[INFO] [stderr] warning: unused variable: `x`
[INFO] [stderr]   --> webman-core/src/lib.rs:31:9
[INFO] [stderr]    |
[INFO] [stderr] 31 |     let x = 2;
[INFO] [stderr]    |         ^ help: if this is intentional, prefix it with an underscore: `_x`
[INFO] [stderr] 
[INFO] [stderr] warning: function `xx` is never used
[INFO] [stderr]   --> webman-core/src/lib.rs:29:4
[INFO] [stderr]    |
[INFO] [stderr] 29 | fn xx() -> () {
[INFO] [stderr]    |    ^^
[INFO] [stderr]    |
[INFO] [stderr]    = note: `#[warn(dead_code)]` (part of `#[warn(unused)]`) on by default
[INFO] [stderr] 
[INFO] [stderr] warning: `webman-core` (lib) generated 6 warnings (run `cargo fix --lib -p webman-core` to apply 4 suggestions)
[INFO] [stderr] warning: unused import: `auth_ping`
[INFO] [stderr]   --> webman-server/src/server.rs:63:10
[INFO] [stderr]    |
[INFO] [stderr] 63 | async fn auth_ping(_key: ApiKey<'_>) -> status::Accepted<&'static str> {
[INFO] [stderr]    |          ^^^^^^^^^
[INFO] [stderr]    |
[INFO] [stderr]    = note: `#[warn(unused_imports)]` (part of `#[warn(unused)]`) on by default
[INFO] [stderr] 
[INFO] [stderr] warning: unused import: `login`
[INFO] [stderr]   --> webman-server/src/server.rs:68:10
[INFO] [stderr]    |
[INFO] [stderr] 68 | async fn login(auth: Json<Auth>, cookies: &CookieJar<'_>) -> Result<&'static str> {
[INFO] [stderr]    |          ^^^^^
[INFO] [stderr] 
[INFO] [stderr] warning: unused import: `last_import_time`
[INFO] [stderr]   --> webman-server/src/server.rs:84:10
[INFO] [stderr]    |
[INFO] [stderr] 84 | async fn last_import_time(
[INFO] [stderr]    |          ^^^^^^^^^^^^^^^^
[INFO] [stderr] 
[INFO] [stderr] warning: unused import: `search_by_query_without_key`
[INFO] [stderr]   --> webman-server/src/server.rs:94:10
[INFO] [stderr]    |
[INFO] [stderr] 94 | async fn search_by_query_without_key() -> Status {
[INFO] [stderr]    |          ^^^^^^^^^^^^^^^^^^^^^^^^^^^
[INFO] [stderr] 
[INFO] [stderr] warning: unused import: `search_by_query`
[INFO] [stderr]   --> webman-server/src/server.rs:99:10
[INFO] [stderr]    |
[INFO] [stderr] 99 | async fn search_by_query(
[INFO] [stderr]    |          ^^^^^^^^^^^^^^^
[INFO] [stderr] 
[INFO] [stderr] warning: unused import: `get_urls`
[INFO] [stderr]    --> webman-server/src/server.rs:114:10
[INFO] [stderr]     |
[INFO] [stderr] 114 | async fn get_urls(
[INFO] [stderr]     |          ^^^^^^^^
[INFO] [stderr] 
[INFO] [stderr] warning: unused import: `insert_urls`
[INFO] [stderr]    --> webman-server/src/server.rs:126:10
[INFO] [stderr]     |
[INFO] [stderr] 126 | async fn insert_urls(
[INFO] [stderr]     |          ^^^^^^^^^^^
[INFO] [stderr] 
[INFO] [stderr] warning: unused import: `insert_fake_url`
[INFO] [stderr]    --> webman-server/src/server.rs:144:10
[INFO] [stderr]     |
[INFO] [stderr] 144 | async fn insert_fake_url(
[INFO] [stderr]     |          ^^^^^^^^^^^^^^^
[INFO] [stderr] 
[INFO] [stderr] warning: unused import: `insert_urls_json`
[INFO] [stderr]    --> webman-server/src/server.rs:162:10
[INFO] [stderr]     |
[INFO] [stderr] 162 | async fn insert_urls_json(
[INFO] [stderr]     |          ^^^^^^^^^^^^^^^^
[INFO] [stderr] 
[INFO] [stderr] warning: unused import: `set_tag`
[INFO] [stderr]    --> webman-server/src/server.rs:180:10
[INFO] [stderr]     |
[INFO] [stderr] 180 | async fn set_tag(
[INFO] [stderr]     |          ^^^^^^^
[INFO] [stderr] 
[INFO] [stderr] warning: unused import: `get_tag_log`
[INFO] [stderr]    --> webman-server/src/server.rs:193:10
[INFO] [stderr]     |
[INFO] [stderr] 193 | async fn get_tag_log<'a>() -> Json<tag::History> {
[INFO] [stderr]     |          ^^^^^^^^^^^
[INFO] [stderr] 
[INFO] [stderr] warning: unused import: `update_tag_log`
[INFO] [stderr]    --> webman-server/src/server.rs:199:10
[INFO] [stderr]     |
[INFO] [stderr] 199 | async fn update_tag_log(mut pool: Connection<Pool>, log: Json<tag::History>) -> Result<Status> {
[INFO] [stderr]     |          ^^^^^^^^^^^^^^
[INFO] [stderr] 
[INFO] [stderr] warning: unused import: `get_all_tags`
[INFO] [stderr]    --> webman-server/src/server.rs:214:10
[INFO] [stderr]     |
[INFO] [stderr] 214 | async fn get_all_tags(mut pool: Connection<Pool>, _key: ApiKey<'_>) -> Result<Json<url::Tags>> {
[INFO] [stderr]     |          ^^^^^^^^^^^^
[INFO] [stderr] 
[INFO] [stderr] warning: unused import: `providers`
[INFO] [stderr]    --> webman-server/src/server.rs:220:10
[INFO] [stderr]     |
[INFO] [stderr] 220 | async fn providers(mut pool: Connection<Pool>, _key: ApiKey<'_>) -> Result<Json<Vec<Provider>>> {
[INFO] [stderr]     |          ^^^^^^^^^
[INFO] [stderr] 
[INFO] [stderr] warning: unused import: `browsers`
[INFO] [stderr]    --> webman-server/src/server.rs:226:10
[INFO] [stderr]     |
[INFO] [stderr] 226 | async fn browsers(
[INFO] [stderr]     |          ^^^^^^^^
[INFO] [stderr] 
[INFO] [stderr] warning: unused import: `sync`
[INFO] [stderr]    --> webman-server/src/server.rs:236:10
[INFO] [stderr]     |
[INFO] [stderr] 236 | async fn sync(remote: String, _key: ApiKey<'_>) -> Result<Status> {
[INFO] [stderr]     |          ^^^^
[INFO] [stderr] 
[INFO] [stderr] warning: unused import: `sync_all_nodes`
[INFO] [stderr]    --> webman-server/src/server.rs:244:10
[INFO] [stderr]     |
[INFO] [stderr] 244 | async fn sync_all_nodes(_key: ApiKey<'_>) -> Result<Status> {
[INFO] [stderr]     |          ^^^^^^^^^^^^^^
[INFO] [stderr] 
[INFO] [stderr] warning: field `0` is never read
[INFO] [stderr]   --> webman-server/src/server.rs:35:23
[INFO] [stderr]    |
[INFO] [stderr] 35 | pub struct ApiKey<'r>(&'r str);
[INFO] [stderr]    |            ------     ^^^^^^^
[INFO] [stderr]    |            |
[INFO] [stderr]    |            field in this struct
[INFO] [stderr]    |
[INFO] [stderr]    = help: consider removing this field
[INFO] [stderr]    = note: `#[warn(dead_code)]` (part of `#[warn(unused)]`) on by default
[INFO] [stderr] 
[INFO] [stderr] warning: `webman-server` (bin "webman-server" test) generated 18 warnings
[INFO] [stderr] warning: `webman-core` (lib test) generated 6 warnings (6 duplicates)
[INFO] [stderr]     Finished `release` profile [optimized] target(s) in 0.34s
[INFO] [stderr] warning: the following packages contain code that will be rejected by a future version of Rust: sqlx-core v0.6.3
[INFO] [stderr] note: to see what the problems were, use the option `--future-incompat-report`, or run `cargo report future-incompatibilities --id 4`
[INFO] [stderr]      Running unittests src/main.rs (/opt/rustwide/target/release/deps/webman_cli-dffcb59004017356)
[INFO] [stdout] 
[INFO] [stdout] running 0 tests
[INFO] [stdout] 
[INFO] [stdout] test result: ok. 0 passed; 0 failed; 0 ignored; 0 measured; 0 filtered out; finished in 0.00s
[INFO] [stdout] 
[INFO] [stderr]      Running unittests src/lib.rs (/opt/rustwide/target/release/deps/webman_core-559389122263fed3)
[INFO] [stdout] 
[INFO] [stdout] running 15 tests
[INFO] [stdout] test browser::miner::safari::tests::safari_last_import_time ... ignored
[INFO] [stdout] test db::tests::upsert_bulk_urls ... ignored
[INFO] [stdout] test url::tag::tests::merge_tags ... ignored
[INFO] [stdout] test url::tag::tests::upsert_tags ... ok
[INFO] [stdout] test browser::miner::safari::tests::safari_datatime ... ok
[INFO] [stdout] test node::tests::api_url ... ok
[INFO] [stdout] test db::tests::providers ... FAILED
[INFO] [stdout] test db::tests::search ... FAILED
[INFO] [stdout] test url::tests::filter_parse ... ok
[INFO] [stdout] test db::tests::upsert_urls ... FAILED
[INFO] [stdout] test db::tests::insert_joined_urls ... FAILED
[INFO] [stdout] test db::tests::find_or_insert_provider ... FAILED
[INFO] [stdout] test url::tag::tests::insert_tags ... ok
[INFO] [stdout] test browser::miner::firefox::tests::connect_firefox ... FAILED
[INFO] [stdout] test url::tag::tests::upsert_async ... ok
[INFO] [stdout] 
[INFO] [stdout] failures:
[INFO] [stdout] 
[INFO] [stdout] ---- db::tests::providers stdout ----
[INFO] [stdout] 
[INFO] [stdout] thread 'db::tests::providers' (6554) panicked at /opt/rustwide/cargo-home/registry/src/index.crates.io-1949cf8c6b5b557f/sqlx-database-tester-0.4.2/src/lib.rs:51:29:
[INFO] [stdout] The env variable DATABASE_URL needs to be set
[INFO] [stdout] stack backtrace:
[INFO] [stdout]    0:     0x596179bb34b1 - <<std[70759c8f55707aa4]::sys::backtrace::BacktraceLock>::print::DisplayBacktrace as core[df12db4294e9bfd3]::fmt::Display>::fmt
[INFO] [stdout]    1:     0x596179bcac7a - core[df12db4294e9bfd3]::fmt::write
[INFO] [stdout]    2:     0x596179bb7eac - <alloc[2182bb758b4b3781]::vec::Vec<u8> as core[df12db4294e9bfd3]::io::write::Write>::write_fmt
[INFO] [stdout]    3:     0x596179b8d6a6 - std[70759c8f55707aa4]::panicking::default_hook::{closure#0}
[INFO] [stdout]    4:     0x596179baa319 - std[70759c8f55707aa4]::panicking::default_hook
[INFO] [stdout]    5:     0x59617986aa10 - test[9d35eded1c95d3be]::test_main_inner::<test[9d35eded1c95d3be]::test_main_static::{closure#0}>::{closure#0}
[INFO] [stdout]    6:     0x596179baa642 - std[70759c8f55707aa4]::panicking::panic_with_hook
[INFO] [stdout]    7:     0x596179b8d752 - std[70759c8f55707aa4]::panicking::panic_handler::{closure#0}
[INFO] [stdout]    8:     0x596179b86029 - std[70759c8f55707aa4]::sys::backtrace::__rust_end_short_backtrace::<std[70759c8f55707aa4]::panicking::panic_handler::{closure#0}, !>
[INFO] [stdout]    9:     0x596179b8e5dd - __rustc[8fa7c3cbc660c2b3]::rust_begin_unwind
[INFO] [stdout]   10:     0x596179bcb3dc - core[df12db4294e9bfd3]::panicking::panic_fmt
[INFO] [stdout]   11:     0x596179858c9d - sqlx_database_tester[2f5f50fa398a0ae8]::get_database_uri::{closure#0}
[INFO] [stdout]   12:     0x59617985923e - sqlx_database_tester[2f5f50fa398a0ae8]::get_database_uri
[INFO] [stdout]   13:     0x59617984639c - webman_core[9d23fa9e40c3094b]::db::tests::providers
[INFO] [stdout]   14:     0x5961798345c9 - <webman_core[9d23fa9e40c3094b]::db::tests::providers::{closure#0} as core[df12db4294e9bfd3]::ops::function::FnOnce<()>>::call_once
[INFO] [stdout]   15:     0x59617985dcfb - test[9d35eded1c95d3be]::__rust_begin_short_backtrace::<core[df12db4294e9bfd3]::result::Result<(), alloc[2182bb758b4b3781]::string::String>, fn() -> core[df12db4294e9bfd3]::result::Result<(), alloc[2182bb758b4b3781]::string::String>>
[INFO] [stdout]   16:     0x59617986b365 - test[9d35eded1c95d3be]::run_test::{closure#0}
[INFO] [stdout]   17:     0x596179864c24 - std[70759c8f55707aa4]::sys::backtrace::__rust_begin_short_backtrace::<test[9d35eded1c95d3be]::run_test::{closure#1}, ()>
[INFO] [stdout]   18:     0x59617986e4c2 - <std[70759c8f55707aa4]::thread::lifecycle::spawn_unchecked<test[9d35eded1c95d3be]::run_test::{closure#1}, ()>::{closure#1} as core[df12db4294e9bfd3]::ops::function::FnOnce<()>>::call_once::{shim:vtable#0}
[INFO] [stdout]   19:     0x596179bb25f9 - <std[70759c8f55707aa4]::sys::thread::unix::Thread>::new::thread_start
[INFO] [stdout]   20:     0x7841cf882dfa - <unknown>
[INFO] [stdout]   21:     0x7841cf9163d4 - clone
[INFO] [stdout]   22:                0x0 - <unknown>
[INFO] [stdout] 
[INFO] [stdout] ---- db::tests::search stdout ----
[INFO] [stdout] 
[INFO] [stdout] thread 'db::tests::search' (6555) panicked at /opt/rustwide/cargo-home/registry/src/index.crates.io-1949cf8c6b5b557f/sqlx-database-tester-0.4.2/src/lib.rs:51:29:
[INFO] [stdout] The env variable DATABASE_URL needs to be set
[INFO] [stdout] stack backtrace:
[INFO] [stdout]    0:     0x596179bb34b1 - <<std[70759c8f55707aa4]::sys::backtrace::BacktraceLock>::print::DisplayBacktrace as core[df12db4294e9bfd3]::fmt::Display>::fmt
[INFO] [stdout]    1:     0x596179bcac7a - core[df12db4294e9bfd3]::fmt::write
[INFO] [stdout]    2:     0x596179bb7eac - <alloc[2182bb758b4b3781]::vec::Vec<u8> as core[df12db4294e9bfd3]::io::write::Write>::write_fmt
[INFO] [stdout]    3:     0x596179b8d6a6 - std[70759c8f55707aa4]::panicking::default_hook::{closure#0}
[INFO] [stdout]    4:     0x596179baa319 - std[70759c8f55707aa4]::panicking::default_hook
[INFO] [stdout]    5:     0x59617986aa10 - test[9d35eded1c95d3be]::test_main_inner::<test[9d35eded1c95d3be]::test_main_static::{closure#0}>::{closure#0}
[INFO] [stdout]    6:     0x596179baa642 - std[70759c8f55707aa4]::panicking::panic_with_hook
[INFO] [stdout]    7:     0x596179b8d752 - std[70759c8f55707aa4]::panicking::panic_handler::{closure#0}
[INFO] [stdout]    8:     0x596179b86029 - std[70759c8f55707aa4]::sys::backtrace::__rust_end_short_backtrace::<std[70759c8f55707aa4]::panicking::panic_handler::{closure#0}, !>
[INFO] [stdout]    9:     0x596179b8e5dd - __rustc[8fa7c3cbc660c2b3]::rust_begin_unwind
[INFO] [stdout]   10:     0x596179bcb3dc - core[df12db4294e9bfd3]::panicking::panic_fmt
[INFO] [stdout]   11:     0x596179858c9d - sqlx_database_tester[2f5f50fa398a0ae8]::get_database_uri::{closure#0}
[INFO] [stdout]   12:     0x59617985923e - sqlx_database_tester[2f5f50fa398a0ae8]::get_database_uri
[INFO] [stdout]   13:     0x596179845d4c - webman_core[9d23fa9e40c3094b]::db::tests::search
[INFO] [stdout]   14:     0x5961798345a9 - <webman_core[9d23fa9e40c3094b]::db::tests::search::{closure#0} as core[df12db4294e9bfd3]::ops::function::FnOnce<()>>::call_once
[INFO] [stdout]   15:     0x59617985dcfb - test[9d35eded1c95d3be]::__rust_begin_short_backtrace::<core[df12db4294e9bfd3]::result::Result<(), alloc[2182bb758b4b3781]::string::String>, fn() -> core[df12db4294e9bfd3]::result::Result<(), alloc[2182bb758b4b3781]::string::String>>
[INFO] [stdout]   16:     0x59617986b365 - test[9d35eded1c95d3be]::run_test::{closure#0}
[INFO] [stdout]   17:     0x596179864c24 - std[70759c8f55707aa4]::sys::backtrace::__rust_begin_short_backtrace::<test[9d35eded1c95d3be]::run_test::{closure#1}, ()>
[INFO] [stdout]   18:     0x59617986e4c2 - <std[70759c8f55707aa4]::thread::lifecycle::spawn_unchecked<test[9d35eded1c95d3be]::run_test::{closure#1}, ()>::{closure#1} as core[df12db4294e9bfd3]::ops::function::FnOnce<()>>::call_once::{shim:vtable#0}
[INFO] [stdout]   19:     0x596179bb25f9 - <std[70759c8f55707aa4]::sys::thread::unix::Thread>::new::thread_start
[INFO] [stdout]   20:     0x7841cf882dfa - <unknown>
[INFO] [stdout]   21:     0x7841cf9163d4 - clone
[INFO] [stdout]   22:                0x0 - <unknown>
[INFO] [stdout] 
[INFO] [stdout] ---- db::tests::upsert_urls stdout ----
[INFO] [stdout] 
[INFO] [stdout] thread 'db::tests::upsert_urls' (6556) panicked at /opt/rustwide/cargo-home/registry/src/index.crates.io-1949cf8c6b5b557f/sqlx-database-tester-0.4.2/src/lib.rs:51:29:
[INFO] [stdout] The env variable DATABASE_URL needs to be set
[INFO] [stdout] stack backtrace:
[INFO] [stdout]    0:     0x596179bb34b1 - <<std[70759c8f55707aa4]::sys::backtrace::BacktraceLock>::print::DisplayBacktrace as core[df12db4294e9bfd3]::fmt::Display>::fmt
[INFO] [stdout]    1:     0x596179bcac7a - core[df12db4294e9bfd3]::fmt::write
[INFO] [stdout]    2:     0x596179bb7eac - <alloc[2182bb758b4b3781]::vec::Vec<u8> as core[df12db4294e9bfd3]::io::write::Write>::write_fmt
[INFO] [stdout]    3:     0x596179b8d6a6 - std[70759c8f55707aa4]::panicking::default_hook::{closure#0}
[INFO] [stdout]    4:     0x596179baa319 - std[70759c8f55707aa4]::panicking::default_hook
[INFO] [stdout]    5:     0x59617986aa10 - test[9d35eded1c95d3be]::test_main_inner::<test[9d35eded1c95d3be]::test_main_static::{closure#0}>::{closure#0}
[INFO] [stdout]    6:     0x596179baa642 - std[70759c8f55707aa4]::panicking::panic_with_hook
[INFO] [stdout]    7:     0x596179b8d752 - std[70759c8f55707aa4]::panicking::panic_handler::{closure#0}
[INFO] [stdout]    8:     0x596179b86029 - std[70759c8f55707aa4]::sys::backtrace::__rust_end_short_backtrace::<std[70759c8f55707aa4]::panicking::panic_handler::{closure#0}, !>
[INFO] [stdout]    9:     0x596179b8e5dd - __rustc[8fa7c3cbc660c2b3]::rust_begin_unwind
[INFO] [stdout]   10:     0x596179bcb3dc - core[df12db4294e9bfd3]::panicking::panic_fmt
[INFO] [stdout]   11:     0x596179858c9d - sqlx_database_tester[2f5f50fa398a0ae8]::get_database_uri::{closure#0}
[INFO] [stdout]   12:     0x59617985923e - sqlx_database_tester[2f5f50fa398a0ae8]::get_database_uri
[INFO] [stdout]   13:     0x59617984440c - webman_core[9d23fa9e40c3094b]::db::tests::upsert_urls
[INFO] [stdout]   14:     0x596179834529 - <webman_core[9d23fa9e40c3094b]::db::tests::upsert_urls::{closure#0} as core[df12db4294e9bfd3]::ops::function::FnOnce<()>>::call_once
[INFO] [stdout]   15:     0x59617985dcfb - test[9d35eded1c95d3be]::__rust_begin_short_backtrace::<core[df12db4294e9bfd3]::result::Result<(), alloc[2182bb758b4b3781]::string::String>, fn() -> core[df12db4294e9bfd3]::result::Result<(), alloc[2182bb758b4b3781]::string::String>>
[INFO] [stdout]   16:     0x59617986b365 - test[9d35eded1c95d3be]::run_test::{closure#0}
[INFO] [stdout]   17:     0x596179864c24 - std[70759c8f55707aa4]::sys::backtrace::__rust_begin_short_backtrace::<test[9d35eded1c95d3be]::run_test::{closure#1}, ()>
[INFO] [stdout]   18:     0x59617986e4c2 - <std[70759c8f55707aa4]::thread::lifecycle::spawn_unchecked<test[9d35eded1c95d3be]::run_test::{closure#1}, ()>::{closure#1} as core[df12db4294e9bfd3]::ops::function::FnOnce<()>>::call_once::{shim:vtable#0}
[INFO] [stdout]   19:     0x596179bb25f9 - <std[70759c8f55707aa4]::sys::thread::unix::Thread>::new::thread_start
[INFO] [stdout]   20:     0x7841cf882dfa - <unknown>
[INFO] [stdout]   21:     0x7841cf9163d4 - clone
[INFO] [stdout]   22:                0x0 - <unknown>
[INFO] [stdout] 
[INFO] [stdout] ---- db::tests::insert_joined_urls stdout ----
[INFO] [stdout] 
[INFO] [stdout] thread 'db::tests::insert_joined_urls' (6553) panicked at /opt/rustwide/cargo-home/registry/src/index.crates.io-1949cf8c6b5b557f/sqlx-database-tester-0.4.2/src/lib.rs:51:29:
[INFO] [stdout] The env variable DATABASE_URL needs to be set
[INFO] [stdout] stack backtrace:
[INFO] [stdout]    0:     0x596179bb34b1 - <<std[70759c8f55707aa4]::sys::backtrace::BacktraceLock>::print::DisplayBacktrace as core[df12db4294e9bfd3]::fmt::Display>::fmt
[INFO] [stdout]    1:     0x596179bcac7a - core[df12db4294e9bfd3]::fmt::write
[INFO] [stdout]    2:     0x596179bb7eac - <alloc[2182bb758b4b3781]::vec::Vec<u8> as core[df12db4294e9bfd3]::io::write::Write>::write_fmt
[INFO] [stdout]    3:     0x596179b8d6a6 - std[70759c8f55707aa4]::panicking::default_hook::{closure#0}
[INFO] [stdout]    4:     0x596179baa319 - std[70759c8f55707aa4]::panicking::default_hook
[INFO] [stdout]    5:     0x59617986aa10 - test[9d35eded1c95d3be]::test_main_inner::<test[9d35eded1c95d3be]::test_main_static::{closure#0}>::{closure#0}
[INFO] [stdout]    6:     0x596179baa642 - std[70759c8f55707aa4]::panicking::panic_with_hook
[INFO] [stdout]    7:     0x596179b8d752 - std[70759c8f55707aa4]::panicking::panic_handler::{closure#0}
[INFO] [stdout]    8:     0x596179b86029 - std[70759c8f55707aa4]::sys::backtrace::__rust_end_short_backtrace::<std[70759c8f55707aa4]::panicking::panic_handler::{closure#0}, !>
[INFO] [stdout]    9:     0x596179b8e5dd - __rustc[8fa7c3cbc660c2b3]::rust_begin_unwind
[INFO] [stdout]   10:     0x596179bcb3dc - core[df12db4294e9bfd3]::panicking::panic_fmt
[INFO] [stdout]   11:     0x596179858c9d - sqlx_database_tester[2f5f50fa398a0ae8]::get_database_uri::{closure#0}
[INFO] [stdout]   12:     0x59617985923e - sqlx_database_tester[2f5f50fa398a0ae8]::get_database_uri
[INFO] [stdout]   13:     0x5961798450ac - webman_core[9d23fa9e40c3094b]::db::tests::insert_joined_urls
[INFO] [stdout]   14:     0x596179834569 - <webman_core[9d23fa9e40c3094b]::db::tests::insert_joined_urls::{closure#0} as core[df12db4294e9bfd3]::ops::function::FnOnce<()>>::call_once
[INFO] [stdout]   15:     0x59617985dcfb - test[9d35eded1c95d3be]::__rust_begin_short_backtrace::<core[df12db4294e9bfd3]::result::Result<(), alloc[2182bb758b4b3781]::string::String>, fn() -> core[df12db4294e9bfd3]::result::Result<(), alloc[2182bb758b4b3781]::string::String>>
[INFO] [stdout]   16:     0x59617986b365 - test[9d35eded1c95d3be]::run_test::{closure#0}
[INFO] [stdout]   17:     0x596179864c24 - std[70759c8f55707aa4]::sys::backtrace::__rust_begin_short_backtrace::<test[9d35eded1c95d3be]::run_test::{closure#1}, ()>
[INFO] [stdout]   18:     0x59617986e4c2 - <std[70759c8f55707aa4]::thread::lifecycle::spawn_unchecked<test[9d35eded1c95d3be]::run_test::{closure#1}, ()>::{closure#1} as core[df12db4294e9bfd3]::ops::function::FnOnce<()>>::call_once::{shim:vtable#0}
[INFO] [stdout]   19:     0x596179bb25f9 - <std[70759c8f55707aa4]::sys::thread::unix::Thread>::new::thread_start
[INFO] [stdout]   20:     0x7841cf882dfa - <unknown>
[INFO] [stdout]   21:     0x7841cf9163d4 - clone
[INFO] [stdout]   22:                0x0 - <unknown>
[INFO] [stdout] 
[INFO] [stdout] ---- db::tests::find_or_insert_provider stdout ----
[INFO] [stdout] 
[INFO] [stdout] thread 'db::tests::find_or_insert_provider' (6552) panicked at /opt/rustwide/cargo-home/registry/src/index.crates.io-1949cf8c6b5b557f/sqlx-database-tester-0.4.2/src/lib.rs:51:29:
[INFO] [stdout] The env variable DATABASE_URL needs to be set
[INFO] [stdout] stack backtrace:
[INFO] [stdout]    0:     0x596179bb34b1 - <<std[70759c8f55707aa4]::sys::backtrace::BacktraceLock>::print::DisplayBacktrace as core[df12db4294e9bfd3]::fmt::Display>::fmt
[INFO] [stdout]    1:     0x596179bcac7a - core[df12db4294e9bfd3]::fmt::write
[INFO] [stdout]    2:     0x596179bb7eac - <alloc[2182bb758b4b3781]::vec::Vec<u8> as core[df12db4294e9bfd3]::io::write::Write>::write_fmt
[INFO] [stdout]    3:     0x596179b8d6a6 - std[70759c8f55707aa4]::panicking::default_hook::{closure#0}
[INFO] [stdout]    4:     0x596179baa319 - std[70759c8f55707aa4]::panicking::default_hook
[INFO] [stdout]    5:     0x59617986aa10 - test[9d35eded1c95d3be]::test_main_inner::<test[9d35eded1c95d3be]::test_main_static::{closure#0}>::{closure#0}
[INFO] [stdout]    6:     0x596179baa642 - std[70759c8f55707aa4]::panicking::panic_with_hook
[INFO] [stdout]    7:     0x596179b8d752 - std[70759c8f55707aa4]::panicking::panic_handler::{closure#0}
[INFO] [stdout]    8:     0x596179b86029 - std[70759c8f55707aa4]::sys::backtrace::__rust_end_short_backtrace::<std[70759c8f55707aa4]::panicking::panic_handler::{closure#0}, !>
[INFO] [stdout]    9:     0x596179b8e5dd - __rustc[8fa7c3cbc660c2b3]::rust_begin_unwind
[INFO] [stdout]   10:     0x596179bcb3dc - core[df12db4294e9bfd3]::panicking::panic_fmt
[INFO] [stdout]   11:     0x596179858c9d - sqlx_database_tester[2f5f50fa398a0ae8]::get_database_uri::{closure#0}
[INFO] [stdout]   12:     0x59617985923e - sqlx_database_tester[2f5f50fa398a0ae8]::get_database_uri
[INFO] [stdout]   13:     0x5961798456fc - webman_core[9d23fa9e40c3094b]::db::tests::find_or_insert_provider
[INFO] [stdout]   14:     0x596179834589 - <webman_core[9d23fa9e40c3094b]::db::tests::find_or_insert_provider::{closure#0} as core[df12db4294e9bfd3]::ops::function::FnOnce<()>>::call_once
[INFO] [stdout]   15:     0x59617985dcfb - test[9d35eded1c95d3be]::__rust_begin_short_backtrace::<core[df12db4294e9bfd3]::result::Result<(), alloc[2182bb758b4b3781]::string::String>, fn() -> core[df12db4294e9bfd3]::result::Result<(), alloc[2182bb758b4b3781]::string::String>>
[INFO] [stdout]   16:     0x59617986b365 - test[9d35eded1c95d3be]::run_test::{closure#0}
[INFO] [stdout]   17:     0x596179864c24 - std[70759c8f55707aa4]::sys::backtrace::__rust_begin_short_backtrace::<test[9d35eded1c95d3be]::run_test::{closure#1}, ()>
[INFO] [stdout]   18:     0x59617986e4c2 - <std[70759c8f55707aa4]::thread::lifecycle::spawn_unchecked<test[9d35eded1c95d3be]::run_test::{closure#1}, ()>::{closure#1} as core[df12db4294e9bfd3]::ops::function::FnOnce<()>>::call_once::{shim:vtable#0}
[INFO] [stdout]   19:     0x596179bb25f9 - <std[70759c8f55707aa4]::sys::thread::unix::Thread>::new::thread_start
[INFO] [stdout]   20:     0x7841cf882dfa - <unknown>
[INFO] [stdout]   21:     0x7841cf9163d4 - clone
[INFO] [stdout]   22:                0x0 - <unknown>
[INFO] [stdout] 
[INFO] [stdout] ---- browser::miner::firefox::tests::connect_firefox stdout ----
[INFO] [stdout] 
[INFO] [stdout] thread 'browser::miner::firefox::tests::connect_firefox' (6550) panicked at webman-core/src/browser/mod.rs:34:24:
[INFO] [stdout] Browser Firefox is not yet supported on linux
[INFO] [stdout] stack backtrace:
[INFO] [stdout]    0:     0x596179bb34b1 - <<std[70759c8f55707aa4]::sys::backtrace::BacktraceLock>::print::DisplayBacktrace as core[df12db4294e9bfd3]::fmt::Display>::fmt
[INFO] [stdout]    1:     0x596179bcac7a - core[df12db4294e9bfd3]::fmt::write
[INFO] [stdout]    2:     0x596179bb7eac - <alloc[2182bb758b4b3781]::vec::Vec<u8> as core[df12db4294e9bfd3]::io::write::Write>::write_fmt
[INFO] [stdout]    3:     0x596179b8d6a6 - std[70759c8f55707aa4]::panicking::default_hook::{closure#0}
[INFO] [stdout]    4:     0x596179baa319 - std[70759c8f55707aa4]::panicking::default_hook
[INFO] [stdout]    5:     0x59617986aa10 - test[9d35eded1c95d3be]::test_main_inner::<test[9d35eded1c95d3be]::test_main_static::{closure#0}>::{closure#0}
[INFO] [stdout]    6:     0x596179baa642 - std[70759c8f55707aa4]::panicking::panic_with_hook
[INFO] [stdout]    7:     0x596179b8d752 - std[70759c8f55707aa4]::panicking::panic_handler::{closure#0}
[INFO] [stdout]    8:     0x596179b86029 - std[70759c8f55707aa4]::sys::backtrace::__rust_end_short_backtrace::<std[70759c8f55707aa4]::panicking::panic_handler::{closure#0}, !>
[INFO] [stdout]    9:     0x596179b8e5dd - __rustc[8fa7c3cbc660c2b3]::rust_begin_unwind
[INFO] [stdout]   10:     0x596179bcb3dc - core[df12db4294e9bfd3]::panicking::panic_fmt
[INFO] [stdout]   11:     0x596179804261 - <webman_core[9d23fa9e40c3094b]::browser::Browser>::default_location
[INFO] [stdout]   12:     0x59617983472c - <webman_core[9d23fa9e40c3094b]::browser::miner::firefox::tests::connect_firefox::{closure#0} as core[df12db4294e9bfd3]::ops::function::FnOnce<()>>::call_once
[INFO] [stdout]   13:     0x59617985dcfb - test[9d35eded1c95d3be]::__rust_begin_short_backtrace::<core[df12db4294e9bfd3]::result::Result<(), alloc[2182bb758b4b3781]::string::String>, fn() -> core[df12db4294e9bfd3]::result::Result<(), alloc[2182bb758b4b3781]::string::String>>
[INFO] [stdout]   14:     0x59617986b365 - test[9d35eded1c95d3be]::run_test::{closure#0}
[INFO] [stdout]   15:     0x596179864c24 - std[70759c8f55707aa4]::sys::backtrace::__rust_begin_short_backtrace::<test[9d35eded1c95d3be]::run_test::{closure#1}, ()>
[INFO] [stdout]   16:     0x59617986e4c2 - <std[70759c8f55707aa4]::thread::lifecycle::spawn_unchecked<test[9d35eded1c95d3be]::run_test::{closure#1}, ()>::{closure#1} as core[df12db4294e9bfd3]::ops::function::FnOnce<()>>::call_once::{shim:vtable#0}
[INFO] [stdout]   17:     0x596179bb25f9 - <std[70759c8f55707aa4]::sys::thread::unix::Thread>::new::thread_start
[INFO] [stdout]   18:     0x7841cf882dfa - <unknown>
[INFO] [stdout]   19:     0x7841cf9163d4 - clone
[INFO] [stdout]   20:                0x0 - <unknown>
[INFO] [stdout] 
[INFO] [stdout] 
[INFO] [stdout] failures:
[INFO] [stdout]     browser::miner::firefox::tests::connect_firefox
[INFO] [stdout]     db::tests::find_or_insert_provider
[INFO] [stdout]     db::tests::insert_joined_urls
[INFO] [stdout]     db::tests::providers
[INFO] [stdout]     db::tests::search
[INFO] [stdout]     db::tests::upsert_urls
[INFO] [stdout] 
[INFO] [stdout] test result: FAILED. 6 passed; 6 failed; 3 ignored; 0 measured; 0 filtered out; finished in 0.21s
[INFO] [stdout] 
[INFO] [stderr] error: test failed, to rerun pass `-p webman-core --lib`
[INFO] running `Command { std: "docker" "inspect" "edb58231fd60df658ba85d105d85a93fcc5301eef20c3817de2b102687864b65", kill_on_drop: false }`
[INFO] running `Command { std: "docker" "rm" "-f" "edb58231fd60df658ba85d105d85a93fcc5301eef20c3817de2b102687864b65", kill_on_drop: false }`
[INFO] [stdout] edb58231fd60df658ba85d105d85a93fcc5301eef20c3817de2b102687864b65
