[INFO] cloning repository https://github.com/TylerDurden120/jenkins-pipeline
[INFO] running `Command { std: "git" "-c" "credential.helper=" "-c" "credential.helper=/workspace/cargo-home/bin/git-credential-null" "clone" "--bare" "https://github.com/TylerDurden120/jenkins-pipeline" "/workspace/cache/git-repos/https%3A%2F%2Fgithub.com%2FTylerDurden120%2Fjenkins-pipeline", kill_on_drop: false }`
[INFO] [stderr] Cloning into bare repository '/workspace/cache/git-repos/https%3A%2F%2Fgithub.com%2FTylerDurden120%2Fjenkins-pipeline'...
[INFO] running `Command { std: "git" "rev-parse" "HEAD", kill_on_drop: false }`
[INFO] [stdout] 3ae8a4e8d9ddec9e2a3d159acb0ca54fd665ccf8
[INFO] testing TylerDurden120/jenkins-pipeline against 1.100.0-beta.1+cargoflags=--release for beta-release-1.100-2
[INFO] running `Command { std: "git" "clone" "/workspace/cache/git-repos/https%3A%2F%2Fgithub.com%2FTylerDurden120%2Fjenkins-pipeline" "/workspace/builds/worker-5-tc2/source", kill_on_drop: false }`
[INFO] [stderr] Cloning into '/workspace/builds/worker-5-tc2/source'...
[INFO] [stderr] done.
[INFO] started tweaking git repo https://github.com/TylerDurden120/jenkins-pipeline
[INFO] finished tweaking git repo https://github.com/TylerDurden120/jenkins-pipeline
[INFO] tweaked toml for git repo https://github.com/TylerDurden120/jenkins-pipeline written to /workspace/builds/worker-5-tc2/source/Cargo.toml
[INFO] validating manifest of git repo https://github.com/TylerDurden120/jenkins-pipeline on toolchain 1.100.0-beta.1
[INFO] running `Command { std: CARGO_HOME="/workspace/cargo-home" RUSTUP_HOME="/workspace/rustup-home" "/workspace/cargo-home/bin/cargo" "+1.100.0-beta.1" "metadata" "--manifest-path" "Cargo.toml" "--no-deps", kill_on_drop: false }`
[INFO] crate git repo https://github.com/TylerDurden120/jenkins-pipeline already has a lockfile, it will not be regenerated
[INFO] running `Command { std: CARGO_HOME="/workspace/cargo-home" RUSTUP_HOME="/workspace/rustup-home" "/workspace/cargo-home/bin/cargo" "+1.100.0-beta.1" "fetch" "--manifest-path" "Cargo.toml", kill_on_drop: false }`
[INFO] running `Command { std: "docker" "create" "-v" "/var/lib/crater-agent-workspace/builds/worker-5-tc2/source:/opt/rustwide/workdir:ro,Z" "-v" "/var/lib/crater-agent-workspace/builds/worker-5-tc2/target:/opt/rustwide/target:rw,Z" "-v" "/var/lib/crater-agent-workspace/cargo-home:/opt/rustwide/cargo-home:ro,Z" "-v" "/var/lib/crater-agent-workspace/rustup-home:/opt/rustwide/rustup-home:ro,Z" "-m" "1610612736" "--network" "none" "ghcr.io/rust-lang/crates-build-env/linux@sha256:77db811e55d90add9212f6832c23229e3de5f1c1f9905e8cb07319ea15df73ac" "sleep" "infinity", kill_on_drop: false }`
[INFO] [stdout] 3bbe442d7f6c9e34e2b74a1e28306ba54e2652e07245289ee92505d8a50f468a
[INFO] running `Command { std: "docker" "start" "3bbe442d7f6c9e34e2b74a1e28306ba54e2652e07245289ee92505d8a50f468a", kill_on_drop: false }`
[INFO] running `Command { std: "docker" "inspect" "3bbe442d7f6c9e34e2b74a1e28306ba54e2652e07245289ee92505d8a50f468a", kill_on_drop: false }`
[INFO] running `Command { std: "docker" "exec" "-e" "SOURCE_DIR=/opt/rustwide/workdir" "-e" "CARGO_HOME=/opt/rustwide/cargo-home" "-e" "RUSTUP_HOME=/opt/rustwide/rustup-home" "-e" "CARGO_TARGET_DIR=/opt/rustwide/target" "-w" "/opt/rustwide/workdir" "--user" "0:0" "3bbe442d7f6c9e34e2b74a1e28306ba54e2652e07245289ee92505d8a50f468a" "/opt/rustwide/cargo-home/bin/cargo" "+1.100.0-beta.1" "metadata" "--no-deps" "--format-version=1", kill_on_drop: false }`
[INFO] running `Command { std: "docker" "inspect" "3bbe442d7f6c9e34e2b74a1e28306ba54e2652e07245289ee92505d8a50f468a", kill_on_drop: false }`
[INFO] running `Command { std: "docker" "exec" "-e" "SOURCE_DIR=/opt/rustwide/workdir" "-e" "CARGO_HOME=/opt/rustwide/cargo-home" "-e" "RUSTUP_HOME=/opt/rustwide/rustup-home" "-e" "CARGO_TARGET_DIR=/opt/rustwide/target" "-e" "CARGO_INCREMENTAL=0" "-e" "RUST_BACKTRACE=full" "-e" "RUSTFLAGS=--cap-lints=warn" "-e" "RUSTDOCFLAGS=--cap-lints=warn" "-w" "/opt/rustwide/workdir" "--user" "0:0" "3bbe442d7f6c9e34e2b74a1e28306ba54e2652e07245289ee92505d8a50f468a" "/opt/rustwide/cargo-home/bin/cargo" "+1.100.0-beta.1" "build" "--frozen" "--message-format=json" "--release", kill_on_drop: false }`
[INFO] [stderr]    Compiling libc v0.2.169
[INFO] [stderr]    Compiling bitflags v2.6.0
[INFO] [stderr]    Compiling proc-macro2 v1.0.86
[INFO] [stderr]    Compiling crossbeam-utils v0.8.20
[INFO] [stderr]    Compiling unicode-ident v1.0.12
[INFO] [stderr]    Compiling rustix v0.38.41
[INFO] [stderr]    Compiling linux-raw-sys v0.4.14
[INFO] [stderr]    Compiling colorchoice v1.0.2
[INFO] [stderr]    Compiling regex-syntax v0.8.5
[INFO] [stderr]    Compiling autocfg v1.3.0
[INFO] [stderr]    Compiling anstyle v1.0.8
[INFO] [stderr]    Compiling cc v1.1.13
[INFO] [stderr]    Compiling anstyle-parse v0.2.5
[INFO] [stderr]    Compiling cfg_aliases v0.2.1
[INFO] [stderr]    Compiling anstyle-query v1.1.1
[INFO] [stderr]    Compiling bitflags v1.3.2
[INFO] [stderr]    Compiling bstr v1.10.0
[INFO] [stderr]    Compiling log v0.4.22
[INFO] [stderr]    Compiling anyhow v1.0.95
[INFO] [stderr]    Compiling fd-find v10.2.0 (/opt/rustwide/workdir)
[INFO] [stderr]    Compiling nix v0.29.0
[INFO] [stderr]    Compiling nu-ansi-term v0.50.1
[INFO] [stderr]    Compiling lazy_static v1.5.0
[INFO] [stderr]    Compiling iana-time-zone v0.1.60
[INFO] [stderr]    Compiling home v0.5.9
[INFO] [stderr]    Compiling anstream v0.6.15
[INFO] [stderr]    Compiling etcetera v0.8.0
[INFO] [stderr]    Compiling humantime v2.1.0
[INFO] [stderr]    Compiling normpath v1.3.0
[INFO] [stderr]    Compiling num-traits v0.2.19
[INFO] [stderr]    Compiling lscolors v0.20.0
[INFO] [stderr]    Compiling quote v1.0.36
[INFO] [stderr]    Compiling crossbeam-epoch v0.9.18
[INFO] [stderr]    Compiling crossbeam-channel v0.5.14
[INFO] [stderr]    Compiling syn v2.0.75
[INFO] [stderr]    Compiling jemalloc-sys v0.5.4+5.3.0-patched
[INFO] [stderr]    Compiling terminal_size v0.4.0
[INFO] [stderr]    Compiling clap_builder v4.5.27
[INFO] [stderr]    Compiling chrono v0.4.39
[INFO] [stderr]    Compiling crossbeam-deque v0.8.5
[INFO] [stderr]    Compiling regex-automata v0.4.8
[INFO] [stderr]    Compiling nix v0.24.3
[INFO] [stderr]    Compiling faccess v0.2.4
[INFO] [stderr]    Compiling argmax v0.3.1
[INFO] [stderr]    Compiling ctrlc v3.4.5
[INFO] [stderr]    Compiling clap_derive v4.5.24
[INFO] [stderr]    Compiling clap v4.5.27
[INFO] [stderr]    Compiling clap_complete v4.5.44
[INFO] [stderr]    Compiling globset v0.4.15
[INFO] [stderr]    Compiling regex v1.11.1
[INFO] [stderr]    Compiling ignore v0.4.23
[INFO] [stderr]    Compiling jemallocator v0.5.4
[INFO] [stdout] warning: hiding a lifetime that's elided elsewhere is confusing
[INFO] [stdout]    --> src/filesystem.rs:103:30
[INFO] [stdout]     |
[INFO] [stdout] 103 | pub fn osstr_to_bytes(input: &OsStr) -> Cow<[u8]> {
[INFO] [stdout]     |                              ^^^^^^     ^^^^^^^^^ the same lifetime is hidden here
[INFO] [stdout]     |                              |
[INFO] [stdout]     |                              the lifetime is elided here
[INFO] [stdout]     |
[INFO] [stdout]     = help: the same lifetime is referred to in inconsistent ways, making the signature confusing
[INFO] [stdout]     = note: `#[warn(mismatched_lifetime_syntaxes)]` on by default
[INFO] [stdout] help: use `'_` for type paths
[INFO] [stdout]     |
[INFO] [stdout] 103 | pub fn osstr_to_bytes(input: &OsStr) -> Cow<'_, [u8]> {
[INFO] [stdout]     |                                             +++
[INFO] [stdout] 
[INFO] [stdout] 
[INFO] [stderr]     Finished `release` profile [optimized] target(s) in 2m 28s
[INFO] [stderr] warning: the following packages contain code that will be rejected by a future version of Rust: nix v0.29.0
[INFO] [stderr] note: to see what the problems were, use the option `--future-incompat-report`, or run `cargo report future-incompatibilities --id 3`
[INFO] running `Command { std: "docker" "inspect" "3bbe442d7f6c9e34e2b74a1e28306ba54e2652e07245289ee92505d8a50f468a", kill_on_drop: false }`
[INFO] running `Command { std: "docker" "exec" "-e" "SOURCE_DIR=/opt/rustwide/workdir" "-e" "CARGO_HOME=/opt/rustwide/cargo-home" "-e" "RUSTUP_HOME=/opt/rustwide/rustup-home" "-e" "CARGO_TARGET_DIR=/opt/rustwide/target" "-e" "CARGO_INCREMENTAL=0" "-e" "RUST_BACKTRACE=full" "-e" "RUSTFLAGS=--cap-lints=warn" "-e" "RUSTDOCFLAGS=--cap-lints=warn" "-w" "/opt/rustwide/workdir" "--user" "0:0" "3bbe442d7f6c9e34e2b74a1e28306ba54e2652e07245289ee92505d8a50f468a" "/opt/rustwide/cargo-home/bin/cargo" "+1.100.0-beta.1" "test" "--frozen" "--no-run" "--message-format=json" "--release", kill_on_drop: false }`
[INFO] [stderr]    Compiling rustix v0.38.41
[INFO] [stderr]    Compiling cfg-if v1.0.0
[INFO] [stderr]    Compiling getrandom v0.3.1
[INFO] [stderr]    Compiling syn v2.0.75
[INFO] [stderr]    Compiling once_cell v1.19.0
[INFO] [stderr]    Compiling fastrand v2.1.1
[INFO] [stderr]    Compiling filetime v0.2.25
[INFO] [stderr]    Compiling diff v0.1.13
[INFO] [stderr]    Compiling terminal_size v0.4.0
[INFO] [stderr]    Compiling tempfile v3.16.0
[INFO] [stderr]    Compiling clap_builder v4.5.27
[INFO] [stderr]    Compiling test-case-core v3.3.1
[INFO] [stderr]    Compiling clap_derive v4.5.24
[INFO] [stderr]    Compiling test-case-macros v3.3.1
[INFO] [stderr]    Compiling test-case v3.3.1
[INFO] [stderr]    Compiling clap v4.5.27
[INFO] [stderr]    Compiling clap_complete v4.5.44
[INFO] [stderr]    Compiling fd-find v10.2.0 (/opt/rustwide/workdir)
[INFO] [stdout] warning: hiding a lifetime that's elided elsewhere is confusing
[INFO] [stdout]    --> src/filesystem.rs:103:30
[INFO] [stdout]     |
[INFO] [stdout] 103 | pub fn osstr_to_bytes(input: &OsStr) -> Cow<[u8]> {
[INFO] [stdout]     |                              ^^^^^^     ^^^^^^^^^ the same lifetime is hidden here
[INFO] [stdout]     |                              |
[INFO] [stdout]     |                              the lifetime is elided here
[INFO] [stdout]     |
[INFO] [stdout]     = help: the same lifetime is referred to in inconsistent ways, making the signature confusing
[INFO] [stdout]     = note: `#[warn(mismatched_lifetime_syntaxes)]` on by default
[INFO] [stdout] help: use `'_` for type paths
[INFO] [stdout]     |
[INFO] [stdout] 103 | pub fn osstr_to_bytes(input: &OsStr) -> Cow<'_, [u8]> {
[INFO] [stdout]     |                                             +++
[INFO] [stdout] 
[INFO] [stdout] 
[INFO] [stdout] warning: hiding a lifetime that's elided elsewhere is confusing
[INFO] [stdout]    --> src/filesystem.rs:103:30
[INFO] [stdout]     |
[INFO] [stdout] 103 | pub fn osstr_to_bytes(input: &OsStr) -> Cow<[u8]> {
[INFO] [stdout]     |                              ^^^^^^     ^^^^^^^^^ the same lifetime is hidden here
[INFO] [stdout]     |                              |
[INFO] [stdout]     |                              the lifetime is elided here
[INFO] [stdout]     |
[INFO] [stdout]     = help: the same lifetime is referred to in inconsistent ways, making the signature confusing
[INFO] [stdout]     = note: `#[warn(mismatched_lifetime_syntaxes)]` on by default
[INFO] [stdout] help: use `'_` for type paths
[INFO] [stdout]     |
[INFO] [stdout] 103 | pub fn osstr_to_bytes(input: &OsStr) -> Cow<'_, [u8]> {
[INFO] [stdout]     |                                             +++
[INFO] [stdout] 
[INFO] [stdout] 
[INFO] [stderr]     Finished `release` profile [optimized] target(s) in 54.24s
[INFO] [stderr] warning: the following packages contain code that will be rejected by a future version of Rust: nix v0.29.0
[INFO] [stderr] note: to see what the problems were, use the option `--future-incompat-report`, or run `cargo report future-incompatibilities --id 3`
[INFO] running `Command { std: "docker" "inspect" "3bbe442d7f6c9e34e2b74a1e28306ba54e2652e07245289ee92505d8a50f468a", kill_on_drop: false }`
[INFO] running `Command { std: "docker" "exec" "-e" "SOURCE_DIR=/opt/rustwide/workdir" "-e" "CARGO_HOME=/opt/rustwide/cargo-home" "-e" "RUSTUP_HOME=/opt/rustwide/rustup-home" "-e" "CARGO_TARGET_DIR=/opt/rustwide/target" "-e" "CARGO_INCREMENTAL=0" "-e" "RUST_BACKTRACE=full" "-e" "RUSTFLAGS=--cap-lints=warn" "-e" "RUSTDOCFLAGS=--cap-lints=warn" "-w" "/opt/rustwide/workdir" "--user" "0:0" "3bbe442d7f6c9e34e2b74a1e28306ba54e2652e07245289ee92505d8a50f468a" "/opt/rustwide/cargo-home/bin/cargo" "+1.100.0-beta.1" "test" "--frozen" "--release", kill_on_drop: false }`
[INFO] [stderr] warning: hiding a lifetime that's elided elsewhere is confusing
[INFO] [stderr]    --> src/filesystem.rs:103:30
[INFO] [stderr]     |
[INFO] [stderr] 103 | pub fn osstr_to_bytes(input: &OsStr) -> Cow<[u8]> {
[INFO] [stderr]     |                              ^^^^^^     ^^^^^^^^^ the same lifetime is hidden here
[INFO] [stderr]     |                              |
[INFO] [stderr]     |                              the lifetime is elided here
[INFO] [stderr]     |
[INFO] [stderr]     = help: the same lifetime is referred to in inconsistent ways, making the signature confusing
[INFO] [stderr]     = note: `#[warn(mismatched_lifetime_syntaxes)]` on by default
[INFO] [stderr] help: use `'_` for type paths
[INFO] [stderr]     |
[INFO] [stderr] 103 | pub fn osstr_to_bytes(input: &OsStr) -> Cow<'_, [u8]> {
[INFO] [stderr]     |                                             +++
[INFO] [stderr] 
[INFO] [stderr] warning: `fd-find` (bin "fd") generated 1 warning (run `cargo fix --bin "fd" -p fd-find` to apply 1 suggestion)
[INFO] [stderr] warning: `fd-find` (bin "fd" test) generated 1 warning (1 duplicate)
[INFO] [stderr]     Finished `release` profile [optimized] target(s) in 0.11s
[INFO] [stderr] warning: the following packages contain code that will be rejected by a future version of Rust: nix v0.29.0
[INFO] [stderr] note: to see what the problems were, use the option `--future-incompat-report`, or run `cargo report future-incompatibilities --id 3`
[INFO] [stderr]      Running unittests src/main.rs (/opt/rustwide/target/release/build/fd-find/c23f3cbad5d9930f/out/fd-c23f3cbad5d9930f)
[INFO] [stdout] 
[INFO] [stdout] running 135 tests
[INFO] [stdout] test exec::tests::command_set_no_args ... ok
[INFO] [stdout] test exec::tests::tokens_with_literal_braces ... ok
[INFO] [stdout] test exit_codes::tests::general_error_if_at_least_one_error ... ok
[INFO] [stdout] test exec::tests::tokens_with_placeholder ... ok
[INFO] [stdout] test exit_codes::tests::success_when_no_results ... ok
[INFO] [stdout] test filter::owner::owner_parsing::colon_only ... ok
[INFO] [stdout] test filter::owner::owner_parsing::both_negate ... ok
[INFO] [stdout] test filter::owner::owner_parsing::empty ... ok
[INFO] [stdout] test exec::tests::tokens_multiple ... ok
[INFO] [stdout] test filter::owner::owner_parsing::trailing ... ok
[INFO] [stdout] test exec::tests::tokens_with_literal_braces_and_placeholder ... ok
[INFO] [stdout] test filter::owner::owner_parsing::gid_only ... ok
[INFO] [stdout] test exec::tests::generate_custom_path_separator ... ok
[INFO] [stdout] test exec::tests::tokens_single_batch ... ok
[INFO] [stdout] test exec::tests::tokens_with_basename_no_extension ... ok
[INFO] [stdout] test exec::tests::tokens_with_parent ... ok
[INFO] [stdout] test filter::owner::owner_parsing::uid_only ... ok
[INFO] [stdout] test filter::owner::owner_parsing::uid_negate ... ok
[INFO] [stdout] test filter::owner::owner_parsing::uid_gid ... ok
[INFO] [stdout] test exec::tests::tokens_with_no_extension ... ok
[INFO] [stdout] test filter::owner::owner_parsing::uid_not_gid ... ok
[INFO] [stdout] test filter::owner::owner_parsing::more_colons ... ok
[INFO] [stdout] test filter::size::tests::ensure_bb_format_returns_none ... ok
[INFO] [stdout] test filter::size::tests::ensure_bib_format_returns_none ... ok
[INFO] [stdout] test exec::tests::tokens_with_basename ... ok
[INFO] [stdout] test filter::size::tests::byte_plus ... ok
[INFO] [stdout] test filter::owner::owner_parsing::only_colons ... ok
[INFO] [stdout] test filter::size::tests::ensure_invalid_unit_returns_none_1 ... ok
[INFO] [stdout] test filter::size::tests::byte_plus_multiplier ... ok
[INFO] [stdout] test filesystem::tests::strip_current_dir_basic ... ok
[INFO] [stdout] test exit_codes::tests::success_if_no_error ... ok
[INFO] [stdout] test exec::tests::template_no_args ... ok
[INFO] [stdout] test filter::size::tests::ensure_invalid_unit_returns_none_2 ... ok
[INFO] [stdout] test filter::size::tests::ensure_bad_format_returns_none_1 ... ok
[INFO] [stdout] test filter::size::tests::gibi_minus_suffix_upper ... ok
[INFO] [stdout] test filter::size::tests::byte_minus ... ok
[INFO] [stdout] test filter::size::tests::ensure_missing_number_returns_none ... ok
[INFO] [stdout] test filter::size::tests::gibi_minus_upper ... ok
[INFO] [stdout] test filter::size::tests::ensure_missing_unit_returns_none ... ok
[INFO] [stdout] test filter::size::tests::gibi_plus ... ok
[INFO] [stdout] test filter::size::tests::ensure_bad_format_returns_none_2 ... ok
[INFO] [stdout] test filter::size::tests::ensure_bad_format_returns_none_3 ... ok
[INFO] [stdout] test filter::size::tests::gibi_plus_suffix ... ok
[INFO] [stdout] test filter::size::tests::gibi_plus_suffix_upper ... ok
[INFO] [stdout] test filter::size::tests::gibi_minus_suffix ... ok
[INFO] [stdout] test filter::size::tests::gibi_minus ... ok
[INFO] [stdout] test filter::size::tests::giga_minus ... ok
[INFO] [stdout] test filter::size::tests::ensure_invalid_unit_returns_none_3 ... ok
[INFO] [stdout] test filter::size::tests::is_within_greater_than_equal ... ok
[INFO] [stdout] test filter::size::tests::giga_minus_suffix_upper ... ok
[INFO] [stdout] test filter::size::tests::giga_minus_upper ... ok
[INFO] [stdout] test filter::size::tests::is_within_less_than ... ok
[INFO] [stdout] test filter::size::tests::giga_plus ... ok
[INFO] [stdout] test filter::size::tests::kibi_minus ... ok
[INFO] [stdout] test filter::size::tests::gibi_plus_upper ... ok
[INFO] [stdout] test filter::size::tests::giga_plus_suffix ... ok
[INFO] [stdout] test filter::size::tests::kibi_minus_multiplier ... ok
[INFO] [stdout] test filter::size::tests::kibi_minus_suffix ... ok
[INFO] [stdout] test filter::size::tests::giga_minus_suffix ... ok
[INFO] [stdout] test filter::size::tests::kibi_plus ... ok
[INFO] [stdout] test filter::size::tests::giga_plus_suffix_upper ... ok
[INFO] [stdout] test filter::size::tests::kibi_plus_multiplier ... ok
[INFO] [stdout] test filter::size::tests::is_within_less_than_equal ... ok
[INFO] [stdout] test filter::size::tests::giga_plus_upper ... ok
[INFO] [stdout] test filter::size::tests::kilo_minus ... ok
[INFO] [stdout] test filter::size::tests::kibi_plus_suffix_upper ... ok
[INFO] [stdout] test filter::size::tests::is_within_greater_than ... ok
[INFO] [stdout] test filter::size::tests::kilo_minus_multiplier ... ok
[INFO] [stdout] test filter::size::tests::kibi_plus_suffix ... ok
[INFO] [stdout] test filter::size::tests::kilo_minus_suffix_upper ... ok
[INFO] [stdout] test filter::size::tests::kilo_minus_upper ... ok
[INFO] [stdout] test filter::size::tests::kilo_plus_suffix_upper ... ok
[INFO] [stdout] test filter::size::tests::mebi_minus ... ok
[INFO] [stdout] test filter::size::tests::kilo_minus_suffix ... ok
[INFO] [stdout] test filter::size::tests::kibi_plus_upper ... ok
[INFO] [stdout] test filter::size::tests::kibi_minus_suffix_upper ... ok
[INFO] [stdout] test filter::size::tests::kilo_plus_suffix ... ok
[INFO] [stdout] test filter::size::tests::mebi_plus_suffix ... ok
[INFO] [stdout] test filter::size::tests::kibi_minus_upper ... ok
[INFO] [stdout] test filter::size::tests::mebi_plus_upper ... ok
[INFO] [stdout] test filter::size::tests::mega_plus_suffix_upper ... ok
[INFO] [stdout] test filter::size::tests::mega_minus ... ok
[INFO] [stdout] test filter::size::tests::mega_minus_suffix ... ok
[INFO] [stdout] test filter::size::tests::mebi_minus_suffix_upper ... ok
[INFO] [stdout] test filter::size::tests::mebi_minus_upper ... ok
[INFO] [stdout] test filter::size::tests::mega_minus_suffix_upper ... ok
[INFO] [stdout] test filter::size::tests::kilo_plus_upper ... ok
[INFO] [stdout] test filter::size::tests::mebi_minus_suffix ... ok
[INFO] [stdout] test filter::size::tests::mega_minus_upper ... ok
[INFO] [stdout] test filter::size::tests::tebi_minus_suffix ... ok
[INFO] [stdout] test filter::size::tests::tebi_minus_upper ... ok
[INFO] [stdout] test filter::size::tests::tebi_plus ... ok
[INFO] [stdout] test filter::size::tests::tebi_plus_suffix ... ok
[INFO] [stdout] test filter::size::tests::mebi_plus ... ok
[INFO] [stdout] test filter::size::tests::tera_minus_upper ... ok
[INFO] [stdout] test filter::size::tests::tera_minus_suffix_upper ... ok
[INFO] [stdout] test filter::size::tests::mega_plus_upper ... ok
[INFO] [stdout] test filter::size::tests::tebi_minus ... ok
[INFO] [stdout] test filter::size::tests::mega_plus ... ok
[INFO] [stdout] test filter::size::tests::tera_plus_suffix_upper ... ok
[INFO] [stdout] test filter::size::tests::kilo_plus ... ok
[INFO] [stdout] test filter::size::tests::tebi_minus_suffix_upper ... ok
[INFO] [stdout] test filter::size::tests::tera_plus ... ok
[INFO] [stdout] test filter::size::tests::mega_plus_suffix ... ok
[INFO] [stdout] test filter::size::tests::tera_plus_upper ... ok
[INFO] [stdout] test filter::size::tests::tera_plus_suffix ... ok
[INFO] [stdout] test fmt::input::path_tests::basename_empty ... ok
[INFO] [stdout] test fmt::input::path_tests::dirname_root ... ok
[INFO] [stdout] test filter::size::tests::tebi_plus_upper ... ok
[INFO] [stdout] test filter::size::tests::mebi_plus_suffix_upper ... ok
[INFO] [stdout] test fmt::fmt_tests::all_placeholders ... ok
[INFO] [stdout] test filter::size::tests::tebi_plus_suffix_upper ... ok
[INFO] [stdout] test filter::size::tests::tera_minus ... ok
[INFO] [stdout] test filter::time::tests::is_time_filter_applicable ... ok
[INFO] [stdout] test filter::size::tests::tera_minus_suffix ... ok
[INFO] [stdout] test fmt::input::path_tests::dirname_dir ... ok
[INFO] [stdout] test fmt::fmt_tests::parse_no_placeholders ... ok
[INFO] [stdout] test fmt::input::path_tests::basename_utf8_1 ... ok
[INFO] [stdout] test fmt::input::path_tests::dirname_utf8_0 ... ok
[INFO] [stdout] test fmt::input::path_tests::basename_dir ... ok
[INFO] [stdout] test fmt::fmt_tests::parse_only_brace_escapes ... ok
[INFO] [stdout] test fmt::input::path_tests::basename_simple ... ok
[INFO] [stdout] test fmt::input::path_tests::basename_utf8_0 ... ok
[INFO] [stdout] test fmt::input::path_tests::dirname_utf8_1 ... ok
[INFO] [stdout] test fmt::input::path_tests::remove_ext_empty ... ok
[INFO] [stdout] test fmt::input::path_tests::hidden ... ok
[INFO] [stdout] test fmt::input::path_tests::remove_ext_simple ... ok
[INFO] [stdout] test fmt::input::path_tests::remove_ext_dir ... ok
[INFO] [stdout] test fmt::input::path_tests::remove_ext_utf8 ... ok
[INFO] [stdout] test hyperlink::test::test_unicode_encoding ... ok
[INFO] [stdout] test regex_helper::matches_strings_with_leading_dot_simple ... ok
[INFO] [stdout] test regex_helper::pattern_has_uppercase_char_advanced ... ok
[INFO] [stdout] test regex_helper::pattern_has_uppercase_char_simple ... ok
[INFO] [stdout] test fmt::input::path_tests::dirname_simple ... ok
[INFO] [stdout] test exec::tests::tokens_multiple_batch ... ok
[INFO] [stdout] 
[INFO] [stdout] test result: ok. 135 passed; 0 failed; 0 ignored; 0 measured; 0 filtered out; finished in 0.03s
[INFO] [stdout] 
[INFO] [stderr]      Running tests/tests.rs (/opt/rustwide/target/release/build/fd-find/620d2fe809b2d303/out/tests-620d2fe809b2d303)
[INFO] [stdout] 
[INFO] [stdout] running 102 tests
[INFO] [stdout] test test_absolute_path ... FAILED
[INFO] [stdout] test test_and_plus_glob ... FAILED
[INFO] [stdout] test test_and_bad_pattern ... FAILED
[INFO] [stdout] test test_and_basic ... FAILED
[INFO] [stdout] test test_and_pattern_starts_with_dash ... FAILED
[INFO] [stdout] test format ... FAILED
[INFO] [stdout] test test_case_insensitive ... FAILED
[INFO] [stdout] test test_and_plus_case_sensitive ... FAILED
[INFO] [stdout] test test_and_plus_fixed_strings ... FAILED
[INFO] [stdout] test test_custom_ignore_precedence ... FAILED
[INFO] [stdout] test test_base_directory ... FAILED
[INFO] [stdout] test test_case_sensitive ... FAILED
[INFO] [stdout] test test_case_sensitive_glob_searches ... FAILED
[INFO] [stdout] test test_and_plus_full_path ... FAILED
[INFO] [stdout] test test_and_plus_extension ... FAILED
[INFO] [stdout] test test_custom_path_separator ... FAILED
[INFO] [stdout] test test_exec_batch_multi ... FAILED
[INFO] [stdout] test test_empty_pattern ... FAILED
[INFO] [stdout] test test_and_plus_ignore_case ... FAILED
[INFO] [stdout] test test_and_empty_pattern ... FAILED
[INFO] [stdout] test test_error_if_hidden_not_set_and_pattern_starts_with_dot ... FAILED
[INFO] [stdout] test test_custom_ignore_files ... FAILED
[INFO] [stdout] test test_excludes ... FAILED
[INFO] [stdout] test test_exec_invalid_utf8 ... FAILED
[INFO] [stdout] test test_and_plus_type ... FAILED
[INFO] [stdout] test test_exact_depth ... FAILED
[INFO] [stdout] test test_exec ... FAILED
[INFO] [stdout] test test_exec_with_separator ... FAILED
[INFO] [stdout] test test_exec_multi ... FAILED
[INFO] [stdout] test test_exec_batch ... FAILED
[INFO] [stdout] test test_full_path_glob_searches ... FAILED
[INFO] [stdout] test test_glob_searches ... FAILED
[INFO] [stdout] test test_fixed_strings ... FAILED
[INFO] [stdout] test test_exec_batch_with_limit ... FAILED
[INFO] [stdout] test test_file_system_boundaries ... ok
[INFO] [stdout] test test_glob_searches_with_extension ... FAILED
[INFO] [stdout] test test_git_dir ... FAILED
[INFO] [stdout] test test_full_path ... FAILED
[INFO] [stdout] test test_hidden ... FAILED
[INFO] [stdout] test test_gitignore_parent ... FAILED
[INFO] [stdout] test test_explicit_root_path ... FAILED
[INFO] [stdout] test test_follow ... FAILED
[INFO] [stdout] test test_gitignore_and_fdignore ... FAILED
[INFO] [stdout] test test_global_ignore ... FAILED
[INFO] [stdout] test test_implicit_absolute_path ... FAILED
[INFO] [stdout] test test_follow_broken_symlink ... FAILED
[INFO] [stdout] test test_invalid_cwd ... FAILED
[INFO] [stdout] test test_extension ... FAILED
[INFO] [stdout] test test_list_details ... FAILED
[INFO] [stdout] test test_min_depth ... FAILED
[INFO] [stdout] test test_modified_absolute ... FAILED
[INFO] [stdout] test test_no_extension ... FAILED
[INFO] [stdout] test test_max_results ... FAILED
[INFO] [stdout] test test_invalid_utf8 ... FAILED
[INFO] [stdout] test test_modified_relative ... FAILED
[INFO] [stdout] test test_no_ignore_aliases ... FAILED
[INFO] [stdout] test test_no_ignore_parent ... FAILED
[INFO] [stdout] test test_hyperlink ... FAILED
[INFO] [stdout] test test_no_global_ignore::unrestricted ... FAILED
[INFO] [stdout] test test_multi_file ... FAILED
[INFO] [stdout] test test_multi_file_with_missing ... FAILED
[INFO] [stdout] test test_max_depth ... FAILED
[INFO] [stdout] test test_opposing::absolute_path ... FAILED
[INFO] [stdout] test test_number_parsing_errors ... FAILED
[INFO] [stdout] test test_opposing::follow ... FAILED
[INFO] [stdout] test test_no_ignore_vcs_child_dir ... FAILED
[INFO] [stdout] test test_no_global_ignore::no_global_ignore_file ... FAILED
[INFO] [stdout] test test_no_ignore ... FAILED
[INFO] [stdout] test test_no_ignore_parent_inner_git ... FAILED
[INFO] [stdout] test test_opposing::hidden ... FAILED
[INFO] [stdout] test test_no_global_ignore::no_ignore ... FAILED
[INFO] [stdout] test test_no_ignore_vcs ... FAILED
[INFO] [stdout] test test_opposing::no_ignore ... FAILED
[INFO] [stdout] test test_normalized_absolute_path ... FAILED
[INFO] [stdout] test test_opposing::no_ignore_vcs ... FAILED
[INFO] [stdout] test test_owner_current_user ... FAILED
[INFO] [stdout] test test_owner_root ... ok
[INFO] [stdout] test test_quiet ... FAILED
[INFO] [stdout] test test_opposing::uu ... FAILED
[INFO] [stdout] test test_owner_current_group ... FAILED
[INFO] [stdout] test test_regex_overrides_glob ... FAILED
[INFO] [stdout] test test_print0 ... FAILED
[INFO] [stdout] test test_prune ... FAILED
[INFO] [stdout] test test_owner_ignore_all ... FAILED
[INFO] [stdout] test test_opposing::u ... FAILED
[INFO] [stdout] test test_symlink_and_absolute_path ... FAILED
[INFO] [stdout] test test_strip_cwd_prefix ... FAILED
[INFO] [stdout] test test_type_executable ... ok
[INFO] [stdout] test test_type ... FAILED
[INFO] [stdout] test test_regex_searches ... FAILED
[INFO] [stdout] test test_respect_ignore_files ... FAILED
[INFO] [stdout] test test_simple ... FAILED
[INFO] [stdout] test test_single_and_multithreaded_execution ... FAILED
[INFO] [stdout] test test_size ... FAILED
[INFO] [stdout] test test_symlink_and_full_path ... FAILED
[INFO] [stdout] test test_type_empty ... FAILED
[INFO] [stdout] test test_symlink_and_full_path_abs_path ... FAILED
[INFO] [stdout] test test_smart_case_glob_searches ... FAILED
[INFO] [stdout] test test_opposing::no_require_git ... FAILED
[INFO] [stdout] test test_symlink_as_root ... FAILED
[INFO] [stdout] test test_symlink_as_absolute_root ... FAILED
[INFO] [stdout] test test_smart_case ... FAILED
[INFO] [stdout] 
[INFO] [stdout] failures:
[INFO] [stdout] 
[INFO] [stdout] ---- test_absolute_path stdout ----
[INFO] [stdout] 
[INFO] [stdout] thread 'test_absolute_path' (5822) panicked at tests/testenv/mod.rs:325:22:
[INFO] [stdout] fd output: Os { code: 2, kind: NotFound, message: "No such file or directory" }
[INFO] [stdout] stack backtrace:
[INFO] [stdout]    0:     0x60445454f185 - <unknown>
[INFO] [stdout]    1:     0x60445453604a - <unknown>
[INFO] [stdout]    2:     0x60445454e81b - <unknown>
[INFO] [stdout]    3:     0x60445454e2ff - <unknown>
[INFO] [stdout]    4:     0x60445454df2a - <unknown>
[INFO] [stdout]    5:     0x60445454da65 - <unknown>
[INFO] [stdout]    6:     0x6044545748a1 - <unknown>
[INFO] [stdout]    7:     0x604454574859 - <unknown>
[INFO] [stdout]    8:     0x604454574d5c - <unknown>
[INFO] [stdout]    9:     0x604454535edb - <unknown>
[INFO] [stdout]   10:     0x604454539341 - <unknown>
[INFO] [stdout]   11:     0x6044545220d1 - <unknown>
[INFO] [stdout]   12:     0x60445451d5a6 - <unknown>
[INFO] [stdout]   13:     0x60445451d475 - <unknown>
[INFO] [stdout]   14:     0x60445452a1d3 - <unknown>
[INFO] [stdout]   15:     0x6044545903fb - <unknown>
[INFO] [stdout]   16:     0x60445458c3e1 - <unknown>
[INFO] [stdout]   17:     0x60445458bbcc - <unknown>
[INFO] [stdout]   18:     0x6044545ab84c - <unknown>
[INFO] [stdout]   19:     0x604454576454 - <unknown>
[INFO] [stdout]   20:     0x7d776815ddfa - <unknown>
[INFO] [stdout]   21:     0x7d77681f13d4 - clone
[INFO] [stdout]   22:                0x0 - <unknown>
[INFO] [stdout] 
[INFO] [stdout] ---- test_and_plus_glob stdout ----
[INFO] [stdout] 
[INFO] [stdout] thread 'test_and_plus_glob' (5832) panicked at tests/testenv/mod.rs:325:22:
[INFO] [stdout] fd output: Os { code: 2, kind: NotFound, message: "No such file or directory" }
[INFO] [stdout] stack backtrace:
[INFO] [stdout]    0:     0x60445454f185 - <unknown>
[INFO] [stdout]    1:     0x60445453604a - <unknown>
[INFO] [stdout]    2:     0x60445454e81b - <unknown>
[INFO] [stdout]    3:     0x60445454e2ff - <unknown>
[INFO] [stdout]    4:     0x60445454df2a - <unknown>
[INFO] [stdout]    5:     0x60445454da65 - <unknown>
[INFO] [stdout]    6:     0x6044545748a1 - <unknown>
[INFO] [stdout]    7:     0x604454574859 - <unknown>
[INFO] [stdout]    8:     0x604454574d5c - <unknown>
[INFO] [stdout]    9:     0x604454535edb - <unknown>
[INFO] [stdout]   10:     0x604454539341 - <unknown>
[INFO] [stdout]   11:     0x6044545220d1 - <unknown>
[INFO] [stdout]   12:     0x60445451d5a6 - <unknown>
[INFO] [stdout]   13:     0x60445451d475 - <unknown>
[INFO] [stdout]   14:     0x60445452a360 - <unknown>
[INFO] [stdout]   15:     0x6044545903fb - <unknown>
[INFO] [stdout]   16:     0x60445458c3e1 - <unknown>
[INFO] [stdout]   17:     0x60445458bbcc - <unknown>
[INFO] [stdout]   18:     0x6044545ab84c - <unknown>
[INFO] [stdout]   19:     0x604454576454 - <unknown>
[INFO] [stdout]   20:     0x7d776815ddfa - <unknown>
[INFO] [stdout]   21:     0x7d77681f13d4 - clone
[INFO] [stdout]   22:                0x0 - <unknown>
[INFO] [stdout] 
[INFO] [stdout] ---- test_and_bad_pattern stdout ----
[INFO] [stdout] 
[INFO] [stdout] thread 'test_and_bad_pattern' (5823) panicked at tests/testenv/mod.rs:325:22:
[INFO] [stdout] fd output: Os { code: 2, kind: NotFound, message: "No such file or directory" }
[INFO] [stdout] stack backtrace:
[INFO] [stdout]    0:     0x60445454f185 - <unknown>
[INFO] [stdout]    1:     0x60445453604a - <unknown>
[INFO] [stdout]    2:     0x60445454e81b - <unknown>
[INFO] [stdout]    3:     0x60445454e2ff - <unknown>
[INFO] [stdout]    4:     0x60445454df2a - <unknown>
[INFO] [stdout]    5:     0x60445454da65 - <unknown>
[INFO] [stdout]    6:     0x6044545748a1 - <unknown>
[INFO] [stdout]    7:     0x604454574859 - <unknown>
[INFO] [stdout]    8:     0x604454574d5c - <unknown>
[INFO] [stdout]    9:     0x604454535edb - <unknown>
[INFO] [stdout]   10:     0x604454539341 - <unknown>
[INFO] [stdout]   11:     0x6044545220d1 - <unknown>
[INFO] [stdout]   12:     0x60445452ae9a - <unknown>
[INFO] [stdout]   13:     0x6044545903fb - <unknown>
[INFO] [stdout]   14:     0x60445458c3e1 - <unknown>
[INFO] [stdout]   15:     0x60445458bbcc - <unknown>
[INFO] [stdout]   16:     0x6044545ab84c - <unknown>
[INFO] [stdout]   17:     0x604454576454 - <unknown>
[INFO] [stdout]   18:     0x7d776815ddfa - <unknown>
[INFO] [stdout]   19:     0x7d77681f13d4 - clone
[INFO] [stdout]   20:                0x0 - <unknown>
[INFO] [stdout] 
[INFO] [stdout] ---- test_and_basic stdout ----
[INFO] [stdout] 
[INFO] [stdout] thread 'test_and_basic' (5824) panicked at tests/testenv/mod.rs:325:22:
[INFO] [stdout] fd output: Os { code: 2, kind: NotFound, message: "No such file or directory" }
[INFO] [stdout] stack backtrace:
[INFO] [stdout]    0:     0x60445454f185 - <unknown>
[INFO] [stdout]    1:     0x60445453604a - <unknown>
[INFO] [stdout]    2:     0x60445454e81b - <unknown>
[INFO] [stdout]    3:     0x60445454e2ff - <unknown>
[INFO] [stdout]    4:     0x60445454df2a - <unknown>
[INFO] [stdout]    5:     0x60445454da65 - <unknown>
[INFO] [stdout]    6:     0x6044545748a1 - <unknown>
[INFO] [stdout]    7:     0x604454574859 - <unknown>
[INFO] [stdout]    8:     0x604454574d5c - <unknown>
[INFO] [stdout]    9:     0x604454535edb - <unknown>
[INFO] [stdout]   10:     0x604454539341 - <unknown>
[INFO] [stdout]   11:     0x6044545220d1 - <unknown>
[INFO] [stdout]   12:     0x60445451d5a6 - <unknown>
[INFO] [stdout]   13:     0x60445451d475 - <unknown>
[INFO] [stdout]   14:     0x604454527a80 - <unknown>
[INFO] [stdout]   15:     0x6044545903fb - <unknown>
[INFO] [stdout]   16:     0x60445458c3e1 - <unknown>
[INFO] [stdout]   17:     0x60445458bbcc - <unknown>
[INFO] [stdout]   18:     0x6044545ab84c - <unknown>
[INFO] [stdout]   19:     0x604454576454 - <unknown>
[INFO] [stdout]   20:     0x7d776815ddfa - <unknown>
[INFO] [stdout]   21:     0x7d77681f13d4 - clone
[INFO] [stdout]   22:                0x0 - <unknown>
[INFO] [stdout] 
[INFO] [stdout] ---- test_and_pattern_starts_with_dash stdout ----
[INFO] [stdout] 
[INFO] [stdout] thread 'test_and_pattern_starts_with_dash' (5826) panicked at tests/testenv/mod.rs:325:22:
[INFO] [stdout] fd output: Os { code: 2, kind: NotFound, message: "No such file or directory" }
[INFO] [stdout] stack backtrace:
[INFO] [stdout]    0:     0x60445454f185 - <unknown>
[INFO] [stdout]    1:     0x60445453604a - <unknown>
[INFO] [stdout]    2:     0x60445454e81b - <unknown>
[INFO] [stdout]    3:     0x60445454e2ff - <unknown>
[INFO] [stdout]    4:     0x60445454df2a - <unknown>
[INFO] [stdout]    5:     0x60445454da65 - <unknown>
[INFO] [stdout]    6:     0x6044545748a1 - <unknown>
[INFO] [stdout]    7:     0x604454574859 - <unknown>
[INFO] [stdout]    8:     0x604454574d5c - <unknown>
[INFO] [stdout]    9:     0x604454535edb - <unknown>
[INFO] [stdout]   10:     0x604454539341 - <unknown>
[INFO] [stdout]   11:     0x6044545220d1 - <unknown>
[INFO] [stdout]   12:     0x60445451d5a6 - <unknown>
[INFO] [stdout]   13:     0x60445451d475 - <unknown>
[INFO] [stdout]   14:     0x604454533210 - <unknown>
[INFO] [stdout]   15:     0x6044545903fb - <unknown>
[INFO] [stdout]   16:     0x60445458c3e1 - <unknown>
[INFO] [stdout]   17:     0x60445458bbcc - <unknown>
[INFO] [stdout]   18:     0x6044545ab84c - <unknown>
[INFO] [stdout]   19:     0x604454576454 - <unknown>
[INFO] [stdout]   20:     0x7d776815ddfa - <unknown>
[INFO] [stdout]   21:     0x7d77681f13d4 - clone
[INFO] [stdout]   22:                0x0 - <unknown>
[INFO] [stdout] 
[INFO] [stdout] ---- format stdout ----
[INFO] [stdout] 
[INFO] [stdout] thread 'format' (5821) panicked at tests/testenv/mod.rs:325:22:
[INFO] [stdout] fd output: Os { code: 2, kind: NotFound, message: "No such file or directory" }
[INFO] [stdout] stack backtrace:
[INFO] [stdout]    0:     0x60445454f185 - <unknown>
[INFO] [stdout]    1:     0x60445453604a - <unknown>
[INFO] [stdout]    2:     0x60445454e81b - <unknown>
[INFO] [stdout]    3:     0x60445454e2ff - <unknown>
[INFO] [stdout]    4:     0x60445454df2a - <unknown>
[INFO] [stdout]    5:     0x60445454da65 - <unknown>
[INFO] [stdout]    6:     0x6044545748a1 - <unknown>
[INFO] [stdout]    7:     0x604454574859 - <unknown>
[INFO] [stdout]    8:     0x604454574d5c - <unknown>
[INFO] [stdout]    9:     0x604454535edb - <unknown>
[INFO] [stdout]   10:     0x604454539341 - <unknown>
[INFO] [stdout]   11:     0x6044545220d1 - <unknown>
[INFO] [stdout]   12:     0x60445451d5a6 - <unknown>
[INFO] [stdout]   13:     0x60445451d475 - <unknown>
[INFO] [stdout]   14:     0x604454533ad0 - <unknown>
[INFO] [stdout]   15:     0x6044545903fb - <unknown>
[INFO] [stdout]   16:     0x60445458c3e1 - <unknown>
[INFO] [stdout]   17:     0x60445458bbcc - <unknown>
[INFO] [stdout]   18:     0x6044545ab84c - <unknown>
[INFO] [stdout]   19:     0x604454576454 - <unknown>
[INFO] [stdout]   20:     0x7d776815ddfa - <unknown>
[INFO] [stdout]   21:     0x7d77681f13d4 - clone
[INFO] [stdout]   22:                0x0 - <unknown>
[INFO] [stdout] 
[INFO] [stdout] ---- test_case_insensitive stdout ----
[INFO] [stdout] 
[INFO] [stdout] thread 'test_case_insensitive' (5836) panicked at tests/testenv/mod.rs:325:22:
[INFO] [stdout] fd output: Os { code: 2, kind: NotFound, message: "No such file or directory" }
[INFO] [stdout] stack backtrace:
[INFO] [stdout]    0:     0x60445454f185 - <unknown>
[INFO] [stdout]    1:     0x60445453604a - <unknown>
[INFO] [stdout]    2:     0x60445454e81b - <unknown>
[INFO] [stdout]    3:     0x60445454e2ff - <unknown>
[INFO] [stdout]    4:     0x60445454df2a - <unknown>
[INFO] [stdout]    5:     0x60445454da65 - <unknown>
[INFO] [stdout]    6:     0x6044545748a1 - <unknown>
[INFO] [stdout]    7:     0x604454574859 - <unknown>
[INFO] [stdout]    8:     0x604454574d5c - <unknown>
[INFO] [stdout]    9:     0x604454535edb - <unknown>
[INFO] [stdout]   10:     0x604454539341 - <unknown>
[INFO] [stdout]   11:     0x6044545220d1 - <unknown>
[INFO] [stdout]   12:     0x60445451d5a6 - <unknown>
[INFO] [stdout]   13:     0x60445451d475 - <unknown>
[INFO] [stdout]   14:     0x60445452b5f0 - <unknown>
[INFO] [stdout]   15:     0x6044545903fb - <unknown>
[INFO] [stdout]   16:     0x60445458c3e1 - <unknown>
[INFO] [stdout]   17:     0x60445458bbcc - <unknown>
[INFO] [stdout]   18:     0x6044545ab84c - <unknown>
[INFO] [stdout]   19:     0x604454576454 - <unknown>
[INFO] [stdout]   20:     0x7d776815ddfa - <unknown>
[INFO] [stdout]   21:     0x7d77681f13d4 - clone
[INFO] [stdout]   22:                0x0 - <unknown>
[INFO] [stdout] 
[INFO] [stdout] ---- test_and_plus_case_sensitive stdout ----
[INFO] [stdout] 
[INFO] [stdout] thread 'test_and_plus_case_sensitive' (5828) panicked at tests/testenv/mod.rs:325:22:
[INFO] [stdout] fd output: Os { code: 2, kind: NotFound, message: "No such file or directory" }
[INFO] [stdout] stack backtrace:
[INFO] [stdout]    0:     0x60445454f185 - <unknown>
[INFO] [stdout]    1:     0x60445453604a - <unknown>
[INFO] [stdout]    2:     0x60445454e81b - <unknown>
[INFO] [stdout]    3:     0x60445454e2ff - <unknown>
[INFO] [stdout]    4:     0x60445454df2a - <unknown>
[INFO] [stdout]    5:     0x60445454da65 - <unknown>
[INFO] [stdout]    6:     0x6044545748a1 - <unknown>
[INFO] [stdout]    7:     0x604454574859 - <unknown>
[INFO] [stdout]    8:     0x604454574d5c - <unknown>
[INFO] [stdout]    9:     0x604454535edb - <unknown>
[INFO] [stdout]   10:     0x604454539341 - <unknown>
[INFO] [stdout]   11:     0x6044545220d1 - <unknown>
[INFO] [stdout]   12:     0x60445451d5a6 - <unknown>
[INFO] [stdout]   13:     0x60445451d475 - <unknown>
[INFO] [stdout]   14:     0x604454531d80 - <unknown>
[INFO] [stdout]   15:     0x6044545903fb - <unknown>
[INFO] [stdout]   16:     0x60445458c3e1 - <unknown>
[INFO] [stdout]   17:     0x60445458bbcc - <unknown>
[INFO] [stdout]   18:     0x6044545ab84c - <unknown>
[INFO] [stdout]   19:     0x604454576454 - <unknown>
[INFO] [stdout]   20:     0x7d776815ddfa - <unknown>
[INFO] [stdout]   21:     0x7d77681f13d4 - clone
[INFO] [stdout]   22:                0x0 - <unknown>
[INFO] [stdout] 
[INFO] [stdout] ---- test_and_plus_fixed_strings stdout ----
[INFO] [stdout] 
[INFO] [stdout] thread 'test_and_plus_fixed_strings' (5830) panicked at tests/testenv/mod.rs:325:22:
[INFO] [stdout] fd output: Os { code: 2, kind: NotFound, message: "No such file or directory" }
[INFO] [stdout] stack backtrace:
[INFO] [stdout]    0:     0x60445454f185 - <unknown>
[INFO] [stdout]    1:     0x60445453604a - <unknown>
[INFO] [stdout]    2:     0x60445454e81b - <unknown>
[INFO] [stdout]    3:     0x60445454e2ff - <unknown>
[INFO] [stdout]    4:     0x60445454df2a - <unknown>
[INFO] [stdout]    5:     0x60445454da65 - <unknown>
[INFO] [stdout]    6:     0x6044545748a1 - <unknown>
[INFO] [stdout]    7:     0x604454574859 - <unknown>
[INFO] [stdout]    8:     0x604454574d5c - <unknown>
[INFO] [stdout]    9:     0x604454535edb - <unknown>
[INFO] [stdout]   10:     0x604454539341 - <unknown>
[INFO] [stdout]   11:     0x6044545220d1 - <unknown>
[INFO] [stdout]   12:     0x60445451d5a6 - <unknown>
[INFO] [stdout]   13:     0x60445451d475 - <unknown>
[INFO] [stdout]   14:     0x6044545313d0 - <unknown>
[INFO] [stdout]   15:     0x6044545903fb - <unknown>
[INFO] [stdout]   16:     0x60445458c3e1 - <unknown>
[INFO] [stdout]   17:     0x60445458bbcc - <unknown>
[INFO] [stdout]   18:     0x6044545ab84c - <unknown>
[INFO] [stdout]   19:     0x604454576454 - <unknown>
[INFO] [stdout]   20:     0x7d776815ddfa - <unknown>
[INFO] [stdout]   21:     0x7d77681f13d4 - clone
[INFO] [stdout]   22:                0x0 - <unknown>
[INFO] [stdout] 
[INFO] [stdout] ---- test_custom_ignore_precedence stdout ----
[INFO] [stdout] 
[INFO] [stdout] thread 'test_custom_ignore_precedence' (5855) panicked at tests/testenv/mod.rs:325:22:
[INFO] [stdout] fd output: Os { code: 2, kind: NotFound, message: "No such file or directory" }
[INFO] [stdout] stack backtrace:
[INFO] [stdout]    0:     0x60445454f185 - <unknown>
[INFO] [stdout]    1:     0x60445453604a - <unknown>
[INFO] [stdout]    2:     0x60445454e81b - <unknown>
[INFO] [stdout]    3:     0x60445454e2ff - <unknown>
[INFO] [stdout]    4:     0x60445454df2a - <unknown>
[INFO] [stdout]    5:     0x60445454da65 - <unknown>
[INFO] [stdout]    6:     0x6044545748a1 - <unknown>
[INFO] [stdout]    7:     0x604454574859 - <unknown>
[INFO] [stdout]    8:     0x604454574d5c - <unknown>
[INFO] [stdout]    9:     0x604454535edb - <unknown>
[INFO] [stdout]   10:     0x604454539341 - <unknown>
[INFO] [stdout]   11:     0x6044545220d1 - <unknown>
[INFO] [stdout]   12:     0x60445451d5a6 - <unknown>
[INFO] [stdout]   13:     0x60445451d475 - <unknown>
[INFO] [stdout]   14:     0x604454532321 - <unknown>
[INFO] [stdout]   15:     0x6044545903fb - <unknown>
[INFO] [stdout]   16:     0x60445458c3e1 - <unknown>
[INFO] [stdout]   17:     0x60445458bbcc - <unknown>
[INFO] [stdout]   18:     0x6044545ab84c - <unknown>
[INFO] [stdout]   19:     0x604454576454 - <unknown>
[INFO] [stdout]   20:     0x7d776815ddfa - <unknown>
[INFO] [stdout]   21:     0x7d77681f13d4 - clone
[INFO] [stdout]   22:                0x0 - <unknown>
[INFO] [stdout] 
[INFO] [stdout] ---- test_base_directory stdout ----
[INFO] [stdout] 
[INFO] [stdout] thread 'test_base_directory' (5835) panicked at tests/testenv/mod.rs:325:22:
[INFO] [stdout] fd output: Os { code: 2, kind: NotFound, message: "No such file or directory" }
[INFO] [stdout] stack backtrace:
[INFO] [stdout]    0:     0x60445454f185 - <unknown>
[INFO] [stdout]    1:     0x60445453604a - <unknown>
[INFO] [stdout]    2:     0x60445454e81b - <unknown>
[INFO] [stdout]    3:     0x60445454e2ff - <unknown>
[INFO] [stdout]    4:     0x60445454df2a - <unknown>
[INFO] [stdout]    5:     0x60445454da65 - <unknown>
[INFO] [stdout]    6:     0x6044545748a1 - <unknown>
[INFO] [stdout]    7:     0x604454574859 - <unknown>
[INFO] [stdout]    8:     0x604454574d5c - <unknown>
[INFO] [stdout]    9:     0x604454535edb - <unknown>
[INFO] [stdout]   10:     0x604454539341 - <unknown>
[INFO] [stdout]   11:     0x6044545220d1 - <unknown>
[INFO] [stdout]   12:     0x60445451d5a6 - <unknown>
[INFO] [stdout]   13:     0x60445451d475 - <unknown>
[INFO] [stdout]   14:     0x60445452a98c - <unknown>
[INFO] [stdout]   15:     0x6044545903fb - <unknown>
[INFO] [stdout]   16:     0x60445458c3e1 - <unknown>
[INFO] [stdout]   17:     0x60445458bbcc - <unknown>
[INFO] [stdout]   18:     0x6044545ab84c - <unknown>
[INFO] [stdout]   19:     0x604454576454 - <unknown>
[INFO] [stdout]   20:     0x7d776815ddfa - <unknown>
[INFO] [stdout]   21:     0x7d77681f13d4 - clone
[INFO] [stdout]   22:                0x0 - <unknown>
[INFO] [stdout] 
[INFO] [stdout] ---- test_case_sensitive stdout ----
[INFO] [stdout] 
[INFO] [stdout] thread 'test_case_sensitive' (5837) panicked at tests/testenv/mod.rs:325:22:
[INFO] [stdout] fd output: Os { code: 2, kind: NotFound, message: "No such file or directory" }
[INFO] [stdout] stack backtrace:
[INFO] [stdout]    0:     0x60445454f185 - <unknown>
[INFO] [stdout]    1:     0x60445453604a - <unknown>
[INFO] [stdout]    2:     0x60445454e81b - <unknown>
[INFO] [stdout]    3:     0x60445454e2ff - <unknown>
[INFO] [stdout]    4:     0x60445454df2a - <unknown>
[INFO] [stdout]    5:     0x60445454da65 - <unknown>
[INFO] [stdout]    6:     0x6044545748a1 - <unknown>
[INFO] [stdout]    7:     0x604454574859 - <unknown>
[INFO] [stdout]    8:     0x604454574d5c - <unknown>
[INFO] [stdout]    9:     0x604454535edb - <unknown>
[INFO] [stdout]   10:     0x604454539341 - <unknown>
[INFO] [stdout]   11:     0x6044545220d1 - <unknown>
[INFO] [stdout]   12:     0x60445451d5a6 - <unknown>
[INFO] [stdout]   13:     0x60445451d475 - <unknown>
[INFO] [stdout]   14:     0x60445452acd0 - <unknown>
[INFO] [stdout]   15:     0x6044545903fb - <unknown>
[INFO] [stdout]   16:     0x60445458c3e1 - <unknown>
[INFO] [stdout]   17:     0x60445458bbcc - <unknown>
[INFO] [stdout]   18:     0x6044545ab84c - <unknown>
[INFO] [stdout]   19:     0x604454576454 - <unknown>
[INFO] [stdout]   20:     0x7d776815ddfa - <unknown>
[INFO] [stdout]   21:     0x7d77681f13d4 - clone
[INFO] [stdout]   22:                0x0 - <unknown>
[INFO] [stdout] 
[INFO] [stdout] ---- test_case_sensitive_glob_searches stdout ----
[INFO] [stdout] 
[INFO] [stdout] thread 'test_case_sensitive_glob_searches' (5853) panicked at tests/testenv/mod.rs:325:22:
[INFO] [stdout] fd output: Os { code: 2, kind: NotFound, message: "No such file or directory" }
[INFO] [stdout] stack backtrace:
[INFO] [stdout]    0:     0x60445454f185 - <unknown>
[INFO] [stdout]    1:     0x60445453604a - <unknown>
[INFO] [stdout]    2:     0x60445454e81b - <unknown>
[INFO] [stdout]    3:     0x60445454e2ff - <unknown>
[INFO] [stdout]    4:     0x60445454df2a - <unknown>
[INFO] [stdout]    5:     0x60445454da65 - <unknown>
[INFO] [stdout]    6:     0x6044545748a1 - <unknown>
[INFO] [stdout]    7:     0x604454574859 - <unknown>
[INFO] [stdout]    8:     0x604454574d5c - <unknown>
[INFO] [stdout]    9:     0x604454535edb - <unknown>
[INFO] [stdout]   10:     0x604454539341 - <unknown>
[INFO] [stdout]   11:     0x6044545220d1 - <unknown>
[INFO] [stdout]   12:     0x60445451d5a6 - <unknown>
[INFO] [stdout]   13:     0x60445451d475 - <unknown>
[INFO] [stdout]   14:     0x604454533310 - <unknown>
[INFO] [stdout]   15:     0x6044545903fb - <unknown>
[INFO] [stdout]   16:     0x60445458c3e1 - <unknown>
[INFO] [stdout]   17:     0x60445458bbcc - <unknown>
[INFO] [stdout]   18:     0x6044545ab84c - <unknown>
[INFO] [stdout]   19:     0x604454576454 - <unknown>
[INFO] [stdout]   20:     0x7d776815ddfa - <unknown>
[INFO] [stdout]   21:     0x7d77681f13d4 - clone
[INFO] [stdout]   22:                0x0 - <unknown>
[INFO] [stdout] 
[INFO] [stdout] ---- test_and_plus_full_path stdout ----
[INFO] [stdout] 
[INFO] [stdout] thread 'test_and_plus_full_path' (5831) panicked at tests/testenv/mod.rs:325:22:
[INFO] [stdout] fd output: Os { code: 2, kind: NotFound, message: "No such file or directory" }
[INFO] [stdout] stack backtrace:
[INFO] [stdout]    0:     0x60445454f185 - <unknown>
[INFO] [stdout]    1:     0x60445453604a - <unknown>
[INFO] [stdout]    2:     0x60445454e81b - <unknown>
[INFO] [stdout]    3:     0x60445454e2ff - <unknown>
[INFO] [stdout]    4:     0x60445454df2a - <unknown>
[INFO] [stdout]    5:     0x60445454da65 - <unknown>
[INFO] [stdout]    6:     0x6044545748a1 - <unknown>
[INFO] [stdout]    7:     0x604454574859 - <unknown>
[INFO] [stdout]    8:     0x604454574d5c - <unknown>
[INFO] [stdout]    9:     0x604454535edb - <unknown>
[INFO] [stdout]   10:     0x604454539341 - <unknown>
[INFO] [stdout]   11:     0x6044545220d1 - <unknown>
[INFO] [stdout]   12:     0x60445451d5a6 - <unknown>
[INFO] [stdout]   13:     0x60445451d475 - <unknown>
[INFO] [stdout]   14:     0x60445452d140 - <unknown>
[INFO] [stdout]   15:     0x6044545903fb - <unknown>
[INFO] [stdout]   16:     0x60445458c3e1 - <unknown>
[INFO] [stdout]   17:     0x60445458bbcc - <unknown>
[INFO] [stdout]   18:     0x6044545ab84c - <unknown>
[INFO] [stdout]   19:     0x604454576454 - <unknown>
[INFO] [stdout]   20:     0x7d776815ddfa - <unknown>
[INFO] [stdout]   21:     0x7d77681f13d4 - clone
[INFO] [stdout]   22:                0x0 - <unknown>
[INFO] [stdout] 
[INFO] [stdout] ---- test_and_plus_extension stdout ----
[INFO] [stdout] 
[INFO] [stdout] thread 'test_and_plus_extension' (5829) panicked at tests/testenv/mod.rs:325:22:
[INFO] [stdout] fd output: Os { code: 2, kind: NotFound, message: "No such file or directory" }
[INFO] [stdout] stack backtrace:
[INFO] [stdout]    0:     0x60445454f185 - <unknown>
[INFO] [stdout]    1:     0x60445453604a - <unknown>
[INFO] [stdout]    2:     0x60445454e81b - <unknown>
[INFO] [stdout]    3:     0x60445454e2ff - <unknown>
[INFO] [stdout]    4:     0x60445454df2a - <unknown>
[INFO] [stdout]    5:     0x60445454da65 - <unknown>
[INFO] [stdout]    6:     0x6044545748a1 - <unknown>
[INFO] [stdout]    7:     0x604454574859 - <unknown>
[INFO] [stdout]    8:     0x604454574d5c - <unknown>
[INFO] [stdout]    9:     0x604454535edb - <unknown>
[INFO] [stdout]   10:     0x604454539341 - <unknown>
[INFO] [stdout]   11:     0x6044545220d1 - <unknown>
[INFO] [stdout]   12:     0x60445451d5a6 - <unknown>
[INFO] [stdout]   13:     0x60445451d475 - <unknown>
[INFO] [stdout]   14:     0x60445452d070 - <unknown>
[INFO] [stdout]   15:     0x6044545903fb - <unknown>
[INFO] [stdout]   16:     0x60445458c3e1 - <unknown>
[INFO] [stdout]   17:     0x60445458bbcc - <unknown>
[INFO] [stdout]   18:     0x6044545ab84c - <unknown>
[INFO] [stdout]   19:     0x604454576454 - <unknown>
[INFO] [stdout]   20:     0x7d776815ddfa - <unknown>
[INFO] [stdout]   21:     0x7d77681f13d4 - clone
[INFO] [stdout]   22:                0x0 - <unknown>
[INFO] [stdout] 
[INFO] [stdout] ---- test_custom_path_separator stdout ----
[INFO] [stdout] 
[INFO] [stdout] thread 'test_custom_path_separator' (5857) panicked at tests/testenv/mod.rs:325:22:
[INFO] [stdout] fd output: Os { code: 2, kind: NotFound, message: "No such file or directory" }
[INFO] [stdout] stack backtrace:
[INFO] [stdout]    0:     0x60445454f185 - <unknown>
[INFO] [stdout]    1:     0x60445453604a - <unknown>
[INFO] [stdout]    2:     0x60445454e81b - <unknown>
[INFO] [stdout]    3:     0x60445454e2ff - <unknown>
[INFO] [stdout]    4:     0x60445454df2a - <unknown>
[INFO] [stdout]    5:     0x60445454da65 - <unknown>
[INFO] [stdout]    6:     0x6044545748a1 - <unknown>
[INFO] [stdout]    7:     0x604454574859 - <unknown>
[INFO] [stdout]    8:     0x604454574d5c - <unknown>
[INFO] [stdout]    9:     0x604454535edb - <unknown>
[INFO] [stdout]   10:     0x604454539341 - <unknown>
[INFO] [stdout]   11:     0x6044545220d1 - <unknown>
[INFO] [stdout]   12:     0x60445451d5a6 - <unknown>
[INFO] [stdout]   13:     0x60445451d475 - <unknown>
[INFO] [stdout]   14:     0x60445452f190 - <unknown>
[INFO] [stdout]   15:     0x6044545903fb - <unknown>
[INFO] [stdout]   16:     0x60445458c3e1 - <unknown>
[INFO] [stdout]   17:     0x60445458bbcc - <unknown>
[INFO] [stdout]   18:     0x6044545ab84c - <unknown>
[INFO] [stdout]   19:     0x604454576454 - <unknown>
[INFO] [stdout]   20:     0x7d776815ddfa - <unknown>
[INFO] [stdout]   21:     0x7d77681f13d4 - clone
[INFO] [stdout]   22:                0x0 - <unknown>
[INFO] [stdout] 
[INFO] [stdout] ---- test_exec_batch_multi stdout ----
[INFO] [stdout] 
[INFO] [stdout] thread 'test_exec_batch_multi' (5869) panicked at tests/testenv/mod.rs:325:22:
[INFO] [stdout] fd output: Os { code: 2, kind: NotFound, message: "No such file or directory" }
[INFO] [stdout] stack backtrace:
[INFO] [stdout]    0:     0x60445454f185 - <unknown>
[INFO] [stdout]    1:     0x60445453604a - <unknown>
[INFO] [stdout]    2:     0x60445454e81b - <unknown>
[INFO] [stdout]    3:     0x60445454e2ff - <unknown>
[INFO] [stdout]    4:     0x60445454df2a - <unknown>
[INFO] [stdout]    5:     0x60445454da65 - <unknown>
[INFO] [stdout]    6:     0x6044545748a1 - <unknown>
[INFO] [stdout]    7:     0x604454574859 - <unknown>
[INFO] [stdout]    8:     0x604454574d5c - <unknown>
[INFO] [stdout]    9:     0x604454535edb - <unknown>
[INFO] [stdout]   10:     0x604454539341 - <unknown>
[INFO] [stdout]   11:     0x6044545220d1 - <unknown>
[INFO] [stdout]   12:     0x60445452b6c1 - <unknown>
[INFO] [stdout]   13:     0x6044545903fb - <unknown>
[INFO] [stdout]   14:     0x60445458c3e1 - <unknown>
[INFO] [stdout]   15:     0x60445458bbcc - <unknown>
[INFO] [stdout]   16:     0x6044545ab84c - <unknown>
[INFO] [stdout]   17:     0x604454576454 - <unknown>
[INFO] [stdout]   18:     0x7d776815ddfa - <unknown>
[INFO] [stdout]   19:     0x7d77681f13d4 - clone
[INFO] [stdout]   20:                0x0 - <unknown>
[INFO] [stdout] 
[INFO] [stdout] ---- test_empty_pattern stdout ----
[INFO] [stdout] 
[INFO] [stdout] thread 'test_empty_pattern' (5859) panicked at tests/testenv/mod.rs:325:22:
[INFO] [stdout] fd output: Os { code: 2, kind: NotFound, message: "No such file or directory" }
[INFO] [stdout] stack backtrace:
[INFO] [stdout]    0:     0x60445454f185 - <unknown>
[INFO] [stdout]    1:     0x60445453604a - <unknown>
[INFO] [stdout]    2:     0x60445454e81b - <unknown>
[INFO] [stdout]    3:     0x60445454e2ff - <unknown>
[INFO] [stdout]    4:     0x60445454df2a - <unknown>
[INFO] [stdout]    5:     0x60445454da65 - <unknown>
[INFO] [stdout]    6:     0x6044545748a1 - <unknown>
[INFO] [stdout]    7:     0x604454574859 - <unknown>
[INFO] [stdout]    8:     0x604454574d5c - <unknown>
[INFO] [stdout]    9:     0x604454535edb - <unknown>
[INFO] [stdout]   10:     0x604454539341 - <unknown>
[INFO] [stdout]   11:     0x6044545220d1 - <unknown>
[INFO] [stdout]   12:     0x60445451d5a6 - <unknown>
[INFO] [stdout]   13:     0x60445451d475 - <unknown>
[INFO] [stdout]   14:     0x60445452a4d0 - <unknown>
[INFO] [stdout]   15:     0x6044545903fb - <unknown>
[INFO] [stdout]   16:     0x60445458c3e1 - <unknown>
[INFO] [stdout]   17:     0x60445458bbcc - <unknown>
[INFO] [stdout]   18:     0x6044545ab84c - <unknown>
[INFO] [stdout]   19:     0x604454576454 - <unknown>
[INFO] [stdout]   20:     0x7d776815ddfa - <unknown>
[INFO] [stdout]   21:     0x7d77681f13d4 - clone
[INFO] [stdout]   22:                0x0 - <unknown>
[INFO] [stdout] 
[INFO] [stdout] ---- test_and_plus_ignore_case stdout ----
[INFO] [stdout] 
[INFO] [stdout] thread 'test_and_plus_ignore_case' (5833) panicked at tests/testenv/mod.rs:325:22:
[INFO] [stdout] fd output: Os { code: 2, kind: NotFound, message: "No such file or directory" }
[INFO] [stdout] stack backtrace:
[INFO] [stdout]    0:     0x60445454f185 - <unknown>
[INFO] [stdout]    1:     0x60445453604a - <unknown>
[INFO] [stdout]    2:     0x60445454e81b - <unknown>
[INFO] [stdout]    3:     0x60445454e2ff - <unknown>
[INFO] [stdout]    4:     0x60445454df2a - <unknown>
[INFO] [stdout]    5:     0x60445454da65 - <unknown>
[INFO] [stdout]    6:     0x6044545748a1 - <unknown>
[INFO] [stdout]    7:     0x604454574859 - <unknown>
[INFO] [stdout]    8:     0x604454574d5c - <unknown>
[INFO] [stdout]    9:     0x604454535edb - <unknown>
[INFO] [stdout]   10:     0x604454539341 - <unknown>
[INFO] [stdout]   11:     0x6044545220d1 - <unknown>
[INFO] [stdout]   12:     0x60445451d5a6 - <unknown>
[INFO] [stdout]   13:     0x60445451d475 - <unknown>
[INFO] [stdout]   14:     0x60445452edf0 - <unknown>
[INFO] [stdout]   15:     0x6044545903fb - <unknown>
[INFO] [stdout]   16:     0x60445458c3e1 - <unknown>
[INFO] [stdout]   17:     0x60445458bbcc - <unknown>
[INFO] [stdout]   18:     0x6044545ab84c - <unknown>
[INFO] [stdout]   19:     0x604454576454 - <unknown>
[INFO] [stdout]   20:     0x7d776815ddfa - <unknown>
[INFO] [stdout]   21:     0x7d77681f13d4 - clone
[INFO] [stdout]   22:                0x0 - <unknown>
[INFO] [stdout] 
[INFO] [stdout] ---- test_and_empty_pattern stdout ----
[INFO] [stdout] 
[INFO] [stdout] thread 'test_and_empty_pattern' (5825) panicked at tests/testenv/mod.rs:325:22:
[INFO] [stdout] fd output: Os { code: 2, kind: NotFound, message: "No such file or directory" }
[INFO] [stdout] stack backtrace:
[INFO] [stdout]    0:     0x60445454f185 - <unknown>
[INFO] [stdout]    1:     0x60445453604a - <unknown>
[INFO] [stdout]    2:     0x60445454e81b - <unknown>
[INFO] [stdout]    3:     0x60445454e2ff - <unknown>
[INFO] [stdout]    4:     0x60445454df2a - <unknown>
[INFO] [stdout]    5:     0x60445454da65 - <unknown>
[INFO] [stdout]    6:     0x6044545748a1 - <unknown>
[INFO] [stdout]    7:     0x604454574859 - <unknown>
[INFO] [stdout]    8:     0x604454574d5c - <unknown>
[INFO] [stdout]    9:     0x604454535edb - <unknown>
[INFO] [stdout]   10:     0x604454539341 - <unknown>
[INFO] [stdout]   11:     0x6044545220d1 - <unknown>
[INFO] [stdout]   12:     0x60445451d5a6 - <unknown>
[INFO] [stdout]   13:     0x60445451d475 - <unknown>
[INFO] [stdout]   14:     0x60445452c570 - <unknown>
[INFO] [stdout]   15:     0x6044545903fb - <unknown>
[INFO] [stdout]   16:     0x60445458c3e1 - <unknown>
[INFO] [stdout]   17:     0x60445458bbcc - <unknown>
[INFO] [stdout]   18:     0x6044545ab84c - <unknown>
[INFO] [stdout]   19:     0x604454576454 - <unknown>
[INFO] [stdout]   20:     0x7d776815ddfa - <unknown>
[INFO] [stdout]   21:     0x7d77681f13d4 - clone
[INFO] [stdout]   22:                0x0 - <unknown>
[INFO] [stdout] 
[INFO] [stdout] ---- test_error_if_hidden_not_set_and_pattern_starts_with_dot stdout ----
[INFO] [stdout] 
[INFO] [stdout] thread 'test_error_if_hidden_not_set_and_pattern_starts_with_dot' (5862) panicked at tests/testenv/mod.rs:325:22:
[INFO] [stdout] fd output: Os { code: 2, kind: NotFound, message: "No such file or directory" }
[INFO] [stdout] stack backtrace:
[INFO] [stdout]    0:     0x60445454f185 - <unknown>
[INFO] [stdout]    1:     0x60445453604a - <unknown>
[INFO] [stdout]    2:     0x60445454e81b - <unknown>
[INFO] [stdout]    3:     0x60445454e2ff - <unknown>
[INFO] [stdout]    4:     0x60445454df2a - <unknown>
[INFO] [stdout]    5:     0x60445454da65 - <unknown>
[INFO] [stdout]    6:     0x6044545748a1 - <unknown>
[INFO] [stdout]    7:     0x604454574859 - <unknown>
[INFO] [stdout]    8:     0x604454574d5c - <unknown>
[INFO] [stdout]    9:     0x604454535edb - <unknown>
[INFO] [stdout]   10:     0x604454539341 - <unknown>
[INFO] [stdout]   11:     0x6044545220d1 - <unknown>
[INFO] [stdout]   12:     0x6044545338f5 - <unknown>
[INFO] [stdout]   13:     0x6044545903fb - <unknown>
[INFO] [stdout]   14:     0x60445458c3e1 - <unknown>
[INFO] [stdout]   15:     0x60445458bbcc - <unknown>
[INFO] [stdout]   16:     0x6044545ab84c - <unknown>
[INFO] [stdout]   17:     0x604454576454 - <unknown>
[INFO] [stdout]   18:     0x7d776815ddfa - <unknown>
[INFO] [stdout]   19:     0x7d77681f13d4 - clone
[INFO] [stdout]   20:                0x0 - <unknown>
[INFO] [stdout] 
[INFO] [stdout] ---- test_custom_ignore_files stdout ----
[INFO] [stdout] 
[INFO] [stdout] thread 'test_custom_ignore_files' (5854) panicked at tests/testenv/mod.rs:325:22:
[INFO] [stdout] fd output: Os { code: 2, kind: NotFound, message: "No such file or directory" }
[INFO] [stdout] stack backtrace:
[INFO] [stdout]    0:     0x60445454f185 - <unknown>
[INFO] [stdout]    1:     0x60445453604a - <unknown>
[INFO] [stdout]    2:     0x60445454e81b - <unknown>
[INFO] [stdout]    3:     0x60445454e2ff - <unknown>
[INFO] [stdout]    4:     0x60445454df2a - <unknown>
[INFO] [stdout]    5:     0x60445454da65 - <unknown>
[INFO] [stdout]    6:     0x6044545748a1 - <unknown>
[INFO] [stdout]    7:     0x604454574859 - <unknown>
[INFO] [stdout]    8:     0x604454574d5c - <unknown>
[INFO] [stdout]    9:     0x604454535edb - <unknown>
[INFO] [stdout]   10:     0x604454539341 - <unknown>
[INFO] [stdout]   11:     0x6044545220d1 - <unknown>
[INFO] [stdout]   12:     0x60445451d5a6 - <unknown>
[INFO] [stdout]   13:     0x60445451d475 - <unknown>
[INFO] [stdout]   14:     0x60445452decb - <unknown>
[INFO] [stdout]   15:     0x6044545903fb - <unknown>
[INFO] [stdout]   16:     0x60445458c3e1 - <unknown>
[INFO] [stdout]   17:     0x60445458bbcc - <unknown>
[INFO] [stdout]   18:     0x6044545ab84c - <unknown>
[INFO] [stdout]   19:     0x604454576454 - <unknown>
[INFO] [stdout]   20:     0x7d776815ddfa - <unknown>
[INFO] [stdout]   21:     0x7d77681f13d4 - clone
[INFO] [stdout]   22:                0x0 - <unknown>
[INFO] [stdout] 
[INFO] [stdout] ---- test_excludes stdout ----
[INFO] [stdout] 
[INFO] [stdout] thread 'test_excludes' (5864) panicked at tests/testenv/mod.rs:325:22:
[INFO] [stdout] fd output: Os { code: 2, kind: NotFound, message: "No such file or directory" }
[INFO] [stdout] stack backtrace:
[INFO] [stdout]    0:     0x60445454f185 - <unknown>
[INFO] [stdout]    1:     0x60445453604a - <unknown>
[INFO] [stdout]    2:     0x60445454e81b - <unknown>
[INFO] [stdout]    3:     0x60445454e2ff - <unknown>
[INFO] [stdout]    4:     0x60445454df2a - <unknown>
[INFO] [stdout]    5:     0x60445454da65 - <unknown>
[INFO] [stdout]    6:     0x6044545748a1 - <unknown>
[INFO] [stdout]    7:     0x604454574859 - <unknown>
[INFO] [stdout]    8:     0x604454574d5c - <unknown>
[INFO] [stdout]    9:     0x604454535edb - <unknown>
[INFO] [stdout]   10:     0x604454539341 - <unknown>
[INFO] [stdout]   11:     0x6044545220d1 - <unknown>
[INFO] [stdout]   12:     0x60445451d5a6 - <unknown>
[INFO] [stdout]   13:     0x60445451d475 - <unknown>
[INFO] [stdout]   14:     0x604454527920 - <unknown>
[INFO] [stdout]   15:     0x6044545903fb - <unknown>
[INFO] [stdout]   16:     0x60445458c3e1 - <unknown>
[INFO] [stdout]   17:     0x60445458bbcc - <unknown>
[INFO] [stdout]   18:     0x6044545ab84c - <unknown>
[INFO] [stdout]   19:     0x604454576454 - <unknown>
[INFO] [stdout]   20:     0x7d776815ddfa - <unknown>
[INFO] [stdout]   21:     0x7d77681f13d4 - clone
[INFO] [stdout]   22:                0x0 - <unknown>
[INFO] [stdout] 
[INFO] [stdout] ---- test_exec_invalid_utf8 stdout ----
[INFO] [stdout] 
[INFO] [stdout] thread 'test_exec_invalid_utf8' (5871) panicked at tests/testenv/mod.rs:325:22:
[INFO] [stdout] fd output: Os { code: 2, kind: NotFound, message: "No such file or directory" }
[INFO] [stdout] stack backtrace:
[INFO] [stdout]    0:     0x60445454f185 - <unknown>
[INFO] [stdout]    1:     0x60445453604a - <unknown>
[INFO] [stdout]    2:     0x60445454e81b - <unknown>
[INFO] [stdout]    3:     0x60445454e2ff - <unknown>
[INFO] [stdout]    4:     0x60445454df2a - <unknown>
[INFO] [stdout]    5:     0x60445454da65 - <unknown>
[INFO] [stdout]    6:     0x6044545748a1 - <unknown>
[INFO] [stdout]    7:     0x604454574859 - <unknown>
[INFO] [stdout]    8:     0x604454574d5c - <unknown>
[INFO] [stdout]    9:     0x604454535edb - <unknown>
[INFO] [stdout]   10:     0x604454539341 - <unknown>
[INFO] [stdout]   11:     0x6044545220d1 - <unknown>
[INFO] [stdout]   12:     0x6044545222d1 - <unknown>
[INFO] [stdout]   13:     0x60445452c6c0 - <unknown>
[INFO] [stdout]   14:     0x6044545903fb - <unknown>
[INFO] [stdout]   15:     0x60445458c3e1 - <unknown>
[INFO] [stdout]   16:     0x60445458bbcc - <unknown>
[INFO] [stdout]   17:     0x6044545ab84c - <unknown>
[INFO] [stdout]   18:     0x604454576454 - <unknown>
[INFO] [stdout]   19:     0x7d776815ddfa - <unknown>
[INFO] [stdout]   20:     0x7d77681f13d4 - clone
[INFO] [stdout]   21:                0x0 - <unknown>
[INFO] [stdout] 
[INFO] [stdout] ---- test_and_plus_type stdout ----
[INFO] [stdout] 
[INFO] [stdout] thread 'test_and_plus_type' (5834) panicked at tests/testenv/mod.rs:325:22:
[INFO] [stdout] fd output: Os { code: 2, kind: NotFound, message: "No such file or directory" }
[INFO] [stdout] stack backtrace:
[INFO] [stdout]    0:     0x60445454f185 - <unknown>
[INFO] [stdout]    1:     0x60445453604a - <unknown>
[INFO] [stdout]    2:     0x60445454e81b - <unknown>
[INFO] [stdout]    3:     0x60445454e2ff - <unknown>
[INFO] [stdout]    4:     0x60445454df2a - <unknown>
[INFO] [stdout]    5:     0x60445454da65 - <unknown>
[INFO] [stdout]    6:     0x6044545748a1 - <unknown>
[INFO] [stdout]    7:     0x604454574859 - <unknown>
[INFO] [stdout]    8:     0x604454574d5c - <unknown>
[INFO] [stdout]    9:     0x604454535edb - <unknown>
[INFO] [stdout]   10:     0x604454539341 - <unknown>
[INFO] [stdout]   11:     0x6044545220d1 - <unknown>
[INFO] [stdout]   12:     0x60445451d5a6 - <unknown>
[INFO] [stdout]   13:     0x60445451d475 - <unknown>
[INFO] [stdout]   14:     0x60445452a400 - <unknown>
[INFO] [stdout]   15:     0x6044545903fb - <unknown>
[INFO] [stdout]   16:     0x60445458c3e1 - <unknown>
[INFO] [stdout]   17:     0x60445458bbcc - <unknown>
[INFO] [stdout]   18:     0x6044545ab84c - <unknown>
[INFO] [stdout]   19:     0x604454576454 - <unknown>
[INFO] [stdout]   20:     0x7d776815ddfa - <unknown>
[INFO] [stdout]   21:     0x7d77681f13d4 - clone
[INFO] [stdout]   22:                0x0 - <unknown>
[INFO] [stdout] 
[INFO] [stdout] ---- test_exact_depth stdout ----
[INFO] [stdout] 
[INFO] [stdout] thread 'test_exact_depth' (5863) panicked at tests/testenv/mod.rs:325:22:
[INFO] [stdout] fd output: Os { code: 2, kind: NotFound, message: "No such file or directory" }
[INFO] [stdout] stack backtrace:
[INFO] [stdout]    0:     0x60445454f185 - <unknown>
[INFO] [stdout]    1:     0x60445453604a - <unknown>
[INFO] [stdout]    2:     0x60445454e81b - <unknown>
[INFO] [stdout]    3:     0x60445454e2ff - <unknown>
[INFO] [stdout]    4:     0x60445454df2a - <unknown>
[INFO] [stdout]    5:     0x60445454da65 - <unknown>
[INFO] [stdout]    6:     0x6044545748a1 - <unknown>
[INFO] [stdout]    7:     0x604454574859 - <unknown>
[INFO] [stdout]    8:     0x604454574d5c - <unknown>
[INFO] [stdout]    9:     0x604454535edb - <unknown>
[INFO] [stdout]   10:     0x604454539341 - <unknown>
[INFO] [stdout]   11:     0x6044545220d1 - <unknown>
[INFO] [stdout]   12:     0x60445451d5a6 - <unknown>
[INFO] [stdout]   13:     0x60445451d475 - <unknown>
[INFO] [stdout]   14:     0x6044545293b0 - <unknown>
[INFO] [stdout]   15:     0x6044545903fb - <unknown>
[INFO] [stdout]   16:     0x60445458c3e1 - <unknown>
[INFO] [stdout]   17:     0x60445458bbcc - <unknown>
[INFO] [stdout]   18:     0x6044545ab84c - <unknown>
[INFO] [stdout]   19:     0x604454576454 - <unknown>
[INFO] [stdout]   20:     0x7d776815ddfa - <unknown>
[INFO] [stdout]   21:     0x7d77681f13d4 - clone
[INFO] [stdout]   22:                0x0 - <unknown>
[INFO] [stdout] 
[INFO] [stdout] ---- test_exec stdout ----
[INFO] [stdout] 
[INFO] [stdout] thread 'test_exec' (5865) panicked at tests/testenv/mod.rs:325:22:
[INFO] [stdout] fd output: Os { code: 2, kind: NotFound, message: "No such file or directory" }
[INFO] [stdout] stack backtrace:
[INFO] [stdout]    0:     0x60445454f185 - <unknown>
[INFO] [stdout]    1:     0x60445453604a - <unknown>
[INFO] [stdout]    2:     0x60445454e81b - <unknown>
[INFO] [stdout]    3:     0x60445454e2ff - <unknown>
[INFO] [stdout]    4:     0x60445454df2a - <unknown>
[INFO] [stdout]    5:     0x60445454da65 - <unknown>
[INFO] [stdout]    6:     0x6044545748a1 - <unknown>
[INFO] [stdout]    7:     0x604454574859 - <unknown>
[INFO] [stdout]    8:     0x604454574d5c - <unknown>
[INFO] [stdout]    9:     0x604454535edb - <unknown>
[INFO] [stdout]   10:     0x604454539341 - <unknown>
[INFO] [stdout]   11:     0x6044545220d1 - <unknown>
[INFO] [stdout]   12:     0x60445451d5a6 - <unknown>
[INFO] [stdout]   13:     0x60445451d475 - <unknown>
[INFO] [stdout]   14:     0x604454533d00 - <unknown>
[INFO] [stdout]   15:     0x6044545903fb - <unknown>
[INFO] [stdout]   16:     0x60445458c3e1 - <unknown>
[INFO] [stdout]   17:     0x60445458bbcc - <unknown>
[INFO] [stdout]   18:     0x6044545ab84c - <unknown>
[INFO] [stdout]   19:     0x604454576454 - <unknown>
[INFO] [stdout]   20:     0x7d776815ddfa - <unknown>
[INFO] [stdout]   21:     0x7d77681f13d4 - clone
[INFO] [stdout]   22:                0x0 - <unknown>
[INFO] [stdout] 
[INFO] [stdout] ---- test_exec_with_separator stdout ----
[INFO] [stdout] 
[INFO] [stdout] thread 'test_exec_with_separator' (5874) panicked at tests/testenv/mod.rs:325:22:
[INFO] [stdout] fd output: Os { code: 2, kind: NotFound, message: "No such file or directory" }
[INFO] [stdout] stack backtrace:
[INFO] [stdout]    0:     0x60445454f185 - <unknown>
[INFO] [stdout]    1:     0x60445453604a - <unknown>
[INFO] [stdout]    2:     0x60445454e81b - <unknown>
[INFO] [stdout]    3:     0x60445454e2ff - <unknown>
[INFO] [stdout]    4:     0x60445454df2a - <unknown>
[INFO] [stdout]    5:     0x60445454da65 - <unknown>
[INFO] [stdout]    6:     0x6044545748a1 - <unknown>
[INFO] [stdout]    7:     0x604454574859 - <unknown>
[INFO] [stdout]    8:     0x604454574d5c - <unknown>
[INFO] [stdout]    9:     0x604454535edb - <unknown>
[INFO] [stdout]   10:     0x604454539341 - <unknown>
[INFO] [stdout]   11:     0x6044545220d1 - <unknown>
[INFO] [stdout]   12:     0x60445451d5a6 - <unknown>
[INFO] [stdout]   13:     0x60445451d475 - <unknown>
[INFO] [stdout]   14:     0x60445452e2f0 - <unknown>
[INFO] [stdout]   15:     0x6044545903fb - <unknown>
[INFO] [stdout]   16:     0x60445458c3e1 - <unknown>
[INFO] [stdout]   17:     0x60445458bbcc - <unknown>
[INFO] [stdout]   18:     0x6044545ab84c - <unknown>
[INFO] [stdout]   19:     0x604454576454 - <unknown>
[INFO] [stdout]   20:     0x7d776815ddfa - <unknown>
[INFO] [stdout]   21:     0x7d77681f13d4 - clone
[INFO] [stdout]   22:                0x0 - <unknown>
[INFO] [stdout] 
[INFO] [stdout] ---- test_exec_multi stdout ----
[INFO] [stdout] 
[INFO] [stdout] thread 'test_exec_multi' (5873) panicked at tests/testenv/mod.rs:325:22:
[INFO] [stdout] fd output: Os { code: 2, kind: NotFound, message: "No such file or directory" }
[INFO] [stdout] stack backtrace:
[INFO] [stdout]    0:     0x60445454f185 - <unknown>
[INFO] [stdout]    1:     0x60445453604a - <unknown>
[INFO] [stdout]    2:     0x60445454e81b - <unknown>
[INFO] [stdout]    3:     0x60445454e2ff - <unknown>
[INFO] [stdout]    4:     0x60445454df2a - <unknown>
[INFO] [stdout]    5:     0x60445454da65 - <unknown>
[INFO] [stdout]    6:     0x6044545748a1 - <unknown>
[INFO] [stdout]    7:     0x604454574859 - <unknown>
[INFO] [stdout]    8:     0x604454574d5c - <unknown>
[INFO] [stdout]    9:     0x604454535edb - <unknown>
[INFO] [stdout]   10:     0x604454539341 - <unknown>
[INFO] [stdout]   11:     0x6044545220d1 - <unknown>
[INFO] [stdout]   12:     0x60445451d5a6 - <unknown>
[INFO] [stdout]   13:     0x60445451d475 - <unknown>
[INFO] [stdout]   14:     0x604454528b6e - <unknown>
[INFO] [stdout]   15:     0x6044545903fb - <unknown>
[INFO] [stdout]   16:     0x60445458c3e1 - <unknown>
[INFO] [stdout]   17:     0x60445458bbcc - <unknown>
[INFO] [stdout]   18:     0x6044545ab84c - <unknown>
[INFO] [stdout]   19:     0x604454576454 - <unknown>
[INFO] [stdout]   20:     0x7d776815ddfa - <unknown>
[INFO] [stdout]   21:     0x7d77681f13d4 - clone
[INFO] [stdout]   22:                0x0 - <unknown>
[INFO] [stdout] 
[INFO] [stdout] ---- test_exec_batch stdout ----
[INFO] [stdout] 
[INFO] [stdout] thread 'test_exec_batch' (5868) panicked at tests/testenv/mod.rs:325:22:
[INFO] [stdout] fd output: Os { code: 2, kind: NotFound, message: "No such file or directory" }
[INFO] [stdout] stack backtrace:
[INFO] [stdout]    0:     0x60445454f185 - <unknown>
[INFO] [stdout]    1:     0x60445453604a - <unknown>
[INFO] [stdout]    2:     0x60445454e81b - <unknown>
[INFO] [stdout]    3:     0x60445454e2ff - <unknown>
[INFO] [stdout]    4:     0x60445454df2a - <unknown>
[INFO] [stdout]    5:     0x60445454da65 - <unknown>
[INFO] [stdout]    6:     0x6044545748a1 - <unknown>
[INFO] [stdout]    7:     0x604454574859 - <unknown>
[INFO] [stdout]    8:     0x604454574d5c - <unknown>
[INFO] [stdout]    9:     0x604454535edb - <unknown>
[INFO] [stdout]   10:     0x604454539341 - <unknown>
[INFO] [stdout]   11:     0x6044545220d1 - <unknown>
[INFO] [stdout]   12:     0x60445451d5a6 - <unknown>
[INFO] [stdout]   13:     0x60445451d475 - <unknown>
[INFO] [stdout]   14:     0x604454528795 - <unknown>
[INFO] [stdout]   15:     0x6044545903fb - <unknown>
[INFO] [stdout]   16:     0x60445458c3e1 - <unknown>
[INFO] [stdout]   17:     0x60445458bbcc - <unknown>
[INFO] [stdout]   18:     0x6044545ab84c - <unknown>
[INFO] [stdout]   19:     0x604454576454 - <unknown>
[INFO] [stdout]   20:     0x7d776815ddfa - <unknown>
[INFO] [stdout]   21:     0x7d77681f13d4 - clone
[INFO] [stdout]   22:                0x0 - <unknown>
[INFO] [stdout] 
[INFO] [stdout] ---- test_full_path_glob_searches stdout ----
[INFO] [stdout] 
[INFO] [stdout] thread 'test_full_path_glob_searches' (5889) panicked at tests/testenv/mod.rs:325:22:
[INFO] [stdout] fd output: Os { code: 2, kind: NotFound, message: "No such file or directory" }
[INFO] [stdout] stack backtrace:
[INFO] [stdout]    0:     0x60445454f185 - <unknown>
[INFO] [stdout]    1:     0x60445453604a - <unknown>
[INFO] [stdout]    2:     0x60445454e81b - <unknown>
[INFO] [stdout]    3:     0x60445454e2ff - <unknown>
[INFO] [stdout]    4:     0x60445454df2a - <unknown>
[INFO] [stdout]    5:     0x60445454da65 - <unknown>
[INFO] [stdout]    6:     0x6044545748a1 - <unknown>
[INFO] [stdout]    7:     0x604454574859 - <unknown>
[INFO] [stdout]    8:     0x604454574d5c - <unknown>
[INFO] [stdout]    9:     0x604454535edb - <unknown>
[INFO] [stdout]   10:     0x604454539341 - <unknown>
[INFO] [stdout]   11:     0x6044545220d1 - <unknown>
[INFO] [stdout]   12:     0x60445451d5a6 - <unknown>
[INFO] [stdout]   13:     0x60445451d475 - <unknown>
[INFO] [stdout]   14:     0x604454531e20 - <unknown>
[INFO] [stdout]   15:     0x6044545903fb - <unknown>
[INFO] [stdout]   16:     0x60445458c3e1 - <unknown>
[INFO] [stdout]   17:     0x60445458bbcc - <unknown>
[INFO] [stdout]   18:     0x6044545ab84c - <unknown>
[INFO] [stdout]   19:     0x604454576454 - <unknown>
[INFO] [stdout]   20:     0x7d776815ddfa - <unknown>
[INFO] [stdout]   21:     0x7d77681f13d4 - clone
[INFO] [stdout]   22:                0x0 - <unknown>
[INFO] [stdout] 
[INFO] [stdout] ---- test_glob_searches stdout ----
[INFO] [stdout] 
[INFO] [stdout] thread 'test_glob_searches' (5893) panicked at tests/testenv/mod.rs:325:22:
[INFO] [stdout] fd output: Os { code: 2, kind: NotFound, message: "No such file or directory" }
[INFO] [stdout] stack backtrace:
[INFO] [stdout]    0:     0x60445454f185 - <unknown>
[INFO] [stdout]    1:     0x60445453604a - <unknown>
[INFO] [stdout]    2:     0x60445454e81b - <unknown>
[INFO] [stdout]    3:     0x60445454e2ff - <unknown>
[INFO] [stdout]    4:     0x60445454df2a - <unknown>
[INFO] [stdout]    5:     0x60445454da65 - <unknown>
[INFO] [stdout]    6:     0x6044545748a1 - <unknown>
[INFO] [stdout]    7:     0x604454574859 - <unknown>
[INFO] [stdout]    8:     0x604454574d5c - <unknown>
[INFO] [stdout]    9:     0x604454535edb - <unknown>
[INFO] [stdout]   10:     0x604454539341 - <unknown>
[INFO] [stdout]   11:     0x6044545220d1 - <unknown>
[INFO] [stdout]   12:     0x60445451d5a6 - <unknown>
[INFO] [stdout]   13:     0x60445451d475 - <unknown>
[INFO] [stdout]   14:     0x60445452a730 - <unknown>
[INFO] [stdout]   15:     0x6044545903fb - <unknown>
[INFO] [stdout]   16:     0x60445458c3e1 - <unknown>
[INFO] [stdout]   17:     0x60445458bbcc - <unknown>
[INFO] [stdout]   18:     0x6044545ab84c - <unknown>
[INFO] [stdout]   19:     0x604454576454 - <unknown>
[INFO] [stdout]   20:     0x7d776815ddfa - <unknown>
[INFO] [stdout]   21:     0x7d77681f13d4 - clone
[INFO] [stdout]   22:                0x0 - <unknown>
[INFO] [stdout] 
[INFO] [stdout] ---- test_fixed_strings stdout ----
[INFO] [stdout] 
[INFO] [stdout] thread 'test_fixed_strings' (5884) panicked at tests/testenv/mod.rs:325:22:
[INFO] [stdout] fd output: Os { code: 2, kind: NotFound, message: "No such file or directory" }
[INFO] [stdout] stack backtrace:
[INFO] [stdout]    0:     0x60445454f185 - <unknown>
[INFO] [stdout]    1:     0x60445453604a - <unknown>
[INFO] [stdout]    2:     0x60445454e81b - <unknown>
[INFO] [stdout]    3:     0x60445454e2ff - <unknown>
[INFO] [stdout]    4:     0x60445454df2a - <unknown>
[INFO] [stdout]    5:     0x60445454da65 - <unknown>
[INFO] [stdout]    6:     0x6044545748a1 - <unknown>
[INFO] [stdout]    7:     0x604454574859 - <unknown>
[INFO] [stdout]    8:     0x604454574d5c - <unknown>
[INFO] [stdout]    9:     0x604454535edb - <unknown>
[INFO] [stdout]   10:     0x604454539341 - <unknown>
[INFO] [stdout]   11:     0x6044545220d1 - <unknown>
[INFO] [stdout]   12:     0x60445451d5a6 - <unknown>
[INFO] [stdout]   13:     0x60445451d475 - <unknown>
[INFO] [stdout]   14:     0x60445452a5d0 - <unknown>
[INFO] [stdout]   15:     0x6044545903fb - <unknown>
[INFO] [stdout]   16:     0x60445458c3e1 - <unknown>
[INFO] [stdout]   17:     0x60445458bbcc - <unknown>
[INFO] [stdout]   18:     0x6044545ab84c - <unknown>
[INFO] [stdout]   19:     0x604454576454 - <unknown>
[INFO] [stdout]   20:     0x7d776815ddfa - <unknown>
[INFO] [stdout]   21:     0x7d77681f13d4 - clone
[INFO] [stdout]   22:                0x0 - <unknown>
[INFO] [stdout] 
[INFO] [stdout] ---- test_exec_batch_with_limit stdout ----
[INFO] [stdout] 
[INFO] [stdout] thread 'test_exec_batch_with_limit' (5870) panicked at tests/testenv/mod.rs:325:22:
[INFO] [stdout] fd output: Os { code: 2, kind: NotFound, message: "No such file or directory" }
[INFO] [stdout] stack backtrace:
[INFO] [stdout]    0:     0x60445454f185 - <unknown>
[INFO] [stdout]    1:     0x60445453604a - <unknown>
[INFO] [stdout]    2:     0x60445454e81b - <unknown>
[INFO] [stdout]    3:     0x60445454e2ff - <unknown>
[INFO] [stdout]    4:     0x60445454df2a - <unknown>
[INFO] [stdout]    5:     0x60445454da65 - <unknown>
[INFO] [stdout]    6:     0x6044545748a1 - <unknown>
[INFO] [stdout]    7:     0x604454574859 - <unknown>
[INFO] [stdout]    8:     0x604454574d5c - <unknown>
[INFO] [stdout]    9:     0x604454535edb - <unknown>
[INFO] [stdout]   10:     0x604454539341 - <unknown>
[INFO] [stdout]   11:     0x6044545220d1 - <unknown>
[INFO] [stdout]   12:     0x60445452f236 - <unknown>
[INFO] [stdout]   13:     0x6044545903fb - <unknown>
[INFO] [stdout]   14:     0x60445458c3e1 - <unknown>
[INFO] [stdout]   15:     0x60445458bbcc - <unknown>
[INFO] [stdout]   16:     0x6044545ab84c - <unknown>
[INFO] [stdout]   17:     0x604454576454 - <unknown>
[INFO] [stdout]   18:     0x7d776815ddfa - <unknown>
[INFO] [stdout]   19:     0x7d77681f13d4 - clone
[INFO] [stdout]   20:                0x0 - <unknown>
[INFO] [stdout] 
[INFO] [stdout] ---- test_glob_searches_with_extension stdout ----
[INFO] [stdout] 
[INFO] [stdout] thread 'test_glob_searches_with_extension' (5894) panicked at tests/testenv/mod.rs:325:22:
[INFO] [stdout] fd output: Os { code: 2, kind: NotFound, message: "No such file or directory" }
[INFO] [stdout] stack backtrace:
[INFO] [stdout]    0:     0x60445454f185 - <unknown>
[INFO] [stdout]    1:     0x60445453604a - <unknown>
[INFO] [stdout]    2:     0x60445454e81b - <unknown>
[INFO] [stdout]    3:     0x60445454e2ff - <unknown>
[INFO] [stdout]    4:     0x60445454df2a - <unknown>
[INFO] [stdout]    5:     0x60445454da65 - <unknown>
[INFO] [stdout]    6:     0x6044545748a1 - <unknown>
[INFO] [stdout]    7:     0x604454574859 - <unknown>
[INFO] [stdout]    8:     0x604454574d5c - <unknown>
[INFO] [stdout]    9:     0x604454535edb - <unknown>
[INFO] [stdout]   10:     0x604454539341 - <unknown>
[INFO] [stdout]   11:     0x6044545220d1 - <unknown>
[INFO] [stdout]   12:     0x60445451d5a6 - <unknown>
[INFO] [stdout]   13:     0x60445451d475 - <unknown>
[INFO] [stdout]   14:     0x6044545333b0 - <unknown>
[INFO] [stdout]   15:     0x6044545903fb - <unknown>
[INFO] [stdout]   16:     0x60445458c3e1 - <unknown>
[INFO] [stdout]   17:     0x60445458bbcc - <unknown>
[INFO] [stdout]   18:     0x6044545ab84c - <unknown>
[INFO] [stdout]   19:     0x604454576454 - <unknown>
[INFO] [stdout]   20:     0x7d776815ddfa - <unknown>
[INFO] [stdout]   21:     0x7d77681f13d4 - clone
[INFO] [stdout]   22:                0x0 - <unknown>
[INFO] [stdout] 
[INFO] [stdout] ---- test_git_dir stdout ----
[INFO] [stdout] 
[INFO] [stdout] thread 'test_git_dir' (5890) panicked at tests/testenv/mod.rs:325:22:
[INFO] [stdout] fd output: Os { code: 2, kind: NotFound, message: "No such file or directory" }
[INFO] [stdout] stack backtrace:
[INFO] [stdout]    0:     0x60445454f185 - <unknown>
[INFO] [stdout]    1:     0x60445453604a - <unknown>
[INFO] [stdout]    2:     0x60445454e81b - <unknown>
[INFO] [stdout]    3:     0x60445454e2ff - <unknown>
[INFO] [stdout]    4:     0x60445454df2a - <unknown>
[INFO] [stdout]    5:     0x60445454da65 - <unknown>
[INFO] [stdout]    6:     0x6044545748a1 - <unknown>
[INFO] [stdout]    7:     0x604454574859 - <unknown>
[INFO] [stdout]    8:     0x604454574d5c - <unknown>
[INFO] [stdout]    9:     0x604454535edb - <unknown>
[INFO] [stdout]   10:     0x604454539341 - <unknown>
[INFO] [stdout]   11:     0x6044545220d1 - <unknown>
[INFO] [stdout]   12:     0x60445451d5a6 - <unknown>
[INFO] [stdout]   13:     0x60445451d475 - <unknown>
[INFO] [stdout]   14:     0x6044545277f0 - <unknown>
[INFO] [stdout]   15:     0x6044545903fb - <unknown>
[INFO] [stdout]   16:     0x60445458c3e1 - <unknown>
[INFO] [stdout]   17:     0x60445458bbcc - <unknown>
[INFO] [stdout]   18:     0x6044545ab84c - <unknown>
[INFO] [stdout]   19:     0x604454576454 - <unknown>
[INFO] [stdout]   20:     0x7d776815ddfa - <unknown>
[INFO] [stdout]   21:     0x7d77681f13d4 - clone
[INFO] [stdout]   22:                0x0 - <unknown>
[INFO] [stdout] 
[INFO] [stdout] ---- test_full_path stdout ----
[INFO] [stdout] 
[INFO] [stdout] thread 'test_full_path' (5887) panicked at tests/testenv/mod.rs:325:22:
[INFO] [stdout] fd output: Os { code: 2, kind: NotFound, message: "No such file or directory" }
[INFO] [stdout] stack backtrace:
[INFO] [stdout]    0:     0x60445454f185 - <unknown>
[INFO] [stdout]    1:     0x60445453604a - <unknown>
[INFO] [stdout]    2:     0x60445454e81b - <unknown>
[INFO] [stdout]    3:     0x60445454e2ff - <unknown>
[INFO] [stdout]    4:     0x60445454df2a - <unknown>
[INFO] [stdout]    5:     0x60445454da65 - <unknown>
[INFO] [stdout]    6:     0x6044545748a1 - <unknown>
[INFO] [stdout]    7:     0x604454574859 - <unknown>
[INFO] [stdout]    8:     0x604454574d5c - <unknown>
[INFO] [stdout]    9:     0x604454535edb - <unknown>
[INFO] [stdout]   10:     0x604454539341 - <unknown>
[INFO] [stdout]   11:     0x6044545220d1 - <unknown>
[INFO] [stdout]   12:     0x60445451d5a6 - <unknown>
[INFO] [stdout]   13:     0x60445451d475 - <unknown>
[INFO] [stdout]   14:     0x604454527fe9 - <unknown>
[INFO] [stdout]   15:     0x6044545903fb - <unknown>
[INFO] [stdout]   16:     0x60445458c3e1 - <unknown>
[INFO] [stdout]   17:     0x60445458bbcc - <unknown>
[INFO] [stdout]   18:     0x6044545ab84c - <unknown>
[INFO] [stdout]   19:     0x604454576454 - <unknown>
[INFO] [stdout]   20:     0x7d776815ddfa - <unknown>
[INFO] [stdout]   21:     0x7d77681f13d4 - clone
[INFO] [stdout]   22:                0x0 - <unknown>
[INFO] [stdout] 
[INFO] [stdout] ---- test_hidden stdout ----
[INFO] [stdout] 
[INFO] [stdout] thread 'test_hidden' (5902) panicked at tests/testenv/mod.rs:325:22:
[INFO] [stdout] fd output: Os { code: 2, kind: NotFound, message: "No such file or directory" }
[INFO] [stdout] stack backtrace:
[INFO] [stdout]    0:     0x60445454f185 - <unknown>
[INFO] [stdout]    1:     0x60445453604a - <unknown>
[INFO] [stdout]    2:     0x60445454e81b - <unknown>
[INFO] [stdout]    3:     0x60445454e2ff - <unknown>
[INFO] [stdout]    4:     0x60445454df2a - <unknown>
[INFO] [stdout]    5:     0x60445454da65 - <unknown>
[INFO] [stdout]    6:     0x6044545748a1 - <unknown>
[INFO] [stdout]    7:     0x604454574859 - <unknown>
[INFO] [stdout]    8:     0x604454574d5c - <unknown>
[INFO] [stdout]    9:     0x604454535edb - <unknown>
[INFO] [stdout]   10:     0x604454539341 - <unknown>
[INFO] [stdout]   11:     0x6044545220d1 - <unknown>
[INFO] [stdout]   12:     0x60445451d5a6 - <unknown>
[INFO] [stdout]   13:     0x60445451d475 - <unknown>
[INFO] [stdout]   14:     0x604454527580 - <unknown>
[INFO] [stdout]   15:     0x6044545903fb - <unknown>
[INFO] [stdout]   16:     0x60445458c3e1 - <unknown>
[INFO] [stdout]   17:     0x60445458bbcc - <unknown>
[INFO] [stdout]   18:     0x6044545ab84c - <unknown>
[INFO] [stdout]   19:     0x604454576454 - <unknown>
[INFO] [stdout]   20:     0x7d776815ddfa - <unknown>
[INFO] [stdout]   21:     0x7d77681f13d4 - clone
[INFO] [stdout]   22:                0x0 - <unknown>
[INFO] [stdout] 
[INFO] [stdout] ---- test_gitignore_parent stdout ----
[INFO] [stdout] 
[INFO] [stdout] thread 'test_gitignore_parent' (5892) panicked at tests/testenv/mod.rs:325:22:
[INFO] [stdout] fd output: Os { code: 2, kind: NotFound, message: "No such file or directory" }
[INFO] [stdout] stack backtrace:
[INFO] [stdout]    0:     0x60445454f185 - <unknown>
[INFO] [stdout]    1:     0x60445453604a - <unknown>
[INFO] [stdout]    2:     0x60445454e81b - <unknown>
[INFO] [stdout]    3:     0x60445454e2ff - <unknown>
[INFO] [stdout]    4:     0x60445454df2a - <unknown>
[INFO] [stdout]    5:     0x60445454da65 - <unknown>
[INFO] [stdout]    6:     0x6044545748a1 - <unknown>
[INFO] [stdout]    7:     0x604454574859 - <unknown>
[INFO] [stdout]    8:     0x604454574d5c - <unknown>
[INFO] [stdout]    9:     0x604454535edb - <unknown>
[INFO] [stdout]   10:     0x604454539341 - <unknown>
[INFO] [stdout]   11:     0x6044545220d1 - <unknown>
[INFO] [stdout]   12:     0x60445451d5a6 - <unknown>
[INFO] [stdout]   13:     0x60445451d475 - <unknown>
[INFO] [stdout]   14:     0x60445452bde7 - <unknown>
[INFO] [stdout]   15:     0x6044545903fb - <unknown>
[INFO] [stdout]   16:     0x60445458c3e1 - <unknown>
[INFO] [stdout]   17:     0x60445458bbcc - <unknown>
[INFO] [stdout]   18:     0x6044545ab84c - <unknown>
[INFO] [stdout]   19:     0x604454576454 - <unknown>
[INFO] [stdout]   20:     0x7d776815ddfa - <unknown>
[INFO] [stdout]   21:     0x7d77681f13d4 - clone
[INFO] [stdout]   22:                0x0 - <unknown>
[INFO] [stdout] 
[INFO] [stdout] ---- test_explicit_root_path stdout ----
[INFO] [stdout] 
[INFO] [stdout] thread 'test_explicit_root_path' (5881) panicked at tests/testenv/mod.rs:325:22:
[INFO] [stdout] fd output: Os { code: 2, kind: NotFound, message: "No such file or directory" }
[INFO] [stdout] stack backtrace:
[INFO] [stdout]    0:     0x60445454f185 - <unknown>
[INFO] [stdout]    1:     0x60445453604a - <unknown>
[INFO] [stderr] error: test failed, to rerun pass `--test tests`
[INFO] [stdout]    2:     0x60445454e81b - <unknown>
[INFO] [stdout]    3:     0x60445454e2ff - <unknown>
[INFO] [stdout]    4:     0x60445454df2a - <unknown>
[INFO] [stdout]    5:     0x60445454da65 - <unknown>
[INFO] [stdout]    6:     0x6044545748a1 - <unknown>
[INFO] [stdout]    7:     0x604454574859 - <unknown>
[INFO] [stdout]    8:     0x604454574d5c - <unknown>
[INFO] [stdout]    9:     0x604454535edb - <unknown>
[INFO] [stdout]   10:     0x604454539341 - <unknown>
[INFO] [stdout]   11:     0x6044545220d1 - <unknown>
[INFO] [stdout]   12:     0x60445451d5a6 - <unknown>
[INFO] [stdout]   13:     0x60445451d475 - <unknown>
[INFO] [stdout]   14:     0x60445452d210 - <unknown>
[INFO] [stdout]   15:     0x6044545903fb - <unknown>
[INFO] [stdout]   16:     0x60445458c3e1 - <unknown>
[INFO] [stdout]   17:     0x60445458bbcc - <unknown>
[INFO] [stdout]   18:     0x6044545ab84c - <unknown>
[INFO] [stdout]   19:     0x604454576454 - <unknown>
[INFO] [stdout]   20:     0x7d776815ddfa - <unknown>
[INFO] [stdout]   21:     0x7d77681f13d4 - clone
[INFO] [stdout]   22:                0x0 - <unknown>
[INFO] [stdout] 
[INFO] [stdout] ---- test_follow stdout ----
[INFO] [stdout] 
[INFO] [stdout] thread 'test_follow' (5885) panicked at tests/testenv/mod.rs:325:22:
[INFO] [stdout] fd output: Os { code: 2, kind: NotFound, message: "No such file or directory" }
[INFO] [stdout] stack backtrace:
[INFO] [stdout]    0:     0x60445454f185 - <unknown>
[INFO] [stdout]    1:     0x60445453604a - <unknown>
[INFO] [stdout]    2:     0x60445454e81b - <unknown>
[INFO] [stdout]    3:     0x60445454e2ff - <unknown>
[INFO] [stdout]    4:     0x60445454df2a - <unknown>
[INFO] [stdout]    5:     0x60445454da65 - <unknown>
[INFO] [stdout]    6:     0x6044545748a1 - <unknown>
[INFO] [stdout]    7:     0x604454574859 - <unknown>
[INFO] [stdout]    8:     0x604454574d5c - <unknown>
[INFO] [stdout]    9:     0x604454535edb - <unknown>
[INFO] [stdout]   10:     0x604454539341 - <unknown>
[INFO] [stdout]   11:     0x6044545220d1 - <unknown>
[INFO] [stdout]   12:     0x60445451d5a6 - <unknown>
[INFO] [stdout]   13:     0x60445451d475 - <unknown>
[INFO] [stdout]   14:     0x6044545274e0 - <unknown>
[INFO] [stdout]   15:     0x6044545903fb - <unknown>
[INFO] [stdout]   16:     0x60445458c3e1 - <unknown>
[INFO] [stdout]   17:     0x60445458bbcc - <unknown>
[INFO] [stdout]   18:     0x6044545ab84c - <unknown>
[INFO] [stdout]   19:     0x604454576454 - <unknown>
[INFO] [stdout]   20:     0x7d776815ddfa - <unknown>
[INFO] [stdout]   21:     0x7d77681f13d4 - clone
[INFO] [stdout]   22:                0x0 - <unknown>
[INFO] [stdout] 
[INFO] [stdout] ---- test_gitignore_and_fdignore stdout ----
[INFO] [stdout] 
[INFO] [stdout] thread 'test_gitignore_and_fdignore' (5891) panicked at tests/testenv/mod.rs:325:22:
[INFO] [stdout] fd output: Os { code: 2, kind: NotFound, message: "No such file or directory" }
[INFO] [stdout] stack backtrace:
[INFO] [stdout]    0:     0x60445454f185 - <unknown>
[INFO] [stdout]    1:     0x60445453604a - <unknown>
[INFO] [stdout]    2:     0x60445454e81b - <unknown>
[INFO] [stdout]    3:     0x60445454e2ff - <unknown>
[INFO] [stdout]    4:     0x60445454df2a - <unknown>
[INFO] [stdout]    5:     0x60445454da65 - <unknown>
[INFO] [stdout]    6:     0x6044545748a1 - <unknown>
[INFO] [stdout]    7:     0x604454574859 - <unknown>
[INFO] [stdout]    8:     0x604454574d5c - <unknown>
[INFO] [stdout]    9:     0x604454535edb - <unknown>
[INFO] [stdout]   10:     0x604454539341 - <unknown>
[INFO] [stdout]   11:     0x6044545220d1 - <unknown>
[INFO] [stdout]   12:     0x60445451d5a6 - <unknown>
[INFO] [stdout]   13:     0x60445451d475 - <unknown>
[INFO] [stdout]   14:     0x6044545318ae - <unknown>
[INFO] [stdout]   15:     0x6044545903fb - <unknown>
[INFO] [stdout]   16:     0x60445458c3e1 - <unknown>
[INFO] [stdout]   17:     0x60445458bbcc - <unknown>
[INFO] [stdout]   18:     0x6044545ab84c - <unknown>
[INFO] [stdout]   19:     0x604454576454 - <unknown>
[INFO] [stdout]   20:     0x7d776815ddfa - <unknown>
[INFO] [stdout]   21:     0x7d77681f13d4 - clone
[INFO] [stdout]   22:                0x0 - <unknown>
[INFO] [stdout] 
[INFO] [stdout] ---- test_global_ignore stdout ----
[INFO] [stdout] 
[INFO] [stdout] thread 'test_global_ignore' (5901) panicked at tests/testenv/mod.rs:325:22:
[INFO] [stdout] fd output: Os { code: 2, kind: NotFound, message: "No such file or directory" }
[INFO] [stdout] stack backtrace:
[INFO] [stdout]    0:     0x60445454f185 - <unknown>
[INFO] [stdout]    1:     0x60445453604a - <unknown>
[INFO] [stdout]    2:     0x60445454e81b - <unknown>
[INFO] [stdout]    3:     0x60445454e2ff - <unknown>
[INFO] [stdout]    4:     0x60445454df2a - <unknown>
[INFO] [stdout]    5:     0x60445454da65 - <unknown>
[INFO] [stdout]    6:     0x6044545748a1 - <unknown>
[INFO] [stdout]    7:     0x604454574859 - <unknown>
[INFO] [stdout]    8:     0x604454574d5c - <unknown>
[INFO] [stdout]    9:     0x604454535edb - <unknown>
[INFO] [stdout]   10:     0x604454539341 - <unknown>
[INFO] [stdout]   11:     0x6044545220d1 - <unknown>
[INFO] [stdout]   12:     0x60445451d5a6 - <unknown>
[INFO] [stdout]   13:     0x60445451d475 - <unknown>
[INFO] [stdout]   14:     0x60445452a840 - <unknown>
[INFO] [stdout]   15:     0x6044545903fb - <unknown>
[INFO] [stdout]   16:     0x60445458c3e1 - <unknown>
[INFO] [stdout]   17:     0x60445458bbcc - <unknown>
[INFO] [stdout]   18:     0x6044545ab84c - <unknown>
[INFO] [stdout]   19:     0x604454576454 - <unknown>
[INFO] [stdout]   20:     0x7d776815ddfa - <unknown>
[INFO] [stdout]   21:     0x7d77681f13d4 - clone
[INFO] [stdout]   22:                0x0 - <unknown>
[INFO] [stdout] 
[INFO] [stdout] ---- test_implicit_absolute_path stdout ----
[INFO] [stdout] 
[INFO] [stdout] thread 'test_implicit_absolute_path' (5910) panicked at tests/testenv/mod.rs:325:22:
[INFO] [stdout] fd output: Os { code: 2, kind: NotFound, message: "No such file or directory" }
[INFO] [stdout] stack backtrace:
[INFO] [stdout]    0:     0x60445454f185 - <unknown>
[INFO] [stdout]    1:     0x60445453604a - <unknown>
[INFO] [stdout]    2:     0x60445454e81b - <unknown>
[INFO] [stdout]    3:     0x60445454e2ff - <unknown>
[INFO] [stdout]    4:     0x60445454df2a - <unknown>
[INFO] [stdout]    5:     0x60445454da65 - <unknown>
[INFO] [stdout]    6:     0x6044545748a1 - <unknown>
[INFO] [stdout]    7:     0x604454574859 - <unknown>
[INFO] [stdout]    8:     0x604454574d5c - <unknown>
[INFO] [stdout]    9:     0x604454535edb - <unknown>
[INFO] [stdout]   10:     0x604454539341 - <unknown>
[INFO] [stdout]   11:     0x6044545220d1 - <unknown>
[INFO] [stdout]   12:     0x60445451d5a6 - <unknown>
[INFO] [stdout]   13:     0x60445451d475 - <unknown>
[INFO] [stdout]   14:     0x604454531c80 - <unknown>
[INFO] [stdout]   15:     0x6044545903fb - <unknown>
[INFO] [stdout]   16:     0x60445458c3e1 - <unknown>
[INFO] [stdout]   17:     0x60445458bbcc - <unknown>
[INFO] [stdout]   18:     0x6044545ab84c - <unknown>
[INFO] [stdout]   19:     0x604454576454 - <unknown>
[INFO] [stdout]   20:     0x7d776815ddfa - <unknown>
[INFO] [stdout]   21:     0x7d77681f13d4 - clone
[INFO] [stdout]   22:                0x0 - <unknown>
[INFO] [stdout] 
[INFO] [stdout] ---- test_follow_broken_symlink stdout ----
[INFO] [stdout] 
[INFO] [stdout] thread 'test_follow_broken_symlink' (5886) panicked at tests/testenv/mod.rs:325:22:
[INFO] [stdout] fd output: Os { code: 2, kind: NotFound, message: "No such file or directory" }
[INFO] [stdout] stack backtrace:
[INFO] [stdout]    0:     0x60445454f185 - <unknown>
[INFO] [stdout]    1:     0x60445453604a - <unknown>
[INFO] [stdout]    2:     0x60445454e81b - <unknown>
[INFO] [stdout]    3:     0x60445454e2ff - <unknown>
[INFO] [stdout]    4:     0x60445454df2a - <unknown>
[INFO] [stdout]    5:     0x60445454da65 - <unknown>
[INFO] [stdout]    6:     0x6044545748a1 - <unknown>
[INFO] [stdout]    7:     0x604454574859 - <unknown>
[INFO] [stdout]    8:     0x604454574d5c - <unknown>
[INFO] [stdout]    9:     0x604454535edb - <unknown>
[INFO] [stdout]   10:     0x604454539341 - <unknown>
[INFO] [stdout]   11:     0x6044545220d1 - <unknown>
[INFO] [stdout]   12:     0x60445451d5a6 - <unknown>
[INFO] [stdout]   13:     0x60445451d475 - <unknown>
[INFO] [stdout]   14:     0x604454530a53 - <unknown>
[INFO] [stdout]   15:     0x6044545903fb - <unknown>
[INFO] [stdout]   16:     0x60445458c3e1 - <unknown>
[INFO] [stdout]   17:     0x60445458bbcc - <unknown>
[INFO] [stdout]   18:     0x6044545ab84c - <unknown>
[INFO] [stdout]   19:     0x604454576454 - <unknown>
[INFO] [stdout]   20:     0x7d776815ddfa - <unknown>
[INFO] [stdout]   21:     0x7d77681f13d4 - clone
[INFO] [stdout]   22:                0x0 - <unknown>
[INFO] [stdout] 
[INFO] [stdout] ---- test_invalid_cwd stdout ----
[INFO] [stdout] 
[INFO] [stdout] thread 'test_invalid_cwd' (5914) panicked at tests/tests.rs:2613:10:
[INFO] [stdout] called `Result::unwrap()` on an `Err` value: Os { code: 2, kind: NotFound, message: "No such file or directory" }
[INFO] [stdout] stack backtrace:
[INFO] [stdout]    0:     0x60445454f185 - <unknown>
[INFO] [stdout]    1:     0x60445453604a - <unknown>
[INFO] [stdout]    2:     0x60445454e81b - <unknown>
[INFO] [stdout]    3:     0x60445454e2ff - <unknown>
[INFO] [stdout]    4:     0x60445454df2a - <unknown>
[INFO] [stdout]    5:     0x60445454da65 - <unknown>
[INFO] [stdout]    6:     0x6044545748a1 - <unknown>
[INFO] [stdout]    7:     0x604454574859 - <unknown>
[INFO] [stdout]    8:     0x604454574d5c - <unknown>
[INFO] [stdout]    9:     0x604454535edb - <unknown>
[INFO] [stdout]   10:     0x604454539341 - <unknown>
[INFO] [stdout]   11:     0x60445452982a - <unknown>
[INFO] [stdout]   12:     0x6044545903fb - <unknown>
[INFO] [stdout]   13:     0x60445458c3e1 - <unknown>
[INFO] [stdout]   14:     0x60445458bbcc - <unknown>
[INFO] [stdout]   15:     0x6044545ab84c - <unknown>
[INFO] [stdout]   16:     0x604454576454 - <unknown>
[INFO] [stdout]   17:     0x7d776815ddfa - <unknown>
[INFO] [stdout]   18:     0x7d77681f13d4 - clone
[INFO] [stdout]   19:                0x0 - <unknown>
[INFO] [stdout] 
[INFO] [stdout] ---- test_extension stdout ----
[INFO] [stdout] 
[INFO] [stdout] thread 'test_extension' (5882) panicked at tests/testenv/mod.rs:325:22:
[INFO] [stdout] fd output: Os { code: 2, kind: NotFound, message: "No such file or directory" }
[INFO] [stdout] stack backtrace:
[INFO] [stdout]    0:     0x60445454f185 - <unknown>
[INFO] [stdout]    1:     0x60445453604a - <unknown>
[INFO] [stdout]    2:     0x60445454e81b - <unknown>
[INFO] [stdout]    3:     0x60445454e2ff - <unknown>
[INFO] [stdout]    4:     0x60445454df2a - <unknown>
[INFO] [stdout]    5:     0x60445454da65 - <unknown>
[INFO] [stdout]    6:     0x6044545748a1 - <unknown>
[INFO] [stdout]    7:     0x604454574859 - <unknown>
[INFO] [stdout]    8:     0x604454574d5c - <unknown>
[INFO] [stdout]    9:     0x604454535edb - <unknown>
[INFO] [stdout]   10:     0x604454539341 - <unknown>
[INFO] [stdout]   11:     0x6044545220d1 - <unknown>
[INFO] [stdout]   12:     0x60445451d5a6 - <unknown>
[INFO] [stdout]   13:     0x60445451d475 - <unknown>
[INFO] [stdout]   14:     0x604454527be3 - <unknown>
[INFO] [stdout]   15:     0x6044545903fb - <unknown>
[INFO] [stdout]   16:     0x60445458c3e1 - <unknown>
[INFO] [stdout]   17:     0x60445458bbcc - <unknown>
[INFO] [stdout]   18:     0x6044545ab84c - <unknown>
[INFO] [stdout]   19:     0x604454576454 - <unknown>
[INFO] [stdout]   20:     0x7d776815ddfa - <unknown>
[INFO] [stdout]   21:     0x7d77681f13d4 - clone
[INFO] [stdout]   22:                0x0 - <unknown>
[INFO] [stdout] 
[INFO] [stdout] ---- test_list_details stdout ----
[INFO] [stdout] 
[INFO] [stdout] thread 'test_list_details' (5916) panicked at tests/testenv/mod.rs:325:22:
[INFO] [stdout] fd output: Os { code: 2, kind: NotFound, message: "No such file or directory" }
[INFO] [stdout] stack backtrace:
[INFO] [stdout]    0:     0x60445454f185 - <unknown>
[INFO] [stdout]    1:     0x60445453604a - <unknown>
[INFO] [stdout]    2:     0x60445454e81b - <unknown>
[INFO] [stdout]    3:     0x60445454e2ff - <unknown>
[INFO] [stdout]    4:     0x60445454df2a - <unknown>
[INFO] [stdout]    5:     0x60445454da65 - <unknown>
[INFO] [stdout]    6:     0x6044545748a1 - <unknown>
[INFO] [stdout]    7:     0x604454574859 - <unknown>
[INFO] [stdout]    8:     0x604454574d5c - <unknown>
[INFO] [stdout]    9:     0x604454535edb - <unknown>
[INFO] [stdout]   10:     0x604454539341 - <unknown>
[INFO] [stdout]   11:     0x6044545220d1 - <unknown>
[INFO] [stdout]   12:     0x604454529efb - <unknown>
[INFO] [stdout]   13:     0x6044545903fb - <unknown>
[INFO] [stdout]   14:     0x60445458c3e1 - <unknown>
[INFO] [stdout]   15:     0x60445458bbcc - <unknown>
[INFO] [stdout]   16:     0x6044545ab84c - <unknown>
[INFO] [stdout]   17:     0x604454576454 - <unknown>
[INFO] [stdout]   18:     0x7d776815ddfa - <unknown>
[INFO] [stdout]   19:     0x7d77681f13d4 - clone
[INFO] [stdout]   20:                0x0 - <unknown>
[INFO] [stdout] 
[INFO] [stdout] ---- test_min_depth stdout ----
[INFO] [stdout] 
[INFO] [stdout] thread 'test_min_depth' (5919) panicked at tests/testenv/mod.rs:325:22:
[INFO] [stdout] fd output: Os { code: 2, kind: NotFound, message: "No such file or directory" }
[INFO] [stdout] stack backtrace:
[INFO] [stdout]    0:     0x60445454f185 - <unknown>
[INFO] [stdout]    1:     0x60445453604a - <unknown>
[INFO] [stdout]    2:     0x60445454e81b - <unknown>
[INFO] [stdout]    3:     0x60445454e2ff - <unknown>
[INFO] [stdout]    4:     0x60445454df2a - <unknown>
[INFO] [stdout]    5:     0x60445454da65 - <unknown>
[INFO] [stdout]    6:     0x6044545748a1 - <unknown>
[INFO] [stdout]    7:     0x604454574859 - <unknown>
[INFO] [stdout]    8:     0x604454574d5c - <unknown>
[INFO] [stdout]    9:     0x604454535edb - <unknown>
[INFO] [stdout]   10:     0x604454539341 - <unknown>
[INFO] [stdout]   11:     0x6044545220d1 - <unknown>
[INFO] [stdout]   12:     0x60445451d5a6 - <unknown>
[INFO] [stdout]   13:     0x60445451d475 - <unknown>
[INFO] [stdout]   14:     0x604454528490 - <unknown>
[INFO] [stdout]   15:     0x6044545903fb - <unknown>
[INFO] [stdout]   16:     0x60445458c3e1 - <unknown>
[INFO] [stdout]   17:     0x60445458bbcc - <unknown>
[INFO] [stdout]   18:     0x6044545ab84c - <unknown>
[INFO] [stdout]   19:     0x604454576454 - <unknown>
[INFO] [stdout]   20:     0x7d776815ddfa - <unknown>
[INFO] [stdout]   21:     0x7d77681f13d4 - clone
[INFO] [stdout]   22:                0x0 - <unknown>
[INFO] [stdout] 
[INFO] [stdout] ---- test_modified_absolute stdout ----
[INFO] [stdout] 
[INFO] [stdout] thread 'test_modified_absolute' (5920) panicked at tests/testenv/mod.rs:325:22:
[INFO] [stdout] fd output: Os { code: 2, kind: NotFound, message: "No such file or directory" }
[INFO] [stdout] stack backtrace:
[INFO] [stdout]    0:     0x60445454f185 - <unknown>
[INFO] [stdout]    1:     0x60445453604a - <unknown>
[INFO] [stdout]    2:     0x60445454e81b - <unknown>
[INFO] [stdout]    3:     0x60445454e2ff - <unknown>
[INFO] [stdout]    4:     0x60445454df2a - <unknown>
[INFO] [stdout]    5:     0x60445454da65 - <unknown>
[INFO] [stdout]    6:     0x6044545748a1 - <unknown>
[INFO] [stdout]    7:     0x604454574859 - <unknown>
[INFO] [stdout]    8:     0x604454574d5c - <unknown>
[INFO] [stdout]    9:     0x604454535edb - <unknown>
[INFO] [stdout]   10:     0x604454539341 - <unknown>
[INFO] [stdout]   11:     0x6044545220d1 - <unknown>
[INFO] [stdout]   12:     0x60445451d5a6 - <unknown>
[INFO] [stdout]   13:     0x60445451d475 - <unknown>
[INFO] [stdout]   14:     0x60445452c9d6 - <unknown>
[INFO] [stdout]   15:     0x6044545903fb - <unknown>
[INFO] [stdout]   16:     0x60445458c3e1 - <unknown>
[INFO] [stdout]   17:     0x60445458bbcc - <unknown>
[INFO] [stdout]   18:     0x6044545ab84c - <unknown>
[INFO] [stdout]   19:     0x604454576454 - <unknown>
[INFO] [stdout]   20:     0x7d776815ddfa - <unknown>
[INFO] [stdout]   21:     0x7d77681f13d4 - clone
[INFO] [stdout]   22:                0x0 - <unknown>
[INFO] [stdout] 
[INFO] [stdout] ---- test_no_extension stdout ----
[INFO] [stdout] 
[INFO] [stdout] thread 'test_no_extension' (5926) panicked at tests/testenv/mod.rs:325:22:
[INFO] [stdout] fd output: Os { code: 2, kind: NotFound, message: "No such file or directory" }
[INFO] [stdout] stack backtrace:
[INFO] [stdout]    0:     0x60445454f185 - <unknown>
[INFO] [stdout]    1:     0x60445453604a - <unknown>
[INFO] [stdout]    2:     0x60445454e81b - <unknown>
[INFO] [stdout]    3:     0x60445454e2ff - <unknown>
[INFO] [stdout]    4:     0x60445454df2a - <unknown>
[INFO] [stdout]    5:     0x60445454da65 - <unknown>
[INFO] [stdout]    6:     0x6044545748a1 - <unknown>
[INFO] [stdout]    7:     0x604454574859 - <unknown>
[INFO] [stdout]    8:     0x604454574d5c - <unknown>
[INFO] [stdout]    9:     0x604454535edb - <unknown>
[INFO] [stdout]   10:     0x604454539341 - <unknown>
[INFO] [stdout]   11:     0x6044545220d1 - <unknown>
[INFO] [stdout]   12:     0x60445451d5a6 - <unknown>
[INFO] [stdout]   13:     0x60445451d475 - <unknown>
[INFO] [stdout]   14:     0x60445452a040 - <unknown>
[INFO] [stdout]   15:     0x6044545903fb - <unknown>
[INFO] [stdout]   16:     0x60445458c3e1 - <unknown>
[INFO] [stdout]   17:     0x60445458bbcc - <unknown>
[INFO] [stdout]   18:     0x6044545ab84c - <unknown>
[INFO] [stdout]   19:     0x604454576454 - <unknown>
[INFO] [stdout]   20:     0x7d776815ddfa - <unknown>
[INFO] [stdout]   21:     0x7d77681f13d4 - clone
[INFO] [stdout]   22:                0x0 - <unknown>
[INFO] [stdout] 
[INFO] [stdout] ---- test_max_results stdout ----
[INFO] [stdout] 
[INFO] [stdout] thread 'test_max_results' (5918) panicked at tests/testenv/mod.rs:325:22:
[INFO] [stdout] fd output: Os { code: 2, kind: NotFound, message: "No such file or directory" }
[INFO] [stdout] stack backtrace:
[INFO] [stdout]    0:     0x60445454f185 - <unknown>
[INFO] [stdout]    1:     0x60445453604a - <unknown>
[INFO] [stdout]    2:     0x60445454e81b - <unknown>
[INFO] [stdout]    3:     0x60445454e2ff - <unknown>
[INFO] [stdout]    4:     0x60445454df2a - <unknown>
[INFO] [stdout]    5:     0x60445454da65 - <unknown>
[INFO] [stdout]    6:     0x6044545748a1 - <unknown>
[INFO] [stdout]    7:     0x604454574859 - <unknown>
[INFO] [stdout]    8:     0x604454574d5c - <unknown>
[INFO] [stdout]    9:     0x604454535edb - <unknown>
[INFO] [stdout]   10:     0x604454539341 - <unknown>
[INFO] [stdout]   11:     0x6044545220d1 - <unknown>
[INFO] [stdout]   12:     0x60445451d5a6 - <unknown>
[INFO] [stdout]   13:     0x60445451d475 - <unknown>
[INFO] [stdout]   14:     0x604454529a84 - <unknown>
[INFO] [stdout]   15:     0x6044545903fb - <unknown>
[INFO] [stdout]   16:     0x60445458c3e1 - <unknown>
[INFO] [stdout]   17:     0x60445458bbcc - <unknown>
[INFO] [stdout]   18:     0x6044545ab84c - <unknown>
[INFO] [stdout]   19:     0x604454576454 - <unknown>
[INFO] [stdout]   20:     0x7d776815ddfa - <unknown>
[INFO] [stdout]   21:     0x7d77681f13d4 - clone
[INFO] [stdout]   22:                0x0 - <unknown>
[INFO] [stdout] 
[INFO] [stdout] ---- test_invalid_utf8 stdout ----
[INFO] [stdout] 
[INFO] [stdout] thread 'test_invalid_utf8' (5915) panicked at tests/testenv/mod.rs:325:22:
[INFO] [stdout] fd output: Os { code: 2, kind: NotFound, message: "No such file or directory" }
[INFO] [stdout] stack backtrace:
[INFO] [stdout]    0:     0x60445454f185 - <unknown>
[INFO] [stdout]    1:     0x60445453604a - <unknown>
[INFO] [stdout]    2:     0x60445454e81b - <unknown>
[INFO] [stdout]    3:     0x60445454e2ff - <unknown>
[INFO] [stdout]    4:     0x60445454df2a - <unknown>
[INFO] [stdout]    5:     0x60445454da65 - <unknown>
[INFO] [stdout]    6:     0x6044545748a1 - <unknown>
[INFO] [stdout]    7:     0x604454574859 - <unknown>
[INFO] [stdout]    8:     0x604454574d5c - <unknown>
[INFO] [stdout]    9:     0x604454535edb - <unknown>
[INFO] [stdout]   10:     0x604454539341 - <unknown>
[INFO] [stdout]   11:     0x6044545220d1 - <unknown>
[INFO] [stdout]   12:     0x60445451d5a6 - <unknown>
[INFO] [stdout]   13:     0x60445451d475 - <unknown>
[INFO] [stdout]   14:     0x604454529d65 - <unknown>
[INFO] [stdout]   15:     0x6044545903fb - <unknown>
[INFO] [stdout]   16:     0x60445458c3e1 - <unknown>
[INFO] [stdout]   17:     0x60445458bbcc - <unknown>
[INFO] [stdout]   18:     0x6044545ab84c - <unknown>
[INFO] [stdout]   19:     0x604454576454 - <unknown>
[INFO] [stdout]   20:     0x7d776815ddfa - <unknown>
[INFO] [stdout]   21:     0x7d77681f13d4 - clone
[INFO] [stdout]   22:                0x0 - <unknown>
[INFO] [stdout] 
[INFO] [stdout] ---- test_modified_relative stdout ----
[INFO] [stdout] 
[INFO] [stdout] thread 'test_modified_relative' (5921) panicked at tests/testenv/mod.rs:325:22:
[INFO] [stdout] fd output: Os { code: 2, kind: NotFound, message: "No such file or directory" }
[INFO] [stdout] stack backtrace:
[INFO] [stdout]    0:     0x60445454f185 - <unknown>
[INFO] [stdout]    1:     0x60445453604a - <unknown>
[INFO] [stdout]    2:     0x60445454e81b - <unknown>
[INFO] [stdout]    3:     0x60445454e2ff - <unknown>
[INFO] [stdout]    4:     0x60445454df2a - <unknown>
[INFO] [stdout]    5:     0x60445454da65 - <unknown>
[INFO] [stdout]    6:     0x6044545748a1 - <unknown>
[INFO] [stdout]    7:     0x604454574859 - <unknown>
[INFO] [stdout]    8:     0x604454574d5c - <unknown>
[INFO] [stdout]    9:     0x604454535edb - <unknown>
[INFO] [stdout]   10:     0x604454539341 - <unknown>
[INFO] [stdout]   11:     0x6044545220d1 - <unknown>
[INFO] [stdout]   12:     0x60445451d5a6 - <unknown>
[INFO] [stdout]   13:     0x60445451d475 - <unknown>
[INFO] [stdout]   14:     0x60445452ce32 - <unknown>
[INFO] [stdout]   15:     0x6044545903fb - <unknown>
[INFO] [stdout]   16:     0x60445458c3e1 - <unknown>
[INFO] [stdout]   17:     0x60445458bbcc - <unknown>
[INFO] [stdout]   18:     0x6044545ab84c - <unknown>
[INFO] [stdout]   19:     0x604454576454 - <unknown>
[INFO] [stdout]   20:     0x7d776815ddfa - <unknown>
[INFO] [stdout]   21:     0x7d77681f13d4 - clone
[INFO] [stdout]   22:                0x0 - <unknown>
[INFO] [stdout] 
[INFO] [stdout] ---- test_no_ignore_aliases stdout ----
[INFO] [stdout] 
[INFO] [stdout] thread 'test_no_ignore_aliases' (5935) panicked at tests/testenv/mod.rs:325:22:
[INFO] [stdout] fd output: Os { code: 2, kind: NotFound, message: "No such file or directory" }
[INFO] [stdout] stack backtrace:
[INFO] [stdout]    0:     0x60445454f185 - <unknown>
[INFO] [stdout]    1:     0x60445453604a - <unknown>
[INFO] [stdout]    2:     0x60445454e81b - <unknown>
[INFO] [stdout]    3:     0x60445454e2ff - <unknown>
[INFO] [stdout]    4:     0x60445454df2a - <unknown>
[INFO] [stdout]    5:     0x60445454da65 - <unknown>
[INFO] [stdout]    6:     0x6044545748a1 - <unknown>
[INFO] [stdout]    7:     0x604454574859 - <unknown>
[INFO] [stdout]    8:     0x604454574d5c - <unknown>
[INFO] [stdout]    9:     0x604454535edb - <unknown>
[INFO] [stdout]   10:     0x604454539341 - <unknown>
[INFO] [stdout]   11:     0x6044545220d1 - <unknown>
[INFO] [stdout]   12:     0x60445451d5a6 - <unknown>
[INFO] [stdout]   13:     0x60445451d475 - <unknown>
[INFO] [stdout]   14:     0x60445452cfd0 - <unknown>
[INFO] [stdout]   15:     0x6044545903fb - <unknown>
[INFO] [stdout]   16:     0x60445458c3e1 - <unknown>
[INFO] [stdout]   17:     0x60445458bbcc - <unknown>
[INFO] [stdout]   18:     0x6044545ab84c - <unknown>
[INFO] [stdout]   19:     0x604454576454 - <unknown>
[INFO] [stdout]   20:     0x7d776815ddfa - <unknown>
[INFO] [stdout]   21:     0x7d77681f13d4 - clone
[INFO] [stdout]   22:                0x0 - <unknown>
[INFO] [stdout] 
[INFO] [stdout] ---- test_no_ignore_parent stdout ----
[INFO] [stdout] 
[INFO] [stdout] thread 'test_no_ignore_parent' (5941) panicked at tests/testenv/mod.rs:325:22:
[INFO] [stdout] fd output: Os { code: 2, kind: NotFound, message: "No such file or directory" }
[INFO] [stdout] stack backtrace:
[INFO] [stdout]    0:     0x60445454f185 - <unknown>
[INFO] [stdout]    1:     0x60445453604a - <unknown>
[INFO] [stdout]    2:     0x60445454e81b - <unknown>
[INFO] [stdout]    3:     0x60445454e2ff - <unknown>
[INFO] [stdout]    4:     0x60445454df2a - <unknown>
[INFO] [stdout]    5:     0x60445454da65 - <unknown>
[INFO] [stdout]    6:     0x6044545748a1 - <unknown>
[INFO] [stdout]    7:     0x604454574859 - <unknown>
[INFO] [stdout]    8:     0x604454574d5c - <unknown>
[INFO] [stdout]    9:     0x604454535edb - <unknown>
[INFO] [stdout]   10:     0x604454539341 - <unknown>
[INFO] [stdout]   11:     0x6044545220d1 - <unknown>
[INFO] [stdout]   12:     0x60445451d5a6 - <unknown>
[INFO] [stdout]   13:     0x60445451d475 - <unknown>
[INFO] [stdout]   14:     0x60445452c15c - <unknown>
[INFO] [stdout]   15:     0x6044545903fb - <unknown>
[INFO] [stdout]   16:     0x60445458c3e1 - <unknown>
[INFO] [stdout]   17:     0x60445458bbcc - <unknown>
[INFO] [stdout]   18:     0x6044545ab84c - <unknown>
[INFO] [stdout]   19:     0x604454576454 - <unknown>
[INFO] [stdout]   20:     0x7d776815ddfa - <unknown>
[INFO] [stdout]   21:     0x7d77681f13d4 - clone
[INFO] [stdout]   22:                0x0 - <unknown>
[INFO] [stdout] 
[INFO] [stdout] ---- test_hyperlink stdout ----
[INFO] [stdout] 
[INFO] [stdout] thread 'test_hyperlink' (5909) panicked at tests/testenv/mod.rs:325:22:
[INFO] [stdout] fd output: Os { code: 2, kind: NotFound, message: "No such file or directory" }
[INFO] [stdout] stack backtrace:
[INFO] [stdout]    0:     0x60445454f185 - <unknown>
[INFO] [stdout]    1:     0x60445453604a - <unknown>
[INFO] [stdout]    2:     0x60445454e81b - <unknown>
[INFO] [stdout]    3:     0x60445454e2ff - <unknown>
[INFO] [stdout]    4:     0x60445454df2a - <unknown>
[INFO] [stdout]    5:     0x60445454da65 - <unknown>
[INFO] [stdout]    6:     0x6044545748a1 - <unknown>
[INFO] [stdout]    7:     0x604454574859 - <unknown>
[INFO] [stdout]    8:     0x604454574d5c - <unknown>
[INFO] [stdout]    9:     0x604454535edb - <unknown>
[INFO] [stdout]   10:     0x604454539341 - <unknown>
[INFO] [stdout]   11:     0x6044545220d1 - <unknown>
[INFO] [stdout]   12:     0x60445451d5a6 - <unknown>
[INFO] [stdout]   13:     0x60445451d475 - <unknown>
[INFO] [stdout]   14:     0x6044545281f1 - <unknown>
[INFO] [stdout]   15:     0x6044545903fb - <unknown>
[INFO] [stdout]   16:     0x60445458c3e1 - <unknown>
[INFO] [stdout]   17:     0x60445458bbcc - <unknown>
[INFO] [stdout]   18:     0x6044545ab84c - <unknown>
[INFO] [stdout]   19:     0x604454576454 - <unknown>
[INFO] [stdout]   20:     0x7d776815ddfa - <unknown>
[INFO] [stdout]   21:     0x7d77681f13d4 - clone
[INFO] [stdout]   22:                0x0 - <unknown>
[INFO] [stdout] 
[INFO] [stdout] ---- test_no_global_ignore::unrestricted stdout ----
[INFO] [stdout] 
[INFO] [stdout] thread 'test_no_global_ignore::unrestricted' (5931) panicked at tests/testenv/mod.rs:325:22:
[INFO] [stdout] fd output: Os { code: 2, kind: NotFound, message: "No such file or directory" }
[INFO] [stdout] stack backtrace:
[INFO] [stdout]    0:     0x60445454f185 - <unknown>
[INFO] [stdout]    1:     0x60445453604a - <unknown>
[INFO] [stdout]    2:     0x60445454e81b - <unknown>
[INFO] [stdout]    3:     0x60445454e2ff - <unknown>
[INFO] [stdout]    4:     0x60445454df2a - <unknown>
[INFO] [stdout]    5:     0x60445454da65 - <unknown>
[INFO] [stdout]    6:     0x6044545748a1 - <unknown>
[INFO] [stdout]    7:     0x604454574859 - <unknown>
[INFO] [stdout]    8:     0x604454574d5c - <unknown>
[INFO] [stdout]    9:     0x604454535edb - <unknown>
[INFO] [stdout]   10:     0x604454539341 - <unknown>
[INFO] [stdout]   11:     0x6044545220d1 - <unknown>
[INFO] [stdout]   12:     0x60445451d5a6 - <unknown>
[INFO] [stdout]   13:     0x60445451d475 - <unknown>
[INFO] [stdout]   14:     0x604454520298 - <unknown>
[INFO] [stdout]   15:     0x604454534821 - <unknown>
[INFO] [stdout]   16:     0x6044545903fb - <unknown>
[INFO] [stdout]   17:     0x60445458c3e1 - <unknown>
[INFO] [stdout]   18:     0x60445458bbcc - <unknown>
[INFO] [stdout]   19:     0x6044545ab84c - <unknown>
[INFO] [stdout]   20:     0x604454576454 - <unknown>
[INFO] [stdout]   21:     0x7d776815ddfa - <unknown>
[INFO] [stdout]   22:     0x7d77681f13d4 - clone
[INFO] [stdout]   23:                0x0 - <unknown>
[INFO] [stdout] 
[INFO] [stdout] ---- test_multi_file stdout ----
[INFO] [stdout] 
[INFO] [stdout] thread 'test_multi_file' (5922) panicked at tests/testenv/mod.rs:325:22:
[INFO] [stdout] fd output: Os { code: 2, kind: NotFound, message: "No such file or directory" }
[INFO] [stdout] stack backtrace:
[INFO] [stdout]    0:     0x60445454f185 - <unknown>
[INFO] [stdout]    1:     0x60445453604a - <unknown>
[INFO] [stdout]    2:     0x60445454e81b - <unknown>
[INFO] [stdout]    3:     0x60445454e2ff - <unknown>
[INFO] [stdout]    4:     0x60445454df2a - <unknown>
[INFO] [stdout]    5:     0x60445454da65 - <unknown>
[INFO] [stdout]    6:     0x6044545748a1 - <unknown>
[INFO] [stdout]    7:     0x604454574859 - <unknown>
[INFO] [stdout]    8:     0x604454574d5c - <unknown>
[INFO] [stdout]    9:     0x604454535edb - <unknown>
[INFO] [stdout]   10:     0x604454539341 - <unknown>
[INFO] [stdout]   11:     0x6044545220d1 - <unknown>
[INFO] [stdout]   12:     0x60445451d5a6 - <unknown>
[INFO] [stdout]   13:     0x60445451d475 - <unknown>
[INFO] [stdout]   14:     0x604454528ce0 - <unknown>
[INFO] [stdout]   15:     0x6044545903fb - <unknown>
[INFO] [stdout]   16:     0x60445458c3e1 - <unknown>
[INFO] [stdout]   17:     0x60445458bbcc - <unknown>
[INFO] [stdout]   18:     0x6044545ab84c - <unknown>
[INFO] [stdout]   19:     0x604454576454 - <unknown>
[INFO] [stdout]   20:     0x7d776815ddfa - <unknown>
[INFO] [stdout]   21:     0x7d77681f13d4 - clone
[INFO] [stdout]   22:                0x0 - <unknown>
[INFO] [stdout] 
[INFO] [stdout] ---- test_multi_file_with_missing stdout ----
[INFO] [stdout] 
[INFO] [stdout] thread 'test_multi_file_with_missing' (5924) panicked at tests/testenv/mod.rs:325:22:
[INFO] [stdout] fd output: Os { code: 2, kind: NotFound, message: "No such file or directory" }
[INFO] [stdout] stack backtrace:
[INFO] [stdout]    0:     0x60445454f185 - <unknown>
[INFO] [stdout]    1:     0x60445453604a - <unknown>
[INFO] [stdout]    2:     0x60445454e81b - <unknown>
[INFO] [stdout]    3:     0x60445454e2ff - <unknown>
[INFO] [stdout]    4:     0x60445454df2a - <unknown>
[INFO] [stdout]    5:     0x60445454da65 - <unknown>
[INFO] [stdout]    6:     0x6044545748a1 - <unknown>
[INFO] [stdout]    7:     0x604454574859 - <unknown>
[INFO] [stdout]    8:     0x604454574d5c - <unknown>
[INFO] [stdout]    9:     0x604454535edb - <unknown>
[INFO] [stdout]   10:     0x604454539341 - <unknown>
[INFO] [stdout]   11:     0x6044545220d1 - <unknown>
[INFO] [stdout]   12:     0x60445451d5a6 - <unknown>
[INFO] [stdout]   13:     0x60445451d475 - <unknown>
[INFO] [stdout]   14:     0x604454531f20 - <unknown>
[INFO] [stdout]   15:     0x6044545903fb - <unknown>
[INFO] [stdout]   16:     0x60445458c3e1 - <unknown>
[INFO] [stdout]   17:     0x60445458bbcc - <unknown>
[INFO] [stdout]   18:     0x6044545ab84c - <unknown>
[INFO] [stdout]   19:     0x604454576454 - <unknown>
[INFO] [stdout]   20:     0x7d776815ddfa - <unknown>
[INFO] [stdout]   21:     0x7d77681f13d4 - clone
[INFO] [stdout]   22:                0x0 - <unknown>
[INFO] [stdout] 
[INFO] [stdout] ---- test_max_depth stdout ----
[INFO] [stdout] 
[INFO] [stdout] thread 'test_max_depth' (5917) panicked at tests/testenv/mod.rs:325:22:
[INFO] [stdout] fd output: Os { code: 2, kind: NotFound, message: "No such file or directory" }
[INFO] [stdout] stack backtrace:
[INFO] [stdout]    0:     0x60445454f185 - <unknown>
[INFO] [stdout]    1:     0x60445453604a - <unknown>
[INFO] [stdout]    2:     0x60445454e81b - <unknown>
[INFO] [stdout]    3:     0x60445454e2ff - <unknown>
[INFO] [stdout]    4:     0x60445454df2a - <unknown>
[INFO] [stdout]    5:     0x60445454da65 - <unknown>
[INFO] [stdout]    6:     0x6044545748a1 - <unknown>
[INFO] [stdout]    7:     0x604454574859 - <unknown>
[INFO] [stdout]    8:     0x604454574d5c - <unknown>
[INFO] [stdout]    9:     0x604454535edb - <unknown>
[INFO] [stdout]   10:     0x604454539341 - <unknown>
[INFO] [stdout]   11:     0x6044545220d1 - <unknown>
[INFO] [stdout]   12:     0x60445451d5a6 - <unknown>
[INFO] [stdout]   13:     0x60445451d475 - <unknown>
[INFO] [stdout]   14:     0x604454528390 - <unknown>
[INFO] [stdout]   15:     0x6044545903fb - <unknown>
[INFO] [stdout]   16:     0x60445458c3e1 - <unknown>
[INFO] [stdout]   17:     0x60445458bbcc - <unknown>
[INFO] [stdout]   18:     0x6044545ab84c - <unknown>
[INFO] [stdout]   19:     0x604454576454 - <unknown>
[INFO] [stdout]   20:     0x7d776815ddfa - <unknown>
[INFO] [stdout]   21:     0x7d77681f13d4 - clone
[INFO] [stdout]   22:                0x0 - <unknown>
[INFO] [stdout] 
[INFO] [stdout] ---- test_opposing::absolute_path stdout ----
[INFO] [stdout] 
[INFO] [stdout] thread 'test_opposing::absolute_path' (5956) panicked at tests/testenv/mod.rs:325:22:
[INFO] [stdout] fd output: Os { code: 2, kind: NotFound, message: "No such file or directory" }
[INFO] [stdout] stack backtrace:
[INFO] [stdout]    0:     0x60445454f185 - <unknown>
[INFO] [stdout]    1:     0x60445453604a - <unknown>
[INFO] [stdout]    2:     0x60445454e81b - <unknown>
[INFO] [stdout]    3:     0x60445454e2ff - <unknown>
[INFO] [stdout]    4:     0x60445454df2a - <unknown>
[INFO] [stdout]    5:     0x60445454da65 - <unknown>
[INFO] [stdout]    6:     0x6044545748a1 - <unknown>
[INFO] [stdout]    7:     0x604454574859 - <unknown>
[INFO] [stdout]    8:     0x604454574d5c - <unknown>
[INFO] [stdout]    9:     0x604454535edb - <unknown>
[INFO] [stdout]   10:     0x604454539341 - <unknown>
[INFO] [stdout]   11:     0x6044545220d1 - <unknown>
[INFO] [stdout]   12:     0x60445451d5a6 - <unknown>
[INFO] [stdout]   13:     0x60445452005c - <unknown>
[INFO] [stdout]   14:     0x6044545346a1 - <unknown>
[INFO] [stdout]   15:     0x6044545903fb - <unknown>
[INFO] [stdout]   16:     0x60445458c3e1 - <unknown>
[INFO] [stdout]   17:     0x60445458bbcc - <unknown>
[INFO] [stdout]   18:     0x6044545ab84c - <unknown>
[INFO] [stdout]   19:     0x604454576454 - <unknown>
[INFO] [stdout]   20:     0x7d776815ddfa - <unknown>
[INFO] [stdout]   21:     0x7d77681f13d4 - clone
[INFO] [stdout]   22:                0x0 - <unknown>
[INFO] [stdout] 
[INFO] [stdout] ---- test_number_parsing_errors stdout ----
[INFO] [stdout] 
[INFO] [stdout] thread 'test_number_parsing_errors' (5955) panicked at tests/testenv/mod.rs:325:22:
[INFO] [stdout] fd output: Os { code: 2, kind: NotFound, message: "No such file or directory" }
[INFO] [stdout] stack backtrace:
[INFO] [stdout]    0:     0x60445454f185 - <unknown>
[INFO] [stdout]    1:     0x60445453604a - <unknown>
[INFO] [stdout]    2:     0x60445454e81b - <unknown>
[INFO] [stdout]    3:     0x60445454e2ff - <unknown>
[INFO] [stdout]    4:     0x60445454df2a - <unknown>
[INFO] [stdout]    5:     0x60445454da65 - <unknown>
[INFO] [stdout]    6:     0x6044545748a1 - <unknown>
[INFO] [stdout]    7:     0x604454574859 - <unknown>
[INFO] [stdout]    8:     0x604454574d5c - <unknown>
[INFO] [stdout]    9:     0x604454535edb - <unknown>
[INFO] [stdout]   10:     0x604454539341 - <unknown>
[INFO] [stdout]   11:     0x6044545220d1 - <unknown>
[INFO] [stdout]   12:     0x604454530c00 - <unknown>
[INFO] [stdout]   13:     0x6044545903fb - <unknown>
[INFO] [stdout]   14:     0x60445458c3e1 - <unknown>
[INFO] [stdout]   15:     0x60445458bbcc - <unknown>
[INFO] [stdout]   16:     0x6044545ab84c - <unknown>
[INFO] [stdout]   17:     0x604454576454 - <unknown>
[INFO] [stdout]   18:     0x7d776815ddfa - <unknown>
[INFO] [stdout]   19:     0x7d77681f13d4 - clone
[INFO] [stdout]   20:                0x0 - <unknown>
[INFO] [stdout] 
[INFO] [stdout] ---- test_opposing::follow stdout ----
[INFO] [stdout] 
[INFO] [stdout] thread 'test_opposing::follow' (5957) panicked at tests/testenv/mod.rs:325:22:
[INFO] [stdout] fd output: Os { code: 2, kind: NotFound, message: "No such file or directory" }
[INFO] [stdout] stack backtrace:
[INFO] [stdout]    0:     0x60445454f185 - <unknown>
[INFO] [stdout]    1:     0x60445453604a - <unknown>
[INFO] [stdout]    2:     0x60445454e81b - <unknown>
[INFO] [stdout]    3:     0x60445454e2ff - <unknown>
[INFO] [stdout]    4:     0x60445454df2a - <unknown>
[INFO] [stdout]    5:     0x60445454da65 - <unknown>
[INFO] [stdout]    6:     0x6044545748a1 - <unknown>
[INFO] [stdout]    7:     0x604454574859 - <unknown>
[INFO] [stdout]    8:     0x604454574d5c - <unknown>
[INFO] [stdout]    9:     0x604454535edb - <unknown>
[INFO] [stdout]   10:     0x604454539341 - <unknown>
[INFO] [stdout]   11:     0x6044545220d1 - <unknown>
[INFO] [stdout]   12:     0x60445451d5a6 - <unknown>
[INFO] [stdout]   13:     0x60445452005c - <unknown>
[INFO] [stdout]   14:     0x604454534791 - <unknown>
[INFO] [stdout]   15:     0x6044545903fb - <unknown>
[INFO] [stdout]   16:     0x60445458c3e1 - <unknown>
[INFO] [stdout]   17:     0x60445458bbcc - <unknown>
[INFO] [stdout]   18:     0x6044545ab84c - <unknown>
[INFO] [stdout]   19:     0x604454576454 - <unknown>
[INFO] [stdout]   20:     0x7d776815ddfa - <unknown>
[INFO] [stdout]   21:     0x7d77681f13d4 - clone
[INFO] [stdout]   22:                0x0 - <unknown>
[INFO] [stdout] 
[INFO] [stdout] ---- test_no_ignore_vcs_child_dir stdout ----
[INFO] [stdout] 
[INFO] [stdout] thread 'test_no_ignore_vcs_child_dir' (5949) panicked at tests/testenv/mod.rs:325:22:
[INFO] [stdout] fd output: Os { code: 2, kind: NotFound, message: "No such file or directory" }
[INFO] [stdout] stack backtrace:
[INFO] [stdout]    0:     0x60445454f185 - <unknown>
[INFO] [stdout]    1:     0x60445453604a - <unknown>
[INFO] [stdout]    2:     0x60445454e81b - <unknown>
[INFO] [stdout]    3:     0x60445454e2ff - <unknown>
[INFO] [stdout]    4:     0x60445454df2a - <unknown>
[INFO] [stdout]    5:     0x60445454da65 - <unknown>
[INFO] [stdout]    6:     0x6044545748a1 - <unknown>
[INFO] [stdout]    7:     0x604454574859 - <unknown>
[INFO] [stdout]    8:     0x604454574d5c - <unknown>
[INFO] [stdout]    9:     0x604454535edb - <unknown>
[INFO] [stdout]   10:     0x604454539341 - <unknown>
[INFO] [stdout]   11:     0x6044545220d1 - <unknown>
[INFO] [stdout]   12:     0x60445451d5a6 - <unknown>
[INFO] [stdout]   13:     0x60445451d475 - <unknown>
[INFO] [stdout]   14:     0x6044545320d0 - <unknown>
[INFO] [stdout]   15:     0x6044545903fb - <unknown>
[INFO] [stdout]   16:     0x60445458c3e1 - <unknown>
[INFO] [stdout]   17:     0x60445458bbcc - <unknown>
[INFO] [stdout]   18:     0x6044545ab84c - <unknown>
[INFO] [stdout]   19:     0x604454576454 - <unknown>
[INFO] [stdout]   20:     0x7d776815ddfa - <unknown>
[INFO] [stdout]   21:     0x7d77681f13d4 - clone
[INFO] [stdout]   22:                0x0 - <unknown>
[INFO] [stdout] 
[INFO] [stdout] ---- test_no_global_ignore::no_global_ignore_file stdout ----
[INFO] [stdout] 
[INFO] [stdout] thread 'test_no_global_ignore::no_global_ignore_file' (5927) panicked at tests/testenv/mod.rs:325:22:
[INFO] [stdout] fd output: Os { code: 2, kind: NotFound, message: "No such file or directory" }
[INFO] [stdout] stack backtrace:
[INFO] [stdout]    0:     0x60445454f185 - <unknown>
[INFO] [stdout]    1:     0x60445453604a - <unknown>
[INFO] [stdout]    2:     0x60445454e81b - <unknown>
[INFO] [stdout]    3:     0x60445454e2ff - <unknown>
[INFO] [stdout]    4:     0x60445454df2a - <unknown>
[INFO] [stdout]    5:     0x60445454da65 - <unknown>
[INFO] [stdout]    6:     0x6044545748a1 - <unknown>
[INFO] [stdout]    7:     0x604454574859 - <unknown>
[INFO] [stdout]    8:     0x604454574d5c - <unknown>
[INFO] [stdout]    9:     0x604454535edb - <unknown>
[INFO] [stdout]   10:     0x604454539341 - <unknown>
[INFO] [stdout]   11:     0x6044545220d1 - <unknown>
[INFO] [stdout]   12:     0x60445451d5a6 - <unknown>
[INFO] [stdout]   13:     0x60445451d475 - <unknown>
[INFO] [stdout]   14:     0x604454520298 - <unknown>
[INFO] [stdout]   15:     0x604454534851 - <unknown>
[INFO] [stdout]   16:     0x6044545903fb - <unknown>
[INFO] [stdout]   17:     0x60445458c3e1 - <unknown>
[INFO] [stdout]   18:     0x60445458bbcc - <unknown>
[INFO] [stdout]   19:     0x6044545ab84c - <unknown>
[INFO] [stdout]   20:     0x604454576454 - <unknown>
[INFO] [stdout]   21:     0x7d776815ddfa - <unknown>
[INFO] [stdout]   22:     0x7d77681f13d4 - clone
[INFO] [stdout]   23:                0x0 - <unknown>
[INFO] [stdout] 
[INFO] [stdout] ---- test_no_ignore stdout ----
[INFO] [stdout] 
[INFO] [stdout] thread 'test_no_ignore' (5933) panicked at tests/testenv/mod.rs:325:22:
[INFO] [stdout] fd output: Os { code: 2, kind: NotFound, message: "No such file or directory" }
[INFO] [stdout] stack backtrace:
[INFO] [stdout]    0:     0x60445454f185 - <unknown>
[INFO] [stdout]    1:     0x60445453604a - <unknown>
[INFO] [stdout]    2:     0x60445454e81b - <unknown>
[INFO] [stdout]    3:     0x60445454e2ff - <unknown>
[INFO] [stdout]    4:     0x60445454df2a - <unknown>
[INFO] [stdout]    5:     0x60445454da65 - <unknown>
[INFO] [stdout]    6:     0x6044545748a1 - <unknown>
[INFO] [stdout]    7:     0x604454574859 - <unknown>
[INFO] [stdout]    8:     0x604454574d5c - <unknown>
[INFO] [stdout]    9:     0x604454535edb - <unknown>
[INFO] [stdout]   10:     0x604454539341 - <unknown>
[INFO] [stdout]   11:     0x6044545220d1 - <unknown>
[INFO] [stdout]   12:     0x60445451d5a6 - <unknown>
[INFO] [stdout]   13:     0x60445451d475 - <unknown>
[INFO] [stdout]   14:     0x604454528560 - <unknown>
[INFO] [stdout]   15:     0x6044545903fb - <unknown>
[INFO] [stdout]   16:     0x60445458c3e1 - <unknown>
[INFO] [stdout]   17:     0x60445458bbcc - <unknown>
[INFO] [stdout]   18:     0x6044545ab84c - <unknown>
[INFO] [stdout]   19:     0x604454576454 - <unknown>
[INFO] [stdout]   20:     0x7d776815ddfa - <unknown>
[INFO] [stdout]   21:     0x7d77681f13d4 - clone
[INFO] [stdout]   22:                0x0 - <unknown>
[INFO] [stdout] 
[INFO] [stdout] ---- test_no_ignore_parent_inner_git stdout ----
[INFO] [stdout] 
[INFO] [stdout] thread 'test_no_ignore_parent_inner_git' (5942) panicked at tests/testenv/mod.rs:325:22:
[INFO] [stdout] fd output: Os { code: 2, kind: NotFound, message: "No such file or directory" }
[INFO] [stdout] stack backtrace:
[INFO] [stdout]    0:     0x60445454f185 - <unknown>
[INFO] [stdout]    1:     0x60445453604a - <unknown>
[INFO] [stdout]    2:     0x60445454e81b - <unknown>
[INFO] [stdout]    3:     0x60445454e2ff - <unknown>
[INFO] [stdout]    4:     0x60445454df2a - <unknown>
[INFO] [stdout]    5:     0x60445454da65 - <unknown>
[INFO] [stdout]    6:     0x6044545748a1 - <unknown>
[INFO] [stdout]    7:     0x604454574859 - <unknown>
[INFO] [stdout]    8:     0x604454574d5c - <unknown>
[INFO] [stdout]    9:     0x604454535edb - <unknown>
[INFO] [stdout]   10:     0x604454539341 - <unknown>
[INFO] [stdout]   11:     0x6044545220d1 - <unknown>
[INFO] [stdout]   12:     0x60445451d5a6 - <unknown>
[INFO] [stdout]   13:     0x60445451d475 - <unknown>
[INFO] [stdout]   14:     0x604454532f04 - <unknown>
[INFO] [stdout]   15:     0x6044545903fb - <unknown>
[INFO] [stdout]   16:     0x60445458c3e1 - <unknown>
[INFO] [stdout]   17:     0x60445458bbcc - <unknown>
[INFO] [stdout]   18:     0x6044545ab84c - <unknown>
[INFO] [stdout]   19:     0x604454576454 - <unknown>
[INFO] [stdout]   20:     0x7d776815ddfa - <unknown>
[INFO] [stdout]   21:     0x7d77681f13d4 - clone
[INFO] [stdout]   22:                0x0 - <unknown>
[INFO] [stdout] 
[INFO] [stdout] ---- test_opposing::hidden stdout ----
[INFO] [stdout] 
[INFO] [stdout] thread 'test_opposing::hidden' (5958) panicked at tests/testenv/mod.rs:325:22:
[INFO] [stdout] fd output: Os { code: 2, kind: NotFound, message: "No such file or directory" }
[INFO] [stdout] stack backtrace:
[INFO] [stdout]    0:     0x60445454f185 - <unknown>
[INFO] [stdout]    1:     0x60445453604a - <unknown>
[INFO] [stdout]    2:     0x60445454e81b - <unknown>
[INFO] [stdout]    3:     0x60445454e2ff - <unknown>
[INFO] [stdout]    4:     0x60445454df2a - <unknown>
[INFO] [stdout]    5:     0x60445454da65 - <unknown>
[INFO] [stdout]    6:     0x6044545748a1 - <unknown>
[INFO] [stdout]    7:     0x604454574859 - <unknown>
[INFO] [stdout]    8:     0x604454574d5c - <unknown>
[INFO] [stdout]    9:     0x604454535edb - <unknown>
[INFO] [stdout]   10:     0x604454539341 - <unknown>
[INFO] [stdout]   11:     0x6044545220d1 - <unknown>
[INFO] [stdout]   12:     0x60445451d5a6 - <unknown>
[INFO] [stdout]   13:     0x60445452005c - <unknown>
[INFO] [stdout]   14:     0x6044545347c1 - <unknown>
[INFO] [stdout]   15:     0x6044545903fb - <unknown>
[INFO] [stdout]   16:     0x60445458c3e1 - <unknown>
[INFO] [stdout]   17:     0x60445458bbcc - <unknown>
[INFO] [stdout]   18:     0x6044545ab84c - <unknown>
[INFO] [stdout]   19:     0x604454576454 - <unknown>
[INFO] [stdout]   20:     0x7d776815ddfa - <unknown>
[INFO] [stdout]   21:     0x7d77681f13d4 - clone
[INFO] [stdout]   22:                0x0 - <unknown>
[INFO] [stdout] 
[INFO] [stdout] ---- test_no_global_ignore::no_ignore stdout ----
[INFO] [stdout] 
[INFO] [stdout] thread 'test_no_global_ignore::no_ignore' (5928) panicked at tests/testenv/mod.rs:325:22:
[INFO] [stdout] fd output: Os { code: 2, kind: NotFound, message: "No such file or directory" }
[INFO] [stdout] stack backtrace:
[INFO] [stdout]    0:     0x60445454f185 - <unknown>
[INFO] [stdout]    1:     0x60445453604a - <unknown>
[INFO] [stdout]    2:     0x60445454e81b - <unknown>
[INFO] [stdout]    3:     0x60445454e2ff - <unknown>
[INFO] [stdout]    4:     0x60445454df2a - <unknown>
[INFO] [stdout]    5:     0x60445454da65 - <unknown>
[INFO] [stdout]    6:     0x6044545748a1 - <unknown>
[INFO] [stdout]    7:     0x604454574859 - <unknown>
[INFO] [stdout]    8:     0x604454574d5c - <unknown>
[INFO] [stdout]    9:     0x604454535edb - <unknown>
[INFO] [stdout]   10:     0x604454539341 - <unknown>
[INFO] [stdout]   11:     0x6044545220d1 - <unknown>
[INFO] [stdout]   12:     0x60445451d5a6 - <unknown>
[INFO] [stdout]   13:     0x60445451d475 - <unknown>
[INFO] [stdout]   14:     0x604454520298 - <unknown>
[INFO] [stdout]   15:     0x604454534881 - <unknown>
[INFO] [stdout]   16:     0x6044545903fb - <unknown>
[INFO] [stdout]   17:     0x60445458c3e1 - <unknown>
[INFO] [stdout]   18:     0x60445458bbcc - <unknown>
[INFO] [stdout]   19:     0x6044545ab84c - <unknown>
[INFO] [stdout]   20:     0x604454576454 - <unknown>
[INFO] [stdout]   21:     0x7d776815ddfa - <unknown>
[INFO] [stdout]   22:     0x7d77681f13d4 - clone
[INFO] [stdout]   23:                0x0 - <unknown>
[INFO] [stdout] 
[INFO] [stdout] ---- test_no_ignore_vcs stdout ----
[INFO] [stdout] 
[INFO] [stdout] thread 'test_no_ignore_vcs' (5948) panicked at tests/testenv/mod.rs:325:22:
[INFO] [stdout] fd output: Os { code: 2, kind: NotFound, message: "No such file or directory" }
[INFO] [stdout] stack backtrace:
[INFO] [stdout]    0:     0x60445454f185 - <unknown>
[INFO] [stdout]    1:     0x60445453604a - <unknown>
[INFO] [stdout]    2:     0x60445454e81b - <unknown>
[INFO] [stdout]    3:     0x60445454e2ff - <unknown>
[INFO] [stdout]    4:     0x60445454df2a - <unknown>
[INFO] [stdout]    5:     0x60445454da65 - <unknown>
[INFO] [stdout]    6:     0x6044545748a1 - <unknown>
[INFO] [stdout]    7:     0x604454574859 - <unknown>
[INFO] [stdout]    8:     0x604454574d5c - <unknown>
[INFO] [stdout]    9:     0x604454535edb - <unknown>
[INFO] [stdout]   10:     0x604454539341 - <unknown>
[INFO] [stdout]   11:     0x6044545220d1 - <unknown>
[INFO] [stdout]   12:     0x60445451d5a6 - <unknown>
[INFO] [stdout]   13:     0x60445451d475 - <unknown>
[INFO] [stdout]   14:     0x60445452a8e0 - <unknown>
[INFO] [stdout]   15:     0x6044545903fb - <unknown>
[INFO] [stdout]   16:     0x60445458c3e1 - <unknown>
[INFO] [stdout]   17:     0x60445458bbcc - <unknown>
[INFO] [stdout]   18:     0x6044545ab84c - <unknown>
[INFO] [stdout]   19:     0x604454576454 - <unknown>
[INFO] [stdout]   20:     0x7d776815ddfa - <unknown>
[INFO] [stdout]   21:     0x7d77681f13d4 - clone
[INFO] [stdout]   22:                0x0 - <unknown>
[INFO] [stdout] 
[INFO] [stdout] ---- test_opposing::no_ignore stdout ----
[INFO] [stdout] 
[INFO] [stdout] thread 'test_opposing::no_ignore' (5965) panicked at tests/testenv/mod.rs:325:22:
[INFO] [stdout] fd output: Os { code: 2, kind: NotFound, message: "No such file or directory" }
[INFO] [stdout] stack backtrace:
[INFO] [stdout]    0:     0x60445454f185 - <unknown>
[INFO] [stdout]    1:     0x60445453604a - <unknown>
[INFO] [stdout]    2:     0x60445454e81b - <unknown>
[INFO] [stdout]    3:     0x60445454e2ff - <unknown>
[INFO] [stdout]    4:     0x60445454df2a - <unknown>
[INFO] [stdout]    5:     0x60445454da65 - <unknown>
[INFO] [stdout]    6:     0x6044545748a1 - <unknown>
[INFO] [stdout]    7:     0x604454574859 - <unknown>
[INFO] [stdout]    8:     0x604454574d5c - <unknown>
[INFO] [stdout]    9:     0x604454535edb - <unknown>
[INFO] [stdout]   10:     0x604454539341 - <unknown>
[INFO] [stdout]   11:     0x6044545220d1 - <unknown>
[INFO] [stdout]   12:     0x60445451d5a6 - <unknown>
[INFO] [stdout]   13:     0x60445452005c - <unknown>
[INFO] [stdout]   14:     0x6044545347f1 - <unknown>
[INFO] [stdout]   15:     0x6044545903fb - <unknown>
[INFO] [stdout]   16:     0x60445458c3e1 - <unknown>
[INFO] [stdout]   17:     0x60445458bbcc - <unknown>
[INFO] [stdout]   18:     0x6044545ab84c - <unknown>
[INFO] [stdout]   19:     0x604454576454 - <unknown>
[INFO] [stdout]   20:     0x7d776815ddfa - <unknown>
[INFO] [stdout]   21:     0x7d77681f13d4 - clone
[INFO] [stdout]   22:                0x0 - <unknown>
[INFO] [stdout] 
[INFO] [stdout] ---- test_normalized_absolute_path stdout ----
[INFO] [stdout] 
[INFO] [stdout] thread 'test_normalized_absolute_path' (5950) panicked at tests/testenv/mod.rs:325:22:
[INFO] [stdout] fd output: Os { code: 2, kind: NotFound, message: "No such file or directory" }
[INFO] [stdout] stack backtrace:
[INFO] [stdout]    0:     0x60445454f185 - <unknown>
[INFO] [stdout]    1:     0x60445453604a - <unknown>
[INFO] [stdout]    2:     0x60445454e81b - <unknown>
[INFO] [stdout]    3:     0x60445454e2ff - <unknown>
[INFO] [stdout]    4:     0x60445454df2a - <unknown>
[INFO] [stdout]    5:     0x60445454da65 - <unknown>
[INFO] [stdout]    6:     0x6044545748a1 - <unknown>
[INFO] [stdout]    7:     0x604454574859 - <unknown>
[INFO] [stdout]    8:     0x604454574d5c - <unknown>
[INFO] [stdout]    9:     0x604454535edb - <unknown>
[INFO] [stdout]   10:     0x604454539341 - <unknown>
[INFO] [stdout]   11:     0x6044545220d1 - <unknown>
[INFO] [stdout]   12:     0x60445451d5a6 - <unknown>
[INFO] [stdout]   13:     0x60445451d475 - <unknown>
[INFO] [stdout]   14:     0x6044545326be - <unknown>
[INFO] [stdout]   15:     0x6044545903fb - <unknown>
[INFO] [stdout]   16:     0x60445458c3e1 - <unknown>
[INFO] [stdout]   17:     0x60445458bbcc - <unknown>
[INFO] [stdout]   18:     0x6044545ab84c - <unknown>
[INFO] [stdout]   19:     0x604454576454 - <unknown>
[INFO] [stdout]   20:     0x7d776815ddfa - <unknown>
[INFO] [stdout]   21:     0x7d77681f13d4 - clone
[INFO] [stdout]   22:                0x0 - <unknown>
[INFO] [stdout] 
[INFO] [stdout] ---- test_opposing::no_ignore_vcs stdout ----
[INFO] [stdout] 
[INFO] [stdout] thread 'test_opposing::no_ignore_vcs' (5967) panicked at tests/testenv/mod.rs:325:22:
[INFO] [stdout] fd output: Os { code: 2, kind: NotFound, message: "No such file or directory" }
[INFO] [stdout] stack backtrace:
[INFO] [stdout]    0:     0x60445454f185 - <unknown>
[INFO] [stdout]    1:     0x60445453604a - <unknown>
[INFO] [stdout]    2:     0x60445454e81b - <unknown>
[INFO] [stdout]    3:     0x60445454e2ff - <unknown>
[INFO] [stdout]    4:     0x60445454df2a - <unknown>
[INFO] [stdout]    5:     0x60445454da65 - <unknown>
[INFO] [stdout]    6:     0x6044545748a1 - <unknown>
[INFO] [stdout]    7:     0x604454574859 - <unknown>
[INFO] [stdout]    8:     0x604454574d5c - <unknown>
[INFO] [stdout]    9:     0x604454535edb - <unknown>
[INFO] [stdout]   10:     0x604454539341 - <unknown>
[INFO] [stdout]   11:     0x6044545220d1 - <unknown>
[INFO] [stdout]   12:     0x60445451d5a6 - <unknown>
[INFO] [stdout]   13:     0x60445452005c - <unknown>
[INFO] [stdout]   14:     0x6044545346d1 - <unknown>
[INFO] [stdout]   15:     0x6044545903fb - <unknown>
[INFO] [stdout]   16:     0x60445458c3e1 - <unknown>
[INFO] [stdout]   17:     0x60445458bbcc - <unknown>
[INFO] [stdout]   18:     0x6044545ab84c - <unknown>
[INFO] [stdout]   19:     0x604454576454 - <unknown>
[INFO] [stdout]   20:     0x7d776815ddfa - <unknown>
[INFO] [stdout]   21:     0x7d77681f13d4 - clone
[INFO] [stdout]   22:                0x0 - <unknown>
[INFO] [stdout] 
[INFO] [stdout] ---- test_owner_current_user stdout ----
[INFO] [stdout] 
[INFO] [stdout] thread 'test_owner_current_user' (5972) panicked at tests/testenv/mod.rs:325:22:
[INFO] [stdout] fd output: Os { code: 2, kind: NotFound, message: "No such file or directory" }
[INFO] [stdout] stack backtrace:
[INFO] [stdout]    0:     0x60445454f185 - <unknown>
[INFO] [stdout]    1:     0x60445453604a - <unknown>
[INFO] [stdout]    2:     0x60445454e81b - <unknown>
[INFO] [stdout]    3:     0x60445454e2ff - <unknown>
[INFO] [stdout]    4:     0x60445454df2a - <unknown>
[INFO] [stdout]    5:     0x60445454da65 - <unknown>
[INFO] [stdout]    6:     0x6044545748a1 - <unknown>
[INFO] [stdout]    7:     0x604454574859 - <unknown>
[INFO] [stdout]    8:     0x604454574d5c - <unknown>
[INFO] [stdout]    9:     0x604454535edb - <unknown>
[INFO] [stdout]   10:     0x604454539341 - <unknown>
[INFO] [stdout]   11:     0x6044545220d1 - <unknown>
[INFO] [stdout]   12:     0x60445451d5a6 - <unknown>
[INFO] [stdout]   13:     0x60445451d475 - <unknown>
[INFO] [stdout]   14:     0x60445452d4df - <unknown>
[INFO] [stdout]   15:     0x6044545903fb - <unknown>
[INFO] [stdout]   16:     0x60445458c3e1 - <unknown>
[INFO] [stdout]   17:     0x60445458bbcc - <unknown>
[INFO] [stdout]   18:     0x6044545ab84c - <unknown>
[INFO] [stdout]   19:     0x604454576454 - <unknown>
[INFO] [stdout]   20:     0x7d776815ddfa - <unknown>
[INFO] [stdout]   21:     0x7d77681f13d4 - clone
[INFO] [stdout]   22:                0x0 - <unknown>
[INFO] [stdout] 
[INFO] [stdout] ---- test_quiet stdout ----
[INFO] [stdout] 
[INFO] [stdout] thread 'test_quiet' (5980) panicked at tests/testenv/mod.rs:325:22:
[INFO] [stdout] fd output: Os { code: 2, kind: NotFound, message: "No such file or directory" }
[INFO] [stdout] stack backtrace:
[INFO] [stdout]    0:     0x60445454f185 - <unknown>
[INFO] [stdout]    1:     0x60445453604a - <unknown>
[INFO] [stdout]    2:     0x60445454e81b - <unknown>
[INFO] [stdout]    3:     0x60445454e2ff - <unknown>
[INFO] [stdout]    4:     0x60445454df2a - <unknown>
[INFO] [stdout]    5:     0x60445454da65 - <unknown>
[INFO] [stdout]    6:     0x6044545748a1 - <unknown>
[INFO] [stdout]    7:     0x604454574859 - <unknown>
[INFO] [stdout]    8:     0x604454574d5c - <unknown>
[INFO] [stdout]    9:     0x604454535edb - <unknown>
[INFO] [stdout]   10:     0x604454539341 - <unknown>
[INFO] [stdout]   11:     0x6044545220d1 - <unknown>
[INFO] [stdout]   12:     0x60445451d5a6 - <unknown>
[INFO] [stdout]   13:     0x60445451d475 - <unknown>
[INFO] [stdout]   14:     0x60445452737a - <unknown>
[INFO] [stdout]   15:     0x6044545903fb - <unknown>
[INFO] [stdout]   16:     0x60445458c3e1 - <unknown>
[INFO] [stdout]   17:     0x60445458bbcc - <unknown>
[INFO] [stdout]   18:     0x6044545ab84c - <unknown>
[INFO] [stdout]   19:     0x604454576454 - <unknown>
[INFO] [stdout]   20:     0x7d776815ddfa - <unknown>
[INFO] [stdout]   21:     0x7d77681f13d4 - clone
[INFO] [stdout]   22:                0x0 - <unknown>
[INFO] [stdout] 
[INFO] [stdout] ---- test_opposing::uu stdout ----
[INFO] [stdout] 
[INFO] [stdout] thread 'test_opposing::uu' (5970) panicked at tests/testenv/mod.rs:325:22:
[INFO] [stdout] fd output: Os { code: 2, kind: NotFound, message: "No such file or directory" }
[INFO] [stdout] stack backtrace:
[INFO] [stdout]    0:     0x60445454f185 - <unknown>
[INFO] [stdout]    1:     0x60445453604a - <unknown>
[INFO] [stdout]    2:     0x60445454e81b - <unknown>
[INFO] [stdout]    3:     0x60445454e2ff - <unknown>
[INFO] [stdout]    4:     0x60445454df2a - <unknown>
[INFO] [stdout]    5:     0x60445454da65 - <unknown>
[INFO] [stdout]    6:     0x6044545748a1 - <unknown>
[INFO] [stdout]    7:     0x604454574859 - <unknown>
[INFO] [stdout]    8:     0x604454574d5c - <unknown>
[INFO] [stdout]    9:     0x604454535edb - <unknown>
[INFO] [stdout]   10:     0x604454539341 - <unknown>
[INFO] [stdout]   11:     0x6044545220d1 - <unknown>
[INFO] [stdout]   12:     0x60445451d5a6 - <unknown>
[INFO] [stdout]   13:     0x60445452005c - <unknown>
[INFO] [stdout]   14:     0x604454534761 - <unknown>
[INFO] [stdout]   15:     0x6044545903fb - <unknown>
[INFO] [stdout]   16:     0x60445458c3e1 - <unknown>
[INFO] [stdout]   17:     0x60445458bbcc - <unknown>
[INFO] [stdout]   18:     0x6044545ab84c - <unknown>
[INFO] [stdout]   19:     0x604454576454 - <unknown>
[INFO] [stdout]   20:     0x7d776815ddfa - <unknown>
[INFO] [stdout]   21:     0x7d77681f13d4 - clone
[INFO] [stdout]   22:                0x0 - <unknown>
[INFO] [stdout] 
[INFO] [stdout] ---- test_owner_current_group stdout ----
[INFO] [stdout] 
[INFO] [stdout] thread 'test_owner_current_group' (5971) panicked at tests/testenv/mod.rs:325:22:
[INFO] [stdout] fd output: Os { code: 2, kind: NotFound, message: "No such file or directory" }
[INFO] [stdout] stack backtrace:
[INFO] [stdout]    0:     0x60445454f185 - <unknown>
[INFO] [stdout]    1:     0x60445453604a - <unknown>
[INFO] [stdout]    2:     0x60445454e81b - <unknown>
[INFO] [stdout]    3:     0x60445454e2ff - <unknown>
[INFO] [stdout]    4:     0x60445454df2a - <unknown>
[INFO] [stdout]    5:     0x60445454da65 - <unknown>
[INFO] [stdout]    6:     0x6044545748a1 - <unknown>
[INFO] [stdout]    7:     0x604454574859 - <unknown>
[INFO] [stdout]    8:     0x604454574d5c - <unknown>
[INFO] [stdout]    9:     0x604454535edb - <unknown>
[INFO] [stdout]   10:     0x604454539341 - <unknown>
[INFO] [stdout]   11:     0x6044545220d1 - <unknown>
[INFO] [stdout]   12:     0x60445451d5a6 - <unknown>
[INFO] [stdout]   13:     0x60445451d475 - <unknown>
[INFO] [stdout]   14:     0x60445452e5cf - <unknown>
[INFO] [stdout]   15:     0x6044545903fb - <unknown>
[INFO] [stdout]   16:     0x60445458c3e1 - <unknown>
[INFO] [stdout]   17:     0x60445458bbcc - <unknown>
[INFO] [stdout]   18:     0x6044545ab84c - <unknown>
[INFO] [stdout]   19:     0x604454576454 - <unknown>
[INFO] [stdout]   20:     0x7d776815ddfa - <unknown>
[INFO] [stdout]   21:     0x7d77681f13d4 - clone
[INFO] [stdout]   22:                0x0 - <unknown>
[INFO] [stdout] 
[INFO] [stdout] ---- test_regex_overrides_glob stdout ----
[INFO] [stdout] 
[INFO] [stdout] thread 'test_regex_overrides_glob' (5981) panicked at tests/testenv/mod.rs:325:22:
[INFO] [stdout] fd output: Os { code: 2, kind: NotFound, message: "No such file or directory" }
[INFO] [stdout] stack backtrace:
[INFO] [stdout]    0:     0x60445454f185 - <unknown>
[INFO] [stdout]    1:     0x60445453604a - <unknown>
[INFO] [stdout]    2:     0x60445454e81b - <unknown>
[INFO] [stdout]    3:     0x60445454e2ff - <unknown>
[INFO] [stdout]    4:     0x60445454df2a - <unknown>
[INFO] [stdout]    5:     0x60445454da65 - <unknown>
[INFO] [stdout]    6:     0x6044545748a1 - <unknown>
[INFO] [stdout]    7:     0x604454574859 - <unknown>
[INFO] [stdout]    8:     0x604454574d5c - <unknown>
[INFO] [stdout]    9:     0x604454535edb - <unknown>
[INFO] [stdout]   10:     0x604454539341 - <unknown>
[INFO] [stdout]   11:     0x6044545220d1 - <unknown>
[INFO] [stdout]   12:     0x60445451d5a6 - <unknown>
[INFO] [stdout]   13:     0x60445451d475 - <unknown>
[INFO] [stdout]   14:     0x60445452ee90 - <unknown>
[INFO] [stdout]   15:     0x6044545903fb - <unknown>
[INFO] [stdout]   16:     0x60445458c3e1 - <unknown>
[INFO] [stdout]   17:     0x60445458bbcc - <unknown>
[INFO] [stdout]   18:     0x6044545ab84c - <unknown>
[INFO] [stdout]   19:     0x604454576454 - <unknown>
[INFO] [stdout]   20:     0x7d776815ddfa - <unknown>
[INFO] [stdout]   21:     0x7d77681f13d4 - clone
[INFO] [stdout]   22:                0x0 - <unknown>
[INFO] [stdout] 
[INFO] [stdout] ---- test_print0 stdout ----
[INFO] [stdout] 
[INFO] [stdout] thread 'test_print0' (5975) panicked at tests/testenv/mod.rs:325:22:
[INFO] [stdout] fd output: Os { code: 2, kind: NotFound, message: "No such file or directory" }
[INFO] [stdout] stack backtrace:
[INFO] [stdout]    0:     0x60445454f185 - <unknown>
[INFO] [stdout]    1:     0x60445453604a - <unknown>
[INFO] [stdout]    2:     0x60445454e81b - <unknown>
[INFO] [stdout]    3:     0x60445454e2ff - <unknown>
[INFO] [stdout]    4:     0x60445454df2a - <unknown>
[INFO] [stdout]    5:     0x60445454da65 - <unknown>
[INFO] [stdout]    6:     0x6044545748a1 - <unknown>
[INFO] [stdout]    7:     0x604454574859 - <unknown>
[INFO] [stdout]    8:     0x604454574d5c - <unknown>
[INFO] [stdout]    9:     0x604454535edb - <unknown>
[INFO] [stdout]   10:     0x604454539341 - <unknown>
[INFO] [stdout]   11:     0x6044545220d1 - <unknown>
[INFO] [stdout]   12:     0x60445451d5a6 - <unknown>
[INFO] [stdout]   13:     0x60445451d475 - <unknown>
[INFO] [stdout]   14:     0x604454527620 - <unknown>
[INFO] [stdout]   15:     0x6044545903fb - <unknown>
[INFO] [stdout]   16:     0x60445458c3e1 - <unknown>
[INFO] [stdout]   17:     0x60445458bbcc - <unknown>
[INFO] [stdout]   18:     0x6044545ab84c - <unknown>
[INFO] [stdout]   19:     0x604454576454 - <unknown>
[INFO] [stdout]   20:     0x7d776815ddfa - <unknown>
[INFO] [stdout]   21:     0x7d77681f13d4 - clone
[INFO] [stdout]   22:                0x0 - <unknown>
[INFO] [stdout] 
[INFO] [stdout] ---- test_prune stdout ----
[INFO] [stdout] 
[INFO] [stdout] thread 'test_prune' (5976) panicked at tests/testenv/mod.rs:325:22:
[INFO] [stdout] fd output: Os { code: 2, kind: NotFound, message: "No such file or directory" }
[INFO] [stdout] stack backtrace:
[INFO] [stdout]    0:     0x60445454f185 - <unknown>
[INFO] [stdout]    1:     0x60445453604a - <unknown>
[INFO] [stdout]    2:     0x60445454e81b - <unknown>
[INFO] [stdout]    3:     0x60445454e2ff - <unknown>
[INFO] [stdout]    4:     0x60445454df2a - <unknown>
[INFO] [stdout]    5:     0x60445454da65 - <unknown>
[INFO] [stdout]    6:     0x6044545748a1 - <unknown>
[INFO] [stdout]    7:     0x604454574859 - <unknown>
[INFO] [stdout]    8:     0x604454574d5c - <unknown>
[INFO] [stdout]    9:     0x604454535edb - <unknown>
[INFO] [stdout]   10:     0x604454539341 - <unknown>
[INFO] [stdout]   11:     0x6044545220d1 - <unknown>
[INFO] [stdout]   12:     0x60445451d5a6 - <unknown>
[INFO] [stdout]   13:     0x60445451d475 - <unknown>
[INFO] [stdout]   14:     0x6044545272b0 - <unknown>
[INFO] [stdout]   15:     0x6044545903fb - <unknown>
[INFO] [stdout]   16:     0x60445458c3e1 - <unknown>
[INFO] [stdout]   17:     0x60445458bbcc - <unknown>
[INFO] [stdout]   18:     0x6044545ab84c - <unknown>
[INFO] [stdout]   19:     0x604454576454 - <unknown>
[INFO] [stdout]   20:     0x7d776815ddfa - <unknown>
[INFO] [stdout]   21:     0x7d77681f13d4 - clone
[INFO] [stdout]   22:                0x0 - <unknown>
[INFO] [stdout] 
[INFO] [stdout] ---- test_owner_ignore_all stdout ----
[INFO] [stdout] 
[INFO] [stdout] thread 'test_owner_ignore_all' (5973) panicked at tests/testenv/mod.rs:325:22:
[INFO] [stdout] fd output: Os { code: 2, kind: NotFound, message: "No such file or directory" }
[INFO] [stdout] stack backtrace:
[INFO] [stdout]    0:     0x60445454f185 - <unknown>
[INFO] [stdout]    1:     0x60445453604a - <unknown>
[INFO] [stdout]    2:     0x60445454e81b - <unknown>
[INFO] [stdout]    3:     0x60445454e2ff - <unknown>
[INFO] [stdout]    4:     0x60445454df2a - <unknown>
[INFO] [stdout]    5:     0x60445454da65 - <unknown>
[INFO] [stdout]    6:     0x6044545748a1 - <unknown>
[INFO] [stdout]    7:     0x604454574859 - <unknown>
[INFO] [stdout]    8:     0x604454574d5c - <unknown>
[INFO] [stdout]    9:     0x604454535edb - <unknown>
[INFO] [stdout]   10:     0x604454539341 - <unknown>
[INFO] [stdout]   11:     0x6044545220d1 - <unknown>
[INFO] [stdout]   12:     0x60445451d5a6 - <unknown>
[INFO] [stdout]   13:     0x60445451d475 - <unknown>
[INFO] [stdout]   14:     0x60445452c400 - <unknown>
[INFO] [stdout]   15:     0x6044545903fb - <unknown>
[INFO] [stdout]   16:     0x60445458c3e1 - <unknown>
[INFO] [stdout]   17:     0x60445458bbcc - <unknown>
[INFO] [stdout]   18:     0x6044545ab84c - <unknown>
[INFO] [stdout]   19:     0x604454576454 - <unknown>
[INFO] [stdout]   20:     0x7d776815ddfa - <unknown>
[INFO] [stdout]   21:     0x7d77681f13d4 - clone
[INFO] [stdout]   22:                0x0 - <unknown>
[INFO] [stdout] 
[INFO] [stdout] ---- test_opposing::u stdout ----
[INFO] [stdout] 
[INFO] [stdout] thread 'test_opposing::u' (5969) panicked at tests/testenv/mod.rs:325:22:
[INFO] [stdout] fd output: Os { code: 2, kind: NotFound, message: "No such file or directory" }
[INFO] [stdout] stack backtrace:
[INFO] [stdout]    0:     0x60445454f185 - <unknown>
[INFO] [stdout]    1:     0x60445453604a - <unknown>
[INFO] [stdout]    2:     0x60445454e81b - <unknown>
[INFO] [stdout]    3:     0x60445454e2ff - <unknown>
[INFO] [stdout]    4:     0x60445454df2a - <unknown>
[INFO] [stdout]    5:     0x60445454da65 - <unknown>
[INFO] [stdout]    6:     0x6044545748a1 - <unknown>
[INFO] [stdout]    7:     0x604454574859 - <unknown>
[INFO] [stdout]    8:     0x604454574d5c - <unknown>
[INFO] [stdout]    9:     0x604454535edb - <unknown>
[INFO] [stdout]   10:     0x604454539341 - <unknown>
[INFO] [stdout]   11:     0x6044545220d1 - <unknown>
[INFO] [stdout]   12:     0x60445451d5a6 - <unknown>
[INFO] [stdout]   13:     0x60445452005c - <unknown>
[INFO] [stdout]   14:     0x604454534731 - <unknown>
[INFO] [stdout]   15:     0x6044545903fb - <unknown>
[INFO] [stdout]   16:     0x60445458c3e1 - <unknown>
[INFO] [stdout]   17:     0x60445458bbcc - <unknown>
[INFO] [stdout]   18:     0x6044545ab84c - <unknown>
[INFO] [stdout]   19:     0x604454576454 - <unknown>
[INFO] [stdout]   20:     0x7d776815ddfa - <unknown>
[INFO] [stdout]   21:     0x7d77681f13d4 - clone
[INFO] [stdout]   22:                0x0 - <unknown>
[INFO] [stdout] 
[INFO] [stdout] ---- test_symlink_and_absolute_path stdout ----
[INFO] [stdout] 
[INFO] [stdout] thread 'test_symlink_and_absolute_path' (5998) panicked at tests/testenv/mod.rs:325:22:
[INFO] [stdout] fd output: Os { code: 2, kind: NotFound, message: "No such file or directory" }
[INFO] [stdout] stack backtrace:
[INFO] [stdout]    0:     0x60445454f185 - <unknown>
[INFO] [stdout]    1:     0x60445453604a - <unknown>
[INFO] [stdout]    2:     0x60445454e81b - <unknown>
[INFO] [stdout]    3:     0x60445454e2ff - <unknown>
[INFO] [stdout]    4:     0x60445454df2a - <unknown>
[INFO] [stdout]    5:     0x60445454da65 - <unknown>
[INFO] [stdout]    6:     0x6044545748a1 - <unknown>
[INFO] [stdout]    7:     0x604454574859 - <unknown>
[INFO] [stdout]    8:     0x604454574d5c - <unknown>
[INFO] [stdout]    9:     0x604454535edb - <unknown>
[INFO] [stdout]   10:     0x604454539341 - <unknown>
[INFO] [stdout]   11:     0x6044545220d1 - <unknown>
[INFO] [stdout]   12:     0x60445451d5a6 - <unknown>
[INFO] [stdout]   13:     0x60445451d475 - <unknown>
[INFO] [stdout]   14:     0x604454532bc4 - <unknown>
[INFO] [stdout]   15:     0x6044545903fb - <unknown>
[INFO] [stdout]   16:     0x60445458c3e1 - <unknown>
[INFO] [stdout]   17:     0x60445458bbcc - <unknown>
[INFO] [stdout]   18:     0x6044545ab84c - <unknown>
[INFO] [stdout]   19:     0x604454576454 - <unknown>
[INFO] [stdout]   20:     0x7d776815ddfa - <unknown>
[INFO] [stdout]   21:     0x7d77681f13d4 - clone
[INFO] [stdout]   22:                0x0 - <unknown>
[INFO] [stdout] 
[INFO] [stdout] ---- test_strip_cwd_prefix stdout ----
[INFO] [stdout] 
[INFO] [stdout] thread 'test_strip_cwd_prefix' (5997) panicked at tests/testenv/mod.rs:325:22:
[INFO] [stdout] fd output: Os { code: 2, kind: NotFound, message: "No such file or directory" }
[INFO] [stdout] stack backtrace:
[INFO] [stdout]    0:     0x60445454f185 - <unknown>
[INFO] [stdout]    1:     0x60445453604a - <unknown>
[INFO] [stdout]    2:     0x60445454e81b - <unknown>
[INFO] [stdout]    3:     0x60445454e2ff - <unknown>
[INFO] [stdout]    4:     0x60445454df2a - <unknown>
[INFO] [stdout]    5:     0x60445454da65 - <unknown>
[INFO] [stdout]    6:     0x6044545748a1 - <unknown>
[INFO] [stdout]    7:     0x604454574859 - <unknown>
[INFO] [stdout]    8:     0x604454574d5c - <unknown>
[INFO] [stdout]    9:     0x604454535edb - <unknown>
[INFO] [stdout]   10:     0x604454539341 - <unknown>
[INFO] [stdout]   11:     0x6044545220d1 - <unknown>
[INFO] [stdout]   12:     0x60445451d5a6 - <unknown>
[INFO] [stdout]   13:     0x60445451d475 - <unknown>
[INFO] [stdout]   14:     0x60445452c4d0 - <unknown>
[INFO] [stdout]   15:     0x6044545903fb - <unknown>
[INFO] [stdout]   16:     0x60445458c3e1 - <unknown>
[INFO] [stdout]   17:     0x60445458bbcc - <unknown>
[INFO] [stdout]   18:     0x6044545ab84c - <unknown>
[INFO] [stdout]   19:     0x604454576454 - <unknown>
[INFO] [stdout]   20:     0x7d776815ddfa - <unknown>
[INFO] [stdout]   21:     0x7d77681f13d4 - clone
[INFO] [stdout]   22:                0x0 - <unknown>
[INFO] [stdout] 
[INFO] [stdout] ---- test_type stdout ----
[INFO] [stdout] 
[INFO] [stdout] thread 'test_type' (6005) panicked at tests/testenv/mod.rs:325:22:
[INFO] [stdout] fd output: Os { code: 2, kind: NotFound, message: "No such file or directory" }
[INFO] [stdout] stack backtrace:
[INFO] [stdout]    0:     0x60445454f185 - <unknown>
[INFO] [stdout]    1:     0x60445453604a - <unknown>
[INFO] [stdout]    2:     0x60445454e81b - <unknown>
[INFO] [stdout]    3:     0x60445454e2ff - <unknown>
[INFO] [stdout]    4:     0x60445454df2a - <unknown>
[INFO] [stdout]    5:     0x60445454da65 - <unknown>
[INFO] [stdout]    6:     0x6044545748a1 - <unknown>
[INFO] [stdout]    7:     0x604454574859 - <unknown>
[INFO] [stdout]    8:     0x604454574d5c - <unknown>
[INFO] [stdout]    9:     0x604454535edb - <unknown>
[INFO] [stdout]   10:     0x604454539341 - <unknown>
[INFO] [stdout]   11:     0x6044545220d1 - <unknown>
[INFO] [stdout]   12:     0x60445451d5a6 - <unknown>
[INFO] [stdout]   13:     0x60445451d475 - <unknown>
[INFO] [stdout]   14:     0x604454534580 - <unknown>
[INFO] [stdout]   15:     0x6044545903fb - <unknown>
[INFO] [stdout]   16:     0x60445458c3e1 - <unknown>
[INFO] [stdout]   17:     0x60445458bbcc - <unknown>
[INFO] [stdout]   18:     0x6044545ab84c - <unknown>
[INFO] [stdout]   19:     0x604454576454 - <unknown>
[INFO] [stdout]   20:     0x7d776815ddfa - <unknown>
[INFO] [stdout]   21:     0x7d77681f13d4 - clone
[INFO] [stdout]   22:                0x0 - <unknown>
[INFO] [stdout] 
[INFO] [stdout] ---- test_regex_searches stdout ----
[INFO] [stdout] 
[INFO] [stdout] thread 'test_regex_searches' (5990) panicked at tests/testenv/mod.rs:325:22:
[INFO] [stdout] fd output: Os { code: 2, kind: NotFound, message: "No such file or directory" }
[INFO] [stdout] stack backtrace:
[INFO] [stdout]    0:     0x60445454f185 - <unknown>
[INFO] [stdout]    1:     0x60445453604a - <unknown>
[INFO] [stdout]    2:     0x60445454e81b - <unknown>
[INFO] [stdout]    3:     0x60445454e2ff - <unknown>
[INFO] [stdout]    4:     0x60445454df2a - <unknown>
[INFO] [stdout]    5:     0x60445454da65 - <unknown>
[INFO] [stdout]    6:     0x6044545748a1 - <unknown>
[INFO] [stdout]    7:     0x604454574859 - <unknown>
[INFO] [stdout]    8:     0x604454574d5c - <unknown>
[INFO] [stdout]    9:     0x604454535edb - <unknown>
[INFO] [stdout]   10:     0x604454539341 - <unknown>
[INFO] [stdout]   11:     0x6044545220d1 - <unknown>
[INFO] [stdout]   12:     0x60445451d5a6 - <unknown>
[INFO] [stdout]   13:     0x60445451d475 - <unknown>
[INFO] [stdout]   14:     0x60445452add0 - <unknown>
[INFO] [stdout]   15:     0x6044545903fb - <unknown>
[INFO] [stdout]   16:     0x60445458c3e1 - <unknown>
[INFO] [stdout]   17:     0x60445458bbcc - <unknown>
[INFO] [stdout]   18:     0x6044545ab84c - <unknown>
[INFO] [stdout]   19:     0x604454576454 - <unknown>
[INFO] [stdout]   20:     0x7d776815ddfa - <unknown>
[INFO] [stdout]   21:     0x7d77681f13d4 - clone
[INFO] [stdout]   22:                0x0 - <unknown>
[INFO] [stdout] 
[INFO] [stdout] ---- test_respect_ignore_files stdout ----
[INFO] [stdout] 
[INFO] [stdout] thread 'test_respect_ignore_files' (5991) panicked at tests/testenv/mod.rs:325:22:
[INFO] [stdout] fd output: Os { code: 2, kind: NotFound, message: "No such file or directory" }
[INFO] [stdout] stack backtrace:
[INFO] [stdout]    0:     0x60445454f185 - <unknown>
[INFO] [stdout]    1:     0x60445453604a - <unknown>
[INFO] [stdout]    2:     0x60445454e81b - <unknown>
[INFO] [stdout]    3:     0x60445454e2ff - <unknown>
[INFO] [stdout]    4:     0x60445454df2a - <unknown>
[INFO] [stdout]    5:     0x60445454da65 - <unknown>
[INFO] [stdout]    6:     0x6044545748a1 - <unknown>
[INFO] [stdout]    7:     0x604454574859 - <unknown>
[INFO] [stdout]    8:     0x604454574d5c - <unknown>
[INFO] [stdout]    9:     0x604454535edb - <unknown>
[INFO] [stdout]   10:     0x604454539341 - <unknown>
[INFO] [stdout]   11:     0x6044545220d1 - <unknown>
[INFO] [stdout]   12:     0x60445451d5a6 - <unknown>
[INFO] [stdout]   13:     0x60445451d475 - <unknown>
[INFO] [stdout]   14:     0x60445452efca - <unknown>
[INFO] [stdout]   15:     0x6044545903fb - <unknown>
[INFO] [stdout]   16:     0x60445458c3e1 - <unknown>
[INFO] [stdout]   17:     0x60445458bbcc - <unknown>
[INFO] [stdout]   18:     0x6044545ab84c - <unknown>
[INFO] [stdout]   19:     0x604454576454 - <unknown>
[INFO] [stdout]   20:     0x7d776815ddfa - <unknown>
[INFO] [stdout]   21:     0x7d77681f13d4 - clone
[INFO] [stdout]   22:                0x0 - <unknown>
[INFO] [stdout] 
[INFO] [stdout] ---- test_simple stdout ----
[INFO] [stdout] 
[INFO] [stdout] thread 'test_simple' (5992) panicked at tests/testenv/mod.rs:325:22:
[INFO] [stdout] fd output: Os { code: 2, kind: NotFound, message: "No such file or directory" }
[INFO] [stdout] stack backtrace:
[INFO] [stdout]    0:     0x60445454f185 - <unknown>
[INFO] [stdout]    1:     0x60445453604a - <unknown>
[INFO] [stdout]    2:     0x60445454e81b - <unknown>
[INFO] [stdout]    3:     0x60445454e2ff - <unknown>
[INFO] [stdout]    4:     0x60445454df2a - <unknown>
[INFO] [stdout]    5:     0x60445454da65 - <unknown>
[INFO] [stdout]    6:     0x6044545748a1 - <unknown>
[INFO] [stdout]    7:     0x604454574859 - <unknown>
[INFO] [stdout]    8:     0x604454574d5c - <unknown>
[INFO] [stdout]    9:     0x604454535edb - <unknown>
[INFO] [stdout]   10:     0x604454539341 - <unknown>
[INFO] [stdout]   11:     0x6044545220d1 - <unknown>
[INFO] [stdout]   12:     0x60445451d5a6 - <unknown>
[INFO] [stdout]   13:     0x60445451d475 - <unknown>
[INFO] [stdout]   14:     0x6044545276c0 - <unknown>
[INFO] [stdout]   15:     0x6044545903fb - <unknown>
[INFO] [stdout]   16:     0x60445458c3e1 - <unknown>
[INFO] [stdout]   17:     0x60445458bbcc - <unknown>
[INFO] [stdout]   18:     0x6044545ab84c - <unknown>
[INFO] [stdout]   19:     0x604454576454 - <unknown>
[INFO] [stdout]   20:     0x7d776815ddfa - <unknown>
[INFO] [stdout]   21:     0x7d77681f13d4 - clone
[INFO] [stdout]   22:                0x0 - <unknown>
[INFO] [stdout] 
[INFO] [stdout] ---- test_single_and_multithreaded_execution stdout ----
[INFO] [stdout] 
[INFO] [stdout] thread 'test_single_and_multithreaded_execution' (5993) panicked at tests/testenv/mod.rs:325:22:
[INFO] [stdout] fd output: Os { code: 2, kind: NotFound, message: "No such file or directory" }
[INFO] [stdout] stack backtrace:
[INFO] [stdout]    0:     0x60445454f185 - <unknown>
[INFO] [stdout]    1:     0x60445453604a - <unknown>
[INFO] [stdout]    2:     0x60445454e81b - <unknown>
[INFO] [stdout]    3:     0x60445454e2ff - <unknown>
[INFO] [stdout]    4:     0x60445454df2a - <unknown>
[INFO] [stdout]    5:     0x60445454da65 - <unknown>
[INFO] [stdout]    6:     0x6044545748a1 - <unknown>
[INFO] [stdout]    7:     0x604454574859 - <unknown>
[INFO] [stdout]    8:     0x604454574d5c - <unknown>
[INFO] [stdout]    9:     0x604454535edb - <unknown>
[INFO] [stdout]   10:     0x604454539341 - <unknown>
[INFO] [stdout]   11:     0x6044545220d1 - <unknown>
[INFO] [stdout]   12:     0x60445451d5a6 - <unknown>
[INFO] [stdout]   13:     0x60445451d475 - <unknown>
[INFO] [stdout]   14:     0x604454533830 - <unknown>
[INFO] [stdout]   15:     0x6044545903fb - <unknown>
[INFO] [stdout]   16:     0x60445458c3e1 - <unknown>
[INFO] [stdout]   17:     0x60445458bbcc - <unknown>
[INFO] [stdout]   18:     0x6044545ab84c - <unknown>
[INFO] [stdout]   19:     0x604454576454 - <unknown>
[INFO] [stdout]   20:     0x7d776815ddfa - <unknown>
[INFO] [stdout]   21:     0x7d77681f13d4 - clone
[INFO] [stdout]   22:                0x0 - <unknown>
[INFO] [stdout] 
[INFO] [stdout] ---- test_size stdout ----
[INFO] [stdout] 
[INFO] [stdout] thread 'test_size' (5994) panicked at tests/testenv/mod.rs:325:22:
[INFO] [stdout] fd output: Os { code: 2, kind: NotFound, message: "No such file or directory" }
[INFO] [stdout] stack backtrace:
[INFO] [stdout]    0:     0x60445454f185 - <unknown>
[INFO] [stdout]    1:     0x60445453604a - <unknown>
[INFO] [stdout]    2:     0x60445454e81b - <unknown>
[INFO] [stdout]    3:     0x60445454e2ff - <unknown>
[INFO] [stdout]    4:     0x60445454df2a - <unknown>
[INFO] [stdout]    5:     0x60445454da65 - <unknown>
[INFO] [stdout]    6:     0x6044545748a1 - <unknown>
[INFO] [stdout]    7:     0x604454574859 - <unknown>
[INFO] [stdout]    8:     0x604454574d5c - <unknown>
[INFO] [stdout]    9:     0x604454535edb - <unknown>
[INFO] [stdout]   10:     0x604454539341 - <unknown>
[INFO] [stdout]   11:     0x6044545220d1 - <unknown>
[INFO] [stdout]   12:     0x60445451d5a6 - <unknown>
[INFO] [stdout]   13:     0x60445451d475 - <unknown>
[INFO] [stdout]   14:     0x604454534163 - <unknown>
[INFO] [stdout]   15:     0x6044545903fb - <unknown>
[INFO] [stdout]   16:     0x60445458c3e1 - <unknown>
[INFO] [stdout]   17:     0x60445458bbcc - <unknown>
[INFO] [stdout]   18:     0x6044545ab84c - <unknown>
[INFO] [stdout]   19:     0x604454576454 - <unknown>
[INFO] [stdout]   20:     0x7d776815ddfa - <unknown>
[INFO] [stdout]   21:     0x7d77681f13d4 - clone
[INFO] [stdout]   22:                0x0 - <unknown>
[INFO] [stdout] 
[INFO] [stdout] ---- test_symlink_and_full_path stdout ----
[INFO] [stdout] 
[INFO] [stdout] thread 'test_symlink_and_full_path' (5999) panicked at tests/testenv/mod.rs:325:22:
[INFO] [stdout] fd output: Os { code: 2, kind: NotFound, message: "No such file or directory" }
[INFO] [stdout] stack backtrace:
[INFO] [stdout]    0:     0x60445454f185 - <unknown>
[INFO] [stdout]    1:     0x60445453604a - <unknown>
[INFO] [stdout]    2:     0x60445454e81b - <unknown>
[INFO] [stdout]    3:     0x60445454e2ff - <unknown>
[INFO] [stdout]    4:     0x60445454df2a - <unknown>
[INFO] [stdout]    5:     0x60445454da65 - <unknown>
[INFO] [stdout]    6:     0x6044545748a1 - <unknown>
[INFO] [stdout]    7:     0x604454574859 - <unknown>
[INFO] [stdout]    8:     0x604454574d5c - <unknown>
[INFO] [stdout]    9:     0x604454535edb - <unknown>
[INFO] [stdout]   10:     0x604454539341 - <unknown>
[INFO] [stdout]   11:     0x6044545220d1 - <unknown>
[INFO] [stdout]   12:     0x60445451d5a6 - <unknown>
[INFO] [stdout]   13:     0x60445451d475 - <unknown>
[INFO] [stdout]   14:     0x60445453123d - <unknown>
[INFO] [stdout]   15:     0x6044545903fb - <unknown>
[INFO] [stdout]   16:     0x60445458c3e1 - <unknown>
[INFO] [stdout]   17:     0x60445458bbcc - <unknown>
[INFO] [stdout]   18:     0x6044545ab84c - <unknown>
[INFO] [stdout]   19:     0x604454576454 - <unknown>
[INFO] [stdout]   20:     0x7d776815ddfa - <unknown>
[INFO] [stdout]   21:     0x7d77681f13d4 - clone
[INFO] [stdout]   22:                0x0 - <unknown>
[INFO] [stdout] 
[INFO] [stdout] ---- test_type_empty stdout ----
[INFO] [stdout] 
[INFO] [stdout] thread 'test_type_empty' (6010) panicked at tests/testenv/mod.rs:325:22:
[INFO] [stdout] fd output: Os { code: 2, kind: NotFound, message: "No such file or directory" }
[INFO] [stdout] stack backtrace:
[INFO] [stdout]    0:     0x60445454f185 - <unknown>
[INFO] [stdout]    1:     0x60445453604a - <unknown>
[INFO] [stdout]    2:     0x60445454e81b - <unknown>
[INFO] [stdout]    3:     0x60445454e2ff - <unknown>
[INFO] [stdout]    4:     0x60445454df2a - <unknown>
[INFO] [stdout]    5:     0x60445454da65 - <unknown>
[INFO] [stdout]    6:     0x6044545748a1 - <unknown>
[INFO] [stdout]    7:     0x604454574859 - <unknown>
[INFO] [stdout]    8:     0x604454574d5c - <unknown>
[INFO] [stdout]    9:     0x604454535edb - <unknown>
[INFO] [stdout]   10:     0x604454539341 - <unknown>
[INFO] [stdout]   11:     0x6044545220d1 - <unknown>
[INFO] [stdout]   12:     0x60445451d5a6 - <unknown>
[INFO] [stdout]   13:     0x60445451d475 - <unknown>
[INFO] [stdout]   14:     0x604454529234 - <unknown>
[INFO] [stdout]   15:     0x6044545903fb - <unknown>
[INFO] [stdout]   16:     0x60445458c3e1 - <unknown>
[INFO] [stdout]   17:     0x60445458bbcc - <unknown>
[INFO] [stdout]   18:     0x6044545ab84c - <unknown>
[INFO] [stdout]   19:     0x604454576454 - <unknown>
[INFO] [stdout]   20:     0x7d776815ddfa - <unknown>
[INFO] [stdout]   21:     0x7d77681f13d4 - clone
[INFO] [stdout]   22:                0x0 - <unknown>
[INFO] [stdout] 
[INFO] [stdout] ---- test_symlink_and_full_path_abs_path stdout ----
[INFO] [stdout] 
[INFO] [stdout] thread 'test_symlink_and_full_path_abs_path' (6000) panicked at tests/testenv/mod.rs:325:22:
[INFO] [stdout] fd output: Os { code: 2, kind: NotFound, message: "No such file or directory" }
[INFO] [stdout] stack backtrace:
[INFO] [stdout]    0:     0x60445454f185 - <unknown>
[INFO] [stdout]    1:     0x60445453604a - <unknown>
[INFO] [stdout]    2:     0x60445454e81b - <unknown>
[INFO] [stdout]    3:     0x60445454e2ff - <unknown>
[INFO] [stdout]    4:     0x60445454df2a - <unknown>
[INFO] [stdout]    5:     0x60445454da65 - <unknown>
[INFO] [stdout]    6:     0x6044545748a1 - <unknown>
[INFO] [stdout]    7:     0x604454574859 - <unknown>
[INFO] [stdout]    8:     0x604454574d5c - <unknown>
[INFO] [stdout]    9:     0x604454535edb - <unknown>
[INFO] [stdout]   10:     0x604454539341 - <unknown>
[INFO] [stdout]   11:     0x6044545220d1 - <unknown>
[INFO] [stdout]   12:     0x60445451d5a6 - <unknown>
[INFO] [stdout]   13:     0x60445451d475 - <unknown>
[INFO] [stdout]   14:     0x604454533665 - <unknown>
[INFO] [stdout]   15:     0x6044545903fb - <unknown>
[INFO] [stdout]   16:     0x60445458c3e1 - <unknown>
[INFO] [stdout]   17:     0x60445458bbcc - <unknown>
[INFO] [stdout]   18:     0x6044545ab84c - <unknown>
[INFO] [stdout]   19:     0x604454576454 - <unknown>
[INFO] [stdout]   20:     0x7d776815ddfa - <unknown>
[INFO] [stdout]   21:     0x7d77681f13d4 - clone
[INFO] [stdout]   22:                0x0 - <unknown>
[INFO] [stdout] 
[INFO] [stdout] ---- test_smart_case_glob_searches stdout ----
[INFO] [stdout] 
[INFO] [stdout] thread 'test_smart_case_glob_searches' (5996) panicked at tests/testenv/mod.rs:325:22:
[INFO] [stdout] fd output: Os { code: 2, kind: NotFound, message: "No such file or directory" }
[INFO] [stdout] stack backtrace:
[INFO] [stdout]    0:     0x60445454f185 - <unknown>
[INFO] [stdout]    1:     0x60445453604a - <unknown>
[INFO] [stdout]    2:     0x60445454e81b - <unknown>
[INFO] [stdout]    3:     0x60445454e2ff - <unknown>
[INFO] [stdout]    4:     0x60445454df2a - <unknown>
[INFO] [stdout]    5:     0x60445454da65 - <unknown>
[INFO] [stdout]    6:     0x6044545748a1 - <unknown>
[INFO] [stdout]    7:     0x604454574859 - <unknown>
[INFO] [stdout]    8:     0x604454574d5c - <unknown>
[INFO] [stdout]    9:     0x604454535edb - <unknown>
[INFO] [stdout]   10:     0x604454539341 - <unknown>
[INFO] [stdout]   11:     0x6044545220d1 - <unknown>
[INFO] [stdout]   12:     0x60445451d5a6 - <unknown>
[INFO] [stdout]   13:     0x60445451d475 - <unknown>
[INFO] [stdout]   14:     0x6044545327c0 - <unknown>
[INFO] [stdout]   15:     0x6044545903fb - <unknown>
[INFO] [stdout]   16:     0x60445458c3e1 - <unknown>
[INFO] [stdout]   17:     0x60445458bbcc - <unknown>
[INFO] [stdout]   18:     0x6044545ab84c - <unknown>
[INFO] [stdout]   19:     0x604454576454 - <unknown>
[INFO] [stdout]   20:     0x7d776815ddfa - <unknown>
[INFO] [stdout]   21:     0x7d77681f13d4 - clone
[INFO] [stdout]   22:                0x0 - <unknown>
[INFO] [stdout] 
[INFO] [stdout] ---- test_opposing::no_require_git stdout ----
[INFO] [stdout] 
[INFO] [stdout] thread 'test_opposing::no_require_git' (5968) panicked at tests/testenv/mod.rs:325:22:
[INFO] [stdout] fd output: Os { code: 2, kind: NotFound, message: "No such file or directory" }
[INFO] [stdout] stack backtrace:
[INFO] [stdout]    0:     0x60445454f185 - <unknown>
[INFO] [stdout]    1:     0x60445453604a - <unknown>
[INFO] [stdout]    2:     0x60445454e81b - <unknown>
[INFO] [stdout]    3:     0x60445454e2ff - <unknown>
[INFO] [stdout]    4:     0x60445454df2a - <unknown>
[INFO] [stdout]    5:     0x60445454da65 - <unknown>
[INFO] [stdout]    6:     0x6044545748a1 - <unknown>
[INFO] [stdout]    7:     0x604454574859 - <unknown>
[INFO] [stdout]    8:     0x604454574d5c - <unknown>
[INFO] [stdout]    9:     0x604454535edb - <unknown>
[INFO] [stdout]   10:     0x604454539341 - <unknown>
[INFO] [stdout]   11:     0x6044545220d1 - <unknown>
[INFO] [stdout]   12:     0x60445451d5a6 - <unknown>
[INFO] [stdout]   13:     0x60445452005c - <unknown>
[INFO] [stdout]   14:     0x604454534701 - <unknown>
[INFO] [stdout]   15:     0x6044545903fb - <unknown>
[INFO] [stdout]   16:     0x60445458c3e1 - <unknown>
[INFO] [stdout]   17:     0x60445458bbcc - <unknown>
[INFO] [stdout]   18:     0x6044545ab84c - <unknown>
[INFO] [stdout]   19:     0x604454576454 - <unknown>
[INFO] [stdout]   20:     0x7d776815ddfa - <unknown>
[INFO] [stdout]   21:     0x7d77681f13d4 - clone
[INFO] [stdout]   22:                0x0 - <unknown>
[INFO] [stdout] 
[INFO] [stdout] ---- test_symlink_as_root stdout ----
[INFO] [stdout] 
[INFO] [stdout] thread 'test_symlink_as_root' (6002) panicked at tests/testenv/mod.rs:325:22:
[INFO] [stdout] fd output: Os { code: 2, kind: NotFound, message: "No such file or directory" }
[INFO] [stdout] stack backtrace:
[INFO] [stdout]    0:     0x60445454f185 - <unknown>
[INFO] [stdout]    1:     0x60445453604a - <unknown>
[INFO] [stdout]    2:     0x60445454e81b - <unknown>
[INFO] [stdout]    3:     0x60445454e2ff - <unknown>
[INFO] [stdout]    4:     0x60445454df2a - <unknown>
[INFO] [stdout]    5:     0x60445454da65 - <unknown>
[INFO] [stdout]    6:     0x6044545748a1 - <unknown>
[INFO] [stdout]    7:     0x604454574859 - <unknown>
[INFO] [stdout]    8:     0x604454574d5c - <unknown>
[INFO] [stdout]    9:     0x604454535edb - <unknown>
[INFO] [stdout]   10:     0x604454539341 - <unknown>
[INFO] [stdout]   11:     0x6044545220d1 - <unknown>
[INFO] [stdout]   12:     0x60445451d5a6 - <unknown>
[INFO] [stdout]   13:     0x60445451d475 - <unknown>
[INFO] [stdout]   14:     0x60445452b13d - <unknown>
[INFO] [stdout]   15:     0x6044545903fb - <unknown>
[INFO] [stdout]   16:     0x60445458c3e1 - <unknown>
[INFO] [stdout]   17:     0x60445458bbcc - <unknown>
[INFO] [stdout]   18:     0x6044545ab84c - <unknown>
[INFO] [stdout]   19:     0x604454576454 - <unknown>
[INFO] [stdout]   20:     0x7d776815ddfa - <unknown>
[INFO] [stdout]   21:     0x7d77681f13d4 - clone
[INFO] [stdout]   22:                0x0 - <unknown>
[INFO] [stdout] 
[INFO] [stdout] ---- test_symlink_as_absolute_root stdout ----
[INFO] [stdout] 
[INFO] [stdout] thread 'test_symlink_as_absolute_root' (6001) panicked at tests/testenv/mod.rs:325:22:
[INFO] [stdout] fd output: Os { code: 2, kind: NotFound, message: "No such file or directory" }
[INFO] [stdout] stack backtrace:
[INFO] [stdout]    0:     0x60445454f185 - <unknown>
[INFO] [stdout]    1:     0x60445453604a - <unknown>
[INFO] [stdout]    2:     0x60445454e81b - <unknown>
[INFO] [stdout]    3:     0x60445454e2ff - <unknown>
[INFO] [stdout]    4:     0x60445454df2a - <unknown>
[INFO] [stdout]    5:     0x60445454da65 - <unknown>
[INFO] [stdout]    6:     0x6044545748a1 - <unknown>
[INFO] [stdout]    7:     0x604454574859 - <unknown>
[INFO] [stdout]    8:     0x604454574d5c - <unknown>
[INFO] [stdout]    9:     0x604454535edb - <unknown>
[INFO] [stdout]   10:     0x604454539341 - <unknown>
[INFO] [stdout]   11:     0x6044545220d1 - <unknown>
[INFO] [stdout]   12:     0x60445451d5a6 - <unknown>
[INFO] [stdout]   13:     0x60445451d475 - <unknown>
[INFO] [stdout]   14:     0x6044545329ad - <unknown>
[INFO] [stdout]   15:     0x6044545903fb - <unknown>
[INFO] [stdout]   16:     0x60445458c3e1 - <unknown>
[INFO] [stdout]   17:     0x60445458bbcc - <unknown>
[INFO] [stdout]   18:     0x6044545ab84c - <unknown>
[INFO] [stdout]   19:     0x604454576454 - <unknown>
[INFO] [stdout]   20:     0x7d776815ddfa - <unknown>
[INFO] [stdout]   21:     0x7d77681f13d4 - clone
[INFO] [stdout]   22:                0x0 - <unknown>
[INFO] [stdout] 
[INFO] [stdout] ---- test_smart_case stdout ----
[INFO] [stdout] 
[INFO] [stdout] thread 'test_smart_case' (5995) panicked at tests/testenv/mod.rs:325:22:
[INFO] [stdout] fd output: Os { code: 2, kind: NotFound, message: "No such file or directory" }
[INFO] [stdout] stack backtrace:
[INFO] [stdout]    0:     0x60445454f185 - <unknown>
[INFO] [stdout]    1:     0x60445453604a - <unknown>
[INFO] [stdout]    2:     0x60445454e81b - <unknown>
[INFO] [stdout]    3:     0x60445454e2ff - <unknown>
[INFO] [stdout]    4:     0x60445454df2a - <unknown>
[INFO] [stdout]    5:     0x60445454da65 - <unknown>
[INFO] [stdout]    6:     0x6044545748a1 - <unknown>
[INFO] [stdout]    7:     0x604454574859 - <unknown>
[INFO] [stdout]    8:     0x604454574d5c - <unknown>
[INFO] [stdout]    9:     0x604454535edb - <unknown>
[INFO] [stdout]   10:     0x604454539341 - <unknown>
[INFO] [stdout]   11:     0x6044545220d1 - <unknown>
[INFO] [stdout]   12:     0x60445451d5a6 - <unknown>
[INFO] [stdout]   13:     0x60445451d475 - <unknown>
[INFO] [stdout]   14:     0x604454528f60 - <unknown>
[INFO] [stdout]   15:     0x6044545903fb - <unknown>
[INFO] [stdout]   16:     0x60445458c3e1 - <unknown>
[INFO] [stdout]   17:     0x60445458bbcc - <unknown>
[INFO] [stdout]   18:     0x6044545ab84c - <unknown>
[INFO] [stdout]   19:     0x604454576454 - <unknown>
[INFO] [stdout]   20:     0x7d776815ddfa - <unknown>
[INFO] [stdout]   21:     0x7d77681f13d4 - clone
[INFO] [stdout]   22:                0x0 - <unknown>
[INFO] [stdout] 
[INFO] [stdout] 
[INFO] [stdout] failures:
[INFO] [stdout]     format
[INFO] [stdout]     test_absolute_path
[INFO] [stdout]     test_and_bad_pattern
[INFO] [stdout]     test_and_basic
[INFO] [stdout]     test_and_empty_pattern
[INFO] [stdout]     test_and_pattern_starts_with_dash
[INFO] [stdout]     test_and_plus_case_sensitive
[INFO] [stdout]     test_and_plus_extension
[INFO] [stdout]     test_and_plus_fixed_strings
[INFO] [stdout]     test_and_plus_full_path
[INFO] [stdout]     test_and_plus_glob
[INFO] [stdout]     test_and_plus_ignore_case
[INFO] [stdout]     test_and_plus_type
[INFO] [stdout]     test_base_directory
[INFO] [stdout]     test_case_insensitive
[INFO] [stdout]     test_case_sensitive
[INFO] [stdout]     test_case_sensitive_glob_searches
[INFO] [stdout]     test_custom_ignore_files
[INFO] [stdout]     test_custom_ignore_precedence
[INFO] [stdout]     test_custom_path_separator
[INFO] [stdout]     test_empty_pattern
[INFO] [stdout]     test_error_if_hidden_not_set_and_pattern_starts_with_dot
[INFO] [stdout]     test_exact_depth
[INFO] [stdout]     test_excludes
[INFO] [stdout]     test_exec
[INFO] [stdout]     test_exec_batch
[INFO] [stdout]     test_exec_batch_multi
[INFO] [stdout]     test_exec_batch_with_limit
[INFO] [stdout]     test_exec_invalid_utf8
[INFO] [stdout]     test_exec_multi
[INFO] [stdout]     test_exec_with_separator
[INFO] [stdout]     test_explicit_root_path
[INFO] [stdout]     test_extension
[INFO] [stdout]     test_fixed_strings
[INFO] [stdout]     test_follow
[INFO] [stdout]     test_follow_broken_symlink
[INFO] [stdout]     test_full_path
[INFO] [stdout]     test_full_path_glob_searches
[INFO] [stdout]     test_git_dir
[INFO] [stdout]     test_gitignore_and_fdignore
[INFO] [stdout]     test_gitignore_parent
[INFO] [stdout]     test_glob_searches
[INFO] [stdout]     test_glob_searches_with_extension
[INFO] [stdout]     test_global_ignore
[INFO] [stdout]     test_hidden
[INFO] [stdout]     test_hyperlink
[INFO] [stdout]     test_implicit_absolute_path
[INFO] [stdout]     test_invalid_cwd
[INFO] [stdout]     test_invalid_utf8
[INFO] [stdout]     test_list_details
[INFO] [stdout]     test_max_depth
[INFO] [stdout]     test_max_results
[INFO] [stdout]     test_min_depth
[INFO] [stdout]     test_modified_absolute
[INFO] [stdout]     test_modified_relative
[INFO] [stdout]     test_multi_file
[INFO] [stdout]     test_multi_file_with_missing
[INFO] [stdout]     test_no_extension
[INFO] [stdout]     test_no_global_ignore::no_global_ignore_file
[INFO] [stdout]     test_no_global_ignore::no_ignore
[INFO] [stdout]     test_no_global_ignore::unrestricted
[INFO] [stdout]     test_no_ignore
[INFO] [stdout]     test_no_ignore_aliases
[INFO] [stdout]     test_no_ignore_parent
[INFO] [stdout]     test_no_ignore_parent_inner_git
[INFO] [stdout]     test_no_ignore_vcs
[INFO] [stdout]     test_no_ignore_vcs_child_dir
[INFO] [stdout]     test_normalized_absolute_path
[INFO] [stdout]     test_number_parsing_errors
[INFO] [stdout]     test_opposing::absolute_path
[INFO] [stdout]     test_opposing::follow
[INFO] [stdout]     test_opposing::hidden
[INFO] [stdout]     test_opposing::no_ignore
[INFO] [stdout]     test_opposing::no_ignore_vcs
[INFO] [stdout]     test_opposing::no_require_git
[INFO] [stdout]     test_opposing::u
[INFO] [stdout]     test_opposing::uu
[INFO] [stdout]     test_owner_current_group
[INFO] [stdout]     test_owner_current_user
[INFO] [stdout]     test_owner_ignore_all
[INFO] [stdout]     test_print0
[INFO] [stdout]     test_prune
[INFO] [stdout]     test_quiet
[INFO] [stdout]     test_regex_overrides_glob
[INFO] [stdout]     test_regex_searches
[INFO] [stdout]     test_respect_ignore_files
[INFO] [stdout]     test_simple
[INFO] [stdout]     test_single_and_multithreaded_execution
[INFO] [stdout]     test_size
[INFO] [stdout]     test_smart_case
[INFO] [stdout]     test_smart_case_glob_searches
[INFO] [stdout]     test_strip_cwd_prefix
[INFO] [stdout]     test_symlink_and_absolute_path
[INFO] [stdout]     test_symlink_and_full_path
[INFO] [stdout]     test_symlink_and_full_path_abs_path
[INFO] [stdout]     test_symlink_as_absolute_root
[INFO] [stdout]     test_symlink_as_root
[INFO] [stdout]     test_type
[INFO] [stdout]     test_type_empty
[INFO] [stdout] 
[INFO] [stdout] test result: FAILED. 3 passed; 99 failed; 0 ignored; 0 measured; 0 filtered out; finished in 0.10s
[INFO] [stdout] 
[INFO] running `Command { std: "docker" "inspect" "3bbe442d7f6c9e34e2b74a1e28306ba54e2652e07245289ee92505d8a50f468a", kill_on_drop: false }`
[INFO] running `Command { std: "docker" "rm" "-f" "3bbe442d7f6c9e34e2b74a1e28306ba54e2652e07245289ee92505d8a50f468a", kill_on_drop: false }`
[INFO] [stdout] 3bbe442d7f6c9e34e2b74a1e28306ba54e2652e07245289ee92505d8a50f468a
