[INFO] cloning repository https://github.com/TrueNix/rusty-vault
[INFO] running `Command { std: "git" "-c" "credential.helper=" "-c" "credential.helper=/workspace/cargo-home/bin/git-credential-null" "clone" "--bare" "https://github.com/TrueNix/rusty-vault" "/workspace/cache/git-repos/https%3A%2F%2Fgithub.com%2FTrueNix%2Frusty-vault", kill_on_drop: false }`
[INFO] [stderr] Cloning into bare repository '/workspace/cache/git-repos/https%3A%2F%2Fgithub.com%2FTrueNix%2Frusty-vault'...
[INFO] running `Command { std: "git" "rev-parse" "HEAD", kill_on_drop: false }`
[INFO] [stdout] eb9f56d4b082875cc088895452ac674c281d23df
[INFO] testing TrueNix/rusty-vault against 1.100.0-beta.1+cargoflags=--release for beta-release-1.100-2
[INFO] running `Command { std: "git" "clone" "/workspace/cache/git-repos/https%3A%2F%2Fgithub.com%2FTrueNix%2Frusty-vault" "/workspace/builds/worker-1-tc2/source", kill_on_drop: false }`
[INFO] [stderr] Cloning into '/workspace/builds/worker-1-tc2/source'...
[INFO] [stderr] done.
[INFO] started tweaking git repo https://github.com/TrueNix/rusty-vault
[INFO] finished tweaking git repo https://github.com/TrueNix/rusty-vault
[INFO] tweaked toml for git repo https://github.com/TrueNix/rusty-vault written to /workspace/builds/worker-1-tc2/source/Cargo.toml
[INFO] validating manifest of git repo https://github.com/TrueNix/rusty-vault on toolchain 1.100.0-beta.1
[INFO] running `Command { std: CARGO_HOME="/workspace/cargo-home" RUSTUP_HOME="/workspace/rustup-home" "/workspace/cargo-home/bin/cargo" "+1.100.0-beta.1" "metadata" "--manifest-path" "Cargo.toml" "--no-deps", kill_on_drop: false }`
[INFO] crate git repo https://github.com/TrueNix/rusty-vault already has a lockfile, it will not be regenerated
[INFO] running `Command { std: CARGO_HOME="/workspace/cargo-home" RUSTUP_HOME="/workspace/rustup-home" "/workspace/cargo-home/bin/cargo" "+1.100.0-beta.1" "fetch" "--manifest-path" "Cargo.toml", kill_on_drop: false }`
[INFO] running `Command { std: "docker" "create" "-v" "/var/lib/crater-agent-workspace/builds/worker-1-tc2/source:/opt/rustwide/workdir:ro,Z" "-v" "/var/lib/crater-agent-workspace/builds/worker-1-tc2/target:/opt/rustwide/target:rw,Z" "-v" "/var/lib/crater-agent-workspace/cargo-home:/opt/rustwide/cargo-home:ro,Z" "-v" "/var/lib/crater-agent-workspace/rustup-home:/opt/rustwide/rustup-home:ro,Z" "-m" "1610612736" "--network" "none" "ghcr.io/rust-lang/crates-build-env/linux@sha256:77db811e55d90add9212f6832c23229e3de5f1c1f9905e8cb07319ea15df73ac" "sleep" "infinity", kill_on_drop: false }`
[INFO] [stdout] bcc56278e18a73f78c7681ce3609446fa857e7be8e6a04defb2ee2098bced905
[INFO] running `Command { std: "docker" "start" "bcc56278e18a73f78c7681ce3609446fa857e7be8e6a04defb2ee2098bced905", kill_on_drop: false }`
[INFO] running `Command { std: "docker" "inspect" "bcc56278e18a73f78c7681ce3609446fa857e7be8e6a04defb2ee2098bced905", kill_on_drop: false }`
[INFO] running `Command { std: "docker" "exec" "-e" "SOURCE_DIR=/opt/rustwide/workdir" "-e" "CARGO_HOME=/opt/rustwide/cargo-home" "-e" "RUSTUP_HOME=/opt/rustwide/rustup-home" "-e" "CARGO_TARGET_DIR=/opt/rustwide/target" "-w" "/opt/rustwide/workdir" "--user" "0:0" "bcc56278e18a73f78c7681ce3609446fa857e7be8e6a04defb2ee2098bced905" "/opt/rustwide/cargo-home/bin/cargo" "+1.100.0-beta.1" "metadata" "--no-deps" "--format-version=1", kill_on_drop: false }`
[INFO] running `Command { std: "docker" "inspect" "bcc56278e18a73f78c7681ce3609446fa857e7be8e6a04defb2ee2098bced905", kill_on_drop: false }`
[INFO] running `Command { std: "docker" "exec" "-e" "SOURCE_DIR=/opt/rustwide/workdir" "-e" "CARGO_HOME=/opt/rustwide/cargo-home" "-e" "RUSTUP_HOME=/opt/rustwide/rustup-home" "-e" "CARGO_TARGET_DIR=/opt/rustwide/target" "-e" "CARGO_INCREMENTAL=0" "-e" "RUST_BACKTRACE=full" "-e" "RUSTFLAGS=--cap-lints=warn" "-e" "RUSTDOCFLAGS=--cap-lints=warn" "-w" "/opt/rustwide/workdir" "--user" "0:0" "bcc56278e18a73f78c7681ce3609446fa857e7be8e6a04defb2ee2098bced905" "/opt/rustwide/cargo-home/bin/cargo" "+1.100.0-beta.1" "build" "--frozen" "--message-format=json" "--release", kill_on_drop: false }`
[INFO] [stderr]    Compiling libc v0.2.186
[INFO] [stderr]    Compiling cfg-if v1.0.4
[INFO] [stderr]    Compiling version_check v0.9.5
[INFO] [stderr]    Compiling typenum v1.20.1
[INFO] [stderr]    Compiling subtle v2.6.1
[INFO] [stderr]    Compiling proc-macro2 v1.0.106
[INFO] [stderr]    Compiling zerocopy v0.8.52
[INFO] [stderr]    Compiling unicode-ident v1.0.24
[INFO] [stderr]    Compiling quote v1.0.45
[INFO] [stderr]    Compiling utf8parse v0.2.2
[INFO] [stderr]    Compiling cpufeatures v0.2.17
[INFO] [stderr]    Compiling rustix v1.1.4
[INFO] [stderr]    Compiling colorchoice v1.0.5
[INFO] [stderr]    Compiling bitflags v2.13.0
[INFO] [stderr]    Compiling zeroize v1.9.0
[INFO] [stderr]    Compiling anstyle-query v1.1.5
[INFO] [stderr]    Compiling is_terminal_polyfill v1.70.2
[INFO] [stderr]    Compiling linux-raw-sys v0.12.1
[INFO] [stderr]    Compiling anstyle v1.0.14
[INFO] [stderr]    Compiling anstyle-parse v1.0.0
[INFO] [stderr]    Compiling strsim v0.11.1
[INFO] [stderr]    Compiling anyhow v1.0.102
[INFO] [stderr]    Compiling opaque-debug v0.3.1
[INFO] [stderr]    Compiling clap_lex v1.1.0
[INFO] [stderr]    Compiling heck v0.5.0
[INFO] [stderr]    Compiling base64ct v1.8.3
[INFO] [stderr]    Compiling same-file v1.0.6
[INFO] [stderr]    Compiling anstream v1.0.0
[INFO] [stderr]    Compiling generic-array v0.14.7
[INFO] [stderr]    Compiling walkdir v2.5.0
[INFO] [stderr]    Compiling clap_builder v4.6.0
[INFO] [stderr]    Compiling syn v2.0.117
[INFO] [stderr]    Compiling getrandom v0.2.17
[INFO] [stderr]    Compiling rtoolbox v0.0.5
[INFO] [stderr]    Compiling filetime v0.2.29
[INFO] [stderr]    Compiling rand_core v0.6.4
[INFO] [stderr]    Compiling rpassword v7.5.4
[INFO] [stderr]    Compiling password-hash v0.5.0
[INFO] [stderr]    Compiling crypto-common v0.1.7
[INFO] [stderr]    Compiling inout v0.1.4
[INFO] [stderr]    Compiling block-buffer v0.10.4
[INFO] [stderr]    Compiling universal-hash v0.5.1
[INFO] [stderr]    Compiling aead v0.5.2
[INFO] [stderr]    Compiling digest v0.10.7
[INFO] [stderr]    Compiling cipher v0.4.4
[INFO] [stderr]    Compiling poly1305 v0.8.0
[INFO] [stderr]    Compiling blake2 v0.10.6
[INFO] [stderr]    Compiling chacha20 v0.9.1
[INFO] [stderr]    Compiling argon2 v0.5.3
[INFO] [stderr]    Compiling chacha20poly1305 v0.10.1
[INFO] [stderr]    Compiling xattr v1.6.1
[INFO] [stderr]    Compiling tar v0.4.46
[INFO] [stderr]    Compiling clap_derive v4.6.1
[INFO] [stderr]    Compiling clap v4.6.1
[INFO] [stderr]    Compiling ppv-lite86 v0.2.21
[INFO] [stderr]    Compiling rand_chacha v0.3.1
[INFO] [stderr]    Compiling rand v0.8.6
[INFO] [stderr]    Compiling rusty-vault v0.1.0 (/opt/rustwide/workdir)
[INFO] [stderr] warning: unused dependency `walkdir`
[INFO] [stderr]  --> Cargo.toml:7:1
[INFO] [stderr]   |
[INFO] [stderr] 7 | walkdir = "2"
[INFO] [stderr]   | ^^^^^^^^^^^^^
[INFO] [stderr]   |
[INFO] [stderr]   = note: `cargo::unused_dependencies` is set to `warn` by default
[INFO] [stderr] help: consider removing the dependency on `walkdir`
[INFO] [stderr] warning: `rusty-vault` (manifest) generated 1 warning
[INFO] [stderr]     Finished `release` profile [optimized] target(s) in 36.05s
[INFO] running `Command { std: "docker" "inspect" "bcc56278e18a73f78c7681ce3609446fa857e7be8e6a04defb2ee2098bced905", kill_on_drop: false }`
[INFO] running `Command { std: "docker" "exec" "-e" "SOURCE_DIR=/opt/rustwide/workdir" "-e" "CARGO_HOME=/opt/rustwide/cargo-home" "-e" "RUSTUP_HOME=/opt/rustwide/rustup-home" "-e" "CARGO_TARGET_DIR=/opt/rustwide/target" "-e" "CARGO_INCREMENTAL=0" "-e" "RUST_BACKTRACE=full" "-e" "RUSTFLAGS=--cap-lints=warn" "-e" "RUSTDOCFLAGS=--cap-lints=warn" "-w" "/opt/rustwide/workdir" "--user" "0:0" "bcc56278e18a73f78c7681ce3609446fa857e7be8e6a04defb2ee2098bced905" "/opt/rustwide/cargo-home/bin/cargo" "+1.100.0-beta.1" "test" "--frozen" "--no-run" "--message-format=json" "--release", kill_on_drop: false }`
[INFO] [stderr]    Compiling rusty-vault v0.1.0 (/opt/rustwide/workdir)
[INFO] [stderr]     Finished `release` profile [optimized] target(s) in 12.05s
[INFO] running `Command { std: "docker" "inspect" "bcc56278e18a73f78c7681ce3609446fa857e7be8e6a04defb2ee2098bced905", kill_on_drop: false }`
[INFO] running `Command { std: "docker" "exec" "-e" "SOURCE_DIR=/opt/rustwide/workdir" "-e" "CARGO_HOME=/opt/rustwide/cargo-home" "-e" "RUSTUP_HOME=/opt/rustwide/rustup-home" "-e" "CARGO_TARGET_DIR=/opt/rustwide/target" "-e" "CARGO_INCREMENTAL=0" "-e" "RUST_BACKTRACE=full" "-e" "RUSTFLAGS=--cap-lints=warn" "-e" "RUSTDOCFLAGS=--cap-lints=warn" "-w" "/opt/rustwide/workdir" "--user" "0:0" "bcc56278e18a73f78c7681ce3609446fa857e7be8e6a04defb2ee2098bced905" "/opt/rustwide/cargo-home/bin/cargo" "+1.100.0-beta.1" "test" "--frozen" "--release", kill_on_drop: false }`
[INFO] [stderr]     Finished `release` profile [optimized] target(s) in 0.10s
[INFO] [stderr]      Running unittests src/main.rs (/opt/rustwide/target/release/build/rusty-vault/98c47836fd97ff24/out/rusty_vault-98c47836fd97ff24)
[INFO] [stderr]      Running tests/roundtrip.rs (/opt/rustwide/target/release/build/rusty-vault/58df070473dfd690/out/roundtrip-58df070473dfd690)
[INFO] [stdout] 
[INFO] [stdout] running 0 tests
[INFO] [stdout] 
[INFO] [stdout] test result: ok. 0 passed; 0 failed; 0 ignored; 0 measured; 0 filtered out; finished in 0.00s
[INFO] [stdout] 
[INFO] [stdout] 
[INFO] [stdout] running 4 tests
[INFO] [stdout] test backup_and_restore_roundtrip ... FAILED
[INFO] [stdout] test ciphertext_does_not_contain_plaintext ... FAILED
[INFO] [stdout] test wrong_password_is_rejected ... FAILED
[INFO] [stdout] test tampering_is_detected ... FAILED
[INFO] [stdout] 
[INFO] [stdout] failures:
[INFO] [stdout] 
[INFO] [stdout] ---- backup_and_restore_roundtrip stdout ----
[INFO] [stdout] 
[INFO] [stdout] thread 'backup_and_restore_roundtrip' (914) panicked at tests/roundtrip.rs:23:10:
[INFO] [stdout] failed to run rusty-vault: Os { code: 2, kind: NotFound, message: "No such file or directory" }
[INFO] [stdout] stack backtrace:
[INFO] [stdout]    0:     0x57ef8d0585d7 - <<std[617be2ca0a6fd877]::sys::backtrace::BacktraceLock>::print::DisplayBacktrace as core[a373ad73a504971]::fmt::Display>::fmt
[INFO] [stdout]    1:     0x57ef8d0409ea - core[a373ad73a504971]::fmt::write
[INFO] [stdout]    2:     0x57ef8d057b8b - <alloc[2e1b2a31b91974c5]::vec::Vec<u8> as core[a373ad73a504971]::io::write::Write>::write_fmt
[INFO] [stdout]    3:     0x57ef8d05766f - std[617be2ca0a6fd877]::panicking::default_hook::{closure#0}
[INFO] [stdout]    4:     0x57ef8d05729a - std[617be2ca0a6fd877]::panicking::default_hook
[INFO] [stdout]    5:     0x57ef8d056dd5 - std[617be2ca0a6fd877]::panicking::panic_with_hook
[INFO] [stdout]    6:     0x57ef8d07db81 - std[617be2ca0a6fd877]::panicking::panic_handler::{closure#0}
[INFO] [stdout]    7:     0x57ef8d07db39 - std[617be2ca0a6fd877]::sys::backtrace::__rust_end_short_backtrace::<std[617be2ca0a6fd877]::panicking::panic_handler::{closure#0}, !>
[INFO] [stdout]    8:     0x57ef8d07e03c - __rustc[ea4f61d10b84890b]::rust_begin_unwind
[INFO] [stdout]    9:     0x57ef8d04087b - core[a373ad73a504971]::panicking::panic_fmt
[INFO] [stdout]   10:     0x57ef8d043ae1 - core[a373ad73a504971]::result::unwrap_failed
[INFO] [stdout]   11:     0x57ef8d03b129 - roundtrip[cc2fc3c5138ded71]::run
[INFO] [stdout]   12:     0x57ef8d03e6b3 - <roundtrip[cc2fc3c5138ded71]::backup_and_restore_roundtrip::{closure#0} as core[a373ad73a504971]::ops::function::FnOnce<()>>::call_once
[INFO] [stdout]   13:     0x57ef8d0985db - test[aada8e7e76ba119b]::__rust_begin_short_backtrace::<core[a373ad73a504971]::result::Result<(), alloc[2e1b2a31b91974c5]::string::String>, fn() -> core[a373ad73a504971]::result::Result<(), alloc[2e1b2a31b91974c5]::string::String>>
[INFO] [stdout]   14:     0x57ef8d0945c1 - test[aada8e7e76ba119b]::run_test::{closure#0}
[INFO] [stdout]   15:     0x57ef8d093dac - std[617be2ca0a6fd877]::sys::backtrace::__rust_begin_short_backtrace::<test[aada8e7e76ba119b]::run_test::{closure#1}, ()>
[INFO] [stdout]   16:     0x57ef8d0b3a2c - <std[617be2ca0a6fd877]::thread::lifecycle::spawn_unchecked<test[aada8e7e76ba119b]::run_test::{closure#1}, ()>::{closure#1} as core[a373ad73a504971]::ops::function::FnOnce<()>>::call_once::{shim:vtable#0}
[INFO] [stdout]   17:     0x57ef8d07f8b4 - <std[617be2ca0a6fd877]::sys::thread::unix::Thread>::new::thread_start
[INFO] [stdout]   18:     0x7e561396adfa - <unknown>
[INFO] [stdout]   19:     0x7e56139fe3d4 - clone
[INFO] [stdout]   20:                0x0 - <unknown>
[INFO] [stdout] 
[INFO] [stdout] ---- ciphertext_does_not_contain_plaintext stdout ----
[INFO] [stdout] 
[INFO] [stdout] thread 'ciphertext_does_not_contain_plaintext' (915) panicked at tests/roundtrip.rs:23:10:
[INFO] [stdout] failed to run rusty-vault: Os { code: 2, kind: NotFound, message: "No such file or directory" }
[INFO] [stdout] stack backtrace:
[INFO] [stdout]    0:     0x57ef8d0585d7 - <<std[617be2ca0a6fd877]::sys::backtrace::BacktraceLock>::print::DisplayBacktrace as core[a373ad73a504971]::fmt::Display>::fmt
[INFO] [stdout]    1:     0x57ef8d0409ea - core[a373ad73a504971]::fmt::write
[INFO] [stdout]    2:     0x57ef8d057b8b - <alloc[2e1b2a31b91974c5]::vec::Vec<u8> as core[a373ad73a504971]::io::write::Write>::write_fmt
[INFO] [stdout]    3:     0x57ef8d05766f - std[617be2ca0a6fd877]::panicking::default_hook::{closure#0}
[INFO] [stdout]    4:     0x57ef8d05729a - std[617be2ca0a6fd877]::panicking::default_hook
[INFO] [stdout]    5:     0x57ef8d056dd5 - std[617be2ca0a6fd877]::panicking::panic_with_hook
[INFO] [stdout]    6:     0x57ef8d07db81 - std[617be2ca0a6fd877]::panicking::panic_handler::{closure#0}
[INFO] [stdout]    7:     0x57ef8d07db39 - std[617be2ca0a6fd877]::sys::backtrace::__rust_end_short_backtrace::<std[617be2ca0a6fd877]::panicking::panic_handler::{closure#0}, !>
[INFO] [stdout]    8:     0x57ef8d07e03c - __rustc[ea4f61d10b84890b]::rust_begin_unwind
[INFO] [stdout]    9:     0x57ef8d04087b - core[a373ad73a504971]::panicking::panic_fmt
[INFO] [stdout]   10:     0x57ef8d043ae1 - core[a373ad73a504971]::result::unwrap_failed
[INFO] [stdout]   11:     0x57ef8d03b129 - roundtrip[cc2fc3c5138ded71]::run
[INFO] [stdout]   12:     0x57ef8d03f064 - <roundtrip[cc2fc3c5138ded71]::ciphertext_does_not_contain_plaintext::{closure#0} as core[a373ad73a504971]::ops::function::FnOnce<()>>::call_once
[INFO] [stdout]   13:     0x57ef8d0985db - test[aada8e7e76ba119b]::__rust_begin_short_backtrace::<core[a373ad73a504971]::result::Result<(), alloc[2e1b2a31b91974c5]::string::String>, fn() -> core[a373ad73a504971]::result::Result<(), alloc[2e1b2a31b91974c5]::string::String>>
[INFO] [stdout]   14:     0x57ef8d0945c1 - test[aada8e7e76ba119b]::run_test::{closure#0}
[INFO] [stdout]   15:     0x57ef8d093dac - std[617be2ca0a6fd877]::sys::backtrace::__rust_begin_short_backtrace::<test[aada8e7e76ba119b]::run_test::{closure#1}, ()>
[INFO] [stdout]   16:     0x57ef8d0b3a2c - <std[617be2ca0a6fd877]::thread::lifecycle::spawn_unchecked<test[aada8e7e76ba119b]::run_test::{closure#1}, ()>::{closure#1} as core[a373ad73a504971]::ops::function::FnOnce<()>>::call_once::{shim:vtable#0}
[INFO] [stdout]   17:     0x57ef8d07f8b4 - <std[617be2ca0a6fd877]::sys::thread::unix::Thread>::new::thread_start
[INFO] [stdout]   18:     0x7e561396adfa - <unknown>
[INFO] [stdout]   19:     0x7e56139fe3d4 - clone
[INFO] [stdout]   20:                0x0 - <unknown>
[INFO] [stdout] 
[INFO] [stdout] ---- wrong_password_is_rejected stdout ----
[INFO] [stdout] 
[INFO] [stdout] thread 'wrong_password_is_rejected' (917) panicked at tests/roundtrip.rs:23:10:
[INFO] [stdout] failed to run rusty-vault: Os { code: 2, kind: NotFound, message: "No such file or directory" }
[INFO] [stdout] stack backtrace:
[INFO] [stdout]    0:     0x57ef8d0585d7 - <<std[617be2ca0a6fd877]::sys::backtrace::BacktraceLock>::print::DisplayBacktrace as core[a373ad73a504971]::fmt::Display>::fmt
[INFO] [stdout]    1:     0x57ef8d0409ea - core[a373ad73a504971]::fmt::write
[INFO] [stdout]    2:     0x57ef8d057b8b - <alloc[2e1b2a31b91974c5]::vec::Vec<u8> as core[a373ad73a504971]::io::write::Write>::write_fmt
[INFO] [stdout]    3:     0x57ef8d05766f - std[617be2ca0a6fd877]::panicking::default_hook::{closure#0}
[INFO] [stdout]    4:     0x57ef8d05729a - std[617be2ca0a6fd877]::panicking::default_hook
[INFO] [stdout]    5:     0x57ef8d056dd5 - std[617be2ca0a6fd877]::panicking::panic_with_hook
[INFO] [stdout]    6:     0x57ef8d07db81 - std[617be2ca0a6fd877]::panicking::panic_handler::{closure#0}
[INFO] [stdout]    7:     0x57ef8d07db39 - std[617be2ca0a6fd877]::sys::backtrace::__rust_end_short_backtrace::<std[617be2ca0a6fd877]::panicking::panic_handler::{closure#0}, !>
[INFO] [stdout]    8:     0x57ef8d07e03c - __rustc[ea4f61d10b84890b]::rust_begin_unwind
[INFO] [stdout]    9:     0x57ef8d04087b - core[a373ad73a504971]::panicking::panic_fmt
[INFO] [stdout]   10:     0x57ef8d043ae1 - core[a373ad73a504971]::result::unwrap_failed
[INFO] [stdout]   11:     0x57ef8d03b129 - roundtrip[cc2fc3c5138ded71]::run
[INFO] [stdout]   12:     0x57ef8d03df1f - <roundtrip[cc2fc3c5138ded71]::wrong_password_is_rejected::{closure#0} as core[a373ad73a504971]::ops::function::FnOnce<()>>::call_once
[INFO] [stdout]   13:     0x57ef8d0985db - test[aada8e7e76ba119b]::__rust_begin_short_backtrace::<core[a373ad73a504971]::result::Result<(), alloc[2e1b2a31b91974c5]::string::String>, fn() -> core[a373ad73a504971]::result::Result<(), alloc[2e1b2a31b91974c5]::string::String>>
[INFO] [stdout]   14:     0x57ef8d0945c1 - test[aada8e7e76ba119b]::run_test::{closure#0}
[INFO] [stdout]   15:     0x57ef8d093dac - std[617be2ca0a6fd877]::sys::backtrace::__rust_begin_short_backtrace::<test[aada8e7e76ba119b]::run_test::{closure#1}, ()>
[INFO] [stdout]   16:     0x57ef8d0b3a2c - <std[617be2ca0a6fd877]::thread::lifecycle::spawn_unchecked<test[aada8e7e76ba119b]::run_test::{closure#1}, ()>::{closure#1} as core[a373ad73a504971]::ops::function::FnOnce<()>>::call_once::{shim:vtable#0}
[INFO] [stdout]   17:     0x57ef8d07f8b4 - <std[617be2ca0a6fd877]::sys::thread::unix::Thread>::new::thread_start
[INFO] [stdout]   18:     0x7e561396adfa - <unknown>
[INFO] [stdout]   19:     0x7e56139fe3d4 - clone
[INFO] [stdout]   20:                0x0 - <unknown>
[INFO] [stdout] 
[INFO] [stdout] ---- tampering_is_detected stdout ----
[INFO] [stdout] 
[INFO] [stdout] thread 'tampering_is_detected' (916) panicked at tests/roundtrip.rs:23:10:
[INFO] [stdout] failed to run rusty-vault: Os { code: 2, kind: NotFound, message: "No such file or directory" }
[INFO] [stdout] stack backtrace:
[INFO] [stdout]    0:     0x57ef8d0585d7 - <<std[617be2ca0a6fd877]::sys::backtrace::BacktraceLock>::print::DisplayBacktrace as core[a373ad73a504971]::fmt::Display>::fmt
[INFO] [stdout]    1:     0x57ef8d0409ea - core[a373ad73a504971]::fmt::write
[INFO] [stdout]    2:     0x57ef8d057b8b - <alloc[2e1b2a31b91974c5]::vec::Vec<u8> as core[a373ad73a504971]::io::write::Write>::write_fmt
[INFO] [stdout]    3:     0x57ef8d05766f - std[617be2ca0a6fd877]::panicking::default_hook::{closure#0}
[INFO] [stdout]    4:     0x57ef8d05729a - std[617be2ca0a6fd877]::panicking::default_hook
[INFO] [stdout]    5:     0x57ef8d056dd5 - std[617be2ca0a6fd877]::panicking::panic_with_hook
[INFO] [stdout]    6:     0x57ef8d07db81 - std[617be2ca0a6fd877]::panicking::panic_handler::{closure#0}
[INFO] [stdout]    7:     0x57ef8d07db39 - std[617be2ca0a6fd877]::sys::backtrace::__rust_end_short_backtrace::<std[617be2ca0a6fd877]::panicking::panic_handler::{closure#0}, !>
[INFO] [stdout]    8:     0x57ef8d07e03c - __rustc[ea4f61d10b84890b]::rust_begin_unwind
[INFO] [stdout]    9:     0x57ef8d04087b - core[a373ad73a504971]::panicking::panic_fmt
[INFO] [stdout]   10:     0x57ef8d043ae1 - core[a373ad73a504971]::result::unwrap_failed
[INFO] [stdout]   11:     0x57ef8d03b129 - roundtrip[cc2fc3c5138ded71]::run
[INFO] [stdout]   12:     0x57ef8d03d894 - <roundtrip[cc2fc3c5138ded71]::tampering_is_detected::{closure#0} as core[a373ad73a504971]::ops::function::FnOnce<()>>::call_once
[INFO] [stdout]   13:     0x57ef8d0985db - test[aada8e7e76ba119b]::__rust_begin_short_backtrace::<core[a373ad73a504971]::result::Result<(), alloc[2e1b2a31b91974c5]::string::String>, fn() -> core[a373ad73a504971]::result::Result<(), alloc[2e1b2a31b91974c5]::string::String>>
[INFO] [stdout]   14:     0x57ef8d0945c1 - test[aada8e7e76ba119b]::run_test::{closure#0}
[INFO] [stdout]   15:     0x57ef8d093dac - std[617be2ca0a6fd877]::sys::backtrace::__rust_begin_short_backtrace::<test[aada8e7e76ba119b]::run_test::{closure#1}, ()>
[INFO] [stdout]   16:     0x57ef8d0b3a2c - <std[617be2ca0a6fd877]::thread::lifecycle::spawn_unchecked<test[aada8e7e76ba119b]::run_test::{closure#1}, ()>::{closure#1} as core[a373ad73a504971]::ops::function::FnOnce<()>>::call_once::{shim:vtable#0}
[INFO] [stdout]   17:     0x57ef8d07f8b4 - <std[617be2ca0a6fd877]::sys::thread::unix::Thread>::new::thread_start
[INFO] [stdout]   18:     0x7e561396adfa - <unknown>
[INFO] [stdout]   19:     0x7e56139fe3d4 - clone
[INFO] [stdout]   20:                0x0 - <unknown>
[INFO] [stdout] 
[INFO] [stdout] 
[INFO] [stdout] failures:
[INFO] [stdout]     backup_and_restore_roundtrip
[INFO] [stdout]     ciphertext_does_not_contain_plaintext
[INFO] [stdout]     tampering_is_detected
[INFO] [stdout]     wrong_password_is_rejected
[INFO] [stdout] 
[INFO] [stdout] test result: FAILED. 0 passed; 4 failed; 0 ignored; 0 measured; 0 filtered out; finished in 0.01s
[INFO] [stdout] 
[INFO] [stderr] error: test failed, to rerun pass `--test roundtrip`
[INFO] running `Command { std: "docker" "inspect" "bcc56278e18a73f78c7681ce3609446fa857e7be8e6a04defb2ee2098bced905", kill_on_drop: false }`
[INFO] running `Command { std: "docker" "rm" "-f" "bcc56278e18a73f78c7681ce3609446fa857e7be8e6a04defb2ee2098bced905", kill_on_drop: false }`
[INFO] [stdout] bcc56278e18a73f78c7681ce3609446fa857e7be8e6a04defb2ee2098bced905
