[INFO] cloning repository https://github.com/SteveAlexander/email-sigs
[INFO] running `Command { std: "git" "-c" "credential.helper=" "-c" "credential.helper=/workspace/cargo-home/bin/git-credential-null" "clone" "--bare" "https://github.com/SteveAlexander/email-sigs" "/workspace/cache/git-repos/https%3A%2F%2Fgithub.com%2FSteveAlexander%2Femail-sigs", kill_on_drop: false }`
[INFO] [stderr] Cloning into bare repository '/workspace/cache/git-repos/https%3A%2F%2Fgithub.com%2FSteveAlexander%2Femail-sigs'...
[INFO] running `Command { std: "git" "rev-parse" "HEAD", kill_on_drop: false }`
[INFO] [stdout] 71dfd087b450ba0bd9678c365d9dc1587686ffbe
[INFO] testing SteveAlexander/email-sigs against 1.99.0-beta.8+cargoflags=--release for beta-release-1.100-2
[INFO] running `Command { std: "git" "clone" "/workspace/cache/git-repos/https%3A%2F%2Fgithub.com%2FSteveAlexander%2Femail-sigs" "/workspace/builds/worker-7-tc1/source", kill_on_drop: false }`
[INFO] [stderr] Cloning into '/workspace/builds/worker-7-tc1/source'...
[INFO] [stderr] done.
[INFO] started tweaking git repo https://github.com/SteveAlexander/email-sigs
[INFO] finished tweaking git repo https://github.com/SteveAlexander/email-sigs
[INFO] tweaked toml for git repo https://github.com/SteveAlexander/email-sigs written to /workspace/builds/worker-7-tc1/source/Cargo.toml
[INFO] validating manifest of git repo https://github.com/SteveAlexander/email-sigs on toolchain 1.99.0-beta.8
[INFO] running `Command { std: CARGO_HOME="/workspace/cargo-home" RUSTUP_HOME="/workspace/rustup-home" "/workspace/cargo-home/bin/cargo" "+1.99.0-beta.8" "metadata" "--manifest-path" "Cargo.toml" "--no-deps", kill_on_drop: false }`
[INFO] crate git repo https://github.com/SteveAlexander/email-sigs already has a lockfile, it will not be regenerated
[INFO] running `Command { std: CARGO_HOME="/workspace/cargo-home" RUSTUP_HOME="/workspace/rustup-home" "/workspace/cargo-home/bin/cargo" "+1.99.0-beta.8" "fetch" "--manifest-path" "Cargo.toml", kill_on_drop: false }`
[INFO] [stderr]     Updating crates.io index
[INFO] [stderr]     Blocking waiting for file lock on package cache
[INFO] [stderr]  Downloading crates ...
[INFO] [stderr]   Downloaded itoa v1.0.6
[INFO] [stderr]   Downloaded ryu v1.0.13
[INFO] [stderr]   Downloaded serde_derive v1.0.163
[INFO] [stderr]   Downloaded exit-code v1.0.0
[INFO] [stderr]   Downloaded cfg-if v1.0.0
[INFO] [stderr]   Downloaded autocfg v1.1.0
[INFO] [stderr]   Downloaded version_check v0.9.4
[INFO] [stderr]   Downloaded osascript v0.3.0
[INFO] [stderr]   Downloaded stacker v0.1.15
[INFO] [stderr]   Downloaded wasi v0.11.0+wasi-snapshot-preview1
[INFO] [stderr]   Downloaded quote v1.0.27
[INFO] [stderr]   Downloaded lexopt v0.3.0
[INFO] [stderr]   Downloaded unicode-ident v1.0.9
[INFO] [stderr]   Downloaded ahash v0.7.6
[INFO] [stderr]   Downloaded getrandom v0.2.9
[INFO] [stderr]   Downloaded once_cell v1.17.1
[INFO] [stderr]   Downloaded psm v0.1.21
[INFO] [stderr]   Downloaded proc-macro2 v1.0.58
[INFO] [stderr]   Downloaded indexmap v1.9.3
[INFO] [stderr]   Downloaded serde v1.0.163
[INFO] [stderr]   Downloaded chumsky v0.9.2
[INFO] [stderr]   Downloaded cc v1.0.79
[INFO] [stderr]   Downloaded serde_json v1.0.96
[INFO] [stderr]   Downloaded hashbrown v0.12.3
[INFO] [stderr]   Downloaded syn v2.0.16
[INFO] [stderr]   Downloaded libc v0.2.144
[INFO] [stderr]   Downloaded winapi v0.3.9
[INFO] [stderr]   Downloaded winapi-x86_64-pc-windows-gnu v0.4.0
[INFO] [stderr]   Downloaded winapi-i686-pc-windows-gnu v0.4.0
[INFO] running `Command { std: "docker" "create" "-v" "/var/lib/crater-agent-workspace/builds/worker-7-tc1/source:/opt/rustwide/workdir:ro,Z" "-v" "/var/lib/crater-agent-workspace/builds/worker-7-tc1/target:/opt/rustwide/target:rw,Z" "-v" "/var/lib/crater-agent-workspace/cargo-home:/opt/rustwide/cargo-home:ro,Z" "-v" "/var/lib/crater-agent-workspace/rustup-home:/opt/rustwide/rustup-home:ro,Z" "-m" "1610612736" "--network" "none" "ghcr.io/rust-lang/crates-build-env/linux@sha256:77db811e55d90add9212f6832c23229e3de5f1c1f9905e8cb07319ea15df73ac" "sleep" "infinity", kill_on_drop: false }`
[INFO] [stdout] e6c4e4f32c18a898add1a523116f31e58e878ee26088f0bb33d3fce8e081a3bb
[INFO] running `Command { std: "docker" "start" "e6c4e4f32c18a898add1a523116f31e58e878ee26088f0bb33d3fce8e081a3bb", kill_on_drop: false }`
[INFO] running `Command { std: "docker" "inspect" "e6c4e4f32c18a898add1a523116f31e58e878ee26088f0bb33d3fce8e081a3bb", kill_on_drop: false }`
[INFO] running `Command { std: "docker" "exec" "-e" "SOURCE_DIR=/opt/rustwide/workdir" "-e" "CARGO_HOME=/opt/rustwide/cargo-home" "-e" "RUSTUP_HOME=/opt/rustwide/rustup-home" "-e" "CARGO_TARGET_DIR=/opt/rustwide/target" "-w" "/opt/rustwide/workdir" "--user" "0:0" "e6c4e4f32c18a898add1a523116f31e58e878ee26088f0bb33d3fce8e081a3bb" "/opt/rustwide/cargo-home/bin/cargo" "+1.99.0-beta.8" "metadata" "--no-deps" "--format-version=1", kill_on_drop: false }`
[INFO] running `Command { std: "docker" "inspect" "e6c4e4f32c18a898add1a523116f31e58e878ee26088f0bb33d3fce8e081a3bb", kill_on_drop: false }`
[INFO] running `Command { std: "docker" "exec" "-e" "SOURCE_DIR=/opt/rustwide/workdir" "-e" "CARGO_HOME=/opt/rustwide/cargo-home" "-e" "RUSTUP_HOME=/opt/rustwide/rustup-home" "-e" "CARGO_TARGET_DIR=/opt/rustwide/target" "-e" "CARGO_INCREMENTAL=0" "-e" "RUST_BACKTRACE=full" "-e" "RUSTFLAGS=--cap-lints=warn" "-e" "RUSTDOCFLAGS=--cap-lints=warn" "-w" "/opt/rustwide/workdir" "--user" "0:0" "e6c4e4f32c18a898add1a523116f31e58e878ee26088f0bb33d3fce8e081a3bb" "/opt/rustwide/cargo-home/bin/cargo" "+1.99.0-beta.8" "build" "--frozen" "--message-format=json" "--release", kill_on_drop: false }`
[INFO] [stderr]    Compiling libc v0.2.144
[INFO] [stderr]    Compiling cc v1.0.79
[INFO] [stderr]    Compiling proc-macro2 v1.0.58
[INFO] [stderr]    Compiling cfg-if v1.0.0
[INFO] [stderr]    Compiling version_check v0.9.4
[INFO] [stderr]    Compiling unicode-ident v1.0.9
[INFO] [stderr]    Compiling quote v1.0.27
[INFO] [stderr]    Compiling serde v1.0.163
[INFO] [stderr]    Compiling once_cell v1.17.1
[INFO] [stderr]    Compiling autocfg v1.1.0
[INFO] [stderr]    Compiling serde_json v1.0.96
[INFO] [stderr]    Compiling itoa v1.0.6
[INFO] [stderr]    Compiling ryu v1.0.13
[INFO] [stderr]    Compiling exit-code v1.0.0
[INFO] [stderr]    Compiling lexopt v0.3.0
[INFO] [stderr]    Compiling ahash v0.7.6
[INFO] [stderr]    Compiling indexmap v1.9.3
[INFO] [stderr]    Compiling getrandom v0.2.9
[INFO] [stderr]    Compiling psm v0.1.21
[INFO] [stderr]    Compiling stacker v0.1.15
[INFO] [stderr]    Compiling syn v2.0.16
[INFO] [stderr]    Compiling hashbrown v0.12.3
[INFO] [stderr]    Compiling chumsky v0.9.2
[INFO] [stderr]    Compiling serde_derive v1.0.163
[INFO] [stderr]    Compiling osascript v0.3.0
[INFO] [stderr]    Compiling email_sigs v0.1.0 (/opt/rustwide/workdir)
[INFO] [stdout] warning: this function depends on never type fallback being `()`
[INFO] [stdout]   --> src/signatures.rs:49:1
[INFO] [stdout]    |
[INFO] [stdout] 49 | pub fn add_signatures(prefix: &str, signatures: Vec<Signature>) -> Result<(), Box<dyn Error>> {
[INFO] [stdout]    | ^^^^^^^^^^^^^^^^^^^^^^^^^^^^^^^^^^^^^^^^^^^^^^^^^^^^^^^^^^^^^^^^^^^^^^^^^^^^^^^^^^^^^^^^^^^^^
[INFO] [stdout]    |
[INFO] [stdout]    = help: specify the types explicitly
[INFO] [stdout] note: in edition 2024, the requirement `for<'de> !: Deserialize<'de>` will fail
[INFO] [stdout]   --> src/signatures.rs:65:12
[INFO] [stdout]    |
[INFO] [stdout] 65 |     script.execute_with_params(params)?;
[INFO] [stdout]    |            ^^^^^^^^^^^^^^^^^^^
[INFO] [stdout]    = warning: this was previously accepted by the compiler but is being phased out; it will become a hard error in Rust 2024 and in a future release in all editions!
[INFO] [stdout]    = note: for more information, see <https://doc.rust-lang.org/edition-guide/rust-2024/never-type-fallback.html>
[INFO] [stdout]    = note: `#[warn(dependency_on_unit_never_type_fallback)]` (part of `#[warn(rust_2024_compatibility)]`) on by default
[INFO] [stdout] help: use `()` annotations to avoid fallback changes
[INFO] [stdout]    |
[INFO] [stdout] 65 |     script.execute_with_params::<_, ()>(params)?;
[INFO] [stdout]    |                               +++++++++
[INFO] [stdout] 
[INFO] [stdout] 
[INFO] [stdout] warning: this function depends on never type fallback being `()`
[INFO] [stdout]    --> src/signatures.rs:110:1
[INFO] [stdout]     |
[INFO] [stdout] 110 | pub fn add_fixed_signature() -> Result<(), Box<dyn Error>> {
[INFO] [stdout]     | ^^^^^^^^^^^^^^^^^^^^^^^^^^^^^^^^^^^^^^^^^^^^^^^^^^^^^^^^^^
[INFO] [stdout]     |
[INFO] [stdout]     = help: specify the types explicitly
[INFO] [stdout] note: in edition 2024, the requirement `for<'de> !: Deserialize<'de>` will fail
[INFO] [stdout]    --> src/signatures.rs:121:12
[INFO] [stdout]     |
[INFO] [stdout] 121 |     script.execute()?;
[INFO] [stdout]     |            ^^^^^^^
[INFO] [stdout]     = warning: this was previously accepted by the compiler but is being phased out; it will become a hard error in Rust 2024 and in a future release in all editions!
[INFO] [stdout]     = note: for more information, see <https://doc.rust-lang.org/edition-guide/rust-2024/never-type-fallback.html>
[INFO] [stdout] help: use `()` annotations to avoid fallback changes
[INFO] [stdout]     |
[INFO] [stdout] 121 |     script.execute::<()>()?;
[INFO] [stdout]     |                   ++++++
[INFO] [stdout] 
[INFO] [stdout] 
[INFO] [stderr]     Finished `release` profile [optimized] target(s) in 9.07s
[INFO] [stderr] warning: the following packages contain code that will be rejected by a future version of Rust: email_sigs v0.1.0 (/opt/rustwide/workdir)
[INFO] [stderr] note: to see what the problems were, use the option `--future-incompat-report`, or run `cargo report future-incompatibilities --id 1`
[INFO] running `Command { std: "docker" "inspect" "e6c4e4f32c18a898add1a523116f31e58e878ee26088f0bb33d3fce8e081a3bb", kill_on_drop: false }`
[INFO] running `Command { std: "docker" "exec" "-e" "SOURCE_DIR=/opt/rustwide/workdir" "-e" "CARGO_HOME=/opt/rustwide/cargo-home" "-e" "RUSTUP_HOME=/opt/rustwide/rustup-home" "-e" "CARGO_TARGET_DIR=/opt/rustwide/target" "-e" "CARGO_INCREMENTAL=0" "-e" "RUST_BACKTRACE=full" "-e" "RUSTFLAGS=--cap-lints=warn" "-e" "RUSTDOCFLAGS=--cap-lints=warn" "-w" "/opt/rustwide/workdir" "--user" "0:0" "e6c4e4f32c18a898add1a523116f31e58e878ee26088f0bb33d3fce8e081a3bb" "/opt/rustwide/cargo-home/bin/cargo" "+1.99.0-beta.8" "test" "--frozen" "--no-run" "--message-format=json" "--release", kill_on_drop: false }`
[INFO] [stderr]    Compiling email_sigs v0.1.0 (/opt/rustwide/workdir)
[INFO] [stdout] warning: this function depends on never type fallback being `()`
[INFO] [stdout]   --> src/signatures.rs:49:1
[INFO] [stdout]    |
[INFO] [stdout] 49 | pub fn add_signatures(prefix: &str, signatures: Vec<Signature>) -> Result<(), Box<dyn Error>> {
[INFO] [stdout]    | ^^^^^^^^^^^^^^^^^^^^^^^^^^^^^^^^^^^^^^^^^^^^^^^^^^^^^^^^^^^^^^^^^^^^^^^^^^^^^^^^^^^^^^^^^^^^^
[INFO] [stdout]    |
[INFO] [stdout]    = help: specify the types explicitly
[INFO] [stdout] note: in edition 2024, the requirement `for<'de> !: Deserialize<'de>` will fail
[INFO] [stdout]   --> src/signatures.rs:65:12
[INFO] [stdout]    |
[INFO] [stdout] 65 |     script.execute_with_params(params)?;
[INFO] [stdout]    |            ^^^^^^^^^^^^^^^^^^^
[INFO] [stdout]    = warning: this was previously accepted by the compiler but is being phased out; it will become a hard error in Rust 2024 and in a future release in all editions!
[INFO] [stdout]    = note: for more information, see <https://doc.rust-lang.org/edition-guide/rust-2024/never-type-fallback.html>
[INFO] [stdout]    = note: `#[warn(dependency_on_unit_never_type_fallback)]` (part of `#[warn(rust_2024_compatibility)]`) on by default
[INFO] [stdout] help: use `()` annotations to avoid fallback changes
[INFO] [stdout]    |
[INFO] [stdout] 65 |     script.execute_with_params::<_, ()>(params)?;
[INFO] [stdout]    |                               +++++++++
[INFO] [stdout] 
[INFO] [stdout] 
[INFO] [stdout] warning: this function depends on never type fallback being `()`
[INFO] [stdout]    --> src/signatures.rs:110:1
[INFO] [stdout]     |
[INFO] [stdout] 110 | pub fn add_fixed_signature() -> Result<(), Box<dyn Error>> {
[INFO] [stdout]     | ^^^^^^^^^^^^^^^^^^^^^^^^^^^^^^^^^^^^^^^^^^^^^^^^^^^^^^^^^^
[INFO] [stdout]     |
[INFO] [stdout]     = help: specify the types explicitly
[INFO] [stdout] note: in edition 2024, the requirement `for<'de> !: Deserialize<'de>` will fail
[INFO] [stdout]    --> src/signatures.rs:121:12
[INFO] [stdout]     |
[INFO] [stdout] 121 |     script.execute()?;
[INFO] [stdout]     |            ^^^^^^^
[INFO] [stdout]     = warning: this was previously accepted by the compiler but is being phased out; it will become a hard error in Rust 2024 and in a future release in all editions!
[INFO] [stdout]     = note: for more information, see <https://doc.rust-lang.org/edition-guide/rust-2024/never-type-fallback.html>
[INFO] [stdout] help: use `()` annotations to avoid fallback changes
[INFO] [stdout]     |
[INFO] [stdout] 121 |     script.execute::<()>()?;
[INFO] [stdout]     |                   ++++++
[INFO] [stdout] 
[INFO] [stdout] 
[INFO] [stdout] warning: this function depends on never type fallback being `()`
[INFO] [stdout]   --> src/signatures.rs:49:1
[INFO] [stdout]    |
[INFO] [stdout] 49 | pub fn add_signatures(prefix: &str, signatures: Vec<Signature>) -> Result<(), Box<dyn Error>> {
[INFO] [stdout]    | ^^^^^^^^^^^^^^^^^^^^^^^^^^^^^^^^^^^^^^^^^^^^^^^^^^^^^^^^^^^^^^^^^^^^^^^^^^^^^^^^^^^^^^^^^^^^^
[INFO] [stdout]    |
[INFO] [stdout]    = help: specify the types explicitly
[INFO] [stdout] note: in edition 2024, the requirement `for<'de> !: Deserialize<'de>` will fail
[INFO] [stdout]   --> src/signatures.rs:65:12
[INFO] [stdout]    |
[INFO] [stdout] 65 |     script.execute_with_params(params)?;
[INFO] [stdout]    |            ^^^^^^^^^^^^^^^^^^^
[INFO] [stdout]    = warning: this was previously accepted by the compiler but is being phased out; it will become a hard error in Rust 2024 and in a future release in all editions!
[INFO] [stdout]    = note: for more information, see <https://doc.rust-lang.org/edition-guide/rust-2024/never-type-fallback.html>
[INFO] [stdout]    = note: `#[warn(dependency_on_unit_never_type_fallback)]` (part of `#[warn(rust_2024_compatibility)]`) on by default
[INFO] [stdout] help: use `()` annotations to avoid fallback changes
[INFO] [stdout]    |
[INFO] [stdout] 65 |     script.execute_with_params::<_, ()>(params)?;
[INFO] [stdout]    |                               +++++++++
[INFO] [stdout] 
[INFO] [stdout] 
[INFO] [stdout] warning: this function depends on never type fallback being `()`
[INFO] [stdout]    --> src/signatures.rs:110:1
[INFO] [stdout]     |
[INFO] [stdout] 110 | pub fn add_fixed_signature() -> Result<(), Box<dyn Error>> {
[INFO] [stdout]     | ^^^^^^^^^^^^^^^^^^^^^^^^^^^^^^^^^^^^^^^^^^^^^^^^^^^^^^^^^^
[INFO] [stdout]     |
[INFO] [stdout]     = help: specify the types explicitly
[INFO] [stdout] note: in edition 2024, the requirement `for<'de> !: Deserialize<'de>` will fail
[INFO] [stdout]    --> src/signatures.rs:121:12
[INFO] [stdout]     |
[INFO] [stdout] 121 |     script.execute()?;
[INFO] [stdout]     |            ^^^^^^^
[INFO] [stdout]     = warning: this was previously accepted by the compiler but is being phased out; it will become a hard error in Rust 2024 and in a future release in all editions!
[INFO] [stdout]     = note: for more information, see <https://doc.rust-lang.org/edition-guide/rust-2024/never-type-fallback.html>
[INFO] [stdout] help: use `()` annotations to avoid fallback changes
[INFO] [stdout]     |
[INFO] [stdout] 121 |     script.execute::<()>()?;
[INFO] [stdout]     |                   ++++++
[INFO] [stdout] 
[INFO] [stdout] 
[INFO] [stderr]     Finished `release` profile [optimized] target(s) in 2.44s
[INFO] [stderr] warning: the following packages contain code that will be rejected by a future version of Rust: email_sigs v0.1.0 (/opt/rustwide/workdir)
[INFO] [stderr] note: to see what the problems were, use the option `--future-incompat-report`, or run `cargo report future-incompatibilities --id 2`
[INFO] running `Command { std: "docker" "inspect" "e6c4e4f32c18a898add1a523116f31e58e878ee26088f0bb33d3fce8e081a3bb", kill_on_drop: false }`
[INFO] running `Command { std: "docker" "exec" "-e" "SOURCE_DIR=/opt/rustwide/workdir" "-e" "CARGO_HOME=/opt/rustwide/cargo-home" "-e" "RUSTUP_HOME=/opt/rustwide/rustup-home" "-e" "CARGO_TARGET_DIR=/opt/rustwide/target" "-e" "CARGO_INCREMENTAL=0" "-e" "RUST_BACKTRACE=full" "-e" "RUSTFLAGS=--cap-lints=warn" "-e" "RUSTDOCFLAGS=--cap-lints=warn" "-w" "/opt/rustwide/workdir" "--user" "0:0" "e6c4e4f32c18a898add1a523116f31e58e878ee26088f0bb33d3fce8e081a3bb" "/opt/rustwide/cargo-home/bin/cargo" "+1.99.0-beta.8" "test" "--frozen" "--release", kill_on_drop: false }`
[INFO] [stderr] warning: this function depends on never type fallback being `()`
[INFO] [stderr]   --> src/signatures.rs:49:1
[INFO] [stderr]    |
[INFO] [stderr] 49 | pub fn add_signatures(prefix: &str, signatures: Vec<Signature>) -> Result<(), Box<dyn Error>> {
[INFO] [stderr]    | ^^^^^^^^^^^^^^^^^^^^^^^^^^^^^^^^^^^^^^^^^^^^^^^^^^^^^^^^^^^^^^^^^^^^^^^^^^^^^^^^^^^^^^^^^^^^^
[INFO] [stderr]    |
[INFO] [stderr]    = help: specify the types explicitly
[INFO] [stderr] note: in edition 2024, the requirement `for<'de> !: Deserialize<'de>` will fail
[INFO] [stderr]   --> src/signatures.rs:65:12
[INFO] [stderr]    |
[INFO] [stderr] 65 |     script.execute_with_params(params)?;
[INFO] [stderr]    |            ^^^^^^^^^^^^^^^^^^^
[INFO] [stderr]    = warning: this was previously accepted by the compiler but is being phased out; it will become a hard error in Rust 2024 and in a future release in all editions!
[INFO] [stderr]    = note: for more information, see <https://doc.rust-lang.org/edition-guide/rust-2024/never-type-fallback.html>
[INFO] [stderr]    = note: `#[warn(dependency_on_unit_never_type_fallback)]` (part of `#[warn(rust_2024_compatibility)]`) on by default
[INFO] [stderr] help: use `()` annotations to avoid fallback changes
[INFO] [stderr]    |
[INFO] [stderr] 65 |     script.execute_with_params::<_, ()>(params)?;
[INFO] [stderr]    |                               +++++++++
[INFO] [stderr] 
[INFO] [stderr] warning: this function depends on never type fallback being `()`
[INFO] [stderr]    --> src/signatures.rs:110:1
[INFO] [stderr]     |
[INFO] [stderr] 110 | pub fn add_fixed_signature() -> Result<(), Box<dyn Error>> {
[INFO] [stderr]     | ^^^^^^^^^^^^^^^^^^^^^^^^^^^^^^^^^^^^^^^^^^^^^^^^^^^^^^^^^^
[INFO] [stderr]     |
[INFO] [stderr]     = help: specify the types explicitly
[INFO] [stderr] note: in edition 2024, the requirement `for<'de> !: Deserialize<'de>` will fail
[INFO] [stderr]    --> src/signatures.rs:121:12
[INFO] [stderr]     |
[INFO] [stderr] 121 |     script.execute()?;
[INFO] [stderr]     |            ^^^^^^^
[INFO] [stderr]     = warning: this was previously accepted by the compiler but is being phased out; it will become a hard error in Rust 2024 and in a future release in all editions!
[INFO] [stderr]     = note: for more information, see <https://doc.rust-lang.org/edition-guide/rust-2024/never-type-fallback.html>
[INFO] [stderr] help: use `()` annotations to avoid fallback changes
[INFO] [stderr]     |
[INFO] [stderr] 121 |     script.execute::<()>()?;
[INFO] [stderr]     |                   ++++++
[INFO] [stderr] 
[INFO] [stderr] warning: `email_sigs` (lib) generated 2 warnings (run `cargo fix --lib -p email_sigs` to apply 2 suggestions)
[INFO] [stderr] warning: `email_sigs` (lib test) generated 2 warnings (2 duplicates)
[INFO] [stderr]     Finished `release` profile [optimized] target(s) in 0.05s
[INFO] [stderr] warning: the following packages contain code that will be rejected by a future version of Rust: email_sigs v0.1.0 (/opt/rustwide/workdir)
[INFO] [stderr] note: to see what the problems were, use the option `--future-incompat-report`, or run `cargo report future-incompatibilities --id 2`
[INFO] [stderr]      Running unittests src/lib.rs (/opt/rustwide/target/release/deps/email_sigs-dd7fea6b54d8d6bc)
[INFO] [stdout] 
[INFO] [stdout] running 5 tests
[INFO] [stdout] test quotes_parser::test_guess_file_type_thunderbird ... ok
[INFO] [stdout] test quotes_parser::test_guess_file_type_unidentified ... ok
[INFO] [stdout] test quotes_parser::test_parse_thunderbird_quotes ... FAILED
[INFO] [stdout] test quotes_parser::test_guess_file_type_mail_quotes ... ok
[INFO] [stdout] test quotes_parser::test_parse_mail_quotes ... ok
[INFO] [stdout] 
[INFO] [stdout] failures:
[INFO] [stdout] 
[INFO] [stdout] ---- quotes_parser::test_parse_thunderbird_quotes stdout ----
[INFO] [stdout] 
[INFO] [stdout] thread 'quotes_parser::test_parse_thunderbird_quotes' (790) panicked at src/quotes_parser.rs:114:5:
[INFO] [stdout] assertion `left == right` failed
[INFO] [stdout]   left: Ok([Quote { author: Some("A. N. Other"), text: "Some quote." }, Quote { author: Some("Author Name"), text: "Another quote." }, Quote { author: None, text: "Quote3.-Different Name" }, Quote { author: Some("Some Author"), text: "Multiline quote\nis a quote on many lines" }, Quote { author: None, text: "Some quote without an author" }])
[INFO] [stdout]  right: Ok([Quote { author: Some("A. N. Other"), text: "Some quote." }, Quote { author: Some("Author Name"), text: "Another quote." }, Quote { author: Some("Different Name"), text: "Quote3." }, Quote { author: Some("Some Author"), text: "Multiline quote\nis a quote on many lines" }, Quote { author: None, text: "Some quote without an author" }])
[INFO] [stdout] stack backtrace:
[INFO] [stdout]    0:     0x5738e740fae1 - <<std[70759c8f55707aa4]::sys::backtrace::BacktraceLock>::print::DisplayBacktrace as core[df12db4294e9bfd3]::fmt::Display>::fmt
[INFO] [stdout]    1:     0x5738e7423fca - core[df12db4294e9bfd3]::fmt::write
[INFO] [stdout]    2:     0x5738e741402c - <alloc[2182bb758b4b3781]::vec::Vec<u8> as core[df12db4294e9bfd3]::io::write::Write>::write_fmt
[INFO] [stdout]    3:     0x5738e73ec0d6 - std[70759c8f55707aa4]::panicking::default_hook::{closure#0}
[INFO] [stdout]    4:     0x5738e7408249 - std[70759c8f55707aa4]::panicking::default_hook
[INFO] [stdout]    5:     0x5738e73a3b40 - test[9d35eded1c95d3be]::test_main_inner::<test[9d35eded1c95d3be]::test_main_static::{closure#0}>::{closure#0}
[INFO] [stdout]    6:     0x5738e7408402 - std[70759c8f55707aa4]::panicking::panic_with_hook
[INFO] [stdout]    7:     0x5738e73ec182 - std[70759c8f55707aa4]::panicking::panic_handler::{closure#0}
[INFO] [stdout]    8:     0x5738e73e4ed9 - std[70759c8f55707aa4]::sys::backtrace::__rust_end_short_backtrace::<std[70759c8f55707aa4]::panicking::panic_handler::{closure#0}, !>
[INFO] [stdout]    9:     0x5738e73ecd7d - __rustc[8fa7c3cbc660c2b3]::rust_begin_unwind
[INFO] [stdout]   10:     0x5738e74246fc - core[df12db4294e9bfd3]::panicking::panic_fmt
[INFO] [stdout]   11:     0x5738e7424613 - core[df12db4294e9bfd3]::panicking::assert_failed_inner
[INFO] [stdout]   12:     0x5738e738f10a - core[df12db4294e9bfd3]::panicking::assert_failed::<core[df12db4294e9bfd3]::result::Result<alloc[2182bb758b4b3781]::vec::Vec<email_sigs[308b6847a90a0347]::quotes_parser::Quote>, alloc[2182bb758b4b3781]::vec::Vec<chumsky[89e66dfcbf501f6a]::error::Simple<char>>>, core[df12db4294e9bfd3]::result::Result<alloc[2182bb758b4b3781]::vec::Vec<email_sigs[308b6847a90a0347]::quotes_parser::Quote>, alloc[2182bb758b4b3781]::vec::Vec<chumsky[89e66dfcbf501f6a]::error::Simple<char>>>>
[INFO] [stdout]   13:     0x5738e738de93 - email_sigs[308b6847a90a0347]::quotes_parser::test_parse_thunderbird_quotes
[INFO] [stdout]   14:     0x5738e7390f39 - <email_sigs[308b6847a90a0347]::quotes_parser::test_parse_thunderbird_quotes::{closure#0} as core[df12db4294e9bfd3]::ops::function::FnOnce<()>>::call_once
[INFO] [stdout]   15:     0x5738e7396e2b - test[9d35eded1c95d3be]::__rust_begin_short_backtrace::<core[df12db4294e9bfd3]::result::Result<(), alloc[2182bb758b4b3781]::string::String>, fn() -> core[df12db4294e9bfd3]::result::Result<(), alloc[2182bb758b4b3781]::string::String>>
[INFO] [stdout]   16:     0x5738e73a4495 - test[9d35eded1c95d3be]::run_test::{closure#0}
[INFO] [stdout]   17:     0x5738e739dd54 - std[70759c8f55707aa4]::sys::backtrace::__rust_begin_short_backtrace::<test[9d35eded1c95d3be]::run_test::{closure#1}, ()>
[INFO] [stdout]   18:     0x5738e73a75f2 - <std[70759c8f55707aa4]::thread::lifecycle::spawn_unchecked<test[9d35eded1c95d3be]::run_test::{closure#1}, ()>::{closure#1} as core[df12db4294e9bfd3]::ops::function::FnOnce<()>>::call_once::{shim:vtable#0}
[INFO] [stdout]   19:     0x5738e740f3b9 - <std[70759c8f55707aa4]::sys::thread::unix::Thread>::new::thread_start
[INFO] [stdout]   20:     0x798a2efc2dfa - <unknown>
[INFO] [stdout]   21:     0x798a2f0563d4 - clone
[INFO] [stdout]   22:                0x0 - <unknown>
[INFO] [stdout] 
[INFO] [stdout] 
[INFO] [stdout] failures:
[INFO] [stdout]     quotes_parser::test_parse_thunderbird_quotes
[INFO] [stdout] 
[INFO] [stdout] test result: FAILED. 4 passed; 1 failed; 0 ignored; 0 measured; 0 filtered out; finished in 0.01s
[INFO] [stdout] 
[INFO] [stderr] error: test failed, to rerun pass `--lib`
[INFO] running `Command { std: "docker" "inspect" "e6c4e4f32c18a898add1a523116f31e58e878ee26088f0bb33d3fce8e081a3bb", kill_on_drop: false }`
[INFO] running `Command { std: "docker" "rm" "-f" "e6c4e4f32c18a898add1a523116f31e58e878ee26088f0bb33d3fce8e081a3bb", kill_on_drop: false }`
[INFO] [stdout] e6c4e4f32c18a898add1a523116f31e58e878ee26088f0bb33d3fce8e081a3bb
