[INFO] cloning repository https://github.com/Shnatsel/multiversion-research
[INFO] running `Command { std: "git" "-c" "credential.helper=" "-c" "credential.helper=/workspace/cargo-home/bin/git-credential-null" "clone" "--bare" "https://github.com/Shnatsel/multiversion-research" "/workspace/cache/git-repos/https%3A%2F%2Fgithub.com%2FShnatsel%2Fmultiversion-research", kill_on_drop: false }`
[INFO] [stderr] Cloning into bare repository '/workspace/cache/git-repos/https%3A%2F%2Fgithub.com%2FShnatsel%2Fmultiversion-research'...
[INFO] running `Command { std: "git" "rev-parse" "HEAD", kill_on_drop: false }`
[INFO] [stdout] 304c362e1f680b83e6c23a27ae6acdeb4aa216de
[INFO] testing Shnatsel/multiversion-research against 1.100.0-beta.1+cargoflags=--release for beta-release-1.100-2
[INFO] running `Command { std: "git" "clone" "/workspace/cache/git-repos/https%3A%2F%2Fgithub.com%2FShnatsel%2Fmultiversion-research" "/workspace/builds/worker-5-tc2/source", kill_on_drop: false }`
[INFO] [stderr] Cloning into '/workspace/builds/worker-5-tc2/source'...
[INFO] [stderr] done.
[INFO] started tweaking git repo https://github.com/Shnatsel/multiversion-research
[INFO] finished tweaking git repo https://github.com/Shnatsel/multiversion-research
[INFO] tweaked toml for git repo https://github.com/Shnatsel/multiversion-research written to /workspace/builds/worker-5-tc2/source/Cargo.toml
[INFO] validating manifest of git repo https://github.com/Shnatsel/multiversion-research on toolchain 1.100.0-beta.1
[INFO] running `Command { std: CARGO_HOME="/workspace/cargo-home" RUSTUP_HOME="/workspace/rustup-home" "/workspace/cargo-home/bin/cargo" "+1.100.0-beta.1" "metadata" "--manifest-path" "Cargo.toml" "--no-deps", kill_on_drop: false }`
[INFO] crate git repo https://github.com/Shnatsel/multiversion-research already has a lockfile, it will not be regenerated
[INFO] running `Command { std: CARGO_HOME="/workspace/cargo-home" RUSTUP_HOME="/workspace/rustup-home" "/workspace/cargo-home/bin/cargo" "+1.100.0-beta.1" "fetch" "--manifest-path" "Cargo.toml", kill_on_drop: false }`
[INFO] running `Command { std: "docker" "create" "-v" "/var/lib/crater-agent-workspace/builds/worker-5-tc2/source:/opt/rustwide/workdir:ro,Z" "-v" "/var/lib/crater-agent-workspace/builds/worker-5-tc2/target:/opt/rustwide/target:rw,Z" "-v" "/var/lib/crater-agent-workspace/cargo-home:/opt/rustwide/cargo-home:ro,Z" "-v" "/var/lib/crater-agent-workspace/rustup-home:/opt/rustwide/rustup-home:ro,Z" "-m" "1610612736" "--network" "none" "ghcr.io/rust-lang/crates-build-env/linux@sha256:77db811e55d90add9212f6832c23229e3de5f1c1f9905e8cb07319ea15df73ac" "sleep" "infinity", kill_on_drop: false }`
[INFO] [stdout] bb4d9509d3baf7ae728619b2558e38849a380b3f5f13638c906f7e2300e30334
[INFO] running `Command { std: "docker" "start" "bb4d9509d3baf7ae728619b2558e38849a380b3f5f13638c906f7e2300e30334", kill_on_drop: false }`
[INFO] running `Command { std: "docker" "inspect" "bb4d9509d3baf7ae728619b2558e38849a380b3f5f13638c906f7e2300e30334", kill_on_drop: false }`
[INFO] running `Command { std: "docker" "exec" "-e" "SOURCE_DIR=/opt/rustwide/workdir" "-e" "CARGO_HOME=/opt/rustwide/cargo-home" "-e" "RUSTUP_HOME=/opt/rustwide/rustup-home" "-e" "CARGO_TARGET_DIR=/opt/rustwide/target" "-w" "/opt/rustwide/workdir" "--user" "0:0" "bb4d9509d3baf7ae728619b2558e38849a380b3f5f13638c906f7e2300e30334" "/opt/rustwide/cargo-home/bin/cargo" "+1.100.0-beta.1" "metadata" "--no-deps" "--format-version=1", kill_on_drop: false }`
[INFO] running `Command { std: "docker" "inspect" "bb4d9509d3baf7ae728619b2558e38849a380b3f5f13638c906f7e2300e30334", kill_on_drop: false }`
[INFO] running `Command { std: "docker" "exec" "-e" "SOURCE_DIR=/opt/rustwide/workdir" "-e" "CARGO_HOME=/opt/rustwide/cargo-home" "-e" "RUSTUP_HOME=/opt/rustwide/rustup-home" "-e" "CARGO_TARGET_DIR=/opt/rustwide/target" "-e" "CARGO_INCREMENTAL=0" "-e" "RUST_BACKTRACE=full" "-e" "RUSTFLAGS=--cap-lints=warn" "-e" "RUSTDOCFLAGS=--cap-lints=warn" "-w" "/opt/rustwide/workdir" "--user" "0:0" "bb4d9509d3baf7ae728619b2558e38849a380b3f5f13638c906f7e2300e30334" "/opt/rustwide/cargo-home/bin/cargo" "+1.100.0-beta.1" "build" "--frozen" "--message-format=json" "--release", kill_on_drop: false }`
[INFO] [stderr]    Compiling proc-macro2 v1.0.107
[INFO] [stderr]    Compiling quote v1.0.47
[INFO] [stderr]    Compiling unicode-ident v1.0.24
[INFO] [stderr]    Compiling simd-research-runtime v0.0.0 (/opt/rustwide/workdir/runtime)
[INFO] [stderr]    Compiling syn v2.0.119
[INFO] [stderr]    Compiling simd-research-macros v0.0.0 (/opt/rustwide/workdir/macros)
[INFO] [stderr]    Compiling simd-research-kernels v0.0.0 (/opt/rustwide/workdir/kernels)
[INFO] [stderr]    Compiling simd-research-demo v0.0.0 (/opt/rustwide/workdir/demo)
[INFO] [stderr]     Finished `release` profile [optimized] target(s) in 10.89s
[INFO] running `Command { std: "docker" "inspect" "bb4d9509d3baf7ae728619b2558e38849a380b3f5f13638c906f7e2300e30334", kill_on_drop: false }`
[INFO] running `Command { std: "docker" "exec" "-e" "SOURCE_DIR=/opt/rustwide/workdir" "-e" "CARGO_HOME=/opt/rustwide/cargo-home" "-e" "RUSTUP_HOME=/opt/rustwide/rustup-home" "-e" "CARGO_TARGET_DIR=/opt/rustwide/target" "-e" "CARGO_INCREMENTAL=0" "-e" "RUST_BACKTRACE=full" "-e" "RUSTFLAGS=--cap-lints=warn" "-e" "RUSTDOCFLAGS=--cap-lints=warn" "-w" "/opt/rustwide/workdir" "--user" "0:0" "bb4d9509d3baf7ae728619b2558e38849a380b3f5f13638c906f7e2300e30334" "/opt/rustwide/cargo-home/bin/cargo" "+1.100.0-beta.1" "test" "--frozen" "--no-run" "--message-format=json" "--release", kill_on_drop: false }`
[INFO] [stderr]    Compiling simd-research-runtime v0.0.0 (/opt/rustwide/workdir/runtime)
[INFO] [stderr]    Compiling simd-research-macros v0.0.0 (/opt/rustwide/workdir/macros)
[INFO] [stderr]    Compiling simd-research-kernels v0.0.0 (/opt/rustwide/workdir/kernels)
[INFO] [stderr]    Compiling simd-research-demo v0.0.0 (/opt/rustwide/workdir/demo)
[INFO] [stderr]     Finished `release` profile [optimized] target(s) in 1.88s
[INFO] running `Command { std: "docker" "inspect" "bb4d9509d3baf7ae728619b2558e38849a380b3f5f13638c906f7e2300e30334", kill_on_drop: false }`
[INFO] running `Command { std: "docker" "exec" "-e" "SOURCE_DIR=/opt/rustwide/workdir" "-e" "CARGO_HOME=/opt/rustwide/cargo-home" "-e" "RUSTUP_HOME=/opt/rustwide/rustup-home" "-e" "CARGO_TARGET_DIR=/opt/rustwide/target" "-e" "CARGO_INCREMENTAL=0" "-e" "RUST_BACKTRACE=full" "-e" "RUSTFLAGS=--cap-lints=warn" "-e" "RUSTDOCFLAGS=--cap-lints=warn" "-w" "/opt/rustwide/workdir" "--user" "0:0" "bb4d9509d3baf7ae728619b2558e38849a380b3f5f13638c906f7e2300e30334" "/opt/rustwide/cargo-home/bin/cargo" "+1.100.0-beta.1" "test" "--frozen" "--release", kill_on_drop: false }`
[INFO] [stdout] 
[INFO] [stderr]     Finished `release` profile [optimized] target(s) in 0.05s
[INFO] [stdout] running 4 tests
[INFO] [stderr]      Running unittests src/lib.rs (/opt/rustwide/target/release/build/simd-research-demo/e0b08067ec807608/out/simd_research_demo-e0b08067ec807608)
[INFO] [stdout] test tests::cross_crate_alias_and_ordinary_fallback ... ok
[INFO] [stdout] test tests::non_inlined_helper ... ok
[INFO] [stdout] test tests::recursion_locals_and_borrows ... ok
[INFO] [stderr]      Running tests/safety.rs (/opt/rustwide/target/release/build/simd-research-demo/b84af296152a3a91/out/safety-b84af296152a3a91)
[INFO] [stdout] test tests::empty_and_short_slices ... ok
[INFO] [stdout] 
[INFO] [stdout] test result: ok. 4 passed; 0 failed; 0 ignored; 0 measured; 0 filtered out; finished in 0.01s
[INFO] [stdout] 
[INFO] [stdout] 
[INFO] [stdout] running 5 tests
[INFO] [stdout] test lint_overrides_cannot_grant_unsafe_permission ... FAILED
[INFO] [stdout] test accidental_companion_modules_cannot_grant_unsafe_permission ... FAILED
[INFO] [stdout] test explicit_user_unsafe_blocks_remain_available ... FAILED
[INFO] [stdout] test original_function_bodies_remain_subject_to_safe_rust_rules ... FAILED
[INFO] [stdout] test rewriting_does_not_allow_unsafe_argument_expressions ... FAILED
[INFO] [stdout] 
[INFO] [stdout] failures:
[INFO] [stdout] 
[INFO] [stdout] ---- lint_overrides_cannot_grant_unsafe_permission stdout ----
[INFO] [stdout] 
[INFO] [stdout] thread 'lint_overrides_cannot_grant_unsafe_permission' (384) panicked at demo/tests/safety.rs:69:9:
[INFO] [stdout] no compatible compiled macro/runtime pair found: 
[INFO] [stdout] stack backtrace:
[INFO] [stdout]    0:     0x644b4e621ef1 - <<std[617be2ca0a6fd877]::sys::backtrace::BacktraceLock>::print::DisplayBacktrace as core[a373ad73a504971]::fmt::Display>::fmt
[INFO] [stdout]    1:     0x644b4e6360da - core[a373ad73a504971]::fmt::write
[INFO] [stdout]    2:     0x644b4e6263fc - <alloc[2e1b2a31b91974c5]::vec::Vec<u8> as core[a373ad73a504971]::io::write::Write>::write_fmt
[INFO] [stdout]    3:     0x644b4e5fca16 - std[617be2ca0a6fd877]::panicking::default_hook::{closure#0}
[INFO] [stdout]    4:     0x644b4e619ab9 - std[617be2ca0a6fd877]::panicking::default_hook
[INFO] [stdout]    5:     0x644b4e5b5060 - test[aada8e7e76ba119b]::test_main_inner::{closure#0}
[INFO] [stdout]    6:     0x644b4e619c72 - std[617be2ca0a6fd877]::panicking::panic_with_hook
[INFO] [stdout]    7:     0x644b4e5fcac2 - std[617be2ca0a6fd877]::panicking::panic_handler::{closure#0}
[INFO] [stdout]    8:     0x644b4e5f5619 - std[617be2ca0a6fd877]::sys::backtrace::__rust_end_short_backtrace::<std[617be2ca0a6fd877]::panicking::panic_handler::{closure#0}, !>
[INFO] [stdout]    9:     0x644b4e5fd6cd - __rustc[ea4f61d10b84890b]::rust_begin_unwind
[INFO] [stdout]   10:     0x644b4e63680c - core[a373ad73a504971]::panicking::panic_fmt
[INFO] [stdout]   11:     0x644b4e5a5d04 - <std[617be2ca0a6fd877]::sync::once::Once>::call_once_force::<<std[617be2ca0a6fd877]::sync::once_lock::OnceLock<safety[81fbc93dd73fbe4e]::Artifacts>>::initialize<<std[617be2ca0a6fd877]::sync::once_lock::OnceLock<safety[81fbc93dd73fbe4e]::Artifacts>>::get_or_init<safety[81fbc93dd73fbe4e]::artifacts::{closure#0}>::{closure#0}, !>::{closure#0}>::{closure#0}
[INFO] [stdout]   12:     0x644b4e6025f9 - <std[617be2ca0a6fd877]::sys::sync::once::futex::Once>::call
[INFO] [stdout]   13:     0x644b4e5a1f16 - <std[617be2ca0a6fd877]::sync::once_lock::OnceLock<safety[81fbc93dd73fbe4e]::Artifacts>>::initialize::<<std[617be2ca0a6fd877]::sync::once_lock::OnceLock<safety[81fbc93dd73fbe4e]::Artifacts>>::get_or_init<safety[81fbc93dd73fbe4e]::artifacts::{closure#0}>::{closure#0}, !>
[INFO] [stdout]   14:     0x644b4e5a7e5a - <safety[81fbc93dd73fbe4e]::lint_overrides_cannot_grant_unsafe_permission::{closure#0} as core[a373ad73a504971]::ops::function::FnOnce<()>>::call_once
[INFO] [stdout]   15:     0x644b4e5a84ab - test[aada8e7e76ba119b]::__rust_begin_short_backtrace::<core[a373ad73a504971]::result::Result<(), alloc[2e1b2a31b91974c5]::string::String>, fn() -> core[a373ad73a504971]::result::Result<(), alloc[2e1b2a31b91974c5]::string::String>>
[INFO] [stdout]   16:     0x644b4e5b5685 - test[aada8e7e76ba119b]::run_test::{closure#0}
[INFO] [stdout]   17:     0x644b4e5aef74 - std[617be2ca0a6fd877]::sys::backtrace::__rust_begin_short_backtrace::<test[aada8e7e76ba119b]::run_test::{closure#1}, ()>
[INFO] [stdout]   18:     0x644b4e5b8712 - <std[617be2ca0a6fd877]::thread::lifecycle::spawn_unchecked<test[aada8e7e76ba119b]::run_test::{closure#1}, ()>::{closure#1} as core[a373ad73a504971]::ops::function::FnOnce<()>>::call_once::{shim:vtable#0}
[INFO] [stdout]   19:     0x644b4e62156f - <std[617be2ca0a6fd877]::sys::thread::unix::Thread>::new::thread_start
[INFO] [stdout]   20:     0x760644a82dfa - <unknown>
[INFO] [stdout]   21:     0x760644b163d4 - clone
[INFO] [stdout]   22:                0x0 - <unknown>
[INFO] [stdout] 
[INFO] [stdout] ---- accidental_companion_modules_cannot_grant_unsafe_permission stdout ----
[INFO] [stdout] 
[INFO] [stdout] thread 'accidental_companion_modules_cannot_grant_unsafe_permission' (382) panicked at demo/tests/safety.rs:69:9:
[INFO] [stdout] no compatible compiled macro/runtime pair found: 
[INFO] [stdout] stack backtrace:
[INFO] [stdout]    0:     0x644b4e621ef1 - <<std[617be2ca0a6fd877]::sys::backtrace::BacktraceLock>::print::DisplayBacktrace as core[a373ad73a504971]::fmt::Display>::fmt
[INFO] [stdout]    1:     0x644b4e6360da - core[a373ad73a504971]::fmt::write
[INFO] [stdout]    2:     0x644b4e6263fc - <alloc[2e1b2a31b91974c5]::vec::Vec<u8> as core[a373ad73a504971]::io::write::Write>::write_fmt
[INFO] [stdout]    3:     0x644b4e5fca16 - std[617be2ca0a6fd877]::panicking::default_hook::{closure#0}
[INFO] [stdout]    4:     0x644b4e619ab9 - std[617be2ca0a6fd877]::panicking::default_hook
[INFO] [stdout]    5:     0x644b4e5b5060 - test[aada8e7e76ba119b]::test_main_inner::{closure#0}
[INFO] [stdout]    6:     0x644b4e619c72 - std[617be2ca0a6fd877]::panicking::panic_with_hook
[INFO] [stdout]    7:     0x644b4e5fcac2 - std[617be2ca0a6fd877]::panicking::panic_handler::{closure#0}
[INFO] [stdout]    8:     0x644b4e5f5619 - std[617be2ca0a6fd877]::sys::backtrace::__rust_end_short_backtrace::<std[617be2ca0a6fd877]::panicking::panic_handler::{closure#0}, !>
[INFO] [stdout]    9:     0x644b4e5fd6cd - __rustc[ea4f61d10b84890b]::rust_begin_unwind
[INFO] [stdout]   10:     0x644b4e63680c - core[a373ad73a504971]::panicking::panic_fmt
[INFO] [stdout]   11:     0x644b4e5a5d04 - <std[617be2ca0a6fd877]::sync::once::Once>::call_once_force::<<std[617be2ca0a6fd877]::sync::once_lock::OnceLock<safety[81fbc93dd73fbe4e]::Artifacts>>::initialize<<std[617be2ca0a6fd877]::sync::once_lock::OnceLock<safety[81fbc93dd73fbe4e]::Artifacts>>::get_or_init<safety[81fbc93dd73fbe4e]::artifacts::{closure#0}>::{closure#0}, !>::{closure#0}>::{closure#0}
[INFO] [stdout]   12:     0x644b4e6025f9 - <std[617be2ca0a6fd877]::sys::sync::once::futex::Once>::call
[INFO] [stdout]   13:     0x644b4e5a1f16 - <std[617be2ca0a6fd877]::sync::once_lock::OnceLock<safety[81fbc93dd73fbe4e]::Artifacts>>::initialize::<<std[617be2ca0a6fd877]::sync::once_lock::OnceLock<safety[81fbc93dd73fbe4e]::Artifacts>>::get_or_init<safety[81fbc93dd73fbe4e]::artifacts::{closure#0}>::{closure#0}, !>
[INFO] [stdout]   14:     0x644b4e5a83a8 - <safety[81fbc93dd73fbe4e]::accidental_companion_modules_cannot_grant_unsafe_permission::{closure#0} as core[a373ad73a504971]::ops::function::FnOnce<()>>::call_once
[INFO] [stdout]   15:     0x644b4e5a84ab - test[aada8e7e76ba119b]::__rust_begin_short_backtrace::<core[a373ad73a504971]::result::Result<(), alloc[2e1b2a31b91974c5]::string::String>, fn() -> core[a373ad73a504971]::result::Result<(), alloc[2e1b2a31b91974c5]::string::String>>
[INFO] [stdout]   16:     0x644b4e5b5685 - test[aada8e7e76ba119b]::run_test::{closure#0}
[INFO] [stdout]   17:     0x644b4e5aef74 - std[617be2ca0a6fd877]::sys::backtrace::__rust_begin_short_backtrace::<test[aada8e7e76ba119b]::run_test::{closure#1}, ()>
[INFO] [stdout]   18:     0x644b4e5b8712 - <std[617be2ca0a6fd877]::thread::lifecycle::spawn_unchecked<test[aada8e7e76ba119b]::run_test::{closure#1}, ()>::{closure#1} as core[a373ad73a504971]::ops::function::FnOnce<()>>::call_once::{shim:vtable#0}
[INFO] [stdout]   19:     0x644b4e62156f - <std[617be2ca0a6fd877]::sys::thread::unix::Thread>::new::thread_start
[INFO] [stdout]   20:     0x760644a82dfa - <unknown>
[INFO] [stdout]   21:     0x760644b163d4 - clone
[INFO] [stdout]   22:                0x0 - <unknown>
[INFO] [stdout] 
[INFO] [stdout] ---- explicit_user_unsafe_blocks_remain_available stdout ----
[INFO] [stdout] 
[INFO] [stdout] thread 'explicit_user_unsafe_blocks_remain_available' (383) panicked at demo/tests/safety.rs:69:9:
[INFO] [stdout] no compatible compiled macro/runtime pair found: 
[INFO] [stdout] stack backtrace:
[INFO] [stdout]    0:     0x644b4e621ef1 - <<std[617be2ca0a6fd877]::sys::backtrace::BacktraceLock>::print::DisplayBacktrace as core[a373ad73a504971]::fmt::Display>::fmt
[INFO] [stdout]    1:     0x644b4e6360da - core[a373ad73a504971]::fmt::write
[INFO] [stdout]    2:     0x644b4e6263fc - <alloc[2e1b2a31b91974c5]::vec::Vec<u8> as core[a373ad73a504971]::io::write::Write>::write_fmt
[INFO] [stdout]    3:     0x644b4e5fca16 - std[617be2ca0a6fd877]::panicking::default_hook::{closure#0}
[INFO] [stdout]    4:     0x644b4e619ab9 - std[617be2ca0a6fd877]::panicking::default_hook
[INFO] [stdout]    5:     0x644b4e5b5060 - test[aada8e7e76ba119b]::test_main_inner::{closure#0}
[INFO] [stdout]    6:     0x644b4e619c72 - std[617be2ca0a6fd877]::panicking::panic_with_hook
[INFO] [stdout]    7:     0x644b4e5fcac2 - std[617be2ca0a6fd877]::panicking::panic_handler::{closure#0}
[INFO] [stdout]    8:     0x644b4e5f5619 - std[617be2ca0a6fd877]::sys::backtrace::__rust_end_short_backtrace::<std[617be2ca0a6fd877]::panicking::panic_handler::{closure#0}, !>
[INFO] [stdout]    9:     0x644b4e5fd6cd - __rustc[ea4f61d10b84890b]::rust_begin_unwind
[INFO] [stdout]   10:     0x644b4e63680c - core[a373ad73a504971]::panicking::panic_fmt
[INFO] [stdout]   11:     0x644b4e5a5d04 - <std[617be2ca0a6fd877]::sync::once::Once>::call_once_force::<<std[617be2ca0a6fd877]::sync::once_lock::OnceLock<safety[81fbc93dd73fbe4e]::Artifacts>>::initialize<<std[617be2ca0a6fd877]::sync::once_lock::OnceLock<safety[81fbc93dd73fbe4e]::Artifacts>>::get_or_init<safety[81fbc93dd73fbe4e]::artifacts::{closure#0}>::{closure#0}, !>::{closure#0}>::{closure#0}
[INFO] [stdout]   12:     0x644b4e6025f9 - <std[617be2ca0a6fd877]::sys::sync::once::futex::Once>::call
[INFO] [stdout]   13:     0x644b4e5a1f16 - <std[617be2ca0a6fd877]::sync::once_lock::OnceLock<safety[81fbc93dd73fbe4e]::Artifacts>>::initialize::<<std[617be2ca0a6fd877]::sync::once_lock::OnceLock<safety[81fbc93dd73fbe4e]::Artifacts>>::get_or_init<safety[81fbc93dd73fbe4e]::artifacts::{closure#0}>::{closure#0}, !>
[INFO] [stdout]   14:     0x644b4e5a7cac - <safety[81fbc93dd73fbe4e]::explicit_user_unsafe_blocks_remain_available::{closure#0} as core[a373ad73a504971]::ops::function::FnOnce<()>>::call_once
[INFO] [stdout]   15:     0x644b4e5a84ab - test[aada8e7e76ba119b]::__rust_begin_short_backtrace::<core[a373ad73a504971]::result::Result<(), alloc[2e1b2a31b91974c5]::string::String>, fn() -> core[a373ad73a504971]::result::Result<(), alloc[2e1b2a31b91974c5]::string::String>>
[INFO] [stdout]   16:     0x644b4e5b5685 - test[aada8e7e76ba119b]::run_test::{closure#0}
[INFO] [stdout]   17:     0x644b4e5aef74 - std[617be2ca0a6fd877]::sys::backtrace::__rust_begin_short_backtrace::<test[aada8e7e76ba119b]::run_test::{closure#1}, ()>
[INFO] [stdout]   18:     0x644b4e5b8712 - <std[617be2ca0a6fd877]::thread::lifecycle::spawn_unchecked<test[aada8e7e76ba119b]::run_test::{closure#1}, ()>::{closure#1} as core[a373ad73a504971]::ops::function::FnOnce<()>>::call_once::{shim:vtable#0}
[INFO] [stdout]   19:     0x644b4e62156f - <std[617be2ca0a6fd877]::sys::thread::unix::Thread>::new::thread_start
[INFO] [stdout]   20:     0x760644a82dfa - <unknown>
[INFO] [stdout]   21:     0x760644b163d4 - clone
[INFO] [stdout]   22:                0x0 - <unknown>
[INFO] [stdout] 
[INFO] [stdout] ---- original_function_bodies_remain_subject_to_safe_rust_rules stdout ----
[INFO] [stdout] 
[INFO] [stdout] thread 'original_function_bodies_remain_subject_to_safe_rust_rules' (385) panicked at demo/tests/safety.rs:69:9:
[INFO] [stdout] no compatible compiled macro/runtime pair found: 
[INFO] [stdout] stack backtrace:
[INFO] [stdout]    0:     0x644b4e621ef1 - <<std[617be2ca0a6fd877]::sys::backtrace::BacktraceLock>::print::DisplayBacktrace as core[a373ad73a504971]::fmt::Display>::fmt
[INFO] [stdout]    1:     0x644b4e6360da - core[a373ad73a504971]::fmt::write
[INFO] [stdout]    2:     0x644b4e6263fc - <alloc[2e1b2a31b91974c5]::vec::Vec<u8> as core[a373ad73a504971]::io::write::Write>::write_fmt
[INFO] [stdout]    3:     0x644b4e5fca16 - std[617be2ca0a6fd877]::panicking::default_hook::{closure#0}
[INFO] [stdout]    4:     0x644b4e619ab9 - std[617be2ca0a6fd877]::panicking::default_hook
[INFO] [stdout]    5:     0x644b4e5b5060 - test[aada8e7e76ba119b]::test_main_inner::{closure#0}
[INFO] [stdout]    6:     0x644b4e619c72 - std[617be2ca0a6fd877]::panicking::panic_with_hook
[INFO] [stdout]    7:     0x644b4e5fcac2 - std[617be2ca0a6fd877]::panicking::panic_handler::{closure#0}
[INFO] [stdout]    8:     0x644b4e5f5619 - std[617be2ca0a6fd877]::sys::backtrace::__rust_end_short_backtrace::<std[617be2ca0a6fd877]::panicking::panic_handler::{closure#0}, !>
[INFO] [stdout]    9:     0x644b4e5fd6cd - __rustc[ea4f61d10b84890b]::rust_begin_unwind
[INFO] [stdout]   10:     0x644b4e63680c - core[a373ad73a504971]::panicking::panic_fmt
[INFO] [stdout]   11:     0x644b4e5a5d04 - <std[617be2ca0a6fd877]::sync::once::Once>::call_once_force::<<std[617be2ca0a6fd877]::sync::once_lock::OnceLock<safety[81fbc93dd73fbe4e]::Artifacts>>::initialize<<std[617be2ca0a6fd877]::sync::once_lock::OnceLock<safety[81fbc93dd73fbe4e]::Artifacts>>::get_or_init<safety[81fbc93dd73fbe4e]::artifacts::{closure#0}>::{closure#0}, !>::{closure#0}>::{closure#0}
[INFO] [stdout]   12:     0x644b4e6025f9 - <std[617be2ca0a6fd877]::sys::sync::once::futex::Once>::call
[INFO] [stdout]   13:     0x644b4e5a1f16 - <std[617be2ca0a6fd877]::sync::once_lock::OnceLock<safety[81fbc93dd73fbe4e]::Artifacts>>::initialize::<<std[617be2ca0a6fd877]::sync::once_lock::OnceLock<safety[81fbc93dd73fbe4e]::Artifacts>>::get_or_init<safety[81fbc93dd73fbe4e]::artifacts::{closure#0}>::{closure#0}, !>
[INFO] [stdout]   14:     0x644b4e5a81ba - <safety[81fbc93dd73fbe4e]::original_function_bodies_remain_subject_to_safe_rust_rules::{closure#0} as core[a373ad73a504971]::ops::function::FnOnce<()>>::call_once
[INFO] [stdout]   15:     0x644b4e5a84ab - test[aada8e7e76ba119b]::__rust_begin_short_backtrace::<core[a373ad73a504971]::result::Result<(), alloc[2e1b2a31b91974c5]::string::String>, fn() -> core[a373ad73a504971]::result::Result<(), alloc[2e1b2a31b91974c5]::string::String>>
[INFO] [stdout]   16:     0x644b4e5b5685 - test[aada8e7e76ba119b]::run_test::{closure#0}
[INFO] [stdout]   17:     0x644b4e5aef74 - std[617be2ca0a6fd877]::sys::backtrace::__rust_begin_short_backtrace::<test[aada8e7e76ba119b]::run_test::{closure#1}, ()>
[INFO] [stdout]   18:     0x644b4e5b8712 - <std[617be2ca0a6fd877]::thread::lifecycle::spawn_unchecked<test[aada8e7e76ba119b]::run_test::{closure#1}, ()>::{closure#1} as core[a373ad73a504971]::ops::function::FnOnce<()>>::call_once::{shim:vtable#0}
[INFO] [stdout]   19:     0x644b4e62156f - <std[617be2ca0a6fd877]::sys::thread::unix::Thread>::new::thread_start
[INFO] [stdout]   20:     0x760644a82dfa - <unknown>
[INFO] [stdout]   21:     0x760644b163d4 - clone
[INFO] [stdout]   22:                0x0 - <unknown>
[INFO] [stdout] 
[INFO] [stdout] ---- rewriting_does_not_allow_unsafe_argument_expressions stdout ----
[INFO] [stdout] 
[INFO] [stdout] thread 'rewriting_does_not_allow_unsafe_argument_expressions' (386) panicked at demo/tests/safety.rs:69:9:
[INFO] [stdout] no compatible compiled macro/runtime pair found: 
[INFO] [stdout] stack backtrace:
[INFO] [stdout]    0:     0x644b4e621ef1 - <<std[617be2ca0a6fd877]::sys::backtrace::BacktraceLock>::print::DisplayBacktrace as core[a373ad73a504971]::fmt::Display>::fmt
[INFO] [stdout]    1:     0x644b4e6360da - core[a373ad73a504971]::fmt::write
[INFO] [stdout]    2:     0x644b4e6263fc - <alloc[2e1b2a31b91974c5]::vec::Vec<u8> as core[a373ad73a504971]::io::write::Write>::write_fmt
[INFO] [stdout]    3:     0x644b4e5fca16 - std[617be2ca0a6fd877]::panicking::default_hook::{closure#0}
[INFO] [stdout]    4:     0x644b4e619ab9 - std[617be2ca0a6fd877]::panicking::default_hook
[INFO] [stdout]    5:     0x644b4e5b5060 - test[aada8e7e76ba119b]::test_main_inner::{closure#0}
[INFO] [stdout]    6:     0x644b4e619c72 - std[617be2ca0a6fd877]::panicking::panic_with_hook
[INFO] [stdout]    7:     0x644b4e5fcac2 - std[617be2ca0a6fd877]::panicking::panic_handler::{closure#0}
[INFO] [stdout]    8:     0x644b4e5f5619 - std[617be2ca0a6fd877]::sys::backtrace::__rust_end_short_backtrace::<std[617be2ca0a6fd877]::panicking::panic_handler::{closure#0}, !>
[INFO] [stdout]    9:     0x644b4e5fd6cd - __rustc[ea4f61d10b84890b]::rust_begin_unwind
[INFO] [stdout]   10:     0x644b4e63680c - core[a373ad73a504971]::panicking::panic_fmt
[INFO] [stdout]   11:     0x644b4e5a5d04 - <std[617be2ca0a6fd877]::sync::once::Once>::call_once_force::<<std[617be2ca0a6fd877]::sync::once_lock::OnceLock<safety[81fbc93dd73fbe4e]::Artifacts>>::initialize<<std[617be2ca0a6fd877]::sync::once_lock::OnceLock<safety[81fbc93dd73fbe4e]::Artifacts>>::get_or_init<safety[81fbc93dd73fbe4e]::artifacts::{closure#0}>::{closure#0}, !>::{closure#0}>::{closure#0}
[INFO] [stdout]   12:     0x644b4e6025f9 - <std[617be2ca0a6fd877]::sys::sync::once::futex::Once>::call
[INFO] [stdout]   13:     0x644b4e5a1f16 - <std[617be2ca0a6fd877]::sync::once_lock::OnceLock<safety[81fbc93dd73fbe4e]::Artifacts>>::initialize::<<std[617be2ca0a6fd877]::sync::once_lock::OnceLock<safety[81fbc93dd73fbe4e]::Artifacts>>::get_or_init<safety[81fbc93dd73fbe4e]::artifacts::{closure#0}>::{closure#0}, !>
[INFO] [stdout]   14:     0x644b4e5a800a - <safety[81fbc93dd73fbe4e]::rewriting_does_not_allow_unsafe_argument_expressions::{closure#0} as core[a373ad73a504971]::ops::function::FnOnce<()>>::call_once
[INFO] [stdout]   15:     0x644b4e5a84ab - test[aada8e7e76ba119b]::__rust_begin_short_backtrace::<core[a373ad73a504971]::result::Result<(), alloc[2e1b2a31b91974c5]::string::String>, fn() -> core[a373ad73a504971]::result::Result<(), alloc[2e1b2a31b91974c5]::string::String>>
[INFO] [stdout]   16:     0x644b4e5b5685 - test[aada8e7e76ba119b]::run_test::{closure#0}
[INFO] [stdout]   17:     0x644b4e5aef74 - std[617be2ca0a6fd877]::sys::backtrace::__rust_begin_short_backtrace::<test[aada8e7e76ba119b]::run_test::{closure#1}, ()>
[INFO] [stdout]   18:     0x644b4e5b8712 - <std[617be2ca0a6fd877]::thread::lifecycle::spawn_unchecked<test[aada8e7e76ba119b]::run_test::{closure#1}, ()>::{closure#1} as core[a373ad73a504971]::ops::function::FnOnce<()>>::call_once::{shim:vtable#0}
[INFO] [stdout]   19:     0x644b4e62156f - <std[617be2ca0a6fd877]::sys::thread::unix::Thread>::new::thread_start
[INFO] [stdout]   20:     0x760644a82dfa - <unknown>
[INFO] [stdout]   21:     0x760644b163d4 - clone
[INFO] [stdout]   22:                0x0 - <unknown>
[INFO] [stdout] 
[INFO] [stdout] 
[INFO] [stdout] failures:
[INFO] [stdout]     accidental_companion_modules_cannot_grant_unsafe_permission
[INFO] [stdout]     explicit_user_unsafe_blocks_remain_available
[INFO] [stdout]     lint_overrides_cannot_grant_unsafe_permission
[INFO] [stdout]     original_function_bodies_remain_subject_to_safe_rust_rules
[INFO] [stdout]     rewriting_does_not_allow_unsafe_argument_expressions
[INFO] [stdout] 
[INFO] [stdout] test result: FAILED. 0 passed; 5 failed; 0 ignored; 0 measured; 0 filtered out; finished in 0.01s
[INFO] [stdout] 
[INFO] [stderr] error: test failed, to rerun pass `-p simd-research-demo --test safety`
[INFO] running `Command { std: "docker" "inspect" "bb4d9509d3baf7ae728619b2558e38849a380b3f5f13638c906f7e2300e30334", kill_on_drop: false }`
[INFO] running `Command { std: "docker" "rm" "-f" "bb4d9509d3baf7ae728619b2558e38849a380b3f5f13638c906f7e2300e30334", kill_on_drop: false }`
[INFO] [stdout] bb4d9509d3baf7ae728619b2558e38849a380b3f5f13638c906f7e2300e30334
