[INFO] cloning repository https://github.com/Scharxi/packet_builder
[INFO] running `Command { std: "git" "-c" "credential.helper=" "-c" "credential.helper=/workspace/cargo-home/bin/git-credential-null" "clone" "--bare" "https://github.com/Scharxi/packet_builder" "/workspace/cache/git-repos/https%3A%2F%2Fgithub.com%2FScharxi%2Fpacket_builder", kill_on_drop: false }`
[INFO] [stderr] Cloning into bare repository '/workspace/cache/git-repos/https%3A%2F%2Fgithub.com%2FScharxi%2Fpacket_builder'...
[INFO] running `Command { std: "git" "rev-parse" "HEAD", kill_on_drop: false }`
[INFO] [stdout] 733b34736006925077585f06483809af81a0ad2d
[INFO] testing Scharxi/packet_builder against 1.100.0-beta.1+cargoflags=--release for beta-release-1.100-2
[INFO] running `Command { std: "git" "clone" "/workspace/cache/git-repos/https%3A%2F%2Fgithub.com%2FScharxi%2Fpacket_builder" "/workspace/builds/worker-4-tc2/source", kill_on_drop: false }`
[INFO] [stderr] Cloning into '/workspace/builds/worker-4-tc2/source'...
[INFO] [stderr] done.
[INFO] started tweaking git repo https://github.com/Scharxi/packet_builder
[INFO] finished tweaking git repo https://github.com/Scharxi/packet_builder
[INFO] tweaked toml for git repo https://github.com/Scharxi/packet_builder written to /workspace/builds/worker-4-tc2/source/Cargo.toml
[INFO] validating manifest of git repo https://github.com/Scharxi/packet_builder on toolchain 1.100.0-beta.1
[INFO] running `Command { std: CARGO_HOME="/workspace/cargo-home" RUSTUP_HOME="/workspace/rustup-home" "/workspace/cargo-home/bin/cargo" "+1.100.0-beta.1" "metadata" "--manifest-path" "Cargo.toml" "--no-deps", kill_on_drop: false }`
[INFO] crate git repo https://github.com/Scharxi/packet_builder already has a lockfile, it will not be regenerated
[INFO] running `Command { std: CARGO_HOME="/workspace/cargo-home" RUSTUP_HOME="/workspace/rustup-home" "/workspace/cargo-home/bin/cargo" "+1.100.0-beta.1" "fetch" "--manifest-path" "Cargo.toml", kill_on_drop: false }`
[INFO] running `Command { std: "docker" "create" "-v" "/var/lib/crater-agent-workspace/builds/worker-4-tc2/source:/opt/rustwide/workdir:ro,Z" "-v" "/var/lib/crater-agent-workspace/builds/worker-4-tc2/target:/opt/rustwide/target:rw,Z" "-v" "/var/lib/crater-agent-workspace/cargo-home:/opt/rustwide/cargo-home:ro,Z" "-v" "/var/lib/crater-agent-workspace/rustup-home:/opt/rustwide/rustup-home:ro,Z" "-m" "1610612736" "--network" "none" "ghcr.io/rust-lang/crates-build-env/linux@sha256:77db811e55d90add9212f6832c23229e3de5f1c1f9905e8cb07319ea15df73ac" "sleep" "infinity", kill_on_drop: false }`
[INFO] [stdout] e16cf6d42054b648a59fb269e01904d85d2aaf45764e8ba705318a837a3fe516
[INFO] running `Command { std: "docker" "start" "e16cf6d42054b648a59fb269e01904d85d2aaf45764e8ba705318a837a3fe516", kill_on_drop: false }`
[INFO] running `Command { std: "docker" "inspect" "e16cf6d42054b648a59fb269e01904d85d2aaf45764e8ba705318a837a3fe516", kill_on_drop: false }`
[INFO] running `Command { std: "docker" "exec" "-e" "SOURCE_DIR=/opt/rustwide/workdir" "-e" "CARGO_HOME=/opt/rustwide/cargo-home" "-e" "RUSTUP_HOME=/opt/rustwide/rustup-home" "-e" "CARGO_TARGET_DIR=/opt/rustwide/target" "-w" "/opt/rustwide/workdir" "--user" "0:0" "e16cf6d42054b648a59fb269e01904d85d2aaf45764e8ba705318a837a3fe516" "/opt/rustwide/cargo-home/bin/cargo" "+1.100.0-beta.1" "metadata" "--no-deps" "--format-version=1", kill_on_drop: false }`
[INFO] running `Command { std: "docker" "inspect" "e16cf6d42054b648a59fb269e01904d85d2aaf45764e8ba705318a837a3fe516", kill_on_drop: false }`
[INFO] running `Command { std: "docker" "exec" "-e" "SOURCE_DIR=/opt/rustwide/workdir" "-e" "CARGO_HOME=/opt/rustwide/cargo-home" "-e" "RUSTUP_HOME=/opt/rustwide/rustup-home" "-e" "CARGO_TARGET_DIR=/opt/rustwide/target" "-e" "CARGO_INCREMENTAL=0" "-e" "RUST_BACKTRACE=full" "-e" "RUSTFLAGS=--cap-lints=warn" "-e" "RUSTDOCFLAGS=--cap-lints=warn" "-w" "/opt/rustwide/workdir" "--user" "0:0" "e16cf6d42054b648a59fb269e01904d85d2aaf45764e8ba705318a837a3fe516" "/opt/rustwide/cargo-home/bin/cargo" "+1.100.0-beta.1" "build" "--frozen" "--message-format=json" "--release", kill_on_drop: false }`
[INFO] [stderr]    Compiling proc-macro2 v1.0.95
[INFO] [stderr]    Compiling unicode-ident v1.0.18
[INFO] [stderr]    Compiling libc v0.2.172
[INFO] [stderr]    Compiling autocfg v1.4.0
[INFO] [stderr]    Compiling parking_lot_core v0.9.11
[INFO] [stderr]    Compiling scopeguard v1.2.0
[INFO] [stderr]    Compiling cfg-if v1.0.0
[INFO] [stderr]    Compiling smallvec v1.15.0
[INFO] [stderr]    Compiling serde v1.0.219
[INFO] [stderr]    Compiling thiserror v1.0.69
[INFO] [stderr]    Compiling pin-project-lite v0.2.16
[INFO] [stderr]    Compiling bytes v1.10.1
[INFO] [stderr]    Compiling lock_api v0.4.13
[INFO] [stderr]    Compiling quote v1.0.40
[INFO] [stderr]    Compiling syn v2.0.101
[INFO] [stderr]    Compiling mio v1.0.4
[INFO] [stderr]    Compiling socket2 v0.5.10
[INFO] [stderr]    Compiling signal-hook-registry v1.4.5
[INFO] [stderr]    Compiling parking_lot v0.12.4
[INFO] [stderr]    Compiling serde_derive v1.0.219
[INFO] [stderr]    Compiling thiserror-impl v1.0.69
[INFO] [stderr]    Compiling tokio-macros v2.5.0
[INFO] [stderr]    Compiling tokio v1.45.1
[INFO] [stderr]    Compiling serde_bytes v0.11.17
[INFO] [stderr]    Compiling pktgen v0.1.2 (/opt/rustwide/workdir)
[INFO] [stderr] warning: unused dependency `serde_bytes`
[INFO] [stderr]  --> Cargo.toml:2:1
[INFO] [stderr]   |
[INFO] [stderr] 2 | serde_bytes = "0.11"
[INFO] [stderr]   | ^^^^^^^^^^^^^^^^^^^^
[INFO] [stderr]   |
[INFO] [stderr]   = note: `cargo::unused_dependencies` is set to `warn` by default
[INFO] [stderr] help: consider removing the dependency on `serde_bytes`
[INFO] [stderr] warning: `pktgen` (manifest) generated 1 warning
[INFO] [stderr]     Finished `release` profile [optimized] target(s) in 22.52s
[INFO] running `Command { std: "docker" "inspect" "e16cf6d42054b648a59fb269e01904d85d2aaf45764e8ba705318a837a3fe516", kill_on_drop: false }`
[INFO] running `Command { std: "docker" "exec" "-e" "SOURCE_DIR=/opt/rustwide/workdir" "-e" "CARGO_HOME=/opt/rustwide/cargo-home" "-e" "RUSTUP_HOME=/opt/rustwide/rustup-home" "-e" "CARGO_TARGET_DIR=/opt/rustwide/target" "-e" "CARGO_INCREMENTAL=0" "-e" "RUST_BACKTRACE=full" "-e" "RUSTFLAGS=--cap-lints=warn" "-e" "RUSTDOCFLAGS=--cap-lints=warn" "-w" "/opt/rustwide/workdir" "--user" "0:0" "e16cf6d42054b648a59fb269e01904d85d2aaf45764e8ba705318a837a3fe516" "/opt/rustwide/cargo-home/bin/cargo" "+1.100.0-beta.1" "test" "--frozen" "--no-run" "--message-format=json" "--release", kill_on_drop: false }`
[INFO] [stderr]    Compiling tokio v1.45.1
[INFO] [stderr]    Compiling pktgen v0.1.2 (/opt/rustwide/workdir)
[INFO] [stderr] warning: unused dependency `serde_bytes`
[INFO] [stderr]  --> Cargo.toml:2:1
[INFO] [stderr]   |
[INFO] [stderr] 2 | serde_bytes = "0.11"
[INFO] [stderr]   | ^^^^^^^^^^^^^^^^^^^^
[INFO] [stderr]   |
[INFO] [stderr]   = note: `cargo::unused_dependencies` is set to `warn` by default
[INFO] [stderr] help: consider removing the dependency on `serde_bytes`
[INFO] [stderr] warning: `pktgen` (manifest) generated 1 warning
[INFO] [stderr]     Finished `release` profile [optimized] target(s) in 14.92s
[INFO] running `Command { std: "docker" "inspect" "e16cf6d42054b648a59fb269e01904d85d2aaf45764e8ba705318a837a3fe516", kill_on_drop: false }`
[INFO] running `Command { std: "docker" "exec" "-e" "SOURCE_DIR=/opt/rustwide/workdir" "-e" "CARGO_HOME=/opt/rustwide/cargo-home" "-e" "RUSTUP_HOME=/opt/rustwide/rustup-home" "-e" "CARGO_TARGET_DIR=/opt/rustwide/target" "-e" "CARGO_INCREMENTAL=0" "-e" "RUST_BACKTRACE=full" "-e" "RUSTFLAGS=--cap-lints=warn" "-e" "RUSTDOCFLAGS=--cap-lints=warn" "-w" "/opt/rustwide/workdir" "--user" "0:0" "e16cf6d42054b648a59fb269e01904d85d2aaf45764e8ba705318a837a3fe516" "/opt/rustwide/cargo-home/bin/cargo" "+1.100.0-beta.1" "test" "--frozen" "--release", kill_on_drop: false }`
[INFO] [stderr] warning: unused dependency `serde_bytes`
[INFO] [stderr]  --> Cargo.toml:2:1
[INFO] [stderr]   |
[INFO] [stderr] 2 | serde_bytes = "0.11"
[INFO] [stderr]   | ^^^^^^^^^^^^^^^^^^^^
[INFO] [stderr]   |
[INFO] [stderr]   = note: `cargo::unused_dependencies` is set to `warn` by default
[INFO] [stderr] help: consider removing the dependency on `serde_bytes`
[INFO] [stderr] warning: `pktgen` (manifest) generated 1 warning
[INFO] [stderr]     Finished `release` profile [optimized] target(s) in 0.06s
[INFO] [stderr]      Running unittests src/lib.rs (/opt/rustwide/target/release/build/pktgen/cc5da946ac9b3cb8/out/pktgen-cc5da946ac9b3cb8)
[INFO] [stdout] 
[INFO] [stdout] running 31 tests
[INFO] [stdout] test ip::tests::test_ipv4_builder ... ok
[INFO] [stdout] test dhcp::tests::test_dhcp_discover ... ok
[INFO] [stdout] test icmp::tests::test_icmp_builder ... ok
[INFO] [stdout] test arp::tests::test_arp_reply ... ok
[INFO] [stdout] test arp::tests::test_arp_request ... ok
[INFO] [stdout] test dhcp::tests::test_dhcp_request ... ok
[INFO] [stdout] test socket::tests::test_socket_creation ... ok
[INFO] [stdout] test socket::tests::test_socket_timeout ... ok
[INFO] [stdout] test dhcp::tests::test_dhcp_builder ... ok
[INFO] [stdout] test dhcp::tests::test_invalid_dhcp_packet ... ok
[INFO] [stdout] test socket::tests::test_async_send_receive ... ok
[INFO] [stdout] test tcp::tests::test_tcp_builder ... ok
[INFO] [stdout] test tests::test_ipv4_packet ... ok
[INFO] [stdout] test arp::tests::test_arp_builder ... ok
[INFO] [stdout] test tests::test_tcp_packet ... ok
[INFO] [stdout] test tests::test_udp_packet ... ok
[INFO] [stdout] test udp::tests::test_udp_builder ... ok
[INFO] [stdout] test ethernet::tests::test_ethernet_builder ... ok
[INFO] [stdout] test tests::test_ethernet_packet ... ok
[INFO] [stdout] test icmp::tests::test_invalid_payload_size ... ok
[INFO] [stdout] test tests::test_arp_packet ... ok
[INFO] [stdout] test icmp::tests::test_icmp_echo_request ... ok
[INFO] [stdout] test socket::tests::test_async_socket_creation ... ok
[INFO] [stdout] test icmp::tests::test_icmp_echo_reply ... ok
[INFO] [stdout] test socket::tests::test_socket_bind ... ok
[INFO] [stdout] test socket::tests::test_async_socket_bind ... ok
[INFO] [stdout] test tests::test_dhcp_packet ... ok
[INFO] [stdout] test socket::tests::test_blocking_send_receive ... ok
[INFO] [stdout] test socket::tests::test_async_ready ... ok
[INFO] [stdout] test tests::test_icmp_packet ... ok
[INFO] [stdout] test socket::tests::test_buffer_boundaries ... FAILED
[INFO] [stdout] 
[INFO] [stdout] failures:
[INFO] [stdout] 
[INFO] [stdout] ---- socket::tests::test_buffer_boundaries stdout ----
[INFO] [stdout] 
[INFO] [stdout] thread 'socket::tests::test_buffer_boundaries' (775) panicked at src/socket.rs:360:22:
[INFO] [stdout] Should not succeed when no data is available
[INFO] [stdout] stack backtrace:
[INFO] [stdout]    0:     0x5b86d45bf511 - <<std[617be2ca0a6fd877]::sys::backtrace::BacktraceLock>::print::DisplayBacktrace as core[a373ad73a504971]::fmt::Display>::fmt
[INFO] [stdout]    1:     0x5b86d45d377a - core[a373ad73a504971]::fmt::write
[INFO] [stdout]    2:     0x5b86d45c392c - <alloc[2e1b2a31b91974c5]::vec::Vec<u8> as core[a373ad73a504971]::io::write::Write>::write_fmt
[INFO] [stdout]    3:     0x5b86d459b276 - std[617be2ca0a6fd877]::panicking::default_hook::{closure#0}
[INFO] [stdout]    4:     0x5b86d45b79e9 - std[617be2ca0a6fd877]::panicking::default_hook
[INFO] [stdout]    5:     0x5b86d452e860 - test[aada8e7e76ba119b]::test_main_inner::{closure#0}
[INFO] [stdout]    6:     0x5b86d45b7d12 - std[617be2ca0a6fd877]::panicking::panic_with_hook
[INFO] [stdout]    7:     0x5b86d459b354 - std[617be2ca0a6fd877]::panicking::panic_handler::{closure#0}
[INFO] [stdout]    8:     0x5b86d4594039 - std[617be2ca0a6fd877]::sys::backtrace::__rust_end_short_backtrace::<std[617be2ca0a6fd877]::panicking::panic_handler::{closure#0}, !>
[INFO] [stdout]    9:     0x5b86d459bf2d - __rustc[ea4f61d10b84890b]::rust_begin_unwind
[INFO] [stdout]   10:     0x5b86d45d3edc - core[a373ad73a504971]::panicking::panic_fmt
[INFO] [stdout]   11:     0x5b86d45169d0 - <pktgen[cb6012a61040a26c]::socket::tests::test_buffer_boundaries::{closure#0} as core[a373ad73a504971]::ops::function::FnOnce<()>>::call_once
[INFO] [stdout]   12:     0x5b86d4521cab - test[aada8e7e76ba119b]::__rust_begin_short_backtrace::<core[a373ad73a504971]::result::Result<(), alloc[2e1b2a31b91974c5]::string::String>, fn() -> core[a373ad73a504971]::result::Result<(), alloc[2e1b2a31b91974c5]::string::String>>
[INFO] [stdout]   13:     0x5b86d452ee85 - test[aada8e7e76ba119b]::run_test::{closure#0}
[INFO] [stdout]   14:     0x5b86d4528774 - std[617be2ca0a6fd877]::sys::backtrace::__rust_begin_short_backtrace::<test[aada8e7e76ba119b]::run_test::{closure#1}, ()>
[INFO] [stdout]   15:     0x5b86d4531f12 - <std[617be2ca0a6fd877]::thread::lifecycle::spawn_unchecked<test[aada8e7e76ba119b]::run_test::{closure#1}, ()>::{closure#1} as core[a373ad73a504971]::ops::function::FnOnce<()>>::call_once::{shim:vtable#0}
[INFO] [stdout]   16:     0x5b86d45bed5f - <std[617be2ca0a6fd877]::sys::thread::unix::Thread>::new::thread_start
[INFO] [stdout]   17:     0x766a2d5c7dfa - <unknown>
[INFO] [stdout]   18:     0x766a2d65b3d4 - clone
[INFO] [stdout]   19:                0x0 - <unknown>
[INFO] [stdout] 
[INFO] [stdout] 
[INFO] [stdout] failures:
[INFO] [stdout]     socket::tests::test_buffer_boundaries
[INFO] [stdout] 
[INFO] [stdout] test result: FAILED. 30 passed; 1 failed; 0 ignored; 0 measured; 0 filtered out; finished in 0.02s
[INFO] [stdout] 
[INFO] [stderr] error: test failed, to rerun pass `--lib`
[INFO] running `Command { std: "docker" "inspect" "e16cf6d42054b648a59fb269e01904d85d2aaf45764e8ba705318a837a3fe516", kill_on_drop: false }`
[INFO] running `Command { std: "docker" "rm" "-f" "e16cf6d42054b648a59fb269e01904d85d2aaf45764e8ba705318a837a3fe516", kill_on_drop: false }`
[INFO] [stdout] e16cf6d42054b648a59fb269e01904d85d2aaf45764e8ba705318a837a3fe516
