[INFO] cloning repository https://github.com/Sarabac/BayesInfer
[INFO] running `Command { std: "git" "-c" "credential.helper=" "-c" "credential.helper=/workspace/cargo-home/bin/git-credential-null" "clone" "--bare" "https://github.com/Sarabac/BayesInfer" "/workspace/cache/git-repos/https%3A%2F%2Fgithub.com%2FSarabac%2FBayesInfer", kill_on_drop: false }`
[INFO] [stderr] Cloning into bare repository '/workspace/cache/git-repos/https%3A%2F%2Fgithub.com%2FSarabac%2FBayesInfer'...
[INFO] running `Command { std: "git" "rev-parse" "HEAD", kill_on_drop: false }`
[INFO] [stdout] 596cbf9205d993cde1b35719121ab65f580622a7
[INFO] testing Sarabac/BayesInfer against 1.99.0-beta.8+cargoflags=--release for beta-release-1.100-2
[INFO] running `Command { std: "git" "clone" "/workspace/cache/git-repos/https%3A%2F%2Fgithub.com%2FSarabac%2FBayesInfer" "/workspace/builds/worker-2-tc1/source", kill_on_drop: false }`
[INFO] [stderr] Cloning into '/workspace/builds/worker-2-tc1/source'...
[INFO] [stderr] done.
[INFO] started tweaking git repo https://github.com/Sarabac/BayesInfer
[INFO] finished tweaking git repo https://github.com/Sarabac/BayesInfer
[INFO] tweaked toml for git repo https://github.com/Sarabac/BayesInfer written to /workspace/builds/worker-2-tc1/source/Cargo.toml
[INFO] validating manifest of git repo https://github.com/Sarabac/BayesInfer on toolchain 1.99.0-beta.8
[INFO] running `Command { std: CARGO_HOME="/workspace/cargo-home" RUSTUP_HOME="/workspace/rustup-home" "/workspace/cargo-home/bin/cargo" "+1.99.0-beta.8" "metadata" "--manifest-path" "Cargo.toml" "--no-deps", kill_on_drop: false }`
[INFO] crate git repo https://github.com/Sarabac/BayesInfer already has a lockfile, it will not be regenerated
[INFO] running `Command { std: CARGO_HOME="/workspace/cargo-home" RUSTUP_HOME="/workspace/rustup-home" "/workspace/cargo-home/bin/cargo" "+1.99.0-beta.8" "fetch" "--manifest-path" "Cargo.toml", kill_on_drop: false }`
[INFO] [stderr]     Blocking waiting for file lock on package cache
[INFO] [stderr]     Updating crates.io index
[INFO] [stderr]     Blocking waiting for file lock on package cache
[INFO] [stderr]  Downloading crates ...
[INFO] [stderr]   Downloaded tokio-macros v1.8.0
[INFO] [stderr]   Downloaded quote v1.0.21
[INFO] [stderr]   Downloaded unicode-ident v1.0.5
[INFO] [stderr]   Downloaded crc-catalog v2.1.0
[INFO] [stderr]   Downloaded atoi v1.0.0
[INFO] [stderr]   Downloaded scopeguard v1.1.0
[INFO] [stderr]   Downloaded foreign-types v0.3.2
[INFO] [stderr]   Downloaded futures-core v0.3.24
[INFO] [stderr]   Downloaded fastrand v1.8.0
[INFO] [stderr]   Downloaded wasm-bindgen-shared v0.2.83
[INFO] [stderr]   Downloaded futures-sink v0.3.24
[INFO] [stderr]   Downloaded futures-io v0.3.24
[INFO] [stderr]   Downloaded dotenvy v0.15.6
[INFO] [stderr]   Downloaded sqlx-rt v0.6.2
[INFO] [stderr]   Downloaded foreign-types-shared v0.1.1
[INFO] [stderr]   Downloaded form_urlencoded v1.1.0
[INFO] [stderr]   Downloaded itoa v1.0.4
[INFO] [stderr]   Downloaded futures-task v0.3.24
[INFO] [stderr]   Downloaded openssl-probe v0.1.5
[INFO] [stderr]   Downloaded either v1.8.0
[INFO] [stderr]   Downloaded redox_users v0.4.3
[INFO] [stderr]   Downloaded wasm-bindgen-macro v0.2.83
[INFO] [stderr]   Downloaded sha1 v0.10.5
[INFO] [stderr]   Downloaded openssl-macros v0.1.0
[INFO] [stderr]   Downloaded futures-macro v0.3.24
[INFO] [stderr]   Downloaded dirs v4.0.0
[INFO] [stderr]   Downloaded crossbeam-utils v0.8.12
[INFO] [stderr]   Downloaded crc v3.0.0
[INFO] [stderr]   Downloaded base64 v0.13.0
[INFO] [stderr]   Downloaded whoami v1.2.3
[INFO] [stderr]   Downloaded thiserror-impl v1.0.37
[INFO] [stderr]   Downloaded dirs-sys v0.3.7
[INFO] [stderr]   Downloaded heck v0.4.0
[INFO] [stderr]   Downloaded percent-encoding v2.2.0
[INFO] [stderr]   Downloaded remove_dir_all v0.5.3
[INFO] [stderr]   Downloaded num_cpus v1.13.1
[INFO] [stderr]   Downloaded tinyvec_macros v0.1.0
[INFO] [stderr]   Downloaded tokio-native-tls v0.3.0
[INFO] [stderr]   Downloaded security-framework-sys v2.6.1
[INFO] [stderr]   Downloaded core-foundation v0.9.3
[INFO] [stderr]   Downloaded wasm-bindgen-macro-support v0.2.83
[INFO] [stderr]   Downloaded thiserror v1.0.37
[INFO] [stderr]   Downloaded stringprep v0.1.2
[INFO] [stderr]   Downloaded sqlformat v0.2.0
[INFO] [stderr]   Downloaded paste v1.0.9
[INFO] [stderr]   Downloaded md-5 v0.10.5
[INFO] [stderr]   Downloaded slab v0.4.7
[INFO] [stderr]   Downloaded futures-channel v0.3.24
[INFO] [stderr]   Downloaded parking_lot_core v0.8.5
[INFO] [stderr]   Downloaded crossbeam-queue v0.3.6
[INFO] [stderr]   Downloaded signal-hook-registry v1.4.0
[INFO] [stderr]   Downloaded parking_lot_core v0.9.3
[INFO] [stderr]   Downloaded lock_api v0.4.9
[INFO] [stderr]   Downloaded native-tls v0.2.10
[INFO] [stderr]   Downloaded tempfile v3.3.0
[INFO] [stderr]   Downloaded core-foundation-sys v0.8.3
[INFO] [stderr]   Downloaded pkg-config v0.3.25
[INFO] [stderr]   Downloaded once_cell v1.15.0
[INFO] [stderr]   Downloaded wasm-bindgen-backend v0.2.83
[INFO] [stderr]   Downloaded digest v0.10.5
[INFO] [stderr]   Downloaded ppv-lite86 v0.2.16
[INFO] [stderr]   Downloaded ahash v0.7.6
[INFO] [stderr]   Downloaded fallible-streaming-iterator v0.1.9
[INFO] [stderr]   Downloaded siphasher v0.3.10
[INFO] [stderr]   Downloaded phf_shared v0.11.1
[INFO] [stderr]   Downloaded proc-macro2 v1.0.47
[INFO] [stderr]   Downloaded socket2 v0.4.7
[INFO] [stderr]   Downloaded schannel v0.1.20
[INFO] [stderr]   Downloaded tokio-stream v0.1.11
[INFO] [stderr]   Downloaded serde_derive v1.0.145
[INFO] [stderr]   Downloaded ryu v1.0.11
[INFO] [stderr]   Downloaded getrandom v0.2.7
[INFO] [stderr]   Downloaded hashlink v0.8.1
[INFO] [stderr]   Downloaded postgres v0.19.4
[INFO] [stderr]   Downloaded postgres-types v0.2.4
[INFO] [stderr]   Downloaded postgres-protocol v0.6.4
[INFO] [stderr]   Downloaded async-trait v0.1.57
[INFO] [stderr]   Downloaded futures-executor v0.3.24
[INFO] [stderr]   Downloaded pin-project-lite v0.2.9
[INFO] [stderr]   Downloaded bytes v1.2.1
[INFO] [stderr]   Downloaded sqlx-macros v0.6.2
[INFO] [stderr]   Downloaded unicode-bidi v0.3.8
[INFO] [stderr]   Downloaded openssl-sys v0.9.76
[INFO] [stderr]   Downloaded cc v1.0.73
[INFO] [stderr]   Downloaded typenum v1.15.0
[INFO] [stderr]   Downloaded indexmap v1.9.1
[INFO] [stderr]   Downloaded parking_lot v0.11.2
[INFO] [stderr]   Downloaded fallible-iterator v0.2.0
[INFO] [stderr]   Downloaded tracing-core v0.1.30
[INFO] [stderr]   Downloaded mio v0.8.4
[INFO] [stderr]   Downloaded url v2.3.1
[INFO] [stderr]   Downloaded security-framework v2.7.0
[INFO] [stderr]   Downloaded bumpalo v3.11.1
[INFO] [stderr]   Downloaded js-sys v0.3.60
[INFO] [stderr]   Downloaded nom v7.1.1
[INFO] [stderr]   Downloaded serde v1.0.145
[INFO] [stderr]   Downloaded futures-intrusive v0.4.0
[INFO] [stderr]   Downloaded num-traits v0.2.15
[INFO] [stderr]   Downloaded tokio-postgres v0.7.7
[INFO] [stderr]   Downloaded tracing v0.1.37
[INFO] [stderr]   Downloaded phf v0.11.1
[INFO] [stderr]   Downloaded itertools v0.10.5
[INFO] [stderr]   Downloaded unicode-segmentation v1.10.0
[INFO] [stderr]   Downloaded futures v0.3.24
[INFO] [stderr]   Downloaded serde_json v1.0.86
[INFO] [stderr]   Downloaded syn v1.0.102
[INFO] [stderr]   Downloaded futures-util v0.3.24
[INFO] [stderr]   Downloaded tokio-util v0.7.4
[INFO] [stderr]   Downloaded wasm-bindgen v0.2.83
[INFO] [stderr]   Downloaded openssl v0.10.42
[INFO] [stderr]   Downloaded rusqlite v0.28.0
[INFO] [stderr]   Downloaded idna v0.3.0
[INFO] [stderr]   Downloaded sqlx-core v0.6.2
[INFO] [stderr]   Downloaded tokio v1.21.2
[INFO] [stderr]   Downloaded libc v0.2.135
[INFO] [stderr]   Downloaded windows_x86_64_msvc v0.36.1
[INFO] [stderr]   Downloaded windows_aarch64_msvc v0.36.1
[INFO] [stderr]   Downloaded web-sys v0.3.60
[INFO] [stderr]   Downloaded windows_i686_msvc v0.36.1
[INFO] [stderr]   Downloaded windows_x86_64_gnu v0.36.1
[INFO] [stderr]   Downloaded windows_i686_gnu v0.36.1
[INFO] [stderr]   Downloaded block-buffer v0.10.3
[INFO] [stderr]   Downloaded sqlx v0.6.2
[INFO] [stderr]   Downloaded windows-sys v0.36.1
[INFO] [stderr]   Downloaded libsqlite3-sys v0.25.1
[INFO] running `Command { std: "docker" "create" "-v" "/var/lib/crater-agent-workspace/builds/worker-2-tc1/source:/opt/rustwide/workdir:ro,Z" "-v" "/var/lib/crater-agent-workspace/builds/worker-2-tc1/target:/opt/rustwide/target:rw,Z" "-v" "/var/lib/crater-agent-workspace/cargo-home:/opt/rustwide/cargo-home:ro,Z" "-v" "/var/lib/crater-agent-workspace/rustup-home:/opt/rustwide/rustup-home:ro,Z" "-m" "1610612736" "--network" "none" "ghcr.io/rust-lang/crates-build-env/linux@sha256:77db811e55d90add9212f6832c23229e3de5f1c1f9905e8cb07319ea15df73ac" "sleep" "infinity", kill_on_drop: false }`
[INFO] [stdout] e56626c0df6bb5d4cf8e812c669bcf96f67d5787103f7b91a287f39a12ba2025
[INFO] running `Command { std: "docker" "start" "e56626c0df6bb5d4cf8e812c669bcf96f67d5787103f7b91a287f39a12ba2025", kill_on_drop: false }`
[INFO] running `Command { std: "docker" "inspect" "e56626c0df6bb5d4cf8e812c669bcf96f67d5787103f7b91a287f39a12ba2025", kill_on_drop: false }`
[INFO] running `Command { std: "docker" "exec" "-e" "SOURCE_DIR=/opt/rustwide/workdir" "-e" "CARGO_HOME=/opt/rustwide/cargo-home" "-e" "RUSTUP_HOME=/opt/rustwide/rustup-home" "-e" "CARGO_TARGET_DIR=/opt/rustwide/target" "-w" "/opt/rustwide/workdir" "--user" "0:0" "e56626c0df6bb5d4cf8e812c669bcf96f67d5787103f7b91a287f39a12ba2025" "/opt/rustwide/cargo-home/bin/cargo" "+1.99.0-beta.8" "metadata" "--no-deps" "--format-version=1", kill_on_drop: false }`
[INFO] running `Command { std: "docker" "inspect" "e56626c0df6bb5d4cf8e812c669bcf96f67d5787103f7b91a287f39a12ba2025", kill_on_drop: false }`
[INFO] running `Command { std: "docker" "exec" "-e" "SOURCE_DIR=/opt/rustwide/workdir" "-e" "CARGO_HOME=/opt/rustwide/cargo-home" "-e" "RUSTUP_HOME=/opt/rustwide/rustup-home" "-e" "CARGO_TARGET_DIR=/opt/rustwide/target" "-e" "CARGO_INCREMENTAL=0" "-e" "RUST_BACKTRACE=full" "-e" "RUSTFLAGS=--cap-lints=warn" "-e" "RUSTDOCFLAGS=--cap-lints=warn" "-w" "/opt/rustwide/workdir" "--user" "0:0" "e56626c0df6bb5d4cf8e812c669bcf96f67d5787103f7b91a287f39a12ba2025" "/opt/rustwide/cargo-home/bin/cargo" "+1.99.0-beta.8" "build" "--frozen" "--message-format=json" "--release", kill_on_drop: false }`
[INFO] [stderr]    Compiling libc v0.2.135
[INFO] [stderr]    Compiling autocfg v1.1.0
[INFO] [stderr]    Compiling version_check v0.9.4
[INFO] [stderr]    Compiling proc-macro2 v1.0.47
[INFO] [stderr]    Compiling quote v1.0.21
[INFO] [stderr]    Compiling unicode-ident v1.0.5
[INFO] [stderr]    Compiling cfg-if v1.0.0
[INFO] [stderr]    Compiling syn v1.0.102
[INFO] [stderr]    Compiling typenum v1.15.0
[INFO] [stderr]    Compiling memchr v2.5.0
[INFO] [stderr]    Compiling pkg-config v0.3.25
[INFO] [stderr]    Compiling log v0.4.17
[INFO] [stderr]    Compiling cc v1.0.73
[INFO] [stderr]    Compiling futures-core v0.3.24
[INFO] [stderr]    Compiling once_cell v1.15.0
[INFO] [stderr]    Compiling smallvec v1.10.0
[INFO] [stderr]    Compiling openssl v0.10.42
[INFO] [stderr]    Compiling scopeguard v1.1.0
[INFO] [stderr]    Compiling pin-project-lite v0.2.9
[INFO] [stderr]    Compiling subtle v2.4.1
[INFO] [stderr]    Compiling native-tls v0.2.10
[INFO] [stderr]    Compiling lock_api v0.4.9
[INFO] [stderr]    Compiling parking_lot_core v0.9.3
[INFO] [stderr]    Compiling generic-array v0.14.6
[INFO] [stderr]    Compiling ahash v0.7.6
[INFO] [stderr]    Compiling parking_lot_core v0.8.5
[INFO] [stderr]    Compiling bytes v1.2.1
[INFO] [stderr]    Compiling tinyvec_macros v0.1.0
[INFO] [stderr]    Compiling tinyvec v1.6.0
[INFO] [stderr]    Compiling tokio v1.21.2
[INFO] [stderr]    Compiling num-traits v0.2.15
[INFO] [stderr]    Compiling serde v1.0.145
[INFO] [stderr]    Compiling serde_derive v1.0.145
[INFO] [stderr]    Compiling crossbeam-utils v0.8.12
[INFO] [stderr]    Compiling slab v0.4.7
[INFO] [stderr]    Compiling futures-sink v0.3.24
[INFO] [stderr]    Compiling futures-channel v0.3.24
[INFO] [stderr]    Compiling unicode-bidi v0.3.8
[INFO] [stderr]    Compiling futures-task v0.3.24
[INFO] [stderr]    Compiling indexmap v1.9.1
[INFO] [stderr]    Compiling getrandom v0.2.7
[INFO] [stderr]    Compiling foreign-types-shared v0.1.1
[INFO] [stderr]    Compiling cpufeatures v0.2.5
[INFO] [stderr]    Compiling crossbeam-queue v0.3.6
[INFO] [stderr]    Compiling futures-util v0.3.24
[INFO] [stderr]    Compiling ppv-lite86 v0.2.16
[INFO] [stderr]    Compiling serde_json v1.0.86
[INFO] [stderr]    Compiling thiserror v1.0.37
[INFO] [stderr]    Compiling openssl-sys v0.9.76
[INFO] [stderr]    Compiling socket2 v0.4.7
[INFO] [stderr]    Compiling mio v0.8.4
[INFO] [stderr]    Compiling num_cpus v1.13.1
[INFO] [stderr]    Compiling signal-hook-registry v1.4.0
[INFO] [stderr]    Compiling rand_core v0.6.4
[INFO] [stderr]    Compiling parking_lot v0.12.1
[INFO] [stderr]    Compiling foreign-types v0.3.2
[INFO] [stderr]    Compiling unicode-normalization v0.1.22
[INFO] [stderr]    Compiling rand_chacha v0.3.1
[INFO] [stderr]    Compiling bitflags v1.3.2
[INFO] [stderr]    Compiling futures-io v0.3.24
[INFO] [stderr]    Compiling pin-utils v0.1.0
[INFO] [stderr]    Compiling crypto-common v0.1.6
[INFO] [stderr]    Compiling block-buffer v0.10.3
[INFO] [stderr]    Compiling instant v0.1.12
[INFO] [stderr]    Compiling rand v0.8.5
[INFO] [stderr]    Compiling base64 v0.13.0
[INFO] [stderr]    Compiling digest v0.10.5
[INFO] [stderr]    Compiling openssl-probe v0.1.5
[INFO] [stderr]    Compiling byteorder v1.4.3
[INFO] [stderr]    Compiling stringprep v0.1.2
[INFO] [stderr]    Compiling percent-encoding v2.2.0
[INFO] [stderr]    Compiling hashbrown v0.12.3
[INFO] [stderr]    Compiling minimal-lexical v0.2.1
[INFO] [stderr]    Compiling hmac v0.12.1
[INFO] [stderr]    Compiling sha2 v0.10.6
[INFO] [stderr]    Compiling md-5 v0.10.5
[INFO] [stderr]    Compiling fallible-iterator v0.2.0
[INFO] [stderr]    Compiling either v1.8.0
[INFO] [stderr]    Compiling form_urlencoded v1.1.0
[INFO] [stderr]    Compiling nom v7.1.1
[INFO] [stderr]    Compiling idna v0.3.0
[INFO] [stderr]    Compiling parking_lot v0.11.2
[INFO] [stderr]    Compiling itertools v0.10.5
[INFO] [stderr]    Compiling dirs-sys v0.3.7
[INFO] [stderr]    Compiling tracing-core v0.1.30
[INFO] [stderr]    Compiling paste v1.0.9
[INFO] [stderr]    Compiling siphasher v0.3.10
[INFO] [stderr]    Compiling crc-catalog v2.1.0
[INFO] [stderr]    Compiling itoa v1.0.4
[INFO] [stderr]    Compiling ryu v1.0.11
[INFO] [stderr]    Compiling unicode_categories v0.1.1
[INFO] [stderr]    Compiling async-trait v0.1.57
[INFO] [stderr]    Compiling vcpkg v0.2.15
[INFO] [stderr]    Compiling phf_shared v0.11.1
[INFO] [stderr]    Compiling crc v3.0.0
[INFO] [stderr]    Compiling atoi v1.0.0
[INFO] [stderr]    Compiling dirs v4.0.0
[INFO] [stderr]    Compiling url v2.3.1
[INFO] [stderr]    Compiling tracing v0.1.37
[INFO] [stderr]    Compiling hkdf v0.12.3
[INFO] [stderr]    Compiling libsqlite3-sys v0.25.1
[INFO] [stderr]    Compiling hashlink v0.8.1
[INFO] [stderr]    Compiling postgres-protocol v0.6.4
[INFO] [stderr]    Compiling futures-intrusive v0.4.0
[INFO] [stderr]    Compiling sqlformat v0.2.0
[INFO] [stderr]    Compiling sha1 v0.10.5
[INFO] [stderr]    Compiling dotenvy v0.15.6
[INFO] [stderr]    Compiling event-listener v2.5.3
[INFO] [stderr]    Compiling whoami v1.2.3
[INFO] [stderr]    Compiling hex v0.4.3
[INFO] [stderr]    Compiling unicode-segmentation v1.10.0
[INFO] [stderr]    Compiling postgres-types v0.2.4
[INFO] [stderr]    Compiling phf v0.11.1
[INFO] [stderr]    Compiling heck v0.4.0
[INFO] [stderr]    Compiling openssl-macros v0.1.0
[INFO] [stderr]    Compiling tokio-macros v1.8.0
[INFO] [stderr]    Compiling futures-macro v0.3.24
[INFO] [stderr]    Compiling thiserror-impl v1.0.37
[INFO] [stderr]    Compiling fallible-streaming-iterator v0.1.9
[INFO] [stderr]    Compiling tokio-stream v0.1.11
[INFO] [stderr]    Compiling rusqlite v0.28.0
[INFO] [stderr]    Compiling tokio-native-tls v0.3.0
[INFO] [stderr]    Compiling sqlx-rt v0.6.2
[INFO] [stderr]    Compiling futures-executor v0.3.24
[INFO] [stderr]    Compiling futures v0.3.24
[INFO] [stderr]    Compiling tokio-util v0.7.4
[INFO] [stderr]    Compiling tokio-postgres v0.7.7
[INFO] [stderr]    Compiling sqlx-core v0.6.2
[INFO] [stderr]    Compiling postgres v0.19.4
[INFO] [stderr]    Compiling sqlx-macros v0.6.2
[INFO] [stderr]    Compiling sqlx v0.6.2
[INFO] [stderr]    Compiling rust_db v0.1.0 (/opt/rustwide/workdir)
[INFO] [stdout] warning: call to `.clone()` on a reference in this situation does nothing
[INFO] [stdout]    --> src/bayes_model.rs:137:60
[INFO] [stdout]     |
[INFO] [stdout] 137 |                 let (hypo, proba): &(H, f64) = row.borrow().clone();
[INFO] [stdout]     |                                                            ^^^^^^^^ help: remove this redundant call
[INFO] [stdout]     |
[INFO] [stdout]     = note: the type `(H, f64)` does not implement `Clone`, so calling `clone` on `&(H, f64)` copies the reference, which does not do anything and can be removed
[INFO] [stdout]     = note: `#[warn(noop_method_call)]` on by default
[INFO] [stdout] 
[INFO] [stdout] 
[INFO] [stdout] warning: function `init_binom` is never used
[INFO] [stdout]   --> src/main.rs:19:4
[INFO] [stdout]    |
[INFO] [stdout] 19 | fn init_binom(bin: &BinomTest) -> f64 {
[INFO] [stdout]    |    ^^^^^^^^^^
[INFO] [stdout]    |
[INFO] [stdout]    = note: `#[warn(dead_code)]` (part of `#[warn(unused)]`) on by default
[INFO] [stdout] 
[INFO] [stdout] 
[INFO] [stderr]     Finished `release` profile [optimized] target(s) in 1m 34s
[INFO] [stderr] warning: the following packages contain code that will be rejected by a future version of Rust: openssl v0.10.42, sqlx-core v0.6.2
[INFO] [stderr] note: to see what the problems were, use the option `--future-incompat-report`, or run `cargo report future-incompatibilities --id 1`
[INFO] running `Command { std: "docker" "inspect" "e56626c0df6bb5d4cf8e812c669bcf96f67d5787103f7b91a287f39a12ba2025", kill_on_drop: false }`
[INFO] running `Command { std: "docker" "exec" "-e" "SOURCE_DIR=/opt/rustwide/workdir" "-e" "CARGO_HOME=/opt/rustwide/cargo-home" "-e" "RUSTUP_HOME=/opt/rustwide/rustup-home" "-e" "CARGO_TARGET_DIR=/opt/rustwide/target" "-e" "CARGO_INCREMENTAL=0" "-e" "RUST_BACKTRACE=full" "-e" "RUSTFLAGS=--cap-lints=warn" "-e" "RUSTDOCFLAGS=--cap-lints=warn" "-w" "/opt/rustwide/workdir" "--user" "0:0" "e56626c0df6bb5d4cf8e812c669bcf96f67d5787103f7b91a287f39a12ba2025" "/opt/rustwide/cargo-home/bin/cargo" "+1.99.0-beta.8" "test" "--frozen" "--no-run" "--message-format=json" "--release", kill_on_drop: false }`
[INFO] [stdout] warning: call to `.clone()` on a reference in this situation does nothing
[INFO] [stdout]    --> src/bayes_model.rs:137:60
[INFO] [stdout]     |
[INFO] [stdout] 137 |                 let (hypo, proba): &(H, f64) = row.borrow().clone();
[INFO] [stdout]     |                                                            ^^^^^^^^ help: remove this redundant call
[INFO] [stdout]     |
[INFO] [stdout]     = note: the type `(H, f64)` does not implement `Clone`, so calling `clone` on `&(H, f64)` copies the reference, which does not do anything and can be removed
[INFO] [stdout]     = note: `#[warn(noop_method_call)]` on by default
[INFO] [stdout] 
[INFO] [stdout] 
[INFO] [stderr]    Compiling rust_db v0.1.0 (/opt/rustwide/workdir)
[INFO] [stdout] warning: function `init_binom` is never used
[INFO] [stdout]   --> src/main.rs:19:4
[INFO] [stdout]    |
[INFO] [stdout] 19 | fn init_binom(bin: &BinomTest) -> f64 {
[INFO] [stdout]    |    ^^^^^^^^^^
[INFO] [stdout]    |
[INFO] [stdout]    = note: `#[warn(dead_code)]` (part of `#[warn(unused)]`) on by default
[INFO] [stdout] 
[INFO] [stdout] 
[INFO] [stdout] warning: unused import: `super::*`
[INFO] [stdout]    --> src/bayes_model.rs:250:10
[INFO] [stdout]     |
[INFO] [stdout] 250 |     use  super::*;
[INFO] [stdout]     |          ^^^^^^^^
[INFO] [stdout]     |
[INFO] [stdout]     = note: `#[warn(unused_imports)]` (part of `#[warn(unused)]`) on by default
[INFO] [stdout] 
[INFO] [stdout] 
[INFO] [stdout] warning: function `init_binom` is never used
[INFO] [stdout]   --> tests/birth_test.rs:14:4
[INFO] [stdout]    |
[INFO] [stdout] 14 | fn init_binom(bin: &BinomTest) -> f64 {
[INFO] [stdout]    |    ^^^^^^^^^^
[INFO] [stdout]    |
[INFO] [stdout]    = note: `#[warn(dead_code)]` (part of `#[warn(unused)]`) on by default
[INFO] [stdout] 
[INFO] [stdout] 
[INFO] [stdout] warning: function `init_binom` is never used
[INFO] [stdout]   --> src/main.rs:19:4
[INFO] [stdout]    |
[INFO] [stdout] 19 | fn init_binom(bin: &BinomTest) -> f64 {
[INFO] [stdout]    |    ^^^^^^^^^^
[INFO] [stdout]    |
[INFO] [stdout]    = note: `#[warn(dead_code)]` (part of `#[warn(unused)]`) on by default
[INFO] [stdout] 
[INFO] [stdout] 
[INFO] [stdout] warning: call to `.clone()` on a reference in this situation does nothing
[INFO] [stdout]    --> src/bayes_model.rs:137:60
[INFO] [stdout]     |
[INFO] [stdout] 137 |                 let (hypo, proba): &(H, f64) = row.borrow().clone();
[INFO] [stdout]     |                                                            ^^^^^^^^ help: remove this redundant call
[INFO] [stdout]     |
[INFO] [stdout]     = note: the type `(H, f64)` does not implement `Clone`, so calling `clone` on `&(H, f64)` copies the reference, which does not do anything and can be removed
[INFO] [stdout]     = note: `#[warn(noop_method_call)]` on by default
[INFO] [stdout] 
[INFO] [stdout] 
[INFO] [stderr]     Finished `release` profile [optimized] target(s) in 5.43s
[INFO] [stderr] warning: the following packages contain code that will be rejected by a future version of Rust: openssl v0.10.42, sqlx-core v0.6.2
[INFO] [stderr] note: to see what the problems were, use the option `--future-incompat-report`, or run `cargo report future-incompatibilities --id 1`
[INFO] running `Command { std: "docker" "inspect" "e56626c0df6bb5d4cf8e812c669bcf96f67d5787103f7b91a287f39a12ba2025", kill_on_drop: false }`
[INFO] running `Command { std: "docker" "exec" "-e" "SOURCE_DIR=/opt/rustwide/workdir" "-e" "CARGO_HOME=/opt/rustwide/cargo-home" "-e" "RUSTUP_HOME=/opt/rustwide/rustup-home" "-e" "CARGO_TARGET_DIR=/opt/rustwide/target" "-e" "CARGO_INCREMENTAL=0" "-e" "RUST_BACKTRACE=full" "-e" "RUSTFLAGS=--cap-lints=warn" "-e" "RUSTDOCFLAGS=--cap-lints=warn" "-w" "/opt/rustwide/workdir" "--user" "0:0" "e56626c0df6bb5d4cf8e812c669bcf96f67d5787103f7b91a287f39a12ba2025" "/opt/rustwide/cargo-home/bin/cargo" "+1.99.0-beta.8" "test" "--frozen" "--release", kill_on_drop: false }`
[INFO] [stderr] warning: call to `.clone()` on a reference in this situation does nothing
[INFO] [stderr]    --> src/bayes_model.rs:137:60
[INFO] [stderr]     |
[INFO] [stderr] 137 |                 let (hypo, proba): &(H, f64) = row.borrow().clone();
[INFO] [stderr]     |                                                            ^^^^^^^^ help: remove this redundant call
[INFO] [stderr]     |
[INFO] [stderr]     = note: the type `(H, f64)` does not implement `Clone`, so calling `clone` on `&(H, f64)` copies the reference, which does not do anything and can be removed
[INFO] [stderr]     = note: `#[warn(noop_method_call)]` on by default
[INFO] [stderr] 
[INFO] [stderr] warning: unused import: `super::*`
[INFO] [stderr]    --> src/bayes_model.rs:250:10
[INFO] [stderr]     |
[INFO] [stderr] 250 |     use  super::*;
[INFO] [stderr]     |          ^^^^^^^^
[INFO] [stderr]     |
[INFO] [stderr]     = note: `#[warn(unused_imports)]` (part of `#[warn(unused)]`) on by default
[INFO] [stderr] 
[INFO] [stderr] warning: `rust_db` (lib) generated 1 warning (run `cargo fix --lib -p rust_db` to apply 1 suggestion)
[INFO] [stderr] warning: `rust_db` (lib test) generated 2 warnings (1 duplicate) (run `cargo fix --lib -p rust_db --tests` to apply 1 suggestion)
[INFO] [stderr] warning: function `init_binom` is never used
[INFO] [stderr]   --> src/main.rs:19:4
[INFO] [stderr]    |
[INFO] [stderr] 19 | fn init_binom(bin: &BinomTest) -> f64 {
[INFO] [stderr]    |    ^^^^^^^^^^
[INFO] [stderr]    |
[INFO] [stderr]    = note: `#[warn(dead_code)]` (part of `#[warn(unused)]`) on by default
[INFO] [stderr] 
[INFO] [stderr] warning: function `init_binom` is never used
[INFO] [stderr]   --> tests/birth_test.rs:14:4
[INFO] [stderr]    |
[INFO] [stderr] 14 | fn init_binom(bin: &BinomTest) -> f64 {
[INFO] [stderr]    |    ^^^^^^^^^^
[INFO] [stderr]    |
[INFO] [stderr]    = note: `#[warn(dead_code)]` (part of `#[warn(unused)]`) on by default
[INFO] [stderr] 
[INFO] [stderr] warning: `rust_db` (bin "rust_db" test) generated 1 warning
[INFO] [stderr] warning: `rust_db` (test "birth_test") generated 1 warning
[INFO] [stderr] warning: `rust_db` (bin "rust_db") generated 1 warning (1 duplicate)
[INFO] [stderr]     Finished `release` profile [optimized] target(s) in 0.18s
[INFO] [stderr] warning: the following packages contain code that will be rejected by a future version of Rust: openssl v0.10.42, sqlx-core v0.6.2
[INFO] [stderr] note: to see what the problems were, use the option `--future-incompat-report`, or run `cargo report future-incompatibilities --id 1`
[INFO] [stderr]      Running unittests src/lib.rs (/opt/rustwide/target/release/deps/rust_db-d710d00e9dedf3a4)
[INFO] [stdout] 
[INFO] [stdout] running 1 test
[INFO] [stdout] test bayes_model::tests::essaie ... ok
[INFO] [stdout] 
[INFO] [stdout] test result: ok. 1 passed; 0 failed; 0 ignored; 0 measured; 0 filtered out; finished in 0.00s
[INFO] [stdout] 
[INFO] [stderr]      Running unittests src/main.rs (/opt/rustwide/target/release/deps/rust_db-1460df94c4377d1e)
[INFO] [stdout] 
[INFO] [stdout] running 0 tests
[INFO] [stdout] 
[INFO] [stdout] test result: ok. 0 passed; 0 failed; 0 ignored; 0 measured; 0 filtered out; finished in 0.00s
[INFO] [stdout] 
[INFO] [stderr]      Running tests/birth_test.rs (/opt/rustwide/target/release/deps/birth_test-e6a52277c70c830b)
[INFO] [stdout] 
[INFO] [stdout] running 1 test
[INFO] [stdout] test birth ... FAILED
[INFO] [stdout] 
[INFO] [stdout] failures:
[INFO] [stdout] 
[INFO] [stdout] ---- birth stdout ----
[INFO] [stdout] 
[INFO] [stdout] thread 'birth' (3878) panicked at /opt/rustwide/cargo-home/registry/src/index.crates.io-1949cf8c6b5b557f/sqlx-core-0.6.2/src/testing/mod.rs:214:14:
[INFO] [stdout] failed to connect to setup test database: PoolTimedOut
[INFO] [stdout] stack backtrace:
[INFO] [stdout]    0:     0x5e8c6fb6e7f1 - <<std[70759c8f55707aa4]::sys::backtrace::BacktraceLock>::print::DisplayBacktrace as core[df12db4294e9bfd3]::fmt::Display>::fmt
[INFO] [stdout]    1:     0x5e8c6fb863fa - core[df12db4294e9bfd3]::fmt::write
[INFO] [stdout]    2:     0x5e8c6fb731cc - <alloc[2182bb758b4b3781]::vec::Vec<u8> as core[df12db4294e9bfd3]::io::write::Write>::write_fmt
[INFO] [stdout]    3:     0x5e8c6fb497d6 - std[70759c8f55707aa4]::panicking::default_hook::{closure#0}
[INFO] [stdout]    4:     0x5e8c6fb66389 - std[70759c8f55707aa4]::panicking::default_hook
[INFO] [stdout]    5:     0x5e8c6fa16830 - test[9d35eded1c95d3be]::test_main_inner::<test[9d35eded1c95d3be]::test_main_static::{closure#0}>::{closure#0}
[INFO] [stdout]    6:     0x5e8c6fb666b2 - std[70759c8f55707aa4]::panicking::panic_with_hook
[INFO] [stdout]    7:     0x5e8c6fb49882 - std[70759c8f55707aa4]::panicking::panic_handler::{closure#0}
[INFO] [stdout]    8:     0x5e8c6fb42159 - std[70759c8f55707aa4]::sys::backtrace::__rust_end_short_backtrace::<std[70759c8f55707aa4]::panicking::panic_handler::{closure#0}, !>
[INFO] [stdout]    9:     0x5e8c6fb4a70d - __rustc[8fa7c3cbc660c2b3]::rust_begin_unwind
[INFO] [stdout]   10:     0x5e8c6fb86b5c - core[df12db4294e9bfd3]::panicking::panic_fmt
[INFO] [stdout]   11:     0x5e8c6fb86932 - core[df12db4294e9bfd3]::result::unwrap_failed
[INFO] [stdout]   12:     0x5e8c6f9b5149 - <core[df12db4294e9bfd3]::pin::Pin<&mut sqlx_core[7ee2b53ac5312443]::testing::run_test<sqlx_core[7ee2b53ac5312443]::postgres::database::Postgres, sqlx_core[7ee2b53ac5312443]::testing::run_test_with_pool<sqlx_core[7ee2b53ac5312443]::postgres::database::Postgres, fn(sqlx_core[7ee2b53ac5312443]::pool::Pool<sqlx_core[7ee2b53ac5312443]::postgres::database::Postgres>) -> birth_test[e8fd1b3dddb1945f]::birth::inner::{closure#0}, birth_test[e8fd1b3dddb1945f]::birth::inner::{closure#0}>::{closure#0}, sqlx_core[7ee2b53ac5312443]::testing::run_test_with_pool<sqlx_core[7ee2b53ac5312443]::postgres::database::Postgres, fn(sqlx_core[7ee2b53ac5312443]::pool::Pool<sqlx_core[7ee2b53ac5312443]::postgres::database::Postgres>) -> birth_test[e8fd1b3dddb1945f]::birth::inner::{closure#0}, birth_test[e8fd1b3dddb1945f]::birth::inner::{closure#0}>::{closure#0}::{closure#0}>::{closure#0}> as core[df12db4294e9bfd3]::future::future::Future>::poll
[INFO] [stdout]   13:     0x5e8c6fa03c8b - <tokio[709e64608adcefc5]::runtime::scheduler::current_thread::CurrentThread>::block_on::<sqlx_core[7ee2b53ac5312443]::testing::run_test<sqlx_core[7ee2b53ac5312443]::postgres::database::Postgres, sqlx_core[7ee2b53ac5312443]::testing::run_test_with_pool<sqlx_core[7ee2b53ac5312443]::postgres::database::Postgres, fn(sqlx_core[7ee2b53ac5312443]::pool::Pool<sqlx_core[7ee2b53ac5312443]::postgres::database::Postgres>) -> birth_test[e8fd1b3dddb1945f]::birth::inner::{closure#0}, birth_test[e8fd1b3dddb1945f]::birth::inner::{closure#0}>::{closure#0}, sqlx_core[7ee2b53ac5312443]::testing::run_test_with_pool<sqlx_core[7ee2b53ac5312443]::postgres::database::Postgres, fn(sqlx_core[7ee2b53ac5312443]::pool::Pool<sqlx_core[7ee2b53ac5312443]::postgres::database::Postgres>) -> birth_test[e8fd1b3dddb1945f]::birth::inner::{closure#0}, birth_test[e8fd1b3dddb1945f]::birth::inner::{closure#0}>::{closure#0}::{closure#0}>::{closure#0}>
[INFO] [stdout]   14:     0x5e8c6f9ee51d - <tokio[709e64608adcefc5]::runtime::Runtime>::block_on::<sqlx_core[7ee2b53ac5312443]::testing::run_test<sqlx_core[7ee2b53ac5312443]::postgres::database::Postgres, sqlx_core[7ee2b53ac5312443]::testing::run_test_with_pool<sqlx_core[7ee2b53ac5312443]::postgres::database::Postgres, fn(sqlx_core[7ee2b53ac5312443]::pool::Pool<sqlx_core[7ee2b53ac5312443]::postgres::database::Postgres>) -> birth_test[e8fd1b3dddb1945f]::birth::inner::{closure#0}, birth_test[e8fd1b3dddb1945f]::birth::inner::{closure#0}>::{closure#0}, sqlx_core[7ee2b53ac5312443]::testing::run_test_with_pool<sqlx_core[7ee2b53ac5312443]::postgres::database::Postgres, fn(sqlx_core[7ee2b53ac5312443]::pool::Pool<sqlx_core[7ee2b53ac5312443]::postgres::database::Postgres>) -> birth_test[e8fd1b3dddb1945f]::birth::inner::{closure#0}, birth_test[e8fd1b3dddb1945f]::birth::inner::{closure#0}>::{closure#0}::{closure#0}>::{closure#0}>
[INFO] [stdout]   15:     0x5e8c6f9d0b7d - sqlx_rt[3dddcd0741840ecf]::rt_tokio::test_block_on::<sqlx_core[7ee2b53ac5312443]::testing::run_test<sqlx_core[7ee2b53ac5312443]::postgres::database::Postgres, sqlx_core[7ee2b53ac5312443]::testing::run_test_with_pool<sqlx_core[7ee2b53ac5312443]::postgres::database::Postgres, fn(sqlx_core[7ee2b53ac5312443]::pool::Pool<sqlx_core[7ee2b53ac5312443]::postgres::database::Postgres>) -> birth_test[e8fd1b3dddb1945f]::birth::inner::{closure#0}, birth_test[e8fd1b3dddb1945f]::birth::inner::{closure#0}>::{closure#0}, sqlx_core[7ee2b53ac5312443]::testing::run_test_with_pool<sqlx_core[7ee2b53ac5312443]::postgres::database::Postgres, fn(sqlx_core[7ee2b53ac5312443]::pool::Pool<sqlx_core[7ee2b53ac5312443]::postgres::database::Postgres>) -> birth_test[e8fd1b3dddb1945f]::birth::inner::{closure#0}, birth_test[e8fd1b3dddb1945f]::birth::inner::{closure#0}>::{closure#0}::{closure#0}>::{closure#0}>
[INFO] [stdout]   16:     0x5e8c6f9ee37d - <birth_test[e8fd1b3dddb1945f]::birth::{closure#0} as core[df12db4294e9bfd3]::ops::function::FnOnce<()>>::call_once
[INFO] [stdout]   17:     0x5e8c6fa09b1b - test[9d35eded1c95d3be]::__rust_begin_short_backtrace::<core[df12db4294e9bfd3]::result::Result<(), alloc[2182bb758b4b3781]::string::String>, fn() -> core[df12db4294e9bfd3]::result::Result<(), alloc[2182bb758b4b3781]::string::String>>
[INFO] [stdout]   18:     0x5e8c6fa17185 - test[9d35eded1c95d3be]::run_test::{closure#0}
[INFO] [stdout]   19:     0x5e8c6fa10a44 - std[70759c8f55707aa4]::sys::backtrace::__rust_begin_short_backtrace::<test[9d35eded1c95d3be]::run_test::{closure#1}, ()>
[INFO] [stdout]   20:     0x5e8c6fa1a2e2 - <std[70759c8f55707aa4]::thread::lifecycle::spawn_unchecked<test[9d35eded1c95d3be]::run_test::{closure#1}, ()>::{closure#1} as core[df12db4294e9bfd3]::ops::function::FnOnce<()>>::call_once::{shim:vtable#0}
[INFO] [stdout]   21:     0x5e8c6fb6d9f9 - <std[70759c8f55707aa4]::sys::thread::unix::Thread>::new::thread_start
[INFO] [stdout]   22:     0x75f9f8ca9dfa - <unknown>
[INFO] [stdout]   23:     0x75f9f8d3d3d4 - clone
[INFO] [stdout]   24:                0x0 - <unknown>
[INFO] [stdout] 
[INFO] [stdout] 
[INFO] [stdout] failures:
[INFO] [stdout]     birth
[INFO] [stdout] 
[INFO] [stdout] test result: FAILED. 0 passed; 1 failed; 0 ignored; 0 measured; 0 filtered out; finished in 30.02s
[INFO] [stdout] 
[INFO] [stderr] error: test failed, to rerun pass `--test birth_test`
[INFO] running `Command { std: "docker" "inspect" "e56626c0df6bb5d4cf8e812c669bcf96f67d5787103f7b91a287f39a12ba2025", kill_on_drop: false }`
[INFO] running `Command { std: "docker" "rm" "-f" "e56626c0df6bb5d4cf8e812c669bcf96f67d5787103f7b91a287f39a12ba2025", kill_on_drop: false }`
[INFO] [stdout] e56626c0df6bb5d4cf8e812c669bcf96f67d5787103f7b91a287f39a12ba2025
