[INFO] cloning repository https://github.com/Robbepop/cargo-bloat-show
[INFO] running `Command { std: "git" "-c" "credential.helper=" "-c" "credential.helper=/workspace/cargo-home/bin/git-credential-null" "clone" "--bare" "https://github.com/Robbepop/cargo-bloat-show" "/workspace/cache/git-repos/https%3A%2F%2Fgithub.com%2FRobbepop%2Fcargo-bloat-show", kill_on_drop: false }`
[INFO] [stderr] Cloning into bare repository '/workspace/cache/git-repos/https%3A%2F%2Fgithub.com%2FRobbepop%2Fcargo-bloat-show'...
[INFO] running `Command { std: "git" "rev-parse" "HEAD", kill_on_drop: false }`
[INFO] [stdout] 3fb4647dbe87215d041ebedd3d401217fb292765
[INFO] testing Robbepop/cargo-bloat-show against 1.100.0-beta.1+cargoflags=--release for beta-release-1.100-2
[INFO] running `Command { std: "git" "clone" "/workspace/cache/git-repos/https%3A%2F%2Fgithub.com%2FRobbepop%2Fcargo-bloat-show" "/workspace/builds/worker-3-tc2/source", kill_on_drop: false }`
[INFO] [stderr] Cloning into '/workspace/builds/worker-3-tc2/source'...
[INFO] [stderr] done.
[INFO] started tweaking git repo https://github.com/Robbepop/cargo-bloat-show
[INFO] finished tweaking git repo https://github.com/Robbepop/cargo-bloat-show
[INFO] tweaked toml for git repo https://github.com/Robbepop/cargo-bloat-show written to /workspace/builds/worker-3-tc2/source/Cargo.toml
[INFO] validating manifest of git repo https://github.com/Robbepop/cargo-bloat-show on toolchain 1.100.0-beta.1
[INFO] running `Command { std: CARGO_HOME="/workspace/cargo-home" RUSTUP_HOME="/workspace/rustup-home" "/workspace/cargo-home/bin/cargo" "+1.100.0-beta.1" "metadata" "--manifest-path" "Cargo.toml" "--no-deps", kill_on_drop: false }`
[INFO] crate git repo https://github.com/Robbepop/cargo-bloat-show already has a lockfile, it will not be regenerated
[INFO] running `Command { std: CARGO_HOME="/workspace/cargo-home" RUSTUP_HOME="/workspace/rustup-home" "/workspace/cargo-home/bin/cargo" "+1.100.0-beta.1" "fetch" "--manifest-path" "Cargo.toml", kill_on_drop: false }`
[INFO] running `Command { std: "docker" "create" "-v" "/var/lib/crater-agent-workspace/builds/worker-3-tc2/source:/opt/rustwide/workdir:ro,Z" "-v" "/var/lib/crater-agent-workspace/builds/worker-3-tc2/target:/opt/rustwide/target:rw,Z" "-v" "/var/lib/crater-agent-workspace/cargo-home:/opt/rustwide/cargo-home:ro,Z" "-v" "/var/lib/crater-agent-workspace/rustup-home:/opt/rustwide/rustup-home:ro,Z" "-m" "1610612736" "--network" "none" "ghcr.io/rust-lang/crates-build-env/linux@sha256:77db811e55d90add9212f6832c23229e3de5f1c1f9905e8cb07319ea15df73ac" "sleep" "infinity", kill_on_drop: false }`
[INFO] [stdout] 90eebeb52e767005bf7270f9d6ea7ccc06c85e2ab10ddc8a77d92bedffddc732
[INFO] running `Command { std: "docker" "start" "90eebeb52e767005bf7270f9d6ea7ccc06c85e2ab10ddc8a77d92bedffddc732", kill_on_drop: false }`
[INFO] running `Command { std: "docker" "inspect" "90eebeb52e767005bf7270f9d6ea7ccc06c85e2ab10ddc8a77d92bedffddc732", kill_on_drop: false }`
[INFO] running `Command { std: "docker" "exec" "-e" "SOURCE_DIR=/opt/rustwide/workdir" "-e" "CARGO_HOME=/opt/rustwide/cargo-home" "-e" "RUSTUP_HOME=/opt/rustwide/rustup-home" "-e" "CARGO_TARGET_DIR=/opt/rustwide/target" "-w" "/opt/rustwide/workdir" "--user" "0:0" "90eebeb52e767005bf7270f9d6ea7ccc06c85e2ab10ddc8a77d92bedffddc732" "/opt/rustwide/cargo-home/bin/cargo" "+1.100.0-beta.1" "metadata" "--no-deps" "--format-version=1", kill_on_drop: false }`
[INFO] running `Command { std: "docker" "inspect" "90eebeb52e767005bf7270f9d6ea7ccc06c85e2ab10ddc8a77d92bedffddc732", kill_on_drop: false }`
[INFO] running `Command { std: "docker" "exec" "-e" "SOURCE_DIR=/opt/rustwide/workdir" "-e" "CARGO_HOME=/opt/rustwide/cargo-home" "-e" "RUSTUP_HOME=/opt/rustwide/rustup-home" "-e" "CARGO_TARGET_DIR=/opt/rustwide/target" "-e" "CARGO_INCREMENTAL=0" "-e" "RUST_BACKTRACE=full" "-e" "RUSTFLAGS=--cap-lints=warn" "-e" "RUSTDOCFLAGS=--cap-lints=warn" "-w" "/opt/rustwide/workdir" "--user" "0:0" "90eebeb52e767005bf7270f9d6ea7ccc06c85e2ab10ddc8a77d92bedffddc732" "/opt/rustwide/cargo-home/bin/cargo" "+1.100.0-beta.1" "build" "--frozen" "--message-format=json" "--release", kill_on_drop: false }`
[INFO] [stderr]    Compiling syn v3.0.3
[INFO] [stderr]    Compiling serde_core v1.0.229
[INFO] [stderr]    Compiling supports-hyperlinks v3.2.0
[INFO] [stderr]    Compiling opener v0.8.5
[INFO] [stderr]    Compiling anstyle-hyperlink v1.0.2
[INFO] [stderr]    Compiling serde_derive v1.0.229
[INFO] [stderr]    Compiling clap_derive v4.6.4
[INFO] [stderr]    Compiling serde_json v1.0.151
[INFO] [stderr]    Compiling clap v4.6.6
[INFO] [stderr]    Compiling serde v1.0.229
[INFO] [stderr]    Compiling bloat-show v0.1.0 (/opt/rustwide/workdir/crates/bloat-show)
[INFO] [stderr]    Compiling cargo-bloat-show v0.1.0 (/opt/rustwide/workdir/crates/cargo-bloat-show)
[INFO] [stderr]    Compiling bloat-show-cli v0.1.0 (/opt/rustwide/workdir/crates/bloat-show-cli)
[INFO] [stderr]     Finished `release` profile [optimized] target(s) in 16.15s
[INFO] running `Command { std: "docker" "inspect" "90eebeb52e767005bf7270f9d6ea7ccc06c85e2ab10ddc8a77d92bedffddc732", kill_on_drop: false }`
[INFO] running `Command { std: "docker" "exec" "-e" "SOURCE_DIR=/opt/rustwide/workdir" "-e" "CARGO_HOME=/opt/rustwide/cargo-home" "-e" "RUSTUP_HOME=/opt/rustwide/rustup-home" "-e" "CARGO_TARGET_DIR=/opt/rustwide/target" "-e" "CARGO_INCREMENTAL=0" "-e" "RUST_BACKTRACE=full" "-e" "RUSTFLAGS=--cap-lints=warn" "-e" "RUSTDOCFLAGS=--cap-lints=warn" "-w" "/opt/rustwide/workdir" "--user" "0:0" "90eebeb52e767005bf7270f9d6ea7ccc06c85e2ab10ddc8a77d92bedffddc732" "/opt/rustwide/cargo-home/bin/cargo" "+1.100.0-beta.1" "test" "--frozen" "--no-run" "--message-format=json" "--release", kill_on_drop: false }`
[INFO] [stderr]    Compiling bloat-show v0.1.0 (/opt/rustwide/workdir/crates/bloat-show)
[INFO] [stderr]    Compiling bloat-show-cli v0.1.0 (/opt/rustwide/workdir/crates/bloat-show-cli)
[INFO] [stderr]    Compiling cargo-bloat-show v0.1.0 (/opt/rustwide/workdir/crates/cargo-bloat-show)
[INFO] [stderr]     Finished `release` profile [optimized] target(s) in 6.13s
[INFO] running `Command { std: "docker" "inspect" "90eebeb52e767005bf7270f9d6ea7ccc06c85e2ab10ddc8a77d92bedffddc732", kill_on_drop: false }`
[INFO] running `Command { std: "docker" "exec" "-e" "SOURCE_DIR=/opt/rustwide/workdir" "-e" "CARGO_HOME=/opt/rustwide/cargo-home" "-e" "RUSTUP_HOME=/opt/rustwide/rustup-home" "-e" "CARGO_TARGET_DIR=/opt/rustwide/target" "-e" "CARGO_INCREMENTAL=0" "-e" "RUST_BACKTRACE=full" "-e" "RUSTFLAGS=--cap-lints=warn" "-e" "RUSTDOCFLAGS=--cap-lints=warn" "-w" "/opt/rustwide/workdir" "--user" "0:0" "90eebeb52e767005bf7270f9d6ea7ccc06c85e2ab10ddc8a77d92bedffddc732" "/opt/rustwide/cargo-home/bin/cargo" "+1.100.0-beta.1" "test" "--frozen" "--release", kill_on_drop: false }`
[INFO] [stderr]     Finished `release` profile [optimized] target(s) in 0.07s
[INFO] [stderr]      Running unittests src/lib.rs (/opt/rustwide/target/release/build/bloat-show/dcb8c063e4376b08/out/bloat_show-dcb8c063e4376b08)
[INFO] [stdout] 
[INFO] [stdout] running 15 tests
[INFO] [stdout] test render::tests::rust_symbols_do_not_break_out_of_the_script_block ... ok
[INFO] [stdout] test render::tests::substitute_is_single_pass ... ok
[INFO] [stdout] test render::tests::title_is_html_escaped ... ok
[INFO] [stdout] test render::tests::an_unknown_placeholder_is_left_alone ... ok
[INFO] [stdout] test render::tests::angle_brackets_round_trip_through_json_parse ... ok
[INFO] [stdout] test model::tests::crate_count_ignores_the_guessed_marker ... ok
[INFO] [stdout] test render::tests::template_contains_every_placeholder ... ok
[INFO] [stdout] test model::tests::non_object_input_is_rejected ... ok
[INFO] [stdout] test model::tests::invalid_json_is_reported_as_syntax_error ... ok
[INFO] [stdout] test model::tests::parses_minimal_document ... ok
[INFO] [stdout] test render::tests::meta_is_js_escaped ... ok
[INFO] [stderr]      Running unittests src/main.rs (/opt/rustwide/target/release/build/bloat-show-cli/11673a71d91be552/out/bloat_show-11673a71d91be552)
[INFO] [stdout] test model::tests::crates_mode_gets_a_dedicated_error ... ok
[INFO] [stdout] test model::tests::missing_crate_field_is_tolerated ... ok
[INFO] [stdout] test render::tests::no_placeholder_survives_rendering ... ok
[INFO] [stdout] test render::tests::a_substituted_value_is_not_rescanned ... ok
[INFO] [stdout] 
[INFO] [stdout] test result: ok. 15 passed; 0 failed; 0 ignored; 0 measured; 0 filtered out; finished in 0.01s
[INFO] [stdout] 
[INFO] [stdout] 
[INFO] [stdout] running 13 tests
[INFO] [stdout] test style::tests::a_lookalike_flag_is_not_mistaken_for_it ... ok
[INFO] [stdout] test output::tests::a_relative_path_is_made_absolute ... ok
[INFO] [stdout] test output::tests::a_hyperlink_wraps_the_path_in_osc_8 ... ok
[INFO] [stdout] test output::tests::a_suppressed_hyperlink_leaves_the_line_alone ... ok
[INFO] [stdout] test style::tests::a_separate_value_is_found ... ok
[INFO] [stdout] test style::tests::an_attached_value_is_found ... ok
[INFO] [stdout] test style::tests::an_unknown_value_is_left_for_clap ... ok
[INFO] [stdout] test output::tests::symlinks_are_not_resolved ... ok
[INFO] [stdout] test output::tests::the_colour_choice_decides_before_the_terminal_does ... ok
[INFO] [stdout] test style::tests::no_flag_means_no_answer ... ok
[INFO] [stdout] test output::tests::an_absolute_path_is_left_alone ... ok
[INFO] [stdout] test output::tests::sizes_are_human_readable ... ok
[INFO] [stdout] test tests::cli_definition_is_valid ... ok
[INFO] [stdout] 
[INFO] [stdout] test result: ok. 13 passed; 0 failed; 0 ignored; 0 measured; 0 filtered out; finished in 0.00s
[INFO] [stdout] 
[INFO] [stderr]      Running tests/cli.rs (/opt/rustwide/target/release/build/bloat-show-cli/a8d14c99976b83a5/out/cli-a8d14c99976b83a5)
[INFO] [stdout] 
[INFO] [stdout] running 8 tests
[INFO] [stdout] test errors_are_reported_in_cargo_shape ... FAILED
[INFO] [stdout] test reads_json_from_stdin ... FAILED
[INFO] [stdout] test colour_follows_the_flag_and_the_pipe ... FAILED
[INFO] [stdout] test every_function_gets_its_own_rectangle ... FAILED
[INFO] [stdout] test creates_missing_parent_directories ... FAILED
[INFO] [stdout] test a_missing_input_file_fails_cleanly ... FAILED
[INFO] [stdout] test renders_a_file_to_html ... FAILED
[INFO] [stdout] test crates_mode_json_is_rejected_with_guidance ... FAILED
[INFO] [stdout] 
[INFO] [stdout] failures:
[INFO] [stderr] error: test failed, to rerun pass `-p bloat-show-cli --test cli`
[INFO] [stdout] 
[INFO] [stdout] ---- errors_are_reported_in_cargo_shape stdout ----
[INFO] [stdout] 
[INFO] [stdout] thread 'errors_are_reported_in_cargo_shape' (652) panicked at crates/bloat-show-cli/tests/cli.rs:162:10:
[INFO] [stdout] called `Result::unwrap()` on an `Err` value: Os { code: 2, kind: NotFound, message: "No such file or directory" }
[INFO] [stdout] stack backtrace:
[INFO] [stdout]    0:     0x626c442d72e1 - <<std[617be2ca0a6fd877]::sys::backtrace::BacktraceLock>::print::DisplayBacktrace as core[a373ad73a504971]::fmt::Display>::fmt
[INFO] [stdout]    1:     0x626c442ebd1a - core[a373ad73a504971]::fmt::write
[INFO] [stdout]    2:     0x626c442db7cc - <alloc[2e1b2a31b91974c5]::vec::Vec<u8> as core[a373ad73a504971]::io::write::Write>::write_fmt
[INFO] [stdout]    3:     0x626c442b0f36 - std[617be2ca0a6fd877]::panicking::default_hook::{closure#0}
[INFO] [stdout]    4:     0x626c442cea49 - std[617be2ca0a6fd877]::panicking::default_hook
[INFO] [stdout]    5:     0x626c4425b900 - test[aada8e7e76ba119b]::test_main_inner::{closure#0}
[INFO] [stdout]    6:     0x626c442cec02 - std[617be2ca0a6fd877]::panicking::panic_with_hook
[INFO] [stdout]    7:     0x626c442b0fe2 - std[617be2ca0a6fd877]::panicking::panic_handler::{closure#0}
[INFO] [stdout]    8:     0x626c442a9a49 - std[617be2ca0a6fd877]::sys::backtrace::__rust_end_short_backtrace::<std[617be2ca0a6fd877]::panicking::panic_handler::{closure#0}, !>
[INFO] [stdout]    9:     0x626c442b1bed - __rustc[ea4f61d10b84890b]::rust_begin_unwind
[INFO] [stdout]   10:     0x626c442ec44c - core[a373ad73a504971]::panicking::panic_fmt
[INFO] [stdout]   11:     0x626c442ec222 - core[a373ad73a504971]::result::unwrap_failed
[INFO] [stdout]   12:     0x626c4424de63 - <cli[6f28f7a5bbbcc4b0]::errors_are_reported_in_cargo_shape::{closure#0} as core[a373ad73a504971]::ops::function::FnOnce<()>>::call_once
[INFO] [stdout]   13:     0x626c4424ed4b - test[aada8e7e76ba119b]::__rust_begin_short_backtrace::<core[a373ad73a504971]::result::Result<(), alloc[2e1b2a31b91974c5]::string::String>, fn() -> core[a373ad73a504971]::result::Result<(), alloc[2e1b2a31b91974c5]::string::String>>
[INFO] [stdout]   14:     0x626c4425bf25 - test[aada8e7e76ba119b]::run_test::{closure#0}
[INFO] [stdout]   15:     0x626c44255814 - std[617be2ca0a6fd877]::sys::backtrace::__rust_begin_short_backtrace::<test[aada8e7e76ba119b]::run_test::{closure#1}, ()>
[INFO] [stdout]   16:     0x626c4425efb2 - <std[617be2ca0a6fd877]::thread::lifecycle::spawn_unchecked<test[aada8e7e76ba119b]::run_test::{closure#1}, ()>::{closure#1} as core[a373ad73a504971]::ops::function::FnOnce<()>>::call_once::{shim:vtable#0}
[INFO] [stdout]   17:     0x626c442d62ef - <std[617be2ca0a6fd877]::sys::thread::unix::Thread>::new::thread_start
[INFO] [stdout]   18:     0x71ad055a1dfa - <unknown>
[INFO] [stdout]   19:     0x71ad056353d4 - clone
[INFO] [stdout]   20:                0x0 - <unknown>
[INFO] [stdout] 
[INFO] [stdout] ---- reads_json_from_stdin stdout ----
[INFO] [stdout] 
[INFO] [stdout] thread 'reads_json_from_stdin' (654) panicked at crates/bloat-show-cli/tests/cli.rs:79:10:
[INFO] [stdout] called `Result::unwrap()` on an `Err` value: Os { code: 2, kind: NotFound, message: "No such file or directory" }
[INFO] [stdout] stack backtrace:
[INFO] [stdout]    0:     0x626c442d72e1 - <<std[617be2ca0a6fd877]::sys::backtrace::BacktraceLock>::print::DisplayBacktrace as core[a373ad73a504971]::fmt::Display>::fmt
[INFO] [stdout]    1:     0x626c442ebd1a - core[a373ad73a504971]::fmt::write
[INFO] [stdout]    2:     0x626c442db7cc - <alloc[2e1b2a31b91974c5]::vec::Vec<u8> as core[a373ad73a504971]::io::write::Write>::write_fmt
[INFO] [stdout]    3:     0x626c442b0f36 - std[617be2ca0a6fd877]::panicking::default_hook::{closure#0}
[INFO] [stdout]    4:     0x626c442cea49 - std[617be2ca0a6fd877]::panicking::default_hook
[INFO] [stdout]    5:     0x626c4425b900 - test[aada8e7e76ba119b]::test_main_inner::{closure#0}
[INFO] [stdout]    6:     0x626c442cec02 - std[617be2ca0a6fd877]::panicking::panic_with_hook
[INFO] [stdout]    7:     0x626c442b0fe2 - std[617be2ca0a6fd877]::panicking::panic_handler::{closure#0}
[INFO] [stdout]    8:     0x626c442a9a49 - std[617be2ca0a6fd877]::sys::backtrace::__rust_end_short_backtrace::<std[617be2ca0a6fd877]::panicking::panic_handler::{closure#0}, !>
[INFO] [stdout]    9:     0x626c442b1bed - __rustc[ea4f61d10b84890b]::rust_begin_unwind
[INFO] [stdout]   10:     0x626c442ec44c - core[a373ad73a504971]::panicking::panic_fmt
[INFO] [stdout]   11:     0x626c442ec222 - core[a373ad73a504971]::result::unwrap_failed
[INFO] [stdout]   12:     0x626c4424cf63 - <cli[6f28f7a5bbbcc4b0]::reads_json_from_stdin::{closure#0} as core[a373ad73a504971]::ops::function::FnOnce<()>>::call_once
[INFO] [stdout]   13:     0x626c4424ed4b - test[aada8e7e76ba119b]::__rust_begin_short_backtrace::<core[a373ad73a504971]::result::Result<(), alloc[2e1b2a31b91974c5]::string::String>, fn() -> core[a373ad73a504971]::result::Result<(), alloc[2e1b2a31b91974c5]::string::String>>
[INFO] [stdout]   14:     0x626c4425bf25 - test[aada8e7e76ba119b]::run_test::{closure#0}
[INFO] [stdout]   15:     0x626c44255814 - std[617be2ca0a6fd877]::sys::backtrace::__rust_begin_short_backtrace::<test[aada8e7e76ba119b]::run_test::{closure#1}, ()>
[INFO] [stdout]   16:     0x626c4425efb2 - <std[617be2ca0a6fd877]::thread::lifecycle::spawn_unchecked<test[aada8e7e76ba119b]::run_test::{closure#1}, ()>::{closure#1} as core[a373ad73a504971]::ops::function::FnOnce<()>>::call_once::{shim:vtable#0}
[INFO] [stdout]   17:     0x626c442d62ef - <std[617be2ca0a6fd877]::sys::thread::unix::Thread>::new::thread_start
[INFO] [stdout]   18:     0x71ad055a1dfa - <unknown>
[INFO] [stdout]   19:     0x71ad056353d4 - clone
[INFO] [stdout]   20:                0x0 - <unknown>
[INFO] [stdout] 
[INFO] [stdout] ---- colour_follows_the_flag_and_the_pipe stdout ----
[INFO] [stdout] 
[INFO] [stdout] thread 'colour_follows_the_flag_and_the_pipe' (649) panicked at crates/bloat-show-cli/tests/cli.rs:140:14:
[INFO] [stdout] called `Result::unwrap()` on an `Err` value: Os { code: 2, kind: NotFound, message: "No such file or directory" }
[INFO] [stdout] stack backtrace:
[INFO] [stdout]    0:     0x626c442d72e1 - <<std[617be2ca0a6fd877]::sys::backtrace::BacktraceLock>::print::DisplayBacktrace as core[a373ad73a504971]::fmt::Display>::fmt
[INFO] [stdout]    1:     0x626c442ebd1a - core[a373ad73a504971]::fmt::write
[INFO] [stdout]    2:     0x626c442db7cc - <alloc[2e1b2a31b91974c5]::vec::Vec<u8> as core[a373ad73a504971]::io::write::Write>::write_fmt
[INFO] [stdout]    3:     0x626c442b0f36 - std[617be2ca0a6fd877]::panicking::default_hook::{closure#0}
[INFO] [stdout]    4:     0x626c442cea49 - std[617be2ca0a6fd877]::panicking::default_hook
[INFO] [stdout]    5:     0x626c4425b900 - test[aada8e7e76ba119b]::test_main_inner::{closure#0}
[INFO] [stdout]    6:     0x626c442cec02 - std[617be2ca0a6fd877]::panicking::panic_with_hook
[INFO] [stdout]    7:     0x626c442b0fe2 - std[617be2ca0a6fd877]::panicking::panic_handler::{closure#0}
[INFO] [stdout]    8:     0x626c442a9a49 - std[617be2ca0a6fd877]::sys::backtrace::__rust_end_short_backtrace::<std[617be2ca0a6fd877]::panicking::panic_handler::{closure#0}, !>
[INFO] [stdout]    9:     0x626c442b1bed - __rustc[ea4f61d10b84890b]::rust_begin_unwind
[INFO] [stdout]   10:     0x626c442ec44c - core[a373ad73a504971]::panicking::panic_fmt
[INFO] [stdout]   11:     0x626c442ec222 - core[a373ad73a504971]::result::unwrap_failed
[INFO] [stdout]   12:     0x626c4424b10d - cli[6f28f7a5bbbcc4b0]::colour_follows_the_flag_and_the_pipe::{closure#0}
[INFO] [stdout]   13:     0x626c4424e06e - <cli[6f28f7a5bbbcc4b0]::colour_follows_the_flag_and_the_pipe::{closure#0} as core[a373ad73a504971]::ops::function::FnOnce<()>>::call_once
[INFO] [stdout]   14:     0x626c4424ed4b - test[aada8e7e76ba119b]::__rust_begin_short_backtrace::<core[a373ad73a504971]::result::Result<(), alloc[2e1b2a31b91974c5]::string::String>, fn() -> core[a373ad73a504971]::result::Result<(), alloc[2e1b2a31b91974c5]::string::String>>
[INFO] [stdout]   15:     0x626c4425bf25 - test[aada8e7e76ba119b]::run_test::{closure#0}
[INFO] [stdout]   16:     0x626c44255814 - std[617be2ca0a6fd877]::sys::backtrace::__rust_begin_short_backtrace::<test[aada8e7e76ba119b]::run_test::{closure#1}, ()>
[INFO] [stdout]   17:     0x626c4425efb2 - <std[617be2ca0a6fd877]::thread::lifecycle::spawn_unchecked<test[aada8e7e76ba119b]::run_test::{closure#1}, ()>::{closure#1} as core[a373ad73a504971]::ops::function::FnOnce<()>>::call_once::{shim:vtable#0}
[INFO] [stdout]   18:     0x626c442d62ef - <std[617be2ca0a6fd877]::sys::thread::unix::Thread>::new::thread_start
[INFO] [stdout]   19:     0x71ad055a1dfa - <unknown>
[INFO] [stdout]   20:     0x71ad056353d4 - clone
[INFO] [stdout]   21:                0x0 - <unknown>
[INFO] [stdout] 
[INFO] [stdout] ---- every_function_gets_its_own_rectangle stdout ----
[INFO] [stdout] 
[INFO] [stdout] thread 'every_function_gets_its_own_rectangle' (653) panicked at crates/bloat-show-cli/tests/cli.rs:179:10:
[INFO] [stdout] called `Result::unwrap()` on an `Err` value: Os { code: 2, kind: NotFound, message: "No such file or directory" }
[INFO] [stdout] stack backtrace:
[INFO] [stdout]    0:     0x626c442d72e1 - <<std[617be2ca0a6fd877]::sys::backtrace::BacktraceLock>::print::DisplayBacktrace as core[a373ad73a504971]::fmt::Display>::fmt
[INFO] [stdout]    1:     0x626c442ebd1a - core[a373ad73a504971]::fmt::write
[INFO] [stdout]    2:     0x626c442db7cc - <alloc[2e1b2a31b91974c5]::vec::Vec<u8> as core[a373ad73a504971]::io::write::Write>::write_fmt
[INFO] [stdout]    3:     0x626c442b0f36 - std[617be2ca0a6fd877]::panicking::default_hook::{closure#0}
[INFO] [stdout]    4:     0x626c442cea49 - std[617be2ca0a6fd877]::panicking::default_hook
[INFO] [stdout]    5:     0x626c4425b900 - test[aada8e7e76ba119b]::test_main_inner::{closure#0}
[INFO] [stdout]    6:     0x626c442cec02 - std[617be2ca0a6fd877]::panicking::panic_with_hook
[INFO] [stdout]    7:     0x626c442b0fe2 - std[617be2ca0a6fd877]::panicking::panic_handler::{closure#0}
[INFO] [stdout]    8:     0x626c442a9a49 - std[617be2ca0a6fd877]::sys::backtrace::__rust_end_short_backtrace::<std[617be2ca0a6fd877]::panicking::panic_handler::{closure#0}, !>
[INFO] [stdout]    9:     0x626c442b1bed - __rustc[ea4f61d10b84890b]::rust_begin_unwind
[INFO] [stdout]   10:     0x626c442ec44c - core[a373ad73a504971]::panicking::panic_fmt
[INFO] [stdout]   11:     0x626c442ec222 - core[a373ad73a504971]::result::unwrap_failed
[INFO] [stdout]   12:     0x626c4424e688 - <cli[6f28f7a5bbbcc4b0]::every_function_gets_its_own_rectangle::{closure#0} as core[a373ad73a504971]::ops::function::FnOnce<()>>::call_once
[INFO] [stdout]   13:     0x626c4424ed4b - test[aada8e7e76ba119b]::__rust_begin_short_backtrace::<core[a373ad73a504971]::result::Result<(), alloc[2e1b2a31b91974c5]::string::String>, fn() -> core[a373ad73a504971]::result::Result<(), alloc[2e1b2a31b91974c5]::string::String>>
[INFO] [stdout]   14:     0x626c4425bf25 - test[aada8e7e76ba119b]::run_test::{closure#0}
[INFO] [stdout]   15:     0x626c44255814 - std[617be2ca0a6fd877]::sys::backtrace::__rust_begin_short_backtrace::<test[aada8e7e76ba119b]::run_test::{closure#1}, ()>
[INFO] [stdout]   16:     0x626c4425efb2 - <std[617be2ca0a6fd877]::thread::lifecycle::spawn_unchecked<test[aada8e7e76ba119b]::run_test::{closure#1}, ()>::{closure#1} as core[a373ad73a504971]::ops::function::FnOnce<()>>::call_once::{shim:vtable#0}
[INFO] [stdout]   17:     0x626c442d62ef - <std[617be2ca0a6fd877]::sys::thread::unix::Thread>::new::thread_start
[INFO] [stdout]   18:     0x71ad055a1dfa - <unknown>
[INFO] [stdout]   19:     0x71ad056353d4 - clone
[INFO] [stdout]   20:                0x0 - <unknown>
[INFO] [stdout] 
[INFO] [stdout] ---- creates_missing_parent_directories stdout ----
[INFO] [stdout] 
[INFO] [stdout] thread 'creates_missing_parent_directories' (651) panicked at crates/bloat-show-cli/tests/cli.rs:64:10:
[INFO] [stdout] called `Result::unwrap()` on an `Err` value: Os { code: 2, kind: NotFound, message: "No such file or directory" }
[INFO] [stdout] stack backtrace:
[INFO] [stdout]    0:     0x626c442d72e1 - <<std[617be2ca0a6fd877]::sys::backtrace::BacktraceLock>::print::DisplayBacktrace as core[a373ad73a504971]::fmt::Display>::fmt
[INFO] [stdout]    1:     0x626c442ebd1a - core[a373ad73a504971]::fmt::write
[INFO] [stdout]    2:     0x626c442db7cc - <alloc[2e1b2a31b91974c5]::vec::Vec<u8> as core[a373ad73a504971]::io::write::Write>::write_fmt
[INFO] [stdout]    3:     0x626c442b0f36 - std[617be2ca0a6fd877]::panicking::default_hook::{closure#0}
[INFO] [stdout]    4:     0x626c442cea49 - std[617be2ca0a6fd877]::panicking::default_hook
[INFO] [stdout]    5:     0x626c4425b900 - test[aada8e7e76ba119b]::test_main_inner::{closure#0}
[INFO] [stdout]    6:     0x626c442cec02 - std[617be2ca0a6fd877]::panicking::panic_with_hook
[INFO] [stdout]    7:     0x626c442b0fe2 - std[617be2ca0a6fd877]::panicking::panic_handler::{closure#0}
[INFO] [stdout]    8:     0x626c442a9a49 - std[617be2ca0a6fd877]::sys::backtrace::__rust_end_short_backtrace::<std[617be2ca0a6fd877]::panicking::panic_handler::{closure#0}, !>
[INFO] [stdout]    9:     0x626c442b1bed - __rustc[ea4f61d10b84890b]::rust_begin_unwind
[INFO] [stdout]   10:     0x626c442ec44c - core[a373ad73a504971]::panicking::panic_fmt
[INFO] [stdout]   11:     0x626c442ec222 - core[a373ad73a504971]::result::unwrap_failed
[INFO] [stdout]   12:     0x626c4424db82 - <cli[6f28f7a5bbbcc4b0]::creates_missing_parent_directories::{closure#0} as core[a373ad73a504971]::ops::function::FnOnce<()>>::call_once
[INFO] [stdout]   13:     0x626c4424ed4b - test[aada8e7e76ba119b]::__rust_begin_short_backtrace::<core[a373ad73a504971]::result::Result<(), alloc[2e1b2a31b91974c5]::string::String>, fn() -> core[a373ad73a504971]::result::Result<(), alloc[2e1b2a31b91974c5]::string::String>>
[INFO] [stdout]   14:     0x626c4425bf25 - test[aada8e7e76ba119b]::run_test::{closure#0}
[INFO] [stdout]   15:     0x626c44255814 - std[617be2ca0a6fd877]::sys::backtrace::__rust_begin_short_backtrace::<test[aada8e7e76ba119b]::run_test::{closure#1}, ()>
[INFO] [stdout]   16:     0x626c4425efb2 - <std[617be2ca0a6fd877]::thread::lifecycle::spawn_unchecked<test[aada8e7e76ba119b]::run_test::{closure#1}, ()>::{closure#1} as core[a373ad73a504971]::ops::function::FnOnce<()>>::call_once::{shim:vtable#0}
[INFO] [stdout]   17:     0x626c442d62ef - <std[617be2ca0a6fd877]::sys::thread::unix::Thread>::new::thread_start
[INFO] [stdout]   18:     0x71ad055a1dfa - <unknown>
[INFO] [stdout]   19:     0x71ad056353d4 - clone
[INFO] [stdout]   20:                0x0 - <unknown>
[INFO] [stdout] 
[INFO] [stdout] ---- a_missing_input_file_fails_cleanly stdout ----
[INFO] [stdout] 
[INFO] [stdout] thread 'a_missing_input_file_fails_cleanly' (648) panicked at crates/bloat-show-cli/tests/cli.rs:115:10:
[INFO] [stdout] called `Result::unwrap()` on an `Err` value: Os { code: 2, kind: NotFound, message: "No such file or directory" }
[INFO] [stdout] stack backtrace:
[INFO] [stdout]    0:     0x626c442d72e1 - <<std[617be2ca0a6fd877]::sys::backtrace::BacktraceLock>::print::DisplayBacktrace as core[a373ad73a504971]::fmt::Display>::fmt
[INFO] [stdout]    1:     0x626c442ebd1a - core[a373ad73a504971]::fmt::write
[INFO] [stdout]    2:     0x626c442db7cc - <alloc[2e1b2a31b91974c5]::vec::Vec<u8> as core[a373ad73a504971]::io::write::Write>::write_fmt
[INFO] [stdout]    3:     0x626c442b0f36 - std[617be2ca0a6fd877]::panicking::default_hook::{closure#0}
[INFO] [stdout]    4:     0x626c442cea49 - std[617be2ca0a6fd877]::panicking::default_hook
[INFO] [stdout]    5:     0x626c4425b900 - test[aada8e7e76ba119b]::test_main_inner::{closure#0}
[INFO] [stdout]    6:     0x626c442cec02 - std[617be2ca0a6fd877]::panicking::panic_with_hook
[INFO] [stdout]    7:     0x626c442b0fe2 - std[617be2ca0a6fd877]::panicking::panic_handler::{closure#0}
[INFO] [stdout]    8:     0x626c442a9a49 - std[617be2ca0a6fd877]::sys::backtrace::__rust_end_short_backtrace::<std[617be2ca0a6fd877]::panicking::panic_handler::{closure#0}, !>
[INFO] [stdout]    9:     0x626c442b1bed - __rustc[ea4f61d10b84890b]::rust_begin_unwind
[INFO] [stdout]   10:     0x626c442ec44c - core[a373ad73a504971]::panicking::panic_fmt
[INFO] [stdout]   11:     0x626c442ec222 - core[a373ad73a504971]::result::unwrap_failed
[INFO] [stdout]   12:     0x626c4424d7e5 - <cli[6f28f7a5bbbcc4b0]::a_missing_input_file_fails_cleanly::{closure#0} as core[a373ad73a504971]::ops::function::FnOnce<()>>::call_once
[INFO] [stdout]   13:     0x626c4424ed4b - test[aada8e7e76ba119b]::__rust_begin_short_backtrace::<core[a373ad73a504971]::result::Result<(), alloc[2e1b2a31b91974c5]::string::String>, fn() -> core[a373ad73a504971]::result::Result<(), alloc[2e1b2a31b91974c5]::string::String>>
[INFO] [stdout]   14:     0x626c4425bf25 - test[aada8e7e76ba119b]::run_test::{closure#0}
[INFO] [stdout]   15:     0x626c44255814 - std[617be2ca0a6fd877]::sys::backtrace::__rust_begin_short_backtrace::<test[aada8e7e76ba119b]::run_test::{closure#1}, ()>
[INFO] [stdout]   16:     0x626c4425efb2 - <std[617be2ca0a6fd877]::thread::lifecycle::spawn_unchecked<test[aada8e7e76ba119b]::run_test::{closure#1}, ()>::{closure#1} as core[a373ad73a504971]::ops::function::FnOnce<()>>::call_once::{shim:vtable#0}
[INFO] [stdout]   17:     0x626c442d62ef - <std[617be2ca0a6fd877]::sys::thread::unix::Thread>::new::thread_start
[INFO] [stdout]   18:     0x71ad055a1dfa - <unknown>
[INFO] [stdout]   19:     0x71ad056353d4 - clone
[INFO] [stdout]   20:                0x0 - <unknown>
[INFO] [stdout] 
[INFO] [stdout] ---- renders_a_file_to_html stdout ----
[INFO] [stdout] 
[INFO] [stdout] thread 'renders_a_file_to_html' (655) panicked at crates/bloat-show-cli/tests/cli.rs:50:10:
[INFO] [stdout] called `Result::unwrap()` on an `Err` value: Os { code: 2, kind: NotFound, message: "No such file or directory" }
[INFO] [stdout] stack backtrace:
[INFO] [stdout]    0:     0x626c442d72e1 - <<std[617be2ca0a6fd877]::sys::backtrace::BacktraceLock>::print::DisplayBacktrace as core[a373ad73a504971]::fmt::Display>::fmt
[INFO] [stdout]    1:     0x626c442ebd1a - core[a373ad73a504971]::fmt::write
[INFO] [stdout]    2:     0x626c442db7cc - <alloc[2e1b2a31b91974c5]::vec::Vec<u8> as core[a373ad73a504971]::io::write::Write>::write_fmt
[INFO] [stdout]    3:     0x626c442b0f36 - std[617be2ca0a6fd877]::panicking::default_hook::{closure#0}
[INFO] [stdout]    4:     0x626c442cea49 - std[617be2ca0a6fd877]::panicking::default_hook
[INFO] [stdout]    5:     0x626c4425b900 - test[aada8e7e76ba119b]::test_main_inner::{closure#0}
[INFO] [stdout]    6:     0x626c442cec02 - std[617be2ca0a6fd877]::panicking::panic_with_hook
[INFO] [stdout]    7:     0x626c442b0fe2 - std[617be2ca0a6fd877]::panicking::panic_handler::{closure#0}
[INFO] [stdout]    8:     0x626c442a9a49 - std[617be2ca0a6fd877]::sys::backtrace::__rust_end_short_backtrace::<std[617be2ca0a6fd877]::panicking::panic_handler::{closure#0}, !>
[INFO] [stdout]    9:     0x626c442b1bed - __rustc[ea4f61d10b84890b]::rust_begin_unwind
[INFO] [stdout]   10:     0x626c442ec44c - core[a373ad73a504971]::panicking::panic_fmt
[INFO] [stdout]   11:     0x626c442ec222 - core[a373ad73a504971]::result::unwrap_failed
[INFO] [stdout]   12:     0x626c4424d430 - <cli[6f28f7a5bbbcc4b0]::renders_a_file_to_html::{closure#0} as core[a373ad73a504971]::ops::function::FnOnce<()>>::call_once
[INFO] [stdout]   13:     0x626c4424ed4b - test[aada8e7e76ba119b]::__rust_begin_short_backtrace::<core[a373ad73a504971]::result::Result<(), alloc[2e1b2a31b91974c5]::string::String>, fn() -> core[a373ad73a504971]::result::Result<(), alloc[2e1b2a31b91974c5]::string::String>>
[INFO] [stdout]   14:     0x626c4425bf25 - test[aada8e7e76ba119b]::run_test::{closure#0}
[INFO] [stdout]   15:     0x626c44255814 - std[617be2ca0a6fd877]::sys::backtrace::__rust_begin_short_backtrace::<test[aada8e7e76ba119b]::run_test::{closure#1}, ()>
[INFO] [stdout]   16:     0x626c4425efb2 - <std[617be2ca0a6fd877]::thread::lifecycle::spawn_unchecked<test[aada8e7e76ba119b]::run_test::{closure#1}, ()>::{closure#1} as core[a373ad73a504971]::ops::function::FnOnce<()>>::call_once::{shim:vtable#0}
[INFO] [stdout]   17:     0x626c442d62ef - <std[617be2ca0a6fd877]::sys::thread::unix::Thread>::new::thread_start
[INFO] [stdout]   18:     0x71ad055a1dfa - <unknown>
[INFO] [stdout]   19:     0x71ad056353d4 - clone
[INFO] [stdout]   20:                0x0 - <unknown>
[INFO] [stdout] 
[INFO] [stdout] ---- crates_mode_json_is_rejected_with_guidance stdout ----
[INFO] [stdout] 
[INFO] [stdout] thread 'crates_mode_json_is_rejected_with_guidance' (650) panicked at crates/bloat-show-cli/tests/cli.rs:101:10:
[INFO] [stdout] called `Result::unwrap()` on an `Err` value: Os { code: 2, kind: NotFound, message: "No such file or directory" }
[INFO] [stdout] stack backtrace:
[INFO] [stdout]    0:     0x626c442d72e1 - <<std[617be2ca0a6fd877]::sys::backtrace::BacktraceLock>::print::DisplayBacktrace as core[a373ad73a504971]::fmt::Display>::fmt
[INFO] [stdout]    1:     0x626c442ebd1a - core[a373ad73a504971]::fmt::write
[INFO] [stdout]    2:     0x626c442db7cc - <alloc[2e1b2a31b91974c5]::vec::Vec<u8> as core[a373ad73a504971]::io::write::Write>::write_fmt
[INFO] [stdout]    3:     0x626c442b0f36 - std[617be2ca0a6fd877]::panicking::default_hook::{closure#0}
[INFO] [stdout]    4:     0x626c442cea49 - std[617be2ca0a6fd877]::panicking::default_hook
[INFO] [stdout]    5:     0x626c4425b900 - test[aada8e7e76ba119b]::test_main_inner::{closure#0}
[INFO] [stdout]    6:     0x626c442cec02 - std[617be2ca0a6fd877]::panicking::panic_with_hook
[INFO] [stdout]    7:     0x626c442b0fe2 - std[617be2ca0a6fd877]::panicking::panic_handler::{closure#0}
[INFO] [stdout]    8:     0x626c442a9a49 - std[617be2ca0a6fd877]::sys::backtrace::__rust_end_short_backtrace::<std[617be2ca0a6fd877]::panicking::panic_handler::{closure#0}, !>
[INFO] [stdout]    9:     0x626c442b1bed - __rustc[ea4f61d10b84890b]::rust_begin_unwind
[INFO] [stdout]   10:     0x626c442ec44c - core[a373ad73a504971]::panicking::panic_fmt
[INFO] [stdout]   11:     0x626c442ec222 - core[a373ad73a504971]::result::unwrap_failed
[INFO] [stdout]   12:     0x626c4424eac4 - <cli[6f28f7a5bbbcc4b0]::crates_mode_json_is_rejected_with_guidance::{closure#0} as core[a373ad73a504971]::ops::function::FnOnce<()>>::call_once
[INFO] [stdout]   13:     0x626c4424ed4b - test[aada8e7e76ba119b]::__rust_begin_short_backtrace::<core[a373ad73a504971]::result::Result<(), alloc[2e1b2a31b91974c5]::string::String>, fn() -> core[a373ad73a504971]::result::Result<(), alloc[2e1b2a31b91974c5]::string::String>>
[INFO] [stdout]   14:     0x626c4425bf25 - test[aada8e7e76ba119b]::run_test::{closure#0}
[INFO] [stdout]   15:     0x626c44255814 - std[617be2ca0a6fd877]::sys::backtrace::__rust_begin_short_backtrace::<test[aada8e7e76ba119b]::run_test::{closure#1}, ()>
[INFO] [stdout]   16:     0x626c4425efb2 - <std[617be2ca0a6fd877]::thread::lifecycle::spawn_unchecked<test[aada8e7e76ba119b]::run_test::{closure#1}, ()>::{closure#1} as core[a373ad73a504971]::ops::function::FnOnce<()>>::call_once::{shim:vtable#0}
[INFO] [stdout]   17:     0x626c442d62ef - <std[617be2ca0a6fd877]::sys::thread::unix::Thread>::new::thread_start
[INFO] [stdout]   18:     0x71ad055a1dfa - <unknown>
[INFO] [stdout]   19:     0x71ad056353d4 - clone
[INFO] [stdout]   20:                0x0 - <unknown>
[INFO] [stdout] 
[INFO] [stdout] 
[INFO] [stdout] failures:
[INFO] [stdout]     a_missing_input_file_fails_cleanly
[INFO] [stdout]     colour_follows_the_flag_and_the_pipe
[INFO] [stdout]     crates_mode_json_is_rejected_with_guidance
[INFO] [stdout]     creates_missing_parent_directories
[INFO] [stdout]     errors_are_reported_in_cargo_shape
[INFO] [stdout]     every_function_gets_its_own_rectangle
[INFO] [stdout]     reads_json_from_stdin
[INFO] [stdout]     renders_a_file_to_html
[INFO] [stdout] 
[INFO] [stdout] test result: FAILED. 0 passed; 8 failed; 0 ignored; 0 measured; 0 filtered out; finished in 0.01s
[INFO] [stdout] 
[INFO] running `Command { std: "docker" "inspect" "90eebeb52e767005bf7270f9d6ea7ccc06c85e2ab10ddc8a77d92bedffddc732", kill_on_drop: false }`
[INFO] running `Command { std: "docker" "rm" "-f" "90eebeb52e767005bf7270f9d6ea7ccc06c85e2ab10ddc8a77d92bedffddc732", kill_on_drop: false }`
[INFO] [stdout] 90eebeb52e767005bf7270f9d6ea7ccc06c85e2ab10ddc8a77d92bedffddc732
