[INFO] cloning repository https://github.com/Rakshat28/imprint
[INFO] running `Command { std: "git" "-c" "credential.helper=" "-c" "credential.helper=/workspace/cargo-home/bin/git-credential-null" "clone" "--bare" "https://github.com/Rakshat28/imprint" "/workspace/cache/git-repos/https%3A%2F%2Fgithub.com%2FRakshat28%2Fimprint", kill_on_drop: false }`
[INFO] [stderr] Cloning into bare repository '/workspace/cache/git-repos/https%3A%2F%2Fgithub.com%2FRakshat28%2Fimprint'...
[INFO] running `Command { std: "git" "rev-parse" "HEAD", kill_on_drop: false }`
[INFO] [stdout] 99b0d4495736d0b386072b4fabfcbdf7044f33e6
[INFO] testing Rakshat28/imprint against 1.100.0-beta.1+cargoflags=--release for beta-release-1.100-2
[INFO] running `Command { std: "git" "clone" "/workspace/cache/git-repos/https%3A%2F%2Fgithub.com%2FRakshat28%2Fimprint" "/workspace/builds/worker-1-tc2/source", kill_on_drop: false }`
[INFO] [stderr] Cloning into '/workspace/builds/worker-1-tc2/source'...
[INFO] [stderr] done.
[INFO] started tweaking git repo https://github.com/Rakshat28/imprint
[INFO] finished tweaking git repo https://github.com/Rakshat28/imprint
[INFO] tweaked toml for git repo https://github.com/Rakshat28/imprint written to /workspace/builds/worker-1-tc2/source/Cargo.toml
[INFO] validating manifest of git repo https://github.com/Rakshat28/imprint on toolchain 1.100.0-beta.1
[INFO] running `Command { std: CARGO_HOME="/workspace/cargo-home" RUSTUP_HOME="/workspace/rustup-home" "/workspace/cargo-home/bin/cargo" "+1.100.0-beta.1" "metadata" "--manifest-path" "Cargo.toml" "--no-deps", kill_on_drop: false }`
[INFO] crate git repo https://github.com/Rakshat28/imprint already has a lockfile, it will not be regenerated
[INFO] running `Command { std: CARGO_HOME="/workspace/cargo-home" RUSTUP_HOME="/workspace/rustup-home" "/workspace/cargo-home/bin/cargo" "+1.100.0-beta.1" "fetch" "--manifest-path" "Cargo.toml", kill_on_drop: false }`
[INFO] [stderr]     Blocking waiting for file lock on package cache
[INFO] [stderr]     Blocking waiting for file lock on package cache
[INFO] running `Command { std: "docker" "create" "-v" "/var/lib/crater-agent-workspace/builds/worker-1-tc2/source:/opt/rustwide/workdir:ro,Z" "-v" "/var/lib/crater-agent-workspace/builds/worker-1-tc2/target:/opt/rustwide/target:rw,Z" "-v" "/var/lib/crater-agent-workspace/cargo-home:/opt/rustwide/cargo-home:ro,Z" "-v" "/var/lib/crater-agent-workspace/rustup-home:/opt/rustwide/rustup-home:ro,Z" "-m" "1610612736" "--network" "none" "ghcr.io/rust-lang/crates-build-env/linux@sha256:77db811e55d90add9212f6832c23229e3de5f1c1f9905e8cb07319ea15df73ac" "sleep" "infinity", kill_on_drop: false }`
[INFO] [stdout] 0d19b64d8e0414b4bf513c42639064b9f70c0ea0a59697d37a258750e334042c
[INFO] running `Command { std: "docker" "start" "0d19b64d8e0414b4bf513c42639064b9f70c0ea0a59697d37a258750e334042c", kill_on_drop: false }`
[INFO] running `Command { std: "docker" "inspect" "0d19b64d8e0414b4bf513c42639064b9f70c0ea0a59697d37a258750e334042c", kill_on_drop: false }`
[INFO] running `Command { std: "docker" "exec" "-e" "SOURCE_DIR=/opt/rustwide/workdir" "-e" "CARGO_HOME=/opt/rustwide/cargo-home" "-e" "RUSTUP_HOME=/opt/rustwide/rustup-home" "-e" "CARGO_TARGET_DIR=/opt/rustwide/target" "-w" "/opt/rustwide/workdir" "--user" "0:0" "0d19b64d8e0414b4bf513c42639064b9f70c0ea0a59697d37a258750e334042c" "/opt/rustwide/cargo-home/bin/cargo" "+1.100.0-beta.1" "metadata" "--no-deps" "--format-version=1", kill_on_drop: false }`
[INFO] running `Command { std: "docker" "inspect" "0d19b64d8e0414b4bf513c42639064b9f70c0ea0a59697d37a258750e334042c", kill_on_drop: false }`
[INFO] running `Command { std: "docker" "exec" "-e" "SOURCE_DIR=/opt/rustwide/workdir" "-e" "CARGO_HOME=/opt/rustwide/cargo-home" "-e" "RUSTUP_HOME=/opt/rustwide/rustup-home" "-e" "CARGO_TARGET_DIR=/opt/rustwide/target" "-e" "CARGO_INCREMENTAL=0" "-e" "RUST_BACKTRACE=full" "-e" "RUSTFLAGS=--cap-lints=warn" "-e" "RUSTDOCFLAGS=--cap-lints=warn" "-w" "/opt/rustwide/workdir" "--user" "0:0" "0d19b64d8e0414b4bf513c42639064b9f70c0ea0a59697d37a258750e334042c" "/opt/rustwide/cargo-home/bin/cargo" "+1.100.0-beta.1" "build" "--frozen" "--message-format=json" "--release", kill_on_drop: false }`
[INFO] [stderr]    Compiling unicode-ident v1.0.23
[INFO] [stderr]    Compiling libc v0.2.182
[INFO] [stderr]    Compiling nix v0.31.2
[INFO] [stderr]    Compiling portable-atomic v1.13.1
[INFO] [stderr]    Compiling rustix v1.1.4
[INFO] [stderr]    Compiling serde_json v1.0.149
[INFO] [stderr]    Compiling blake3 v1.8.3
[INFO] [stderr]    Compiling crossbeam-queue v0.3.12
[INFO] [stderr]    Compiling crossbeam-channel v0.5.15
[INFO] [stderr]    Compiling anyhow v1.0.101
[INFO] [stderr]    Compiling clap_builder v4.5.58
[INFO] [stderr]    Compiling memchr v2.8.0
[INFO] [stderr]    Compiling number_prefix v0.4.0
[INFO] [stderr]    Compiling constant_time_eq v0.4.2
[INFO] [stderr]    Compiling colored v2.2.0
[INFO] [stderr]    Compiling proc-macro2 v1.0.106
[INFO] [stderr]    Compiling quote v1.0.44
[INFO] [stderr]    Compiling crossbeam v0.8.4
[INFO] [stderr]    Compiling jwalk v0.8.1
[INFO] [stderr]    Compiling syn v2.0.116
[INFO] [stderr]    Compiling xattr v1.6.1
[INFO] [stderr]    Compiling console v0.15.11
[INFO] [stderr]    Compiling nix v0.27.1
[INFO] [stderr]    Compiling filetime v0.2.27
[INFO] [stderr]    Compiling reflink v0.1.3
[INFO] [stderr]    Compiling redb v2.6.3
[INFO] [stderr]    Compiling indicatif v0.17.11
[INFO] [stderr]    Compiling ctrlc v3.5.2
[INFO] [stderr]    Compiling serde_derive v1.0.228
[INFO] [stderr]    Compiling thiserror-impl v1.0.69
[INFO] [stderr]    Compiling clap_derive v4.5.55
[INFO] [stderr]    Compiling thiserror v1.0.69
[INFO] [stderr]    Compiling clap v4.5.58
[INFO] [stderr]    Compiling serde v1.0.228
[INFO] [stderr]    Compiling bincode v1.3.3
[INFO] [stderr]    Compiling bdstorage v1.0.1 (/opt/rustwide/workdir)
[INFO] [stderr] warning: unused dependency `thiserror`
[INFO] [stderr]   --> Cargo.toml:20:1
[INFO] [stderr]    |
[INFO] [stderr] 20 | thiserror = "1"
[INFO] [stderr]    | ^^^^^^^^^^^^^^^
[INFO] [stderr]    |
[INFO] [stderr]    = note: `cargo::unused_dependencies` is set to `warn` by default
[INFO] [stderr] help: consider removing the dependency on `thiserror`
[INFO] [stderr] warning: `bdstorage` (manifest) generated 1 warning
[INFO] [stderr]     Finished `release` profile [optimized] target(s) in 45.81s
[INFO] [stderr] warning: the following packages contain code that will be rejected by a future version of Rust: nix v0.31.2
[INFO] [stderr] note: to see what the problems were, use the option `--future-incompat-report`, or run `cargo report future-incompatibilities --id 3`
[INFO] running `Command { std: "docker" "inspect" "0d19b64d8e0414b4bf513c42639064b9f70c0ea0a59697d37a258750e334042c", kill_on_drop: false }`
[INFO] running `Command { std: "docker" "exec" "-e" "SOURCE_DIR=/opt/rustwide/workdir" "-e" "CARGO_HOME=/opt/rustwide/cargo-home" "-e" "RUSTUP_HOME=/opt/rustwide/rustup-home" "-e" "CARGO_TARGET_DIR=/opt/rustwide/target" "-e" "CARGO_INCREMENTAL=0" "-e" "RUST_BACKTRACE=full" "-e" "RUSTFLAGS=--cap-lints=warn" "-e" "RUSTDOCFLAGS=--cap-lints=warn" "-w" "/opt/rustwide/workdir" "--user" "0:0" "0d19b64d8e0414b4bf513c42639064b9f70c0ea0a59697d37a258750e334042c" "/opt/rustwide/cargo-home/bin/cargo" "+1.100.0-beta.1" "test" "--frozen" "--no-run" "--message-format=json" "--release", kill_on_drop: false }`
[INFO] [stderr]    Compiling aho-corasick v1.1.4
[INFO] [stderr]    Compiling rustix v1.1.4
[INFO] [stderr]    Compiling predicates-core v1.0.10
[INFO] [stderr]    Compiling getrandom v0.4.1
[INFO] [stderr]    Compiling float-cmp v0.10.0
[INFO] [stderr]    Compiling termtree v0.5.1
[INFO] [stderr]    Compiling difflib v0.4.0
[INFO] [stderr]    Compiling normalize-line-endings v0.3.0
[INFO] [stderr]    Compiling assert_cmd v2.1.2
[INFO] [stderr]    Compiling wait-timeout v0.2.1
[INFO] [stderr]    Compiling predicates-tree v1.0.13
[INFO] [stderr]    Compiling regex-automata v0.4.14
[INFO] [stderr]    Compiling xattr v1.6.1
[INFO] [stderr]    Compiling tempfile v3.26.0
[INFO] [stderr]    Compiling bdstorage v1.0.1 (/opt/rustwide/workdir)
[INFO] [stderr]    Compiling regex v1.12.3
[INFO] [stderr]    Compiling bstr v1.12.1
[INFO] [stderr]    Compiling predicates v3.1.4
[INFO] [stderr]     Finished `release` profile [optimized] target(s) in 31.98s
[INFO] [stderr] warning: the following packages contain code that will be rejected by a future version of Rust: nix v0.31.2
[INFO] [stderr] note: to see what the problems were, use the option `--future-incompat-report`, or run `cargo report future-incompatibilities --id 3`
[INFO] running `Command { std: "docker" "inspect" "0d19b64d8e0414b4bf513c42639064b9f70c0ea0a59697d37a258750e334042c", kill_on_drop: false }`
[INFO] running `Command { std: "docker" "exec" "-e" "SOURCE_DIR=/opt/rustwide/workdir" "-e" "CARGO_HOME=/opt/rustwide/cargo-home" "-e" "RUSTUP_HOME=/opt/rustwide/rustup-home" "-e" "CARGO_TARGET_DIR=/opt/rustwide/target" "-e" "CARGO_INCREMENTAL=0" "-e" "RUST_BACKTRACE=full" "-e" "RUSTFLAGS=--cap-lints=warn" "-e" "RUSTDOCFLAGS=--cap-lints=warn" "-w" "/opt/rustwide/workdir" "--user" "0:0" "0d19b64d8e0414b4bf513c42639064b9f70c0ea0a59697d37a258750e334042c" "/opt/rustwide/cargo-home/bin/cargo" "+1.100.0-beta.1" "test" "--frozen" "--release", kill_on_drop: false }`
[INFO] [stderr]     Finished `release` profile [optimized] target(s) in 0.20s
[INFO] [stderr] warning: the following packages contain code that will be rejected by a future version of Rust: nix v0.31.2
[INFO] [stderr] note: to see what the problems were, use the option `--future-incompat-report`, or run `cargo report future-incompatibilities --id 3`
[INFO] [stderr]      Running unittests src/main.rs (/opt/rustwide/target/release/build/bdstorage/39157b29fd426361/out/bdstorage-39157b29fd426361)
[INFO] [stdout] 
[INFO] [stdout] running 2 tests
[INFO] [stdout] test state::tests::test_compute_summary ... ok
[INFO] [stdout] test state::tests::test_compute_summary_ignores_missing_vault_objects ... ok
[INFO] [stdout] 
[INFO] [stdout] test result: ok. 2 passed; 0 failed; 0 ignored; 0 measured; 0 filtered out; finished in 0.04s
[INFO] [stdout] 
[INFO] [stderr]      Running tests/integration_tests.rs (/opt/rustwide/target/release/build/bdstorage/359530748dd790aa/out/integration_tests-359530748dd790aa)
[INFO] [stdout] 
[INFO] [stdout] running 17 tests
[INFO] [stdout] test test_status_after_scan_without_vault_fails ... FAILED
[INFO] [stdout] test test_bdstorage_vault_env_var ... FAILED
[INFO] [stdout] test test_nontty_stdout_suppresses_progress_output ... FAILED
[INFO] [stdout] test test_status_command ... FAILED
[INFO] [stdout] test test_status_with_custom_vault_dir ... FAILED
[INFO] [stdout] test test_paranoid_mode_catches_bit_rot ... FAILED
[INFO] [stdout] test test_vault_dir_flag_dedupe_and_restore ... FAILED
[INFO] [stdout] test test_hardlink_fallback ... FAILED
[INFO] [stdout] test test_scan_no_modifications ... FAILED
[INFO] [stdout] test test_massive_and_sparse_files ... FAILED
[INFO] [stdout] test test_dry_run_no_changes ... FAILED
[INFO] [stdout] test test_zero_byte_files ... FAILED
[INFO] [stdout] test test_quiet_suppresses_progress_output ... FAILED
[INFO] [stdout] test test_json_output_acceptance ... FAILED
[INFO] [stdout] test test_metadata_integrity ... FAILED
[INFO] [stdout] test test_happy_path_dedupe_and_restore ... FAILED
[INFO] [stdout] test test_deeply_nested_directories ... FAILED
[INFO] [stdout] 
[INFO] [stdout] failures:
[INFO] [stdout] 
[INFO] [stdout] ---- test_status_after_scan_without_vault_fails stdout ----
[INFO] [stdout] 
[INFO] [stdout] thread 'test_status_after_scan_without_vault_fails' (1476) panicked at /opt/rustwide/cargo-home/registry/src/index.crates.io-1949cf8c6b5b557f/assert_cmd-2.1.2/src/cmd.rs:659:17:
[INFO] [stdout] Failed to spawn Command { cmd: HOME="/tmp/.tmp8mu73m" "/opt/rustwide/target/release/build/bdstorage/359530748dd790aa/out/bdstorage" "scan" "/tmp/.tmp8mu73m/data", stdin: None, timeout: None }: No such file or directory (os error 2)
[INFO] [stdout] stack backtrace:
[INFO] [stdout]    0:     0x5d0146120501 - <<std[617be2ca0a6fd877]::sys::backtrace::BacktraceLock>::print::DisplayBacktrace as core[a373ad73a504971]::fmt::Display>::fmt
[INFO] [stdout]    1:     0x5d01461369ea - core[a373ad73a504971]::fmt::write
[INFO] [stdout]    2:     0x5d0146125f0c - <alloc[2e1b2a31b91974c5]::vec::Vec<u8> as core[a373ad73a504971]::io::write::Write>::write_fmt
[INFO] [stdout]    3:     0x5d01460fa0b6 - std[617be2ca0a6fd877]::panicking::default_hook::{closure#0}
[INFO] [stdout]    4:     0x5d0146117a39 - std[617be2ca0a6fd877]::panicking::default_hook
[INFO] [stdout]    5:     0x5d01460a3880 - test[aada8e7e76ba119b]::test_main_inner::{closure#0}
[INFO] [stdout]    6:     0x5d0146117bf2 - std[617be2ca0a6fd877]::panicking::panic_with_hook
[INFO] [stdout]    7:     0x5d01460fa162 - std[617be2ca0a6fd877]::panicking::panic_handler::{closure#0}
[INFO] [stdout]    8:     0x5d01460f2b29 - std[617be2ca0a6fd877]::sys::backtrace::__rust_end_short_backtrace::<std[617be2ca0a6fd877]::panicking::panic_handler::{closure#0}, !>
[INFO] [stdout]    9:     0x5d01460fae2d - __rustc[ea4f61d10b84890b]::rust_begin_unwind
[INFO] [stdout]   10:     0x5d014613719c - core[a373ad73a504971]::panicking::panic_fmt
[INFO] [stdout]   11:     0x5d01460de909 - <&mut assert_cmd[33efb901df5a6b3d]::cmd::Command as assert_cmd[33efb901df5a6b3d]::assert::OutputAssertExt>::assert
[INFO] [stdout]   12:     0x5d0146086ae4 - <integration_tests[beccd3de381bbb25]::test_status_after_scan_without_vault_fails::{closure#0} as core[a373ad73a504971]::ops::function::FnOnce<()>>::call_once
[INFO] [stdout]   13:     0x5d0146096ccb - test[aada8e7e76ba119b]::__rust_begin_short_backtrace::<core[a373ad73a504971]::result::Result<(), alloc[2e1b2a31b91974c5]::string::String>, fn() -> core[a373ad73a504971]::result::Result<(), alloc[2e1b2a31b91974c5]::string::String>>
[INFO] [stdout]   14:     0x5d01460a3ea5 - test[aada8e7e76ba119b]::run_test::{closure#0}
[INFO] [stdout]   15:     0x5d014609d794 - std[617be2ca0a6fd877]::sys::backtrace::__rust_begin_short_backtrace::<test[aada8e7e76ba119b]::run_test::{closure#1}, ()>
[INFO] [stdout]   16:     0x5d01460a6f32 - <std[617be2ca0a6fd877]::thread::lifecycle::spawn_unchecked<test[aada8e7e76ba119b]::run_test::{closure#1}, ()>::{closure#1} as core[a373ad73a504971]::ops::function::FnOnce<()>>::call_once::{shim:vtable#0}
[INFO] [stdout]   17:     0x5d014611f7ef - <std[617be2ca0a6fd877]::sys::thread::unix::Thread>::new::thread_start
[INFO] [stdout]   18:     0x70bdd6764dfa - <unknown>
[INFO] [stdout]   19:     0x70bdd67f83d4 - clone
[INFO] [stdout]   20:                0x0 - <unknown>
[INFO] [stdout] 
[INFO] [stdout] ---- test_bdstorage_vault_env_var stdout ----
[INFO] [stdout] 
[INFO] [stdout] thread 'test_bdstorage_vault_env_var' (1464) panicked at /opt/rustwide/cargo-home/registry/src/index.crates.io-1949cf8c6b5b557f/assert_cmd-2.1.2/src/cmd.rs:659:17:
[INFO] [stdout] Failed to spawn Command { cmd: BDSTORAGE_VAULT="/tmp/.tmpBuYzaA" HOME="/nonexistent" "/opt/rustwide/target/release/build/bdstorage/359530748dd790aa/out/bdstorage" "dedupe" "/tmp/.tmp1Z3yEJ/data" "--allow-unsafe-hardlinks", stdin: None, timeout: None }: No such file or directory (os error 2)
[INFO] [stdout] stack backtrace:
[INFO] [stdout]    0:     0x5d0146120501 - <<std[617be2ca0a6fd877]::sys::backtrace::BacktraceLock>::print::DisplayBacktrace as core[a373ad73a504971]::fmt::Display>::fmt
[INFO] [stdout]    1:     0x5d01461369ea - core[a373ad73a504971]::fmt::write
[INFO] [stdout]    2:     0x5d0146125f0c - <alloc[2e1b2a31b91974c5]::vec::Vec<u8> as core[a373ad73a504971]::io::write::Write>::write_fmt
[INFO] [stdout]    3:     0x5d01460fa0b6 - std[617be2ca0a6fd877]::panicking::default_hook::{closure#0}
[INFO] [stdout]    4:     0x5d0146117a39 - std[617be2ca0a6fd877]::panicking::default_hook
[INFO] [stdout]    5:     0x5d01460a3880 - test[aada8e7e76ba119b]::test_main_inner::{closure#0}
[INFO] [stdout]    6:     0x5d0146117bf2 - std[617be2ca0a6fd877]::panicking::panic_with_hook
[INFO] [stdout]    7:     0x5d01460fa162 - std[617be2ca0a6fd877]::panicking::panic_handler::{closure#0}
[INFO] [stdout]    8:     0x5d01460f2b29 - std[617be2ca0a6fd877]::sys::backtrace::__rust_end_short_backtrace::<std[617be2ca0a6fd877]::panicking::panic_handler::{closure#0}, !>
[INFO] [stdout]    9:     0x5d01460fae2d - __rustc[ea4f61d10b84890b]::rust_begin_unwind
[INFO] [stdout]   10:     0x5d014613719c - core[a373ad73a504971]::panicking::panic_fmt
[INFO] [stdout]   11:     0x5d01460de909 - <&mut assert_cmd[33efb901df5a6b3d]::cmd::Command as assert_cmd[33efb901df5a6b3d]::assert::OutputAssertExt>::assert
[INFO] [stdout]   12:     0x5d0146081851 - <integration_tests[beccd3de381bbb25]::test_bdstorage_vault_env_var::{closure#0} as core[a373ad73a504971]::ops::function::FnOnce<()>>::call_once
[INFO] [stdout]   13:     0x5d0146096ccb - test[aada8e7e76ba119b]::__rust_begin_short_backtrace::<core[a373ad73a504971]::result::Result<(), alloc[2e1b2a31b91974c5]::string::String>, fn() -> core[a373ad73a504971]::result::Result<(), alloc[2e1b2a31b91974c5]::string::String>>
[INFO] [stdout]   14:     0x5d01460a3ea5 - test[aada8e7e76ba119b]::run_test::{closure#0}
[INFO] [stdout]   15:     0x5d014609d794 - std[617be2ca0a6fd877]::sys::backtrace::__rust_begin_short_backtrace::<test[aada8e7e76ba119b]::run_test::{closure#1}, ()>
[INFO] [stdout]   16:     0x5d01460a6f32 - <std[617be2ca0a6fd877]::thread::lifecycle::spawn_unchecked<test[aada8e7e76ba119b]::run_test::{closure#1}, ()>::{closure#1} as core[a373ad73a504971]::ops::function::FnOnce<()>>::call_once::{shim:vtable#0}
[INFO] [stdout]   17:     0x5d014611f7ef - <std[617be2ca0a6fd877]::sys::thread::unix::Thread>::new::thread_start
[INFO] [stdout]   18:     0x70bdd6764dfa - <unknown>
[INFO] [stdout]   19:     0x70bdd67f83d4 - clone
[INFO] [stdout]   20:                0x0 - <unknown>
[INFO] [stdout] 
[INFO] [stdout] ---- test_nontty_stdout_suppresses_progress_output stdout ----
[INFO] [stdout] 
[INFO] [stdout] thread 'test_nontty_stdout_suppresses_progress_output' (1472) panicked at /opt/rustwide/cargo-home/registry/src/index.crates.io-1949cf8c6b5b557f/assert_cmd-2.1.2/src/cmd.rs:659:17:
[INFO] [stdout] Failed to spawn Command { cmd: HOME="/tmp/.tmpdOAf4G" "/opt/rustwide/target/release/build/bdstorage/359530748dd790aa/out/bdstorage" "dedupe" "/tmp/.tmpdOAf4G/data" "--allow-unsafe-hardlinks", stdin: None, timeout: None }: No such file or directory (os error 2)
[INFO] [stdout] stack backtrace:
[INFO] [stdout]    0:     0x5d0146120501 - <<std[617be2ca0a6fd877]::sys::backtrace::BacktraceLock>::print::DisplayBacktrace as core[a373ad73a504971]::fmt::Display>::fmt
[INFO] [stdout]    1:     0x5d01461369ea - core[a373ad73a504971]::fmt::write
[INFO] [stdout]    2:     0x5d0146125f0c - <alloc[2e1b2a31b91974c5]::vec::Vec<u8> as core[a373ad73a504971]::io::write::Write>::write_fmt
[INFO] [stdout]    3:     0x5d01460fa0b6 - std[617be2ca0a6fd877]::panicking::default_hook::{closure#0}
[INFO] [stdout]    4:     0x5d0146117a39 - std[617be2ca0a6fd877]::panicking::default_hook
[INFO] [stdout]    5:     0x5d01460a3880 - test[aada8e7e76ba119b]::test_main_inner::{closure#0}
[INFO] [stdout]    6:     0x5d0146117bf2 - std[617be2ca0a6fd877]::panicking::panic_with_hook
[INFO] [stdout]    7:     0x5d01460fa162 - std[617be2ca0a6fd877]::panicking::panic_handler::{closure#0}
[INFO] [stdout]    8:     0x5d01460f2b29 - std[617be2ca0a6fd877]::sys::backtrace::__rust_end_short_backtrace::<std[617be2ca0a6fd877]::panicking::panic_handler::{closure#0}, !>
[INFO] [stdout]    9:     0x5d01460fae2d - __rustc[ea4f61d10b84890b]::rust_begin_unwind
[INFO] [stdout]   10:     0x5d014613719c - core[a373ad73a504971]::panicking::panic_fmt
[INFO] [stdout]   11:     0x5d01460de909 - <&mut assert_cmd[33efb901df5a6b3d]::cmd::Command as assert_cmd[33efb901df5a6b3d]::assert::OutputAssertExt>::assert
[INFO] [stdout]   12:     0x5d01460870c9 - <integration_tests[beccd3de381bbb25]::test_nontty_stdout_suppresses_progress_output::{closure#0} as core[a373ad73a504971]::ops::function::FnOnce<()>>::call_once
[INFO] [stdout]   13:     0x5d0146096ccb - test[aada8e7e76ba119b]::__rust_begin_short_backtrace::<core[a373ad73a504971]::result::Result<(), alloc[2e1b2a31b91974c5]::string::String>, fn() -> core[a373ad73a504971]::result::Result<(), alloc[2e1b2a31b91974c5]::string::String>>
[INFO] [stdout]   14:     0x5d01460a3ea5 - test[aada8e7e76ba119b]::run_test::{closure#0}
[INFO] [stdout]   15:     0x5d014609d794 - std[617be2ca0a6fd877]::sys::backtrace::__rust_begin_short_backtrace::<test[aada8e7e76ba119b]::run_test::{closure#1}, ()>
[INFO] [stdout]   16:     0x5d01460a6f32 - <std[617be2ca0a6fd877]::thread::lifecycle::spawn_unchecked<test[aada8e7e76ba119b]::run_test::{closure#1}, ()>::{closure#1} as core[a373ad73a504971]::ops::function::FnOnce<()>>::call_once::{shim:vtable#0}
[INFO] [stdout]   17:     0x5d014611f7ef - <std[617be2ca0a6fd877]::sys::thread::unix::Thread>::new::thread_start
[INFO] [stdout]   18:     0x70bdd6764dfa - <unknown>
[INFO] [stdout]   19:     0x70bdd67f83d4 - clone
[INFO] [stdout]   20:                0x0 - <unknown>
[INFO] [stdout] 
[INFO] [stdout] ---- test_status_command stdout ----
[INFO] [stdout] 
[INFO] [stdout] thread 'test_status_command' (1477) panicked at /opt/rustwide/cargo-home/registry/src/index.crates.io-1949cf8c6b5b557f/assert_cmd-2.1.2/src/cmd.rs:659:17:
[INFO] [stdout] Failed to spawn Command { cmd: HOME="/tmp/.tmpxxjD3I" "/opt/rustwide/target/release/build/bdstorage/359530748dd790aa/out/bdstorage" "status", stdin: None, timeout: None }: No such file or directory (os error 2)
[INFO] [stdout] stack backtrace:
[INFO] [stdout]    0:     0x5d0146120501 - <<std[617be2ca0a6fd877]::sys::backtrace::BacktraceLock>::print::DisplayBacktrace as core[a373ad73a504971]::fmt::Display>::fmt
[INFO] [stdout]    1:     0x5d01461369ea - core[a373ad73a504971]::fmt::write
[INFO] [stdout]    2:     0x5d0146125f0c - <alloc[2e1b2a31b91974c5]::vec::Vec<u8> as core[a373ad73a504971]::io::write::Write>::write_fmt
[INFO] [stdout]    3:     0x5d01460fa0b6 - std[617be2ca0a6fd877]::panicking::default_hook::{closure#0}
[INFO] [stdout]    4:     0x5d0146117a39 - std[617be2ca0a6fd877]::panicking::default_hook
[INFO] [stdout]    5:     0x5d01460a3880 - test[aada8e7e76ba119b]::test_main_inner::{closure#0}
[INFO] [stdout]    6:     0x5d0146117bf2 - std[617be2ca0a6fd877]::panicking::panic_with_hook
[INFO] [stdout]    7:     0x5d01460fa162 - std[617be2ca0a6fd877]::panicking::panic_handler::{closure#0}
[INFO] [stdout]    8:     0x5d01460f2b29 - std[617be2ca0a6fd877]::sys::backtrace::__rust_end_short_backtrace::<std[617be2ca0a6fd877]::panicking::panic_handler::{closure#0}, !>
[INFO] [stdout]    9:     0x5d01460fae2d - __rustc[ea4f61d10b84890b]::rust_begin_unwind
[INFO] [stdout]   10:     0x5d014613719c - core[a373ad73a504971]::panicking::panic_fmt
[INFO] [stdout]   11:     0x5d01460de909 - <&mut assert_cmd[33efb901df5a6b3d]::cmd::Command as assert_cmd[33efb901df5a6b3d]::assert::OutputAssertExt>::assert
[INFO] [stdout]   12:     0x5d014607c714 - <integration_tests[beccd3de381bbb25]::test_status_command::{closure#0} as core[a373ad73a504971]::ops::function::FnOnce<()>>::call_once
[INFO] [stdout]   13:     0x5d0146096ccb - test[aada8e7e76ba119b]::__rust_begin_short_backtrace::<core[a373ad73a504971]::result::Result<(), alloc[2e1b2a31b91974c5]::string::String>, fn() -> core[a373ad73a504971]::result::Result<(), alloc[2e1b2a31b91974c5]::string::String>>
[INFO] [stdout]   14:     0x5d01460a3ea5 - test[aada8e7e76ba119b]::run_test::{closure#0}
[INFO] [stdout]   15:     0x5d014609d794 - std[617be2ca0a6fd877]::sys::backtrace::__rust_begin_short_backtrace::<test[aada8e7e76ba119b]::run_test::{closure#1}, ()>
[INFO] [stdout]   16:     0x5d01460a6f32 - <std[617be2ca0a6fd877]::thread::lifecycle::spawn_unchecked<test[aada8e7e76ba119b]::run_test::{closure#1}, ()>::{closure#1} as core[a373ad73a504971]::ops::function::FnOnce<()>>::call_once::{shim:vtable#0}
[INFO] [stdout]   17:     0x5d014611f7ef - <std[617be2ca0a6fd877]::sys::thread::unix::Thread>::new::thread_start
[INFO] [stdout]   18:     0x70bdd6764dfa - <unknown>
[INFO] [stdout]   19:     0x70bdd67f83d4 - clone
[INFO] [stdout]   20:                0x0 - <unknown>
[INFO] [stdout] 
[INFO] [stdout] ---- test_status_with_custom_vault_dir stdout ----
[INFO] [stdout] 
[INFO] [stdout] thread 'test_status_with_custom_vault_dir' (1478) panicked at /opt/rustwide/cargo-home/registry/src/index.crates.io-1949cf8c6b5b557f/assert_cmd-2.1.2/src/cmd.rs:659:17:
[INFO] [stdout] Failed to spawn Command { cmd: HOME="/nonexistent" "/opt/rustwide/target/release/build/bdstorage/359530748dd790aa/out/bdstorage" "--vault-dir" "/tmp/.tmpqW8j7B" "dedupe" "/tmp/.tmpGcxLGA/data" "--allow-unsafe-hardlinks", stdin: None, timeout: None }: No such file or directory (os error 2)
[INFO] [stdout] stack backtrace:
[INFO] [stdout]    0:     0x5d0146120501 - <<std[617be2ca0a6fd877]::sys::backtrace::BacktraceLock>::print::DisplayBacktrace as core[a373ad73a504971]::fmt::Display>::fmt
[INFO] [stdout]    1:     0x5d01461369ea - core[a373ad73a504971]::fmt::write
[INFO] [stdout]    2:     0x5d0146125f0c - <alloc[2e1b2a31b91974c5]::vec::Vec<u8> as core[a373ad73a504971]::io::write::Write>::write_fmt
[INFO] [stdout]    3:     0x5d01460fa0b6 - std[617be2ca0a6fd877]::panicking::default_hook::{closure#0}
[INFO] [stdout]    4:     0x5d0146117a39 - std[617be2ca0a6fd877]::panicking::default_hook
[INFO] [stdout]    5:     0x5d01460a3880 - test[aada8e7e76ba119b]::test_main_inner::{closure#0}
[INFO] [stdout]    6:     0x5d0146117bf2 - std[617be2ca0a6fd877]::panicking::panic_with_hook
[INFO] [stdout]    7:     0x5d01460fa162 - std[617be2ca0a6fd877]::panicking::panic_handler::{closure#0}
[INFO] [stdout]    8:     0x5d01460f2b29 - std[617be2ca0a6fd877]::sys::backtrace::__rust_end_short_backtrace::<std[617be2ca0a6fd877]::panicking::panic_handler::{closure#0}, !>
[INFO] [stdout]    9:     0x5d01460fae2d - __rustc[ea4f61d10b84890b]::rust_begin_unwind
[INFO] [stdout]   10:     0x5d014613719c - core[a373ad73a504971]::panicking::panic_fmt
[INFO] [stdout]   11:     0x5d01460de909 - <&mut assert_cmd[33efb901df5a6b3d]::cmd::Command as assert_cmd[33efb901df5a6b3d]::assert::OutputAssertExt>::assert
[INFO] [stdout]   12:     0x5d0146083063 - <integration_tests[beccd3de381bbb25]::test_status_with_custom_vault_dir::{closure#0} as core[a373ad73a504971]::ops::function::FnOnce<()>>::call_once
[INFO] [stdout]   13:     0x5d0146096ccb - test[aada8e7e76ba119b]::__rust_begin_short_backtrace::<core[a373ad73a504971]::result::Result<(), alloc[2e1b2a31b91974c5]::string::String>, fn() -> core[a373ad73a504971]::result::Result<(), alloc[2e1b2a31b91974c5]::string::String>>
[INFO] [stdout]   14:     0x5d01460a3ea5 - test[aada8e7e76ba119b]::run_test::{closure#0}
[INFO] [stdout]   15:     0x5d014609d794 - std[617be2ca0a6fd877]::sys::backtrace::__rust_begin_short_backtrace::<test[aada8e7e76ba119b]::run_test::{closure#1}, ()>
[INFO] [stdout]   16:     0x5d01460a6f32 - <std[617be2ca0a6fd877]::thread::lifecycle::spawn_unchecked<test[aada8e7e76ba119b]::run_test::{closure#1}, ()>::{closure#1} as core[a373ad73a504971]::ops::function::FnOnce<()>>::call_once::{shim:vtable#0}
[INFO] [stdout]   17:     0x5d014611f7ef - <std[617be2ca0a6fd877]::sys::thread::unix::Thread>::new::thread_start
[INFO] [stdout]   18:     0x70bdd6764dfa - <unknown>
[INFO] [stdout]   19:     0x70bdd67f83d4 - clone
[INFO] [stdout]   20:                0x0 - <unknown>
[INFO] [stdout] 
[INFO] [stdout] ---- test_paranoid_mode_catches_bit_rot stdout ----
[INFO] [stdout] 
[INFO] [stdout] thread 'test_paranoid_mode_catches_bit_rot' (1473) panicked at /opt/rustwide/cargo-home/registry/src/index.crates.io-1949cf8c6b5b557f/assert_cmd-2.1.2/src/cmd.rs:659:17:
[INFO] [stdout] Failed to spawn Command { cmd: HOME="/tmp/.tmpNizu3L" "/opt/rustwide/target/release/build/bdstorage/359530748dd790aa/out/bdstorage" "dedupe" "/tmp/.tmpNizu3L/data", stdin: None, timeout: None }: No such file or directory (os error 2)
[INFO] [stdout] stack backtrace:
[INFO] [stdout]    0:     0x5d0146120501 - <<std[617be2ca0a6fd877]::sys::backtrace::BacktraceLock>::print::DisplayBacktrace as core[a373ad73a504971]::fmt::Display>::fmt
[INFO] [stdout]    1:     0x5d01461369ea - core[a373ad73a504971]::fmt::write
[INFO] [stdout]    2:     0x5d0146125f0c - <alloc[2e1b2a31b91974c5]::vec::Vec<u8> as core[a373ad73a504971]::io::write::Write>::write_fmt
[INFO] [stdout]    3:     0x5d01460fa0b6 - std[617be2ca0a6fd877]::panicking::default_hook::{closure#0}
[INFO] [stdout]    4:     0x5d0146117a39 - std[617be2ca0a6fd877]::panicking::default_hook
[INFO] [stdout]    5:     0x5d01460a3880 - test[aada8e7e76ba119b]::test_main_inner::{closure#0}
[INFO] [stdout]    6:     0x5d0146117bf2 - std[617be2ca0a6fd877]::panicking::panic_with_hook
[INFO] [stdout]    7:     0x5d01460fa162 - std[617be2ca0a6fd877]::panicking::panic_handler::{closure#0}
[INFO] [stdout]    8:     0x5d01460f2b29 - std[617be2ca0a6fd877]::sys::backtrace::__rust_end_short_backtrace::<std[617be2ca0a6fd877]::panicking::panic_handler::{closure#0}, !>
[INFO] [stdout]    9:     0x5d01460fae2d - __rustc[ea4f61d10b84890b]::rust_begin_unwind
[INFO] [stdout]   10:     0x5d014613719c - core[a373ad73a504971]::panicking::panic_fmt
[INFO] [stdout]   11:     0x5d01460de909 - <&mut assert_cmd[33efb901df5a6b3d]::cmd::Command as assert_cmd[33efb901df5a6b3d]::assert::OutputAssertExt>::assert
[INFO] [stdout]   12:     0x5d0146084bd1 - <integration_tests[beccd3de381bbb25]::test_paranoid_mode_catches_bit_rot::{closure#0} as core[a373ad73a504971]::ops::function::FnOnce<()>>::call_once
[INFO] [stdout]   13:     0x5d0146096ccb - test[aada8e7e76ba119b]::__rust_begin_short_backtrace::<core[a373ad73a504971]::result::Result<(), alloc[2e1b2a31b91974c5]::string::String>, fn() -> core[a373ad73a504971]::result::Result<(), alloc[2e1b2a31b91974c5]::string::String>>
[INFO] [stdout]   14:     0x5d01460a3ea5 - test[aada8e7e76ba119b]::run_test::{closure#0}
[INFO] [stdout]   15:     0x5d014609d794 - std[617be2ca0a6fd877]::sys::backtrace::__rust_begin_short_backtrace::<test[aada8e7e76ba119b]::run_test::{closure#1}, ()>
[INFO] [stdout]   16:     0x5d01460a6f32 - <std[617be2ca0a6fd877]::thread::lifecycle::spawn_unchecked<test[aada8e7e76ba119b]::run_test::{closure#1}, ()>::{closure#1} as core[a373ad73a504971]::ops::function::FnOnce<()>>::call_once::{shim:vtable#0}
[INFO] [stdout]   17:     0x5d014611f7ef - <std[617be2ca0a6fd877]::sys::thread::unix::Thread>::new::thread_start
[INFO] [stdout]   18:     0x70bdd6764dfa - <unknown>
[INFO] [stdout]   19:     0x70bdd67f83d4 - clone
[INFO] [stdout]   20:                0x0 - <unknown>
[INFO] [stdout] 
[INFO] [stdout] ---- test_vault_dir_flag_dedupe_and_restore stdout ----
[INFO] [stdout] 
[INFO] [stdout] thread 'test_vault_dir_flag_dedupe_and_restore' (1479) panicked at /opt/rustwide/cargo-home/registry/src/index.crates.io-1949cf8c6b5b557f/assert_cmd-2.1.2/src/cmd.rs:659:17:
[INFO] [stdout] Failed to spawn Command { cmd: HOME="/nonexistent" "/opt/rustwide/target/release/build/bdstorage/359530748dd790aa/out/bdstorage" "--vault-dir" "/tmp/.tmpPhNXQH" "dedupe" "/tmp/.tmpGm8tYu/data" "--allow-unsafe-hardlinks", stdin: None, timeout: None }: No such file or directory (os error 2)
[INFO] [stdout] stack backtrace:
[INFO] [stdout]    0:     0x5d0146120501 - <<std[617be2ca0a6fd877]::sys::backtrace::BacktraceLock>::print::DisplayBacktrace as core[a373ad73a504971]::fmt::Display>::fmt
[INFO] [stdout]    1:     0x5d01461369ea - core[a373ad73a504971]::fmt::write
[INFO] [stdout]    2:     0x5d0146125f0c - <alloc[2e1b2a31b91974c5]::vec::Vec<u8> as core[a373ad73a504971]::io::write::Write>::write_fmt
[INFO] [stdout]    3:     0x5d01460fa0b6 - std[617be2ca0a6fd877]::panicking::default_hook::{closure#0}
[INFO] [stdout]    4:     0x5d0146117a39 - std[617be2ca0a6fd877]::panicking::default_hook
[INFO] [stdout]    5:     0x5d01460a3880 - test[aada8e7e76ba119b]::test_main_inner::{closure#0}
[INFO] [stdout]    6:     0x5d0146117bf2 - std[617be2ca0a6fd877]::panicking::panic_with_hook
[INFO] [stdout]    7:     0x5d01460fa162 - std[617be2ca0a6fd877]::panicking::panic_handler::{closure#0}
[INFO] [stdout]    8:     0x5d01460f2b29 - std[617be2ca0a6fd877]::sys::backtrace::__rust_end_short_backtrace::<std[617be2ca0a6fd877]::panicking::panic_handler::{closure#0}, !>
[INFO] [stdout]    9:     0x5d01460fae2d - __rustc[ea4f61d10b84890b]::rust_begin_unwind
[INFO] [stdout]   10:     0x5d014613719c - core[a373ad73a504971]::panicking::panic_fmt
[INFO] [stdout]   11:     0x5d01460de909 - <&mut assert_cmd[33efb901df5a6b3d]::cmd::Command as assert_cmd[33efb901df5a6b3d]::assert::OutputAssertExt>::assert
[INFO] [stdout]   12:     0x5d014608610c - <integration_tests[beccd3de381bbb25]::test_vault_dir_flag_dedupe_and_restore::{closure#0} as core[a373ad73a504971]::ops::function::FnOnce<()>>::call_once
[INFO] [stdout]   13:     0x5d0146096ccb - test[aada8e7e76ba119b]::__rust_begin_short_backtrace::<core[a373ad73a504971]::result::Result<(), alloc[2e1b2a31b91974c5]::string::String>, fn() -> core[a373ad73a504971]::result::Result<(), alloc[2e1b2a31b91974c5]::string::String>>
[INFO] [stdout]   14:     0x5d01460a3ea5 - test[aada8e7e76ba119b]::run_test::{closure#0}
[INFO] [stdout]   15:     0x5d014609d794 - std[617be2ca0a6fd877]::sys::backtrace::__rust_begin_short_backtrace::<test[aada8e7e76ba119b]::run_test::{closure#1}, ()>
[INFO] [stdout]   16:     0x5d01460a6f32 - <std[617be2ca0a6fd877]::thread::lifecycle::spawn_unchecked<test[aada8e7e76ba119b]::run_test::{closure#1}, ()>::{closure#1} as core[a373ad73a504971]::ops::function::FnOnce<()>>::call_once::{shim:vtable#0}
[INFO] [stdout]   17:     0x5d014611f7ef - <std[617be2ca0a6fd877]::sys::thread::unix::Thread>::new::thread_start
[INFO] [stdout]   18:     0x70bdd6764dfa - <unknown>
[INFO] [stdout]   19:     0x70bdd67f83d4 - clone
[INFO] [stdout]   20:                0x0 - <unknown>
[INFO] [stdout] 
[INFO] [stdout] ---- test_hardlink_fallback stdout ----
[INFO] [stdout] 
[INFO] [stdout] thread 'test_hardlink_fallback' (1468) panicked at /opt/rustwide/cargo-home/registry/src/index.crates.io-1949cf8c6b5b557f/assert_cmd-2.1.2/src/cmd.rs:659:17:
[INFO] [stdout] Failed to spawn Command { cmd: HOME="/tmp/.tmpesaEmq" "/opt/rustwide/target/release/build/bdstorage/359530748dd790aa/out/bdstorage" "dedupe" "/tmp/.tmpesaEmq/data" "--allow-unsafe-hardlinks", stdin: None, timeout: None }: No such file or directory (os error 2)
[INFO] [stdout] stack backtrace:
[INFO] [stdout]    0:     0x5d0146120501 - <<std[617be2ca0a6fd877]::sys::backtrace::BacktraceLock>::print::DisplayBacktrace as core[a373ad73a504971]::fmt::Display>::fmt
[INFO] [stdout]    1:     0x5d01461369ea - core[a373ad73a504971]::fmt::write
[INFO] [stdout]    2:     0x5d0146125f0c - <alloc[2e1b2a31b91974c5]::vec::Vec<u8> as core[a373ad73a504971]::io::write::Write>::write_fmt
[INFO] [stdout]    3:     0x5d01460fa0b6 - std[617be2ca0a6fd877]::panicking::default_hook::{closure#0}
[INFO] [stdout]    4:     0x5d0146117a39 - std[617be2ca0a6fd877]::panicking::default_hook
[INFO] [stdout]    5:     0x5d01460a3880 - test[aada8e7e76ba119b]::test_main_inner::{closure#0}
[INFO] [stdout]    6:     0x5d0146117bf2 - std[617be2ca0a6fd877]::panicking::panic_with_hook
[INFO] [stdout]    7:     0x5d01460fa162 - std[617be2ca0a6fd877]::panicking::panic_handler::{closure#0}
[INFO] [stdout]    8:     0x5d01460f2b29 - std[617be2ca0a6fd877]::sys::backtrace::__rust_end_short_backtrace::<std[617be2ca0a6fd877]::panicking::panic_handler::{closure#0}, !>
[INFO] [stdout]    9:     0x5d01460fae2d - __rustc[ea4f61d10b84890b]::rust_begin_unwind
[INFO] [stdout]   10:     0x5d014613719c - core[a373ad73a504971]::panicking::panic_fmt
[INFO] [stdout]   11:     0x5d01460de909 - <&mut assert_cmd[33efb901df5a6b3d]::cmd::Command as assert_cmd[33efb901df5a6b3d]::assert::OutputAssertExt>::assert
[INFO] [stdout]   12:     0x5d014607dd5b - <integration_tests[beccd3de381bbb25]::test_hardlink_fallback::{closure#0} as core[a373ad73a504971]::ops::function::FnOnce<()>>::call_once
[INFO] [stdout]   13:     0x5d0146096ccb - test[aada8e7e76ba119b]::__rust_begin_short_backtrace::<core[a373ad73a504971]::result::Result<(), alloc[2e1b2a31b91974c5]::string::String>, fn() -> core[a373ad73a504971]::result::Result<(), alloc[2e1b2a31b91974c5]::string::String>>
[INFO] [stdout]   14:     0x5d01460a3ea5 - test[aada8e7e76ba119b]::run_test::{closure#0}
[INFO] [stdout]   15:     0x5d014609d794 - std[617be2ca0a6fd877]::sys::backtrace::__rust_begin_short_backtrace::<test[aada8e7e76ba119b]::run_test::{closure#1}, ()>
[INFO] [stdout]   16:     0x5d01460a6f32 - <std[617be2ca0a6fd877]::thread::lifecycle::spawn_unchecked<test[aada8e7e76ba119b]::run_test::{closure#1}, ()>::{closure#1} as core[a373ad73a504971]::ops::function::FnOnce<()>>::call_once::{shim:vtable#0}
[INFO] [stdout]   17:     0x5d014611f7ef - <std[617be2ca0a6fd877]::sys::thread::unix::Thread>::new::thread_start
[INFO] [stdout]   18:     0x70bdd6764dfa - <unknown>
[INFO] [stdout]   19:     0x70bdd67f83d4 - clone
[INFO] [stdout]   20:                0x0 - <unknown>
[INFO] [stdout] 
[INFO] [stdout] ---- test_scan_no_modifications stdout ----
[INFO] [stdout] 
[INFO] [stdout] thread 'test_scan_no_modifications' (1475) panicked at /opt/rustwide/cargo-home/registry/src/index.crates.io-1949cf8c6b5b557f/assert_cmd-2.1.2/src/cmd.rs:659:17:
[INFO] [stdout] Failed to spawn Command { cmd: HOME="/tmp/.tmpE4rSQK" "/opt/rustwide/target/release/build/bdstorage/359530748dd790aa/out/bdstorage" "scan" "/tmp/.tmpE4rSQK/data", stdin: None, timeout: None }: No such file or directory (os error 2)
[INFO] [stdout] stack backtrace:
[INFO] [stdout]    0:     0x5d0146120501 - <<std[617be2ca0a6fd877]::sys::backtrace::BacktraceLock>::print::DisplayBacktrace as core[a373ad73a504971]::fmt::Display>::fmt
[INFO] [stdout]    1:     0x5d01461369ea - core[a373ad73a504971]::fmt::write
[INFO] [stdout]    2:     0x5d0146125f0c - <alloc[2e1b2a31b91974c5]::vec::Vec<u8> as core[a373ad73a504971]::io::write::Write>::write_fmt
[INFO] [stdout]    3:     0x5d01460fa0b6 - std[617be2ca0a6fd877]::panicking::default_hook::{closure#0}
[INFO] [stdout]    4:     0x5d0146117a39 - std[617be2ca0a6fd877]::panicking::default_hook
[INFO] [stdout]    5:     0x5d01460a3880 - test[aada8e7e76ba119b]::test_main_inner::{closure#0}
[INFO] [stdout]    6:     0x5d0146117bf2 - std[617be2ca0a6fd877]::panicking::panic_with_hook
[INFO] [stdout]    7:     0x5d01460fa162 - std[617be2ca0a6fd877]::panicking::panic_handler::{closure#0}
[INFO] [stdout]    8:     0x5d01460f2b29 - std[617be2ca0a6fd877]::sys::backtrace::__rust_end_short_backtrace::<std[617be2ca0a6fd877]::panicking::panic_handler::{closure#0}, !>
[INFO] [stdout]    9:     0x5d01460fae2d - __rustc[ea4f61d10b84890b]::rust_begin_unwind
[INFO] [stdout]   10:     0x5d014613719c - core[a373ad73a504971]::panicking::panic_fmt
[INFO] [stdout]   11:     0x5d01460de909 - <&mut assert_cmd[33efb901df5a6b3d]::cmd::Command as assert_cmd[33efb901df5a6b3d]::assert::OutputAssertExt>::assert
[INFO] [stdout]   12:     0x5d014607f74b - <integration_tests[beccd3de381bbb25]::test_scan_no_modifications::{closure#0} as core[a373ad73a504971]::ops::function::FnOnce<()>>::call_once
[INFO] [stdout]   13:     0x5d0146096ccb - test[aada8e7e76ba119b]::__rust_begin_short_backtrace::<core[a373ad73a504971]::result::Result<(), alloc[2e1b2a31b91974c5]::string::String>, fn() -> core[a373ad73a504971]::result::Result<(), alloc[2e1b2a31b91974c5]::string::String>>
[INFO] [stdout]   14:     0x5d01460a3ea5 - test[aada8e7e76ba119b]::run_test::{closure#0}
[INFO] [stdout]   15:     0x5d014609d794 - std[617be2ca0a6fd877]::sys::backtrace::__rust_begin_short_backtrace::<test[aada8e7e76ba119b]::run_test::{closure#1}, ()>
[INFO] [stdout]   16:     0x5d01460a6f32 - <std[617be2ca0a6fd877]::thread::lifecycle::spawn_unchecked<test[aada8e7e76ba119b]::run_test::{closure#1}, ()>::{closure#1} as core[a373ad73a504971]::ops::function::FnOnce<()>>::call_once::{shim:vtable#0}
[INFO] [stdout]   17:     0x5d014611f7ef - <std[617be2ca0a6fd877]::sys::thread::unix::Thread>::new::thread_start
[INFO] [stdout]   18:     0x70bdd6764dfa - <unknown>
[INFO] [stdout]   19:     0x70bdd67f83d4 - clone
[INFO] [stdout]   20:                0x0 - <unknown>
[INFO] [stdout] 
[INFO] [stdout] ---- test_massive_and_sparse_files stdout ----
[INFO] [stdout] 
[INFO] [stdout] thread 'test_massive_and_sparse_files' (1470) panicked at /opt/rustwide/cargo-home/registry/src/index.crates.io-1949cf8c6b5b557f/assert_cmd-2.1.2/src/cmd.rs:659:17:
[INFO] [stdout] Failed to spawn Command { cmd: HOME="/tmp/.tmpLYB4QF" "/opt/rustwide/target/release/build/bdstorage/359530748dd790aa/out/bdstorage" "dedupe" "/tmp/.tmpLYB4QF/data" "--allow-unsafe-hardlinks", stdin: None, timeout: None }: No such file or directory (os error 2)
[INFO] [stdout] stack backtrace:
[INFO] [stdout]    0:     0x5d0146120501 - <<std[617be2ca0a6fd877]::sys::backtrace::BacktraceLock>::print::DisplayBacktrace as core[a373ad73a504971]::fmt::Display>::fmt
[INFO] [stdout]    1:     0x5d01461369ea - core[a373ad73a504971]::fmt::write
[INFO] [stdout]    2:     0x5d0146125f0c - <alloc[2e1b2a31b91974c5]::vec::Vec<u8> as core[a373ad73a504971]::io::write::Write>::write_fmt
[INFO] [stdout]    3:     0x5d01460fa0b6 - std[617be2ca0a6fd877]::panicking::default_hook::{closure#0}
[INFO] [stdout]    4:     0x5d0146117a39 - std[617be2ca0a6fd877]::panicking::default_hook
[INFO] [stdout]    5:     0x5d01460a3880 - test[aada8e7e76ba119b]::test_main_inner::{closure#0}
[INFO] [stdout]    6:     0x5d0146117bf2 - std[617be2ca0a6fd877]::panicking::panic_with_hook
[INFO] [stdout]    7:     0x5d01460fa162 - std[617be2ca0a6fd877]::panicking::panic_handler::{closure#0}
[INFO] [stdout]    8:     0x5d01460f2b29 - std[617be2ca0a6fd877]::sys::backtrace::__rust_end_short_backtrace::<std[617be2ca0a6fd877]::panicking::panic_handler::{closure#0}, !>
[INFO] [stdout]    9:     0x5d01460fae2d - __rustc[ea4f61d10b84890b]::rust_begin_unwind
[INFO] [stdout]   10:     0x5d014613719c - core[a373ad73a504971]::panicking::panic_fmt
[INFO] [stdout]   11:     0x5d01460de909 - <&mut assert_cmd[33efb901df5a6b3d]::cmd::Command as assert_cmd[33efb901df5a6b3d]::assert::OutputAssertExt>::assert
[INFO] [stdout]   12:     0x5d01460820ab - <integration_tests[beccd3de381bbb25]::test_massive_and_sparse_files::{closure#0} as core[a373ad73a504971]::ops::function::FnOnce<()>>::call_once
[INFO] [stdout]   13:     0x5d0146096ccb - test[aada8e7e76ba119b]::__rust_begin_short_backtrace::<core[a373ad73a504971]::result::Result<(), alloc[2e1b2a31b91974c5]::string::String>, fn() -> core[a373ad73a504971]::result::Result<(), alloc[2e1b2a31b91974c5]::string::String>>
[INFO] [stdout]   14:     0x5d01460a3ea5 - test[aada8e7e76ba119b]::run_test::{closure#0}
[INFO] [stdout]   15:     0x5d014609d794 - std[617be2ca0a6fd877]::sys::backtrace::__rust_begin_short_backtrace::<test[aada8e7e76ba119b]::run_test::{closure#1}, ()>
[INFO] [stdout]   16:     0x5d01460a6f32 - <std[617be2ca0a6fd877]::thread::lifecycle::spawn_unchecked<test[aada8e7e76ba119b]::run_test::{closure#1}, ()>::{closure#1} as core[a373ad73a504971]::ops::function::FnOnce<()>>::call_once::{shim:vtable#0}
[INFO] [stdout]   17:     0x5d014611f7ef - <std[617be2ca0a6fd877]::sys::thread::unix::Thread>::new::thread_start
[INFO] [stdout]   18:     0x70bdd6764dfa - <unknown>
[INFO] [stdout]   19:     0x70bdd67f83d4 - clone
[INFO] [stdout]   20:                0x0 - <unknown>
[INFO] [stdout] 
[INFO] [stdout] ---- test_dry_run_no_changes stdout ----
[INFO] [stdout] 
[INFO] [stdout] thread 'test_dry_run_no_changes' (1466) panicked at /opt/rustwide/cargo-home/registry/src/index.crates.io-1949cf8c6b5b557f/assert_cmd-2.1.2/src/cmd.rs:659:17:
[INFO] [stdout] Failed to spawn Command { cmd: HOME="/tmp/.tmpVmI7az" "/opt/rustwide/target/release/build/bdstorage/359530748dd790aa/out/bdstorage" "dedupe" "/tmp/.tmpVmI7az/data" "--dry-run", stdin: None, timeout: None }: No such file or directory (os error 2)
[INFO] [stdout] stack backtrace:
[INFO] [stdout]    0:     0x5d0146120501 - <<std[617be2ca0a6fd877]::sys::backtrace::BacktraceLock>::print::DisplayBacktrace as core[a373ad73a504971]::fmt::Display>::fmt
[INFO] [stdout]    1:     0x5d01461369ea - core[a373ad73a504971]::fmt::write
[INFO] [stdout]    2:     0x5d0146125f0c - <alloc[2e1b2a31b91974c5]::vec::Vec<u8> as core[a373ad73a504971]::io::write::Write>::write_fmt
[INFO] [stdout]    3:     0x5d01460fa0b6 - std[617be2ca0a6fd877]::panicking::default_hook::{closure#0}
[INFO] [stdout]    4:     0x5d0146117a39 - std[617be2ca0a6fd877]::panicking::default_hook
[INFO] [stdout]    5:     0x5d01460a3880 - test[aada8e7e76ba119b]::test_main_inner::{closure#0}
[INFO] [stdout]    6:     0x5d0146117bf2 - std[617be2ca0a6fd877]::panicking::panic_with_hook
[INFO] [stdout]    7:     0x5d01460fa162 - std[617be2ca0a6fd877]::panicking::panic_handler::{closure#0}
[INFO] [stdout]    8:     0x5d01460f2b29 - std[617be2ca0a6fd877]::sys::backtrace::__rust_end_short_backtrace::<std[617be2ca0a6fd877]::panicking::panic_handler::{closure#0}, !>
[INFO] [stdout]    9:     0x5d01460fae2d - __rustc[ea4f61d10b84890b]::rust_begin_unwind
[INFO] [stdout]   10:     0x5d014613719c - core[a373ad73a504971]::panicking::panic_fmt
[INFO] [stdout]   11:     0x5d01460de909 - <&mut assert_cmd[33efb901df5a6b3d]::cmd::Command as assert_cmd[33efb901df5a6b3d]::assert::OutputAssertExt>::assert
[INFO] [stdout]   12:     0x5d014607e6fa - <integration_tests[beccd3de381bbb25]::test_dry_run_no_changes::{closure#0} as core[a373ad73a504971]::ops::function::FnOnce<()>>::call_once
[INFO] [stdout]   13:     0x5d0146096ccb - test[aada8e7e76ba119b]::__rust_begin_short_backtrace::<core[a373ad73a504971]::result::Result<(), alloc[2e1b2a31b91974c5]::string::String>, fn() -> core[a373ad73a504971]::result::Result<(), alloc[2e1b2a31b91974c5]::string::String>>
[INFO] [stdout]   14:     0x5d01460a3ea5 - test[aada8e7e76ba119b]::run_test::{closure#0}
[INFO] [stdout]   15:     0x5d014609d794 - std[617be2ca0a6fd877]::sys::backtrace::__rust_begin_short_backtrace::<test[aada8e7e76ba119b]::run_test::{closure#1}, ()>
[INFO] [stdout]   16:     0x5d01460a6f32 - <std[617be2ca0a6fd877]::thread::lifecycle::spawn_unchecked<test[aada8e7e76ba119b]::run_test::{closure#1}, ()>::{closure#1} as core[a373ad73a504971]::ops::function::FnOnce<()>>::call_once::{shim:vtable#0}
[INFO] [stdout]   17:     0x5d014611f7ef - <std[617be2ca0a6fd877]::sys::thread::unix::Thread>::new::thread_start
[INFO] [stdout]   18:     0x70bdd6764dfa - <unknown>
[INFO] [stdout]   19:     0x70bdd67f83d4 - clone
[INFO] [stdout]   20:                0x0 - <unknown>
[INFO] [stdout] 
[INFO] [stdout] ---- test_zero_byte_files stdout ----
[INFO] [stdout] 
[INFO] [stdout] thread 'test_zero_byte_files' (1491) panicked at /opt/rustwide/cargo-home/registry/src/index.crates.io-1949cf8c6b5b557f/assert_cmd-2.1.2/src/cmd.rs:659:17:
[INFO] [stdout] Failed to spawn Command { cmd: HOME="/tmp/.tmp9762t3" "/opt/rustwide/target/release/build/bdstorage/359530748dd790aa/out/bdstorage" "dedupe" "/tmp/.tmp9762t3/data", stdin: None, timeout: None }: No such file or directory (os error 2)
[INFO] [stdout] stack backtrace:
[INFO] [stdout]    0:     0x5d0146120501 - <<std[617be2ca0a6fd877]::sys::backtrace::BacktraceLock>::print::DisplayBacktrace as core[a373ad73a504971]::fmt::Display>::fmt
[INFO] [stdout]    1:     0x5d01461369ea - core[a373ad73a504971]::fmt::write
[INFO] [stdout]    2:     0x5d0146125f0c - <alloc[2e1b2a31b91974c5]::vec::Vec<u8> as core[a373ad73a504971]::io::write::Write>::write_fmt
[INFO] [stdout]    3:     0x5d01460fa0b6 - std[617be2ca0a6fd877]::panicking::default_hook::{closure#0}
[INFO] [stdout]    4:     0x5d0146117a39 - std[617be2ca0a6fd877]::panicking::default_hook
[INFO] [stdout]    5:     0x5d01460a3880 - test[aada8e7e76ba119b]::test_main_inner::{closure#0}
[INFO] [stdout]    6:     0x5d0146117bf2 - std[617be2ca0a6fd877]::panicking::panic_with_hook
[INFO] [stdout]    7:     0x5d01460fa162 - std[617be2ca0a6fd877]::panicking::panic_handler::{closure#0}
[INFO] [stdout]    8:     0x5d01460f2b29 - std[617be2ca0a6fd877]::sys::backtrace::__rust_end_short_backtrace::<std[617be2ca0a6fd877]::panicking::panic_handler::{closure#0}, !>
[INFO] [stdout]    9:     0x5d01460fae2d - __rustc[ea4f61d10b84890b]::rust_begin_unwind
[INFO] [stdout]   10:     0x5d014613719c - core[a373ad73a504971]::panicking::panic_fmt
[INFO] [stdout]   11:     0x5d01460de909 - <&mut assert_cmd[33efb901df5a6b3d]::cmd::Command as assert_cmd[33efb901df5a6b3d]::assert::OutputAssertExt>::assert
[INFO] [stdout]   12:     0x5d014607d82a - <integration_tests[beccd3de381bbb25]::test_zero_byte_files::{closure#0} as core[a373ad73a504971]::ops::function::FnOnce<()>>::call_once
[INFO] [stdout]   13:     0x5d0146096ccb - test[aada8e7e76ba119b]::__rust_begin_short_backtrace::<core[a373ad73a504971]::result::Result<(), alloc[2e1b2a31b91974c5]::string::String>, fn() -> core[a373ad73a504971]::result::Result<(), alloc[2e1b2a31b91974c5]::string::String>>
[INFO] [stdout]   14:     0x5d01460a3ea5 - test[aada8e7e76ba119b]::run_test::{closure#0}
[INFO] [stdout]   15:     0x5d014609d794 - std[617be2ca0a6fd877]::sys::backtrace::__rust_begin_short_backtrace::<test[aada8e7e76ba119b]::run_test::{closure#1}, ()>
[INFO] [stdout]   16:     0x5d01460a6f32 - <std[617be2ca0a6fd877]::thread::lifecycle::spawn_unchecked<test[aada8e7e76ba119b]::run_test::{closure#1}, ()>::{closure#1} as core[a373ad73a504971]::ops::function::FnOnce<()>>::call_once::{shim:vtable#0}
[INFO] [stdout]   17:     0x5d014611f7ef - <std[617be2ca0a6fd877]::sys::thread::unix::Thread>::new::thread_start
[INFO] [stdout]   18:     0x70bdd6764dfa - <unknown>
[INFO] [stdout]   19:     0x70bdd67f83d4 - clone
[INFO] [stdout]   20:                0x0 - <unknown>
[INFO] [stdout] 
[INFO] [stdout] ---- test_quiet_suppresses_progress_output stdout ----
[INFO] [stdout] 
[INFO] [stdout] thread 'test_quiet_suppresses_progress_output' (1474) panicked at /opt/rustwide/cargo-home/registry/src/index.crates.io-1949cf8c6b5b557f/assert_cmd-2.1.2/src/cmd.rs:659:17:
[INFO] [stdout] Failed to spawn Command { cmd: HOME="/tmp/.tmphkJGHb" "/opt/rustwide/target/release/build/bdstorage/359530748dd790aa/out/bdstorage" "-q" "dedupe" "/tmp/.tmphkJGHb/data" "--allow-unsafe-hardlinks", stdin: None, timeout: None }: No such file or directory (os error 2)
[INFO] [stdout] stack backtrace:
[INFO] [stdout]    0:     0x5d0146120501 - <<std[617be2ca0a6fd877]::sys::backtrace::BacktraceLock>::print::DisplayBacktrace as core[a373ad73a504971]::fmt::Display>::fmt
[INFO] [stdout]    1:     0x5d01461369ea - core[a373ad73a504971]::fmt::write
[INFO] [stdout]    2:     0x5d0146125f0c - <alloc[2e1b2a31b91974c5]::vec::Vec<u8> as core[a373ad73a504971]::io::write::Write>::write_fmt
[INFO] [stdout]    3:     0x5d01460fa0b6 - std[617be2ca0a6fd877]::panicking::default_hook::{closure#0}
[INFO] [stdout]    4:     0x5d0146117a39 - std[617be2ca0a6fd877]::panicking::default_hook
[INFO] [stdout]    5:     0x5d01460a3880 - test[aada8e7e76ba119b]::test_main_inner::{closure#0}
[INFO] [stdout]    6:     0x5d0146117bf2 - std[617be2ca0a6fd877]::panicking::panic_with_hook
[INFO] [stdout]    7:     0x5d01460fa162 - std[617be2ca0a6fd877]::panicking::panic_handler::{closure#0}
[INFO] [stdout]    8:     0x5d01460f2b29 - std[617be2ca0a6fd877]::sys::backtrace::__rust_end_short_backtrace::<std[617be2ca0a6fd877]::panicking::panic_handler::{closure#0}, !>
[INFO] [stdout]    9:     0x5d01460fae2d - __rustc[ea4f61d10b84890b]::rust_begin_unwind
[INFO] [stdout]   10:     0x5d014613719c - core[a373ad73a504971]::panicking::panic_fmt
[INFO] [stdout]   11:     0x5d01460de909 - <&mut assert_cmd[33efb901df5a6b3d]::cmd::Command as assert_cmd[33efb901df5a6b3d]::assert::OutputAssertExt>::assert
[INFO] [stdout]   12:     0x5d0146085a35 - <integration_tests[beccd3de381bbb25]::test_quiet_suppresses_progress_output::{closure#0} as core[a373ad73a504971]::ops::function::FnOnce<()>>::call_once
[INFO] [stdout]   13:     0x5d0146096ccb - test[aada8e7e76ba119b]::__rust_begin_short_backtrace::<core[a373ad73a504971]::result::Result<(), alloc[2e1b2a31b91974c5]::string::String>, fn() -> core[a373ad73a504971]::result::Result<(), alloc[2e1b2a31b91974c5]::string::String>>
[INFO] [stdout]   14:     0x5d01460a3ea5 - test[aada8e7e76ba119b]::run_test::{closure#0}
[INFO] [stdout]   15:     0x5d014609d794 - std[617be2ca0a6fd877]::sys::backtrace::__rust_begin_short_backtrace::<test[aada8e7e76ba119b]::run_test::{closure#1}, ()>
[INFO] [stdout]   16:     0x5d01460a6f32 - <std[617be2ca0a6fd877]::thread::lifecycle::spawn_unchecked<test[aada8e7e76ba119b]::run_test::{closure#1}, ()>::{closure#1} as core[a373ad73a504971]::ops::function::FnOnce<()>>::call_once::{shim:vtable#0}
[INFO] [stdout]   17:     0x5d014611f7ef - <std[617be2ca0a6fd877]::sys::thread::unix::Thread>::new::thread_start
[INFO] [stdout]   18:     0x70bdd6764dfa - <unknown>
[INFO] [stdout]   19:     0x70bdd67f83d4 - clone
[INFO] [stdout]   20:                0x0 - <unknown>
[INFO] [stdout] 
[INFO] [stdout] ---- test_json_output_acceptance stdout ----
[INFO] [stdout] 
[INFO] [stdout] thread 'test_json_output_acceptance' (1469) panicked at /opt/rustwide/cargo-home/registry/src/index.crates.io-1949cf8c6b5b557f/assert_cmd-2.1.2/src/cmd.rs:659:17:
[INFO] [stdout] Failed to spawn Command { cmd: HOME="/tmp/.tmpSXomGa" "/opt/rustwide/target/release/build/bdstorage/359530748dd790aa/out/bdstorage" "--output-format" "json" "dedupe" "/tmp/.tmpSXomGa/data" "--allow-unsafe-hardlinks", stdin: None, timeout: None }: No such file or directory (os error 2)
[INFO] [stdout] stack backtrace:
[INFO] [stdout]    0:     0x5d0146120501 - <<std[617be2ca0a6fd877]::sys::backtrace::BacktraceLock>::print::DisplayBacktrace as core[a373ad73a504971]::fmt::Display>::fmt
[INFO] [stdout]    1:     0x5d01461369ea - core[a373ad73a504971]::fmt::write
[INFO] [stdout]    2:     0x5d0146125f0c - <alloc[2e1b2a31b91974c5]::vec::Vec<u8> as core[a373ad73a504971]::io::write::Write>::write_fmt
[INFO] [stdout]    3:     0x5d01460fa0b6 - std[617be2ca0a6fd877]::panicking::default_hook::{closure#0}
[INFO] [stdout]    4:     0x5d0146117a39 - std[617be2ca0a6fd877]::panicking::default_hook
[INFO] [stdout]    5:     0x5d01460a3880 - test[aada8e7e76ba119b]::test_main_inner::{closure#0}
[INFO] [stdout]    6:     0x5d0146117bf2 - std[617be2ca0a6fd877]::panicking::panic_with_hook
[INFO] [stdout]    7:     0x5d01460fa162 - std[617be2ca0a6fd877]::panicking::panic_handler::{closure#0}
[INFO] [stdout]    8:     0x5d01460f2b29 - std[617be2ca0a6fd877]::sys::backtrace::__rust_end_short_backtrace::<std[617be2ca0a6fd877]::panicking::panic_handler::{closure#0}, !>
[INFO] [stdout]    9:     0x5d01460fae2d - __rustc[ea4f61d10b84890b]::rust_begin_unwind
[INFO] [stdout]   10:     0x5d014613719c - core[a373ad73a504971]::panicking::panic_fmt
[INFO] [stdout]   11:     0x5d01460de909 - <&mut assert_cmd[33efb901df5a6b3d]::cmd::Command as assert_cmd[33efb901df5a6b3d]::assert::OutputAssertExt>::assert
[INFO] [stdout]   12:     0x5d014607fead - <integration_tests[beccd3de381bbb25]::test_json_output_acceptance::{closure#0} as core[a373ad73a504971]::ops::function::FnOnce<()>>::call_once
[INFO] [stdout]   13:     0x5d0146096ccb - test[aada8e7e76ba119b]::__rust_begin_short_backtrace::<core[a373ad73a504971]::result::Result<(), alloc[2e1b2a31b91974c5]::string::String>, fn() -> core[a373ad73a504971]::result::Result<(), alloc[2e1b2a31b91974c5]::string::String>>
[INFO] [stdout]   14:     0x5d01460a3ea5 - test[aada8e7e76ba119b]::run_test::{closure#0}
[INFO] [stdout]   15:     0x5d014609d794 - std[617be2ca0a6fd877]::sys::backtrace::__rust_begin_short_backtrace::<test[aada8e7e76ba119b]::run_test::{closure#1}, ()>
[INFO] [stdout]   16:     0x5d01460a6f32 - <std[617be2ca0a6fd877]::thread::lifecycle::spawn_unchecked<test[aada8e7e76ba119b]::run_test::{closure#1}, ()>::{closure#1} as core[a373ad73a504971]::ops::function::FnOnce<()>>::call_once::{shim:vtable#0}
[INFO] [stdout]   17:     0x5d014611f7ef - <std[617be2ca0a6fd877]::sys::thread::unix::Thread>::new::thread_start
[INFO] [stdout]   18:     0x70bdd6764dfa - <unknown>
[INFO] [stdout]   19:     0x70bdd67f83d4 - clone
[INFO] [stdout]   20:                0x0 - <unknown>
[INFO] [stdout] 
[INFO] [stdout] ---- test_metadata_integrity stdout ----
[INFO] [stdout] 
[INFO] [stdout] thread 'test_metadata_integrity' (1471) panicked at /opt/rustwide/cargo-home/registry/src/index.crates.io-1949cf8c6b5b557f/assert_cmd-2.1.2/src/cmd.rs:659:17:
[INFO] [stdout] Failed to spawn Command { cmd: HOME="/tmp/.tmpCQ9Hnk" "/opt/rustwide/target/release/build/bdstorage/359530748dd790aa/out/bdstorage" "dedupe" "/tmp/.tmpCQ9Hnk/data", stdin: None, timeout: None }: No such file or directory (os error 2)
[INFO] [stdout] stack backtrace:
[INFO] [stdout]    0:     0x5d0146120501 - <<std[617be2ca0a6fd877]::sys::backtrace::BacktraceLock>::print::DisplayBacktrace as core[a373ad73a504971]::fmt::Display>::fmt
[INFO] [stdout]    1:     0x5d01461369ea - core[a373ad73a504971]::fmt::write
[INFO] [stdout]    2:     0x5d0146125f0c - <alloc[2e1b2a31b91974c5]::vec::Vec<u8> as core[a373ad73a504971]::io::write::Write>::write_fmt
[INFO] [stdout]    3:     0x5d01460fa0b6 - std[617be2ca0a6fd877]::panicking::default_hook::{closure#0}
[INFO] [stdout]    4:     0x5d0146117a39 - std[617be2ca0a6fd877]::panicking::default_hook
[INFO] [stdout]    5:     0x5d01460a3880 - test[aada8e7e76ba119b]::test_main_inner::{closure#0}
[INFO] [stdout]    6:     0x5d0146117bf2 - std[617be2ca0a6fd877]::panicking::panic_with_hook
[INFO] [stdout]    7:     0x5d01460fa162 - std[617be2ca0a6fd877]::panicking::panic_handler::{closure#0}
[INFO] [stdout]    8:     0x5d01460f2b29 - std[617be2ca0a6fd877]::sys::backtrace::__rust_end_short_backtrace::<std[617be2ca0a6fd877]::panicking::panic_handler::{closure#0}, !>
[INFO] [stdout]    9:     0x5d01460fae2d - __rustc[ea4f61d10b84890b]::rust_begin_unwind
[INFO] [stdout]   10:     0x5d014613719c - core[a373ad73a504971]::panicking::panic_fmt
[INFO] [stdout]   11:     0x5d01460de909 - <&mut assert_cmd[33efb901df5a6b3d]::cmd::Command as assert_cmd[33efb901df5a6b3d]::assert::OutputAssertExt>::assert
[INFO] [stdout]   12:     0x5d014607ee6a - <integration_tests[beccd3de381bbb25]::test_metadata_integrity::{closure#0} as core[a373ad73a504971]::ops::function::FnOnce<()>>::call_once
[INFO] [stdout]   13:     0x5d0146096ccb - test[aada8e7e76ba119b]::__rust_begin_short_backtrace::<core[a373ad73a504971]::result::Result<(), alloc[2e1b2a31b91974c5]::string::String>, fn() -> core[a373ad73a504971]::result::Result<(), alloc[2e1b2a31b91974c5]::string::String>>
[INFO] [stdout]   14:     0x5d01460a3ea5 - test[aada8e7e76ba119b]::run_test::{closure#0}
[INFO] [stdout]   15:     0x5d014609d794 - std[617be2ca0a6fd877]::sys::backtrace::__rust_begin_short_backtrace::<test[aada8e7e76ba119b]::run_test::{closure#1}, ()>
[INFO] [stdout]   16:     0x5d01460a6f32 - <std[617be2ca0a6fd877]::thread::lifecycle::spawn_unchecked<test[aada8e7e76ba119b]::run_test::{closure#1}, ()>::{closure#1} as core[a373ad73a504971]::ops::function::FnOnce<()>>::call_once::{shim:vtable#0}
[INFO] [stdout]   17:     0x5d014611f7ef - <std[617be2ca0a6fd877]::sys::thread::unix::Thread>::new::thread_start
[INFO] [stdout]   18:     0x70bdd6764dfa - <unknown>
[INFO] [stdout]   19:     0x70bdd67f83d4 - clone
[INFO] [stdout]   20:                0x0 - <unknown>
[INFO] [stdout] 
[INFO] [stdout] ---- test_happy_path_dedupe_and_restore stdout ----
[INFO] [stdout] 
[INFO] [stdout] thread 'test_happy_path_dedupe_and_restore' (1467) panicked at /opt/rustwide/cargo-home/registry/src/index.crates.io-1949cf8c6b5b557f/assert_cmd-2.1.2/src/cmd.rs:659:17:
[INFO] [stdout] Failed to spawn Command { cmd: HOME="/tmp/.tmpMPA6k5" "/opt/rustwide/target/release/build/bdstorage/359530748dd790aa/out/bdstorage" "dedupe" "/tmp/.tmpMPA6k5/data", stdin: None, timeout: None }: No such file or directory (os error 2)
[INFO] [stdout] stack backtrace:
[INFO] [stdout]    0:     0x5d0146120501 - <<std[617be2ca0a6fd877]::sys::backtrace::BacktraceLock>::print::DisplayBacktrace as core[a373ad73a504971]::fmt::Display>::fmt
[INFO] [stdout]    1:     0x5d01461369ea - core[a373ad73a504971]::fmt::write
[INFO] [stdout]    2:     0x5d0146125f0c - <alloc[2e1b2a31b91974c5]::vec::Vec<u8> as core[a373ad73a504971]::io::write::Write>::write_fmt
[INFO] [stdout]    3:     0x5d01460fa0b6 - std[617be2ca0a6fd877]::panicking::default_hook::{closure#0}
[INFO] [stdout]    4:     0x5d0146117a39 - std[617be2ca0a6fd877]::panicking::default_hook
[INFO] [stderr] error: test failed, to rerun pass `--test integration_tests`
[INFO] [stdout]    5:     0x5d01460a3880 - test[aada8e7e76ba119b]::test_main_inner::{closure#0}
[INFO] [stdout]    6:     0x5d0146117bf2 - std[617be2ca0a6fd877]::panicking::panic_with_hook
[INFO] [stdout]    7:     0x5d01460fa162 - std[617be2ca0a6fd877]::panicking::panic_handler::{closure#0}
[INFO] [stdout]    8:     0x5d01460f2b29 - std[617be2ca0a6fd877]::sys::backtrace::__rust_end_short_backtrace::<std[617be2ca0a6fd877]::panicking::panic_handler::{closure#0}, !>
[INFO] [stdout]    9:     0x5d01460fae2d - __rustc[ea4f61d10b84890b]::rust_begin_unwind
[INFO] [stdout]   10:     0x5d014613719c - core[a373ad73a504971]::panicking::panic_fmt
[INFO] [stdout]   11:     0x5d01460de909 - <&mut assert_cmd[33efb901df5a6b3d]::cmd::Command as assert_cmd[33efb901df5a6b3d]::assert::OutputAssertExt>::assert
[INFO] [stdout]   12:     0x5d0146083f47 - <integration_tests[beccd3de381bbb25]::test_happy_path_dedupe_and_restore::{closure#0} as core[a373ad73a504971]::ops::function::FnOnce<()>>::call_once
[INFO] [stdout]   13:     0x5d0146096ccb - test[aada8e7e76ba119b]::__rust_begin_short_backtrace::<core[a373ad73a504971]::result::Result<(), alloc[2e1b2a31b91974c5]::string::String>, fn() -> core[a373ad73a504971]::result::Result<(), alloc[2e1b2a31b91974c5]::string::String>>
[INFO] [stdout]   14:     0x5d01460a3ea5 - test[aada8e7e76ba119b]::run_test::{closure#0}
[INFO] [stdout]   15:     0x5d014609d794 - std[617be2ca0a6fd877]::sys::backtrace::__rust_begin_short_backtrace::<test[aada8e7e76ba119b]::run_test::{closure#1}, ()>
[INFO] [stdout]   16:     0x5d01460a6f32 - <std[617be2ca0a6fd877]::thread::lifecycle::spawn_unchecked<test[aada8e7e76ba119b]::run_test::{closure#1}, ()>::{closure#1} as core[a373ad73a504971]::ops::function::FnOnce<()>>::call_once::{shim:vtable#0}
[INFO] [stdout]   17:     0x5d014611f7ef - <std[617be2ca0a6fd877]::sys::thread::unix::Thread>::new::thread_start
[INFO] [stdout]   18:     0x70bdd6764dfa - <unknown>
[INFO] [stdout]   19:     0x70bdd67f83d4 - clone
[INFO] [stdout]   20:                0x0 - <unknown>
[INFO] [stdout] 
[INFO] [stdout] ---- test_deeply_nested_directories stdout ----
[INFO] [stdout] 
[INFO] [stdout] thread 'test_deeply_nested_directories' (1465) panicked at /opt/rustwide/cargo-home/registry/src/index.crates.io-1949cf8c6b5b557f/assert_cmd-2.1.2/src/cmd.rs:659:17:
[INFO] [stdout] Failed to spawn Command { cmd: HOME="/tmp/.tmpHyjVMS" "/opt/rustwide/target/release/build/bdstorage/359530748dd790aa/out/bdstorage" "dedupe" "/tmp/.tmpHyjVMS/data", stdin: None, timeout: None }: No such file or directory (os error 2)
[INFO] [stdout] stack backtrace:
[INFO] [stdout]    0:     0x5d0146120501 - <<std[617be2ca0a6fd877]::sys::backtrace::BacktraceLock>::print::DisplayBacktrace as core[a373ad73a504971]::fmt::Display>::fmt
[INFO] [stdout]    1:     0x5d01461369ea - core[a373ad73a504971]::fmt::write
[INFO] [stdout]    2:     0x5d0146125f0c - <alloc[2e1b2a31b91974c5]::vec::Vec<u8> as core[a373ad73a504971]::io::write::Write>::write_fmt
[INFO] [stdout]    3:     0x5d01460fa0b6 - std[617be2ca0a6fd877]::panicking::default_hook::{closure#0}
[INFO] [stdout]    4:     0x5d0146117a39 - std[617be2ca0a6fd877]::panicking::default_hook
[INFO] [stdout]    5:     0x5d01460a3880 - test[aada8e7e76ba119b]::test_main_inner::{closure#0}
[INFO] [stdout]    6:     0x5d0146117bf2 - std[617be2ca0a6fd877]::panicking::panic_with_hook
[INFO] [stdout]    7:     0x5d01460fa162 - std[617be2ca0a6fd877]::panicking::panic_handler::{closure#0}
[INFO] [stdout]    8:     0x5d01460f2b29 - std[617be2ca0a6fd877]::sys::backtrace::__rust_end_short_backtrace::<std[617be2ca0a6fd877]::panicking::panic_handler::{closure#0}, !>
[INFO] [stdout]    9:     0x5d01460fae2d - __rustc[ea4f61d10b84890b]::rust_begin_unwind
[INFO] [stdout]   10:     0x5d014613719c - core[a373ad73a504971]::panicking::panic_fmt
[INFO] [stdout]   11:     0x5d01460de909 - <&mut assert_cmd[33efb901df5a6b3d]::cmd::Command as assert_cmd[33efb901df5a6b3d]::assert::OutputAssertExt>::assert
[INFO] [stdout]   12:     0x5d0146082a6a - <integration_tests[beccd3de381bbb25]::test_deeply_nested_directories::{closure#0} as core[a373ad73a504971]::ops::function::FnOnce<()>>::call_once
[INFO] [stdout]   13:     0x5d0146096ccb - test[aada8e7e76ba119b]::__rust_begin_short_backtrace::<core[a373ad73a504971]::result::Result<(), alloc[2e1b2a31b91974c5]::string::String>, fn() -> core[a373ad73a504971]::result::Result<(), alloc[2e1b2a31b91974c5]::string::String>>
[INFO] [stdout]   14:     0x5d01460a3ea5 - test[aada8e7e76ba119b]::run_test::{closure#0}
[INFO] [stdout]   15:     0x5d014609d794 - std[617be2ca0a6fd877]::sys::backtrace::__rust_begin_short_backtrace::<test[aada8e7e76ba119b]::run_test::{closure#1}, ()>
[INFO] [stdout]   16:     0x5d01460a6f32 - <std[617be2ca0a6fd877]::thread::lifecycle::spawn_unchecked<test[aada8e7e76ba119b]::run_test::{closure#1}, ()>::{closure#1} as core[a373ad73a504971]::ops::function::FnOnce<()>>::call_once::{shim:vtable#0}
[INFO] [stdout]   17:     0x5d014611f7ef - <std[617be2ca0a6fd877]::sys::thread::unix::Thread>::new::thread_start
[INFO] [stdout]   18:     0x70bdd6764dfa - <unknown>
[INFO] [stdout]   19:     0x70bdd67f83d4 - clone
[INFO] [stdout]   20:                0x0 - <unknown>
[INFO] [stdout] 
[INFO] [stdout] 
[INFO] [stdout] failures:
[INFO] [stdout]     test_bdstorage_vault_env_var
[INFO] [stdout]     test_deeply_nested_directories
[INFO] [stdout]     test_dry_run_no_changes
[INFO] [stdout]     test_happy_path_dedupe_and_restore
[INFO] [stdout]     test_hardlink_fallback
[INFO] [stdout]     test_json_output_acceptance
[INFO] [stdout]     test_massive_and_sparse_files
[INFO] [stdout]     test_metadata_integrity
[INFO] [stdout]     test_nontty_stdout_suppresses_progress_output
[INFO] [stdout]     test_paranoid_mode_catches_bit_rot
[INFO] [stdout]     test_quiet_suppresses_progress_output
[INFO] [stdout]     test_scan_no_modifications
[INFO] [stdout]     test_status_after_scan_without_vault_fails
[INFO] [stdout]     test_status_command
[INFO] [stdout]     test_status_with_custom_vault_dir
[INFO] [stdout]     test_vault_dir_flag_dedupe_and_restore
[INFO] [stdout]     test_zero_byte_files
[INFO] [stdout] 
[INFO] [stdout] test result: FAILED. 0 passed; 17 failed; 0 ignored; 0 measured; 0 filtered out; finished in 0.10s
[INFO] [stdout] 
[INFO] running `Command { std: "docker" "inspect" "0d19b64d8e0414b4bf513c42639064b9f70c0ea0a59697d37a258750e334042c", kill_on_drop: false }`
[INFO] running `Command { std: "docker" "rm" "-f" "0d19b64d8e0414b4bf513c42639064b9f70c0ea0a59697d37a258750e334042c", kill_on_drop: false }`
[INFO] [stdout] 0d19b64d8e0414b4bf513c42639064b9f70c0ea0a59697d37a258750e334042c
