[INFO] cloning repository https://github.com/P8labs/dxon
[INFO] running `Command { std: "git" "-c" "credential.helper=" "-c" "credential.helper=/workspace/cargo-home/bin/git-credential-null" "clone" "--bare" "https://github.com/P8labs/dxon" "/workspace/cache/git-repos/https%3A%2F%2Fgithub.com%2FP8labs%2Fdxon", kill_on_drop: false }`
[INFO] [stderr] Cloning into bare repository '/workspace/cache/git-repos/https%3A%2F%2Fgithub.com%2FP8labs%2Fdxon'...
[INFO] running `Command { std: "git" "rev-parse" "HEAD", kill_on_drop: false }`
[INFO] [stdout] 3419d01caacaaa06f63f1ce28263b68e3334acb0
[INFO] testing P8labs/dxon against 1.100.0-beta.1+cargoflags=--release for beta-release-1.100-2
[INFO] running `Command { std: "git" "clone" "/workspace/cache/git-repos/https%3A%2F%2Fgithub.com%2FP8labs%2Fdxon" "/workspace/builds/worker-3-tc2/source", kill_on_drop: false }`
[INFO] [stderr] Cloning into '/workspace/builds/worker-3-tc2/source'...
[INFO] [stderr] done.
[INFO] started tweaking git repo https://github.com/P8labs/dxon
[INFO] finished tweaking git repo https://github.com/P8labs/dxon
[INFO] tweaked toml for git repo https://github.com/P8labs/dxon written to /workspace/builds/worker-3-tc2/source/Cargo.toml
[INFO] validating manifest of git repo https://github.com/P8labs/dxon on toolchain 1.100.0-beta.1
[INFO] running `Command { std: CARGO_HOME="/workspace/cargo-home" RUSTUP_HOME="/workspace/rustup-home" "/workspace/cargo-home/bin/cargo" "+1.100.0-beta.1" "metadata" "--manifest-path" "Cargo.toml" "--no-deps", kill_on_drop: false }`
[INFO] crate git repo https://github.com/P8labs/dxon already has a lockfile, it will not be regenerated
[INFO] running `Command { std: CARGO_HOME="/workspace/cargo-home" RUSTUP_HOME="/workspace/rustup-home" "/workspace/cargo-home/bin/cargo" "+1.100.0-beta.1" "fetch" "--manifest-path" "Cargo.toml", kill_on_drop: false }`
[INFO] running `Command { std: "docker" "create" "-v" "/var/lib/crater-agent-workspace/builds/worker-3-tc2/source:/opt/rustwide/workdir:ro,Z" "-v" "/var/lib/crater-agent-workspace/builds/worker-3-tc2/target:/opt/rustwide/target:rw,Z" "-v" "/var/lib/crater-agent-workspace/cargo-home:/opt/rustwide/cargo-home:ro,Z" "-v" "/var/lib/crater-agent-workspace/rustup-home:/opt/rustwide/rustup-home:ro,Z" "-m" "1610612736" "--network" "none" "ghcr.io/rust-lang/crates-build-env/linux@sha256:77db811e55d90add9212f6832c23229e3de5f1c1f9905e8cb07319ea15df73ac" "sleep" "infinity", kill_on_drop: false }`
[INFO] [stdout] 383b1502fca787ca67895ed3c0f81d12190ffee890f69e5e56d47f4a779ba5d2
[INFO] running `Command { std: "docker" "start" "383b1502fca787ca67895ed3c0f81d12190ffee890f69e5e56d47f4a779ba5d2", kill_on_drop: false }`
[INFO] running `Command { std: "docker" "inspect" "383b1502fca787ca67895ed3c0f81d12190ffee890f69e5e56d47f4a779ba5d2", kill_on_drop: false }`
[INFO] running `Command { std: "docker" "exec" "-e" "SOURCE_DIR=/opt/rustwide/workdir" "-e" "CARGO_HOME=/opt/rustwide/cargo-home" "-e" "RUSTUP_HOME=/opt/rustwide/rustup-home" "-e" "CARGO_TARGET_DIR=/opt/rustwide/target" "-w" "/opt/rustwide/workdir" "--user" "0:0" "383b1502fca787ca67895ed3c0f81d12190ffee890f69e5e56d47f4a779ba5d2" "/opt/rustwide/cargo-home/bin/cargo" "+1.100.0-beta.1" "metadata" "--no-deps" "--format-version=1", kill_on_drop: false }`
[INFO] running `Command { std: "docker" "inspect" "383b1502fca787ca67895ed3c0f81d12190ffee890f69e5e56d47f4a779ba5d2", kill_on_drop: false }`
[INFO] running `Command { std: "docker" "exec" "-e" "SOURCE_DIR=/opt/rustwide/workdir" "-e" "CARGO_HOME=/opt/rustwide/cargo-home" "-e" "RUSTUP_HOME=/opt/rustwide/rustup-home" "-e" "CARGO_TARGET_DIR=/opt/rustwide/target" "-e" "CARGO_INCREMENTAL=0" "-e" "RUST_BACKTRACE=full" "-e" "RUSTFLAGS=--cap-lints=warn" "-e" "RUSTDOCFLAGS=--cap-lints=warn" "-w" "/opt/rustwide/workdir" "--user" "0:0" "383b1502fca787ca67895ed3c0f81d12190ffee890f69e5e56d47f4a779ba5d2" "/opt/rustwide/cargo-home/bin/cargo" "+1.100.0-beta.1" "build" "--frozen" "--message-format=json" "--release", kill_on_drop: false }`
[INFO] [stderr]    Compiling proc-macro2 v1.0.106
[INFO] [stderr]    Compiling quote v1.0.45
[INFO] [stderr]    Compiling unicode-ident v1.0.24
[INFO] [stderr]    Compiling libc v0.2.182
[INFO] [stderr]    Compiling stable_deref_trait v1.2.1
[INFO] [stderr]    Compiling serde_core v1.0.228
[INFO] [stderr]    Compiling cfg-if v1.0.4
[INFO] [stderr]    Compiling serde v1.0.228
[INFO] [stderr]    Compiling litemap v0.8.1
[INFO] [stderr]    Compiling writeable v0.6.2
[INFO] [stderr]    Compiling find-msvc-tools v0.1.9
[INFO] [stderr]    Compiling shlex v1.3.0
[INFO] [stderr]    Compiling zeroize v1.8.2
[INFO] [stderr]    Compiling icu_properties_data v2.1.2
[INFO] [stderr]    Compiling icu_normalizer_data v2.1.1
[INFO] [stderr]    Compiling smallvec v1.15.1
[INFO] [stderr]    Compiling cc v1.2.56
[INFO] [stderr]    Compiling rustls-pki-types v1.14.0
[INFO] [stderr]    Compiling once_cell v1.21.3
[INFO] [stderr]    Compiling crc32fast v1.5.0
[INFO] [stderr]    Compiling utf8parse v0.2.2
[INFO] [stderr]    Compiling equivalent v1.0.2
[INFO] [stderr]    Compiling autocfg v1.5.0
[INFO] [stderr]    Compiling untrusted v0.9.0
[INFO] [stderr]    Compiling getrandom v0.4.2
[INFO] [stderr]    Compiling hashbrown v0.16.1
[INFO] [stderr]    Compiling rustix v1.1.4
[INFO] [stderr]    Compiling num-traits v0.2.19
[INFO] [stderr]    Compiling anstyle-parse v0.2.7
[INFO] [stderr]    Compiling log v0.4.29
[INFO] [stderr]    Compiling utf8_iter v1.0.4
[INFO] [stderr]    Compiling syn v2.0.117
[INFO] [stderr]    Compiling thiserror v1.0.69
[INFO] [stderr]    Compiling linux-raw-sys v0.12.1
[INFO] [stderr]    Compiling anstyle v1.0.13
[INFO] [stderr]    Compiling colorchoice v1.0.4
[INFO] [stderr]    Compiling adler2 v2.0.1
[INFO] [stderr]    Compiling getrandom v0.2.17
[INFO] [stderr]    Compiling is_terminal_polyfill v1.70.2
[INFO] [stderr]    Compiling bitflags v2.11.0
[INFO] [stderr]    Compiling zmij v1.0.21
[INFO] [stderr]    Compiling simd-adler32 v0.3.8
[INFO] [stderr]    Compiling indexmap v2.13.0
[INFO] [stderr]    Compiling anstyle-query v1.1.5
[INFO] [stderr]    Compiling percent-encoding v2.3.2
[INFO] [stderr]    Compiling rustls v0.23.37
[INFO] [stderr]    Compiling form_urlencoded v1.2.2
[INFO] [stderr]    Compiling anstream v0.6.21
[INFO] [stderr]    Compiling miniz_oxide v0.8.9
[INFO] [stderr]    Compiling ring v0.17.14
[INFO] [stderr]    Compiling webpki-roots v1.0.6
[INFO] [stderr]    Compiling winnow v0.7.15
[INFO] [stderr]    Compiling thiserror v2.0.18
[INFO] [stderr]    Compiling serde_json v1.0.149
[INFO] [stderr]    Compiling option-ext v0.2.0
[INFO] [stderr]    Compiling subtle v2.6.1
[INFO] [stderr]    Compiling unicode-width v0.2.2
[INFO] [stderr]    Compiling strsim v0.11.1
[INFO] [stderr]    Compiling fastrand v2.3.0
[INFO] [stderr]    Compiling toml_write v0.1.2
[INFO] [stderr]    Compiling anyhow v1.0.102
[INFO] [stderr]    Compiling clap_lex v1.0.0
[INFO] [stderr]    Compiling heck v0.5.0
[INFO] [stderr]    Compiling itoa v1.0.17
[INFO] [stderr]    Compiling clap_builder v4.5.60
[INFO] [stderr]    Compiling console v0.15.11
[INFO] [stderr]    Compiling dirs-sys v0.4.1
[INFO] [stderr]    Compiling flate2 v1.1.9
[INFO] [stderr]    Compiling tempfile v3.26.0
[INFO] [stderr]    Compiling webpki-roots v0.26.11
[INFO] [stderr]    Compiling lazy_static v1.5.0
[INFO] [stderr]    Compiling unsafe-libyaml v0.2.11
[INFO] [stderr]    Compiling dxon v0.3.0 (/opt/rustwide/workdir)
[INFO] [stderr]    Compiling memchr v2.8.0
[INFO] [stderr]    Compiling shell-words v1.1.1
[INFO] [stderr]    Compiling ryu v1.0.23
[INFO] [stderr]    Compiling base64 v0.22.1
[INFO] [stderr]    Compiling iana-time-zone v0.1.65
[INFO] [stderr]    Compiling colored v2.2.0
[INFO] [stderr]    Compiling dirs v5.0.1
[INFO] [stderr]    Compiling synstructure v0.13.2
[INFO] [stderr]    Compiling users v0.11.0
[INFO] [stderr]    Compiling zerofrom-derive v0.1.6
[INFO] [stderr]    Compiling yoke-derive v0.8.1
[INFO] [stderr]    Compiling zerovec-derive v0.11.2
[INFO] [stderr]    Compiling displaydoc v0.2.5
[INFO] [stderr]    Compiling serde_derive v1.0.228
[INFO] [stderr]    Compiling thiserror-impl v1.0.69
[INFO] [stderr]    Compiling clap_derive v4.5.55
[INFO] [stderr]    Compiling zerofrom v0.1.6
[INFO] [stderr]    Compiling yoke v0.8.1
[INFO] [stderr]    Compiling zerotrie v0.2.3
[INFO] [stderr]    Compiling zerovec v0.11.5
[INFO] [stderr]    Compiling thiserror-impl v2.0.18
[INFO] [stderr]    Compiling dialoguer v0.11.0
[INFO] [stderr]    Compiling tinystr v0.8.2
[INFO] [stderr]    Compiling potential_utf v0.1.4
[INFO] [stderr]    Compiling icu_collections v2.1.1
[INFO] [stderr]    Compiling icu_locale_core v2.1.1
[INFO] [stderr]    Compiling clap v4.5.60
[INFO] [stderr]    Compiling icu_provider v2.1.1
[INFO] [stderr]    Compiling icu_properties v2.1.2
[INFO] [stderr]    Compiling icu_normalizer v2.1.1
[INFO] [stderr]    Compiling serde_spanned v0.6.9
[INFO] [stderr]    Compiling toml_datetime v0.6.11
[INFO] [stderr]    Compiling chrono v0.4.44
[INFO] [stderr]    Compiling serde_yaml v0.9.34+deprecated
[INFO] [stderr]    Compiling toml_edit v0.22.27
[INFO] [stderr]    Compiling idna_adapter v1.2.1
[INFO] [stderr]    Compiling idna v1.1.0
[INFO] [stderr]    Compiling url v2.5.8
[INFO] [stderr]    Compiling toml v0.8.23
[INFO] [stderr]    Compiling rustls-webpki v0.103.9
[INFO] [stderr]    Compiling ureq v2.12.1
[INFO] [stderr]     Finished `release` profile [optimized] target(s) in 2m 34s
[INFO] running `Command { std: "docker" "inspect" "383b1502fca787ca67895ed3c0f81d12190ffee890f69e5e56d47f4a779ba5d2", kill_on_drop: false }`
[INFO] running `Command { std: "docker" "exec" "-e" "SOURCE_DIR=/opt/rustwide/workdir" "-e" "CARGO_HOME=/opt/rustwide/cargo-home" "-e" "RUSTUP_HOME=/opt/rustwide/rustup-home" "-e" "CARGO_TARGET_DIR=/opt/rustwide/target" "-e" "CARGO_INCREMENTAL=0" "-e" "RUST_BACKTRACE=full" "-e" "RUSTFLAGS=--cap-lints=warn" "-e" "RUSTDOCFLAGS=--cap-lints=warn" "-w" "/opt/rustwide/workdir" "--user" "0:0" "383b1502fca787ca67895ed3c0f81d12190ffee890f69e5e56d47f4a779ba5d2" "/opt/rustwide/cargo-home/bin/cargo" "+1.100.0-beta.1" "test" "--frozen" "--no-run" "--message-format=json" "--release", kill_on_drop: false }`
[INFO] [stderr]    Compiling stable_deref_trait v1.2.1
[INFO] [stderr]    Compiling libc v0.2.182
[INFO] [stderr]    Compiling cfg-if v1.0.4
[INFO] [stderr]    Compiling serde_core v1.0.228
[INFO] [stderr]    Compiling zerofrom v0.1.6
[INFO] [stderr]    Compiling litemap v0.8.1
[INFO] [stderr]    Compiling writeable v0.6.2
[INFO] [stderr]    Compiling zeroize v1.8.2
[INFO] [stderr]    Compiling icu_normalizer_data v2.1.1
[INFO] [stderr]    Compiling icu_properties_data v2.1.2
[INFO] [stderr]    Compiling rustls-pki-types v1.14.0
[INFO] [stderr]    Compiling once_cell v1.21.3
[INFO] [stderr]    Compiling smallvec v1.15.1
[INFO] [stderr]    Compiling yoke v0.8.1
[INFO] [stderr]    Compiling utf8parse v0.2.2
[INFO] [stderr]    Compiling untrusted v0.9.0
[INFO] [stderr]    Compiling equivalent v1.0.2
[INFO] [stderr]    Compiling hashbrown v0.16.1
[INFO] [stderr]    Compiling anstyle-parse v0.2.7
[INFO] [stderr]    Compiling zerovec v0.11.5
[INFO] [stderr]    Compiling zerotrie v0.2.3
[INFO] [stderr]    Compiling simd-adler32 v0.3.8
[INFO] [stderr]    Compiling percent-encoding v2.3.2
[INFO] [stderr]    Compiling utf8_iter v1.0.4
[INFO] [stderr]    Compiling log v0.4.29
[INFO] [stderr]    Compiling colorchoice v1.0.4
[INFO] [stderr]    Compiling is_terminal_polyfill v1.70.2
[INFO] [stderr]    Compiling bitflags v2.11.0
[INFO] [stderr]    Compiling anstyle v1.0.13
[INFO] [stderr]    Compiling adler2 v2.0.1
[INFO] [stderr]    Compiling linux-raw-sys v0.12.1
[INFO] [stderr]    Compiling anstyle-query v1.1.5
[INFO] [stderr]    Compiling miniz_oxide v0.8.9
[INFO] [stderr]    Compiling anstream v0.6.21
[INFO] [stderr]    Compiling form_urlencoded v1.2.2
[INFO] [stderr]    Compiling webpki-roots v1.0.6
[INFO] [stderr]    Compiling tinystr v0.8.2
[INFO] [stderr]    Compiling potential_utf v0.1.4
[INFO] [stderr]    Compiling icu_collections v2.1.1
[INFO] [stderr]    Compiling getrandom v0.2.17
[INFO] [stderr]    Compiling icu_locale_core v2.1.1
[INFO] [stderr]    Compiling indexmap v2.13.0
[INFO] [stderr]    Compiling ring v0.17.14
[INFO] [stderr]    Compiling rustix v1.1.4
[INFO] [stderr]    Compiling getrandom v0.4.2
[INFO] [stderr]    Compiling crc32fast v1.5.0
[INFO] [stderr]    Compiling unicode-width v0.2.2
[INFO] [stderr]    Compiling clap_lex v1.0.0
[INFO] [stderr]    Compiling option-ext v0.2.0
[INFO] [stderr]    Compiling itoa v1.0.17
[INFO] [stderr]    Compiling strsim v0.11.1
[INFO] [stderr]    Compiling toml_write v0.1.2
[INFO] [stderr]    Compiling winnow v0.7.15
[INFO] [stderr]    Compiling fastrand v2.3.0
[INFO] [stderr]    Compiling icu_provider v2.1.1
[INFO] [stderr]    Compiling subtle v2.6.1
[INFO] [stderr]    Compiling clap_builder v4.5.60
[INFO] [stderr]    Compiling dirs-sys v0.4.1
[INFO] [stderr]    Compiling icu_properties v2.1.2
[INFO] [stderr]    Compiling icu_normalizer v2.1.1
[INFO] [stderr]    Compiling serde v1.0.228
[INFO] [stderr]    Compiling console v0.15.11
[INFO] [stderr]    Compiling toml_datetime v0.6.11
[INFO] [stderr]    Compiling serde_spanned v0.6.9
[INFO] [stderr]    Compiling rustls-webpki v0.103.9
[INFO] [stderr]    Compiling tempfile v3.26.0
[INFO] [stderr]    Compiling flate2 v1.1.9
[INFO] [stderr]    Compiling idna_adapter v1.2.1
[INFO] [stderr]    Compiling idna v1.1.0
[INFO] [stderr]    Compiling webpki-roots v0.26.11
[INFO] [stderr]    Compiling thiserror v1.0.69
[INFO] [stderr]    Compiling num-traits v0.2.19
[INFO] [stderr]    Compiling url v2.5.8
[INFO] [stderr]    Compiling rustls v0.23.37
[INFO] [stderr]    Compiling toml_edit v0.22.27
[INFO] [stderr]    Compiling zmij v1.0.21
[INFO] [stderr]    Compiling lazy_static v1.5.0
[INFO] [stderr]    Compiling iana-time-zone v0.1.65
[INFO] [stderr]    Compiling shell-words v1.1.1
[INFO] [stderr]    Compiling base64 v0.22.1
[INFO] [stderr]    Compiling unsafe-libyaml v0.2.11
[INFO] [stderr]    Compiling memchr v2.8.0
[INFO] [stderr]    Compiling ryu v1.0.23
[INFO] [stderr]    Compiling clap v4.5.60
[INFO] [stderr]    Compiling dialoguer v0.11.0
[INFO] [stderr]    Compiling chrono v0.4.44
[INFO] [stderr]    Compiling serde_json v1.0.149
[INFO] [stderr]    Compiling serde_yaml v0.9.34+deprecated
[INFO] [stderr]    Compiling colored v2.2.0
[INFO] [stderr]    Compiling dirs v5.0.1
[INFO] [stderr]    Compiling toml v0.8.23
[INFO] [stderr]    Compiling users v0.11.0
[INFO] [stderr]    Compiling thiserror v2.0.18
[INFO] [stderr]    Compiling anyhow v1.0.102
[INFO] [stderr]    Compiling ureq v2.12.1
[INFO] [stderr]    Compiling dxon v0.3.0 (/opt/rustwide/workdir)
[INFO] [stderr]     Finished `release` profile [optimized] target(s) in 1m 56s
[INFO] running `Command { std: "docker" "inspect" "383b1502fca787ca67895ed3c0f81d12190ffee890f69e5e56d47f4a779ba5d2", kill_on_drop: false }`
[INFO] running `Command { std: "docker" "exec" "-e" "SOURCE_DIR=/opt/rustwide/workdir" "-e" "CARGO_HOME=/opt/rustwide/cargo-home" "-e" "RUSTUP_HOME=/opt/rustwide/rustup-home" "-e" "CARGO_TARGET_DIR=/opt/rustwide/target" "-e" "CARGO_INCREMENTAL=0" "-e" "RUST_BACKTRACE=full" "-e" "RUSTFLAGS=--cap-lints=warn" "-e" "RUSTDOCFLAGS=--cap-lints=warn" "-w" "/opt/rustwide/workdir" "--user" "0:0" "383b1502fca787ca67895ed3c0f81d12190ffee890f69e5e56d47f4a779ba5d2" "/opt/rustwide/cargo-home/bin/cargo" "+1.100.0-beta.1" "test" "--frozen" "--release", kill_on_drop: false }`
[INFO] [stderr]     Finished `release` profile [optimized] target(s) in 0.25s
[INFO] [stderr]      Running unittests src/main.rs (/opt/rustwide/target/release/build/dxon/73fb02826382a785/out/dxon-73fb02826382a785)
[INFO] [stdout] 
[INFO] [stdout] running 77 tests
[INFO] [stdout] test commands::open::tests::strips_single_line_comments ... ok
[INFO] [stdout] test commands::open::tests::leaves_url_strings_intact ... ok
[INFO] [stdout] test commands::open::tests::workspace_subpath_from_container_path_requires_workspace_prefix ... ok
[INFO] [stdout] test commands::open::tests::parse_open_target_requires_container_and_folder ... ok
[INFO] [stdout] test config::tests::all_none_config_toml_roundtrip_stays_none ... ok
[INFO] [stdout] test commands::open::tests::updates_existing_dxon_profile_with_new_container_name ... ok
[INFO] [stdout] test config::tests::containers_dir_cli_override_takes_highest_priority ... ok
[INFO] [stdout] test config::tests::containers_dir_config_value_used_when_no_cli_override ... ok
[INFO] [stdout] test config::tests::containers_dir_default_contains_dxon_containers ... ok
[INFO] [stdout] test commands::open::tests::creates_vscode_dir_and_settings_when_absent ... ok
[INFO] [stdout] test config::tests::containers_dir_empty_config_value_falls_through_to_default ... ok
[INFO] [stdout] test commands::open::tests::merges_into_existing_settings_without_overwriting_other_keys ... ok
[INFO] [stdout] test commands::open::tests::sanitize_workspace_subpath_rejects_parent_traversal ... ok
[INFO] [stdout] test commands::open::tests::parses_jsonc_settings_file ... ok
[INFO] [stdout] test config::tests::default_config_has_all_none_fields ... ok
[INFO] [stdout] test config::tests::containers_dir_empty_cli_override_falls_through_to_config ... ok
[INFO] [stdout] test config::tests::config_serializes_and_deserializes_via_toml ... ok
[INFO] [stdout] test config::tests::effective_registry_url_returns_configured_value ... ok
[INFO] [stdout] test config::tests::effective_registry_url_returns_default_when_unset ... ok
[INFO] [stdout] test config::tests::set_containers_dir_stores_value ... ok
[INFO] [stdout] test config::tests::set_default_distro_stores_value ... ok
[INFO] [stdout] test config::tests::set_default_template_stores_value ... ok
[INFO] [stdout] test config::tests::set_registry_url_stores_value ... ok
[INFO] [stdout] test container::store::tests::create_dirs_makes_container_and_rootfs ... ok
[INFO] [stdout] test container::store::tests::exists_returns_false_for_unknown_container ... ok
[INFO] [stdout] test config::tests::set_unknown_key_returns_error_with_hint ... ok
[INFO] [stdout] test config::tests::set_with_empty_string_clears_key_to_none ... ok
[INFO] [stdout] test container::store::tests::duplicate_save_meta_overwrites_previous ... ok
[INFO] [stdout] test container::store::tests::container_name_with_hyphens_and_numbers ... ok
[INFO] [stdout] test container::store::tests::corrupt_meta_json_returns_error ... ok
[INFO] [stdout] test container::store::tests::load_meta_on_nonexistent_container_returns_not_found ... ok
[INFO] [stdout] test container::store::tests::list_returns_empty_for_empty_store ... ok
[INFO] [stdout] test container::store::tests::new_creates_base_directory ... ok
[INFO] [stdout] test container::store::tests::list_skips_dirs_without_meta_json ... ok
[INFO] [stdout] test container::store::tests::remove_deletes_container_directory ... ok
[INFO] [stdout] test container::store::tests::remove_nonexistent_returns_container_not_found ... ok
[INFO] [stdout] test shell_config::tests::bash_includes_profile_and_bash_login ... ok
[INFO] [stdout] test container::store::tests::list_skips_non_directory_entries_in_base_dir ... ok
[INFO] [stdout] test container::store::tests::save_and_load_meta_roundtrip ... ok
[INFO] [stdout] test shell_config::tests::bash_picks_up_standard_files ... ok
[INFO] [stdout] test shell_config::tests::bash_skips_missing_files ... ok
[INFO] [stdout] test shell_config::tests::copy_file_rewrites_home_paths ... ok
[INFO] [stdout] test shell_config::tests::fish_respects_xdg_config_home_under_home ... ok
[INFO] [stdout] test shell_config::tests::fish_absent_config_dir_returns_empty ... ok
[INFO] [stdout] test shell_config::tests::bind_args_format_for_bash ... ok
[INFO] [stdout] test shell_config::tests::copy_file_leaves_binary_files_intact ... ok
[INFO] [stdout] test shell_config::tests::fish_default_config_dir ... ok
[INFO] [stdout] test shell_config::tests::parse_copy_and_bind ... ok
[INFO] [stdout] test template::registry::tests::cached_template_path_uses_yaml_extension ... ok
[INFO] [stdout] test shell_config::tests::parse_invalid_mode_returns_error ... ok
[INFO] [stdout] test shell_config::tests::zsh_zdotdir_under_home_includes_config_files ... ok
[INFO] [stdout] test shell_config::tests::zsh_no_zdotdir_uses_standard_dotfiles ... ok
[INFO] [stdout] test template::registry::tests::default_registry_url_is_github ... ok
[INFO] [stdout] test template::registry::tests::json_index_accepts_optional_fields ... ok
[INFO] [stdout] test template::registry::tests::json_index_parses_correctly ... ok
[INFO] [stdout] test template::registry::tests::search_logic_filters_by_name ... ok
[INFO] [stdout] test template::registry::tests::resolve_path_from_index_finds_correct_entry ... ok
[INFO] [stdout] test template::registry::tests::search_logic_filters_by_description ... ok
[INFO] [stdout] test template::registry::tests::search_logic_filters_by_tags ... ok
[INFO] [stdout] test template::registry::tests::template_cache_dir_is_under_dxon ... ok
[INFO] [stdout] test template::registry::tests::cached_template_can_be_parsed_after_write ... ok
[INFO] [stdout] test template::registry::tests::list_cached_names_returns_empty_when_dir_absent ... ok
[INFO] [stdout] test template::registry::tests::list_cached_names_returns_sorted_names ... ok
[INFO] [stdout] test shell_config::tests::zsh_picks_up_standard_files ... ok
[INFO] [stdout] test template::remote::tests::is_url_detects_http_and_https ... ok
[INFO] [stdout] test template::remote::tests::url_extension_extracts_yaml ... ok
[INFO] [stdout] test template::remote::tests::url_extension_ignores_query_string ... ok
[INFO] [stdout] test template::yaml_spec::tests::run_field_accepts_single_string ... ok
[INFO] [stdout] test template::yaml_spec::tests::validate_passes_for_valid_template ... ok
[INFO] [stdout] test template::yaml_spec::tests::validate_rejects_default_not_in_choices ... ok
[INFO] [stdout] test container::store::tests::list_is_sorted_by_created_at_ascending ... ok
[INFO] [stdout] test template::yaml_spec::tests::into_dx_template_maps_base_distro ... ok
[INFO] [stdout] test template::yaml_spec::tests::parse_full_template ... ok
[INFO] [stdout] test template::yaml_spec::tests::into_dx_template_maps_fields_correctly ... ok
[INFO] [stdout] test template::yaml_spec::tests::parse_minimal_template ... ok
[INFO] [stderr]      Running tests/e2e.rs (/opt/rustwide/target/release/build/dxon/54d1f30f1703799a/out/e2e-54d1f30f1703799a)
[INFO] [stdout] test template::yaml_spec::tests::validate_rejects_empty_name ... ok
[INFO] [stdout] test template::yaml_spec::tests::validate_rejects_wrong_schema ... ok
[INFO] [stdout] 
[INFO] [stdout] test result: ok. 77 passed; 0 failed; 0 ignored; 0 measured; 0 filtered out; finished in 0.03s
[INFO] [stdout] 
[INFO] [stdout] 
[INFO] [stdout] running 27 tests
[INFO] [stdout] test config_set_default_editor_succeeds ... FAILED
[INFO] [stdout] test create_arch_container_full_lifecycle ... ignored, requires pacstrap / debootstrap / systemd-nspawn and root privileges
[INFO] [stdout] test config_set_unknown_key_fails ... FAILED
[INFO] [stdout] test config_set_known_key_succeeds ... FAILED
[INFO] [stdout] test delete_force_outputs_confirmation ... FAILED
[INFO] [stdout] test config_show_displays_config_path ... FAILED
[INFO] [stdout] test config_set_registry_url_succeeds ... FAILED
[INFO] [stdout] test delete_nonexistent_container_fails ... FAILED
[INFO] [stdout] test config_set_multiple_keys_all_visible ... FAILED
[INFO] [stdout] test dir_flag_uses_specified_directory ... FAILED
[INFO] [stdout] test delete_force_removes_fake_container ... FAILED
[INFO] [stdout] test info_fake_container_shows_packages ... FAILED
[INFO] [stdout] test config_show_exits_zero ... FAILED
[INFO] [stdout] test config_set_persists_and_shows_in_config_show ... FAILED
[INFO] [stdout] test info_nonexistent_container_fails ... FAILED
[INFO] [stdout] test list_shows_fake_container ... FAILED
[INFO] [stdout] test list_empty_store_exits_zero ... FAILED
[INFO] [stdout] test no_subcommand_shows_help_and_fails ... FAILED
[INFO] [stdout] test help_exits_zero ... FAILED
[INFO] [stdout] test info_fake_container_shows_details ... FAILED
[INFO] [stdout] test template_list_exits_zero ... ignored, requires network access to the remote registry
[INFO] [stdout] test template_list_shows_templates ... ignored, requires network access to the remote registry
[INFO] [stdout] test template_refresh_exits_zero ... ignored, requires network access to the remote registry
[INFO] [stdout] test template_search_rust_finds_result ... ignored, requires network access to the remote registry
[INFO] [stdout] test version_flag_shows_version ... FAILED
[INFO] [stdout] test list_empty_store_says_no_containers ... FAILED
[INFO] [stdout] test list_shows_multiple_fake_containers ... FAILED
[INFO] [stdout] 
[INFO] [stdout] failures:
[INFO] [stderr] error: test failed, to rerun pass `--test e2e`
[INFO] [stdout] 
[INFO] [stdout] ---- config_set_default_editor_succeeds stdout ----
[INFO] [stdout] 
[INFO] [stdout] thread 'config_set_default_editor_succeeds' (2435) panicked at tests/e2e.rs:18:5:
[INFO] [stdout] dxon binary not found at /opt/rustwide/target/release/build/dxon/54d1f30f1703799a/out/dxon
[INFO] [stdout]   hint: run `cargo build` before `cargo test --test e2e`
[INFO] [stdout] stack backtrace:
[INFO] [stdout]    0:     0x6399a9b506c5 - <unknown>
[INFO] [stdout]    1:     0x6399a9b3845a - <unknown>
[INFO] [stdout]    2:     0x6399a9b4fd5b - <unknown>
[INFO] [stdout]    3:     0x6399a9b4f83f - <unknown>
[INFO] [stdout]    4:     0x6399a9b4f46a - <unknown>
[INFO] [stdout]    5:     0x6399a9b4efa5 - <unknown>
[INFO] [stdout]    6:     0x6399a9b75de1 - <unknown>
[INFO] [stdout]    7:     0x6399a9b75d99 - <unknown>
[INFO] [stdout]    8:     0x6399a9b7629c - <unknown>
[INFO] [stdout]    9:     0x6399a9b382eb - <unknown>
[INFO] [stdout]   10:     0x6399a9b31b2b - <unknown>
[INFO] [stdout]   11:     0x6399a9b32a36 - <unknown>
[INFO] [stdout]   12:     0x6399a9b35f1e - <unknown>
[INFO] [stdout]   13:     0x6399a9b912db - <unknown>
[INFO] [stdout]   14:     0x6399a9b8d2a1 - <unknown>
[INFO] [stdout]   15:     0x6399a9b8ca8c - <unknown>
[INFO] [stdout]   16:     0x6399a9bac72c - <unknown>
[INFO] [stdout]   17:     0x6399a9b77b14 - <unknown>
[INFO] [stdout]   18:     0x795a0fbcedfa - <unknown>
[INFO] [stdout]   19:     0x795a0fc623d4 - clone
[INFO] [stdout]   20:                0x0 - <unknown>
[INFO] [stdout] 
[INFO] [stdout] ---- config_set_unknown_key_fails stdout ----
[INFO] [stdout] 
[INFO] [stdout] thread 'config_set_unknown_key_fails' (2440) panicked at tests/e2e.rs:18:5:
[INFO] [stdout] dxon binary not found at /opt/rustwide/target/release/build/dxon/54d1f30f1703799a/out/dxon
[INFO] [stdout]   hint: run `cargo build` before `cargo test --test e2e`
[INFO] [stdout] stack backtrace:
[INFO] [stdout]    0:     0x6399a9b506c5 - <unknown>
[INFO] [stdout]    1:     0x6399a9b3845a - <unknown>
[INFO] [stdout]    2:     0x6399a9b4fd5b - <unknown>
[INFO] [stdout]    3:     0x6399a9b4f83f - <unknown>
[INFO] [stdout]    4:     0x6399a9b4f46a - <unknown>
[INFO] [stdout]    5:     0x6399a9b4efa5 - <unknown>
[INFO] [stdout]    6:     0x6399a9b75de1 - <unknown>
[INFO] [stdout]    7:     0x6399a9b75d99 - <unknown>
[INFO] [stdout]    8:     0x6399a9b7629c - <unknown>
[INFO] [stdout]    9:     0x6399a9b382eb - <unknown>
[INFO] [stdout]   10:     0x6399a9b31b2b - <unknown>
[INFO] [stdout]   11:     0x6399a9b32a36 - <unknown>
[INFO] [stdout]   12:     0x6399a9b342e9 - <unknown>
[INFO] [stdout]   13:     0x6399a9b912db - <unknown>
[INFO] [stdout]   14:     0x6399a9b8d2a1 - <unknown>
[INFO] [stdout]   15:     0x6399a9b8ca8c - <unknown>
[INFO] [stdout]   16:     0x6399a9bac72c - <unknown>
[INFO] [stdout]   17:     0x6399a9b77b14 - <unknown>
[INFO] [stdout]   18:     0x795a0fbcedfa - <unknown>
[INFO] [stdout]   19:     0x795a0fc623d4 - clone
[INFO] [stdout]   20:                0x0 - <unknown>
[INFO] [stdout] 
[INFO] [stdout] ---- config_set_known_key_succeeds stdout ----
[INFO] [stdout] 
[INFO] [stdout] thread 'config_set_known_key_succeeds' (2436) panicked at tests/e2e.rs:18:5:
[INFO] [stdout] dxon binary not found at /opt/rustwide/target/release/build/dxon/54d1f30f1703799a/out/dxon
[INFO] [stdout]   hint: run `cargo build` before `cargo test --test e2e`
[INFO] [stdout] stack backtrace:
[INFO] [stdout]    0:     0x6399a9b506c5 - <unknown>
[INFO] [stdout]    1:     0x6399a9b3845a - <unknown>
[INFO] [stdout]    2:     0x6399a9b4fd5b - <unknown>
[INFO] [stdout]    3:     0x6399a9b4f83f - <unknown>
[INFO] [stdout]    4:     0x6399a9b4f46a - <unknown>
[INFO] [stdout]    5:     0x6399a9b4efa5 - <unknown>
[INFO] [stdout]    6:     0x6399a9b75de1 - <unknown>
[INFO] [stdout]    7:     0x6399a9b75d99 - <unknown>
[INFO] [stdout]    8:     0x6399a9b7629c - <unknown>
[INFO] [stdout]    9:     0x6399a9b382eb - <unknown>
[INFO] [stdout]   10:     0x6399a9b31b2b - <unknown>
[INFO] [stdout]   11:     0x6399a9b32a36 - <unknown>
[INFO] [stdout]   12:     0x6399a9b34483 - <unknown>
[INFO] [stdout]   13:     0x6399a9b912db - <unknown>
[INFO] [stdout]   14:     0x6399a9b8d2a1 - <unknown>
[INFO] [stdout]   15:     0x6399a9b8ca8c - <unknown>
[INFO] [stdout]   16:     0x6399a9bac72c - <unknown>
[INFO] [stdout]   17:     0x6399a9b77b14 - <unknown>
[INFO] [stdout]   18:     0x795a0fbcedfa - <unknown>
[INFO] [stdout]   19:     0x795a0fc623d4 - clone
[INFO] [stdout]   20:                0x0 - <unknown>
[INFO] [stdout] 
[INFO] [stdout] ---- delete_force_outputs_confirmation stdout ----
[INFO] [stdout] 
[INFO] [stdout] thread 'delete_force_outputs_confirmation' (2443) panicked at tests/e2e.rs:18:5:
[INFO] [stdout] dxon binary not found at /opt/rustwide/target/release/build/dxon/54d1f30f1703799a/out/dxon
[INFO] [stdout]   hint: run `cargo build` before `cargo test --test e2e`
[INFO] [stdout] stack backtrace:
[INFO] [stdout]    0:     0x6399a9b506c5 - <unknown>
[INFO] [stdout]    1:     0x6399a9b3845a - <unknown>
[INFO] [stdout]    2:     0x6399a9b4fd5b - <unknown>
[INFO] [stdout]    3:     0x6399a9b4f83f - <unknown>
[INFO] [stdout]    4:     0x6399a9b4f46a - <unknown>
[INFO] [stdout]    5:     0x6399a9b4efa5 - <unknown>
[INFO] [stdout]    6:     0x6399a9b75de1 - <unknown>
[INFO] [stdout]    7:     0x6399a9b75d99 - <unknown>
[INFO] [stdout]    8:     0x6399a9b7629c - <unknown>
[INFO] [stdout]    9:     0x6399a9b382eb - <unknown>
[INFO] [stdout]   10:     0x6399a9b31b2b - <unknown>
[INFO] [stdout]   11:     0x6399a9b32a36 - <unknown>
[INFO] [stdout]   12:     0x6399a9b32c4a - <unknown>
[INFO] [stdout]   13:     0x6399a9b3544c - <unknown>
[INFO] [stdout]   14:     0x6399a9b912db - <unknown>
[INFO] [stdout]   15:     0x6399a9b8d2a1 - <unknown>
[INFO] [stdout]   16:     0x6399a9b8ca8c - <unknown>
[INFO] [stdout]   17:     0x6399a9bac72c - <unknown>
[INFO] [stdout]   18:     0x6399a9b77b14 - <unknown>
[INFO] [stdout]   19:     0x795a0fbcedfa - <unknown>
[INFO] [stdout]   20:     0x795a0fc623d4 - clone
[INFO] [stdout]   21:                0x0 - <unknown>
[INFO] [stdout] 
[INFO] [stdout] ---- config_show_displays_config_path stdout ----
[INFO] [stdout] 
[INFO] [stdout] thread 'config_show_displays_config_path' (2441) panicked at tests/e2e.rs:18:5:
[INFO] [stdout] dxon binary not found at /opt/rustwide/target/release/build/dxon/54d1f30f1703799a/out/dxon
[INFO] [stdout]   hint: run `cargo build` before `cargo test --test e2e`
[INFO] [stdout] stack backtrace:
[INFO] [stdout]    0:     0x6399a9b506c5 - <unknown>
[INFO] [stdout]    1:     0x6399a9b3845a - <unknown>
[INFO] [stdout]    2:     0x6399a9b4fd5b - <unknown>
[INFO] [stdout]    3:     0x6399a9b4f83f - <unknown>
[INFO] [stdout]    4:     0x6399a9b4f46a - <unknown>
[INFO] [stdout]    5:     0x6399a9b4efa5 - <unknown>
[INFO] [stdout]    6:     0x6399a9b75de1 - <unknown>
[INFO] [stdout]    7:     0x6399a9b75d99 - <unknown>
[INFO] [stdout]    8:     0x6399a9b7629c - <unknown>
[INFO] [stdout]    9:     0x6399a9b382eb - <unknown>
[INFO] [stdout]   10:     0x6399a9b31b2b - <unknown>
[INFO] [stdout]   11:     0x6399a9b32a36 - <unknown>
[INFO] [stdout]   12:     0x6399a9b32c4a - <unknown>
[INFO] [stdout]   13:     0x6399a9b35195 - <unknown>
[INFO] [stdout]   14:     0x6399a9b912db - <unknown>
[INFO] [stdout]   15:     0x6399a9b8d2a1 - <unknown>
[INFO] [stdout]   16:     0x6399a9b8ca8c - <unknown>
[INFO] [stdout]   17:     0x6399a9bac72c - <unknown>
[INFO] [stdout]   18:     0x6399a9b77b14 - <unknown>
[INFO] [stdout]   19:     0x795a0fbcedfa - <unknown>
[INFO] [stdout]   20:     0x795a0fc623d4 - clone
[INFO] [stdout]   21:                0x0 - <unknown>
[INFO] [stdout] 
[INFO] [stdout] ---- config_set_registry_url_succeeds stdout ----
[INFO] [stdout] 
[INFO] [stdout] thread 'config_set_registry_url_succeeds' (2439) panicked at tests/e2e.rs:18:5:
[INFO] [stdout] dxon binary not found at /opt/rustwide/target/release/build/dxon/54d1f30f1703799a/out/dxon
[INFO] [stdout]   hint: run `cargo build` before `cargo test --test e2e`
[INFO] [stdout] stack backtrace:
[INFO] [stdout]    0:     0x6399a9b506c5 - <unknown>
[INFO] [stdout]    1:     0x6399a9b3845a - <unknown>
[INFO] [stdout]    2:     0x6399a9b4fd5b - <unknown>
[INFO] [stdout]    3:     0x6399a9b4f83f - <unknown>
[INFO] [stdout]    4:     0x6399a9b4f46a - <unknown>
[INFO] [stdout]    5:     0x6399a9b4efa5 - <unknown>
[INFO] [stdout]    6:     0x6399a9b75de1 - <unknown>
[INFO] [stdout]    7:     0x6399a9b75d99 - <unknown>
[INFO] [stdout]    8:     0x6399a9b7629c - <unknown>
[INFO] [stdout]    9:     0x6399a9b382eb - <unknown>
[INFO] [stdout]   10:     0x6399a9b31b2b - <unknown>
[INFO] [stdout]   11:     0x6399a9b32a36 - <unknown>
[INFO] [stdout]   12:     0x6399a9b346d0 - <unknown>
[INFO] [stdout]   13:     0x6399a9b912db - <unknown>
[INFO] [stdout]   14:     0x6399a9b8d2a1 - <unknown>
[INFO] [stdout]   15:     0x6399a9b8ca8c - <unknown>
[INFO] [stdout]   16:     0x6399a9bac72c - <unknown>
[INFO] [stdout]   17:     0x6399a9b77b14 - <unknown>
[INFO] [stdout]   18:     0x795a0fbcedfa - <unknown>
[INFO] [stdout]   19:     0x795a0fc623d4 - clone
[INFO] [stdout]   20:                0x0 - <unknown>
[INFO] [stdout] 
[INFO] [stdout] ---- delete_nonexistent_container_fails stdout ----
[INFO] [stdout] 
[INFO] [stdout] thread 'delete_nonexistent_container_fails' (2445) panicked at tests/e2e.rs:18:5:
[INFO] [stdout] dxon binary not found at /opt/rustwide/target/release/build/dxon/54d1f30f1703799a/out/dxon
[INFO] [stdout]   hint: run `cargo build` before `cargo test --test e2e`
[INFO] [stdout] stack backtrace:
[INFO] [stdout]    0:     0x6399a9b506c5 - <unknown>
[INFO] [stdout]    1:     0x6399a9b3845a - <unknown>
[INFO] [stdout]    2:     0x6399a9b4fd5b - <unknown>
[INFO] [stdout]    3:     0x6399a9b4f83f - <unknown>
[INFO] [stdout]    4:     0x6399a9b4f46a - <unknown>
[INFO] [stdout]    5:     0x6399a9b4efa5 - <unknown>
[INFO] [stdout]    6:     0x6399a9b75de1 - <unknown>
[INFO] [stdout]    7:     0x6399a9b75d99 - <unknown>
[INFO] [stdout]    8:     0x6399a9b7629c - <unknown>
[INFO] [stdout]    9:     0x6399a9b382eb - <unknown>
[INFO] [stdout]   10:     0x6399a9b31b2b - <unknown>
[INFO] [stdout]   11:     0x6399a9b32a36 - <unknown>
[INFO] [stdout]   12:     0x6399a9b35fde - <unknown>
[INFO] [stdout]   13:     0x6399a9b912db - <unknown>
[INFO] [stdout]   14:     0x6399a9b8d2a1 - <unknown>
[INFO] [stdout]   15:     0x6399a9b8ca8c - <unknown>
[INFO] [stdout]   16:     0x6399a9bac72c - <unknown>
[INFO] [stdout]   17:     0x6399a9b77b14 - <unknown>
[INFO] [stdout]   18:     0x795a0fbcedfa - <unknown>
[INFO] [stdout]   19:     0x795a0fc623d4 - clone
[INFO] [stdout]   20:                0x0 - <unknown>
[INFO] [stdout] 
[INFO] [stdout] ---- config_set_multiple_keys_all_visible stdout ----
[INFO] [stdout] 
[INFO] [stdout] thread 'config_set_multiple_keys_all_visible' (2437) panicked at tests/e2e.rs:18:5:
[INFO] [stdout] dxon binary not found at /opt/rustwide/target/release/build/dxon/54d1f30f1703799a/out/dxon
[INFO] [stdout]   hint: run `cargo build` before `cargo test --test e2e`
[INFO] [stdout] stack backtrace:
[INFO] [stdout]    0:     0x6399a9b506c5 - <unknown>
[INFO] [stdout]    1:     0x6399a9b3845a - <unknown>
[INFO] [stdout]    2:     0x6399a9b4fd5b - <unknown>
[INFO] [stdout]    3:     0x6399a9b4f83f - <unknown>
[INFO] [stdout]    4:     0x6399a9b4f46a - <unknown>
[INFO] [stdout]    5:     0x6399a9b4efa5 - <unknown>
[INFO] [stdout]    6:     0x6399a9b75de1 - <unknown>
[INFO] [stdout]    7:     0x6399a9b75d99 - <unknown>
[INFO] [stdout]    8:     0x6399a9b7629c - <unknown>
[INFO] [stdout]    9:     0x6399a9b382eb - <unknown>
[INFO] [stdout]   10:     0x6399a9b31b2b - <unknown>
[INFO] [stdout]   11:     0x6399a9b32a36 - <unknown>
[INFO] [stdout]   12:     0x6399a9b367c2 - <unknown>
[INFO] [stdout]   13:     0x6399a9b912db - <unknown>
[INFO] [stdout]   14:     0x6399a9b8d2a1 - <unknown>
[INFO] [stdout]   15:     0x6399a9b8ca8c - <unknown>
[INFO] [stdout]   16:     0x6399a9bac72c - <unknown>
[INFO] [stdout]   17:     0x6399a9b77b14 - <unknown>
[INFO] [stdout]   18:     0x795a0fbcedfa - <unknown>
[INFO] [stdout]   19:     0x795a0fc623d4 - clone
[INFO] [stdout]   20:                0x0 - <unknown>
[INFO] [stdout] 
[INFO] [stdout] ---- dir_flag_uses_specified_directory stdout ----
[INFO] [stdout] 
[INFO] [stdout] thread 'dir_flag_uses_specified_directory' (2446) panicked at tests/e2e.rs:18:5:
[INFO] [stdout] dxon binary not found at /opt/rustwide/target/release/build/dxon/54d1f30f1703799a/out/dxon
[INFO] [stdout]   hint: run `cargo build` before `cargo test --test e2e`
[INFO] [stdout] stack backtrace:
[INFO] [stdout]    0:     0x6399a9b506c5 - <unknown>
[INFO] [stdout]    1:     0x6399a9b3845a - <unknown>
[INFO] [stdout]    2:     0x6399a9b4fd5b - <unknown>
[INFO] [stdout]    3:     0x6399a9b4f83f - <unknown>
[INFO] [stdout]    4:     0x6399a9b4f46a - <unknown>
[INFO] [stdout]    5:     0x6399a9b4efa5 - <unknown>
[INFO] [stdout]    6:     0x6399a9b75de1 - <unknown>
[INFO] [stdout]    7:     0x6399a9b75d99 - <unknown>
[INFO] [stdout]    8:     0x6399a9b7629c - <unknown>
[INFO] [stdout]    9:     0x6399a9b382eb - <unknown>
[INFO] [stdout]   10:     0x6399a9b31b2b - <unknown>
[INFO] [stdout]   11:     0x6399a9b3570d - <unknown>
[INFO] [stdout]   12:     0x6399a9b912db - <unknown>
[INFO] [stdout]   13:     0x6399a9b8d2a1 - <unknown>
[INFO] [stdout]   14:     0x6399a9b8ca8c - <unknown>
[INFO] [stdout]   15:     0x6399a9bac72c - <unknown>
[INFO] [stdout]   16:     0x6399a9b77b14 - <unknown>
[INFO] [stdout]   17:     0x795a0fbcedfa - <unknown>
[INFO] [stdout]   18:     0x795a0fc623d4 - clone
[INFO] [stdout]   19:                0x0 - <unknown>
[INFO] [stdout] 
[INFO] [stdout] ---- delete_force_removes_fake_container stdout ----
[INFO] [stdout] 
[INFO] [stdout] thread 'delete_force_removes_fake_container' (2444) panicked at tests/e2e.rs:18:5:
[INFO] [stdout] dxon binary not found at /opt/rustwide/target/release/build/dxon/54d1f30f1703799a/out/dxon
[INFO] [stdout]   hint: run `cargo build` before `cargo test --test e2e`
[INFO] [stdout] stack backtrace:
[INFO] [stdout]    0:     0x6399a9b506c5 - <unknown>
[INFO] [stdout]    1:     0x6399a9b3845a - <unknown>
[INFO] [stdout]    2:     0x6399a9b4fd5b - <unknown>
[INFO] [stdout]    3:     0x6399a9b4f83f - <unknown>
[INFO] [stdout]    4:     0x6399a9b4f46a - <unknown>
[INFO] [stdout]    5:     0x6399a9b4efa5 - <unknown>
[INFO] [stdout]    6:     0x6399a9b75de1 - <unknown>
[INFO] [stdout]    7:     0x6399a9b75d99 - <unknown>
[INFO] [stdout]    8:     0x6399a9b7629c - <unknown>
[INFO] [stdout]    9:     0x6399a9b382eb - <unknown>
[INFO] [stdout]   10:     0x6399a9b31b2b - <unknown>
[INFO] [stdout]   11:     0x6399a9b32a36 - <unknown>
[INFO] [stdout]   12:     0x6399a9b3631a - <unknown>
[INFO] [stdout]   13:     0x6399a9b912db - <unknown>
[INFO] [stdout]   14:     0x6399a9b8d2a1 - <unknown>
[INFO] [stdout]   15:     0x6399a9b8ca8c - <unknown>
[INFO] [stdout]   16:     0x6399a9bac72c - <unknown>
[INFO] [stdout]   17:     0x6399a9b77b14 - <unknown>
[INFO] [stdout]   18:     0x795a0fbcedfa - <unknown>
[INFO] [stdout]   19:     0x795a0fc623d4 - clone
[INFO] [stdout]   20:                0x0 - <unknown>
[INFO] [stdout] 
[INFO] [stdout] ---- info_fake_container_shows_packages stdout ----
[INFO] [stdout] 
[INFO] [stdout] thread 'info_fake_container_shows_packages' (2449) panicked at tests/e2e.rs:18:5:
[INFO] [stdout] dxon binary not found at /opt/rustwide/target/release/build/dxon/54d1f30f1703799a/out/dxon
[INFO] [stdout]   hint: run `cargo build` before `cargo test --test e2e`
[INFO] [stdout] stack backtrace:
[INFO] [stdout]    0:     0x6399a9b506c5 - <unknown>
[INFO] [stdout]    1:     0x6399a9b3845a - <unknown>
[INFO] [stdout]    2:     0x6399a9b4fd5b - <unknown>
[INFO] [stdout]    3:     0x6399a9b4f83f - <unknown>
[INFO] [stdout]    4:     0x6399a9b4f46a - <unknown>
[INFO] [stdout]    5:     0x6399a9b4efa5 - <unknown>
[INFO] [stdout]    6:     0x6399a9b75de1 - <unknown>
[INFO] [stdout]    7:     0x6399a9b75d99 - <unknown>
[INFO] [stdout]    8:     0x6399a9b7629c - <unknown>
[INFO] [stdout]    9:     0x6399a9b382eb - <unknown>
[INFO] [stdout]   10:     0x6399a9b31b2b - <unknown>
[INFO] [stdout]   11:     0x6399a9b32a36 - <unknown>
[INFO] [stdout]   12:     0x6399a9b32c4a - <unknown>
[INFO] [stdout]   13:     0x6399a9b360cc - <unknown>
[INFO] [stdout]   14:     0x6399a9b912db - <unknown>
[INFO] [stdout]   15:     0x6399a9b8d2a1 - <unknown>
[INFO] [stdout]   16:     0x6399a9b8ca8c - <unknown>
[INFO] [stdout]   17:     0x6399a9bac72c - <unknown>
[INFO] [stdout]   18:     0x6399a9b77b14 - <unknown>
[INFO] [stdout]   19:     0x795a0fbcedfa - <unknown>
[INFO] [stdout]   20:     0x795a0fc623d4 - clone
[INFO] [stdout]   21:                0x0 - <unknown>
[INFO] [stdout] 
[INFO] [stdout] ---- config_show_exits_zero stdout ----
[INFO] [stdout] 
[INFO] [stdout] thread 'config_show_exits_zero' (2442) panicked at tests/e2e.rs:18:5:
[INFO] [stdout] dxon binary not found at /opt/rustwide/target/release/build/dxon/54d1f30f1703799a/out/dxon
[INFO] [stdout]   hint: run `cargo build` before `cargo test --test e2e`
[INFO] [stdout] stack backtrace:
[INFO] [stdout]    0:     0x6399a9b506c5 - <unknown>
[INFO] [stdout]    1:     0x6399a9b3845a - <unknown>
[INFO] [stdout]    2:     0x6399a9b4fd5b - <unknown>
[INFO] [stdout]    3:     0x6399a9b4f83f - <unknown>
[INFO] [stdout]    4:     0x6399a9b4f46a - <unknown>
[INFO] [stdout]    5:     0x6399a9b4efa5 - <unknown>
[INFO] [stdout]    6:     0x6399a9b75de1 - <unknown>
[INFO] [stdout]    7:     0x6399a9b75d99 - <unknown>
[INFO] [stdout]    8:     0x6399a9b7629c - <unknown>
[INFO] [stdout]    9:     0x6399a9b382eb - <unknown>
[INFO] [stdout]   10:     0x6399a9b31b2b - <unknown>
[INFO] [stdout]   11:     0x6399a9b32a36 - <unknown>
[INFO] [stdout]   12:     0x6399a9b33af3 - <unknown>
[INFO] [stdout]   13:     0x6399a9b912db - <unknown>
[INFO] [stdout]   14:     0x6399a9b8d2a1 - <unknown>
[INFO] [stdout]   15:     0x6399a9b8ca8c - <unknown>
[INFO] [stdout]   16:     0x6399a9bac72c - <unknown>
[INFO] [stdout]   17:     0x6399a9b77b14 - <unknown>
[INFO] [stdout]   18:     0x795a0fbcedfa - <unknown>
[INFO] [stdout]   19:     0x795a0fc623d4 - clone
[INFO] [stdout]   20:                0x0 - <unknown>
[INFO] [stdout] 
[INFO] [stdout] ---- config_set_persists_and_shows_in_config_show stdout ----
[INFO] [stdout] 
[INFO] [stdout] thread 'config_set_persists_and_shows_in_config_show' (2438) panicked at tests/e2e.rs:18:5:
[INFO] [stdout] dxon binary not found at /opt/rustwide/target/release/build/dxon/54d1f30f1703799a/out/dxon
[INFO] [stdout]   hint: run `cargo build` before `cargo test --test e2e`
[INFO] [stdout] stack backtrace:
[INFO] [stdout]    0:     0x6399a9b506c5 - <unknown>
[INFO] [stdout]    1:     0x6399a9b3845a - <unknown>
[INFO] [stdout]    2:     0x6399a9b4fd5b - <unknown>
[INFO] [stdout]    3:     0x6399a9b4f83f - <unknown>
[INFO] [stdout]    4:     0x6399a9b4f46a - <unknown>
[INFO] [stdout]    5:     0x6399a9b4efa5 - <unknown>
[INFO] [stdout]    6:     0x6399a9b75de1 - <unknown>
[INFO] [stdout]    7:     0x6399a9b75d99 - <unknown>
[INFO] [stdout]    8:     0x6399a9b7629c - <unknown>
[INFO] [stdout]    9:     0x6399a9b382eb - <unknown>
[INFO] [stdout]   10:     0x6399a9b31b2b - <unknown>
[INFO] [stdout]   11:     0x6399a9b32a36 - <unknown>
[INFO] [stdout]   12:     0x6399a9b36d05 - <unknown>
[INFO] [stdout]   13:     0x6399a9b912db - <unknown>
[INFO] [stdout]   14:     0x6399a9b8d2a1 - <unknown>
[INFO] [stdout]   15:     0x6399a9b8ca8c - <unknown>
[INFO] [stdout]   16:     0x6399a9bac72c - <unknown>
[INFO] [stdout]   17:     0x6399a9b77b14 - <unknown>
[INFO] [stdout]   18:     0x795a0fbcedfa - <unknown>
[INFO] [stdout]   19:     0x795a0fc623d4 - clone
[INFO] [stdout]   20:                0x0 - <unknown>
[INFO] [stdout] 
[INFO] [stdout] ---- info_nonexistent_container_fails stdout ----
[INFO] [stdout] 
[INFO] [stdout] thread 'info_nonexistent_container_fails' (2450) panicked at tests/e2e.rs:18:5:
[INFO] [stdout] dxon binary not found at /opt/rustwide/target/release/build/dxon/54d1f30f1703799a/out/dxon
[INFO] [stdout]   hint: run `cargo build` before `cargo test --test e2e`
[INFO] [stdout] stack backtrace:
[INFO] [stdout]    0:     0x6399a9b506c5 - <unknown>
[INFO] [stdout]    1:     0x6399a9b3845a - <unknown>
[INFO] [stdout]    2:     0x6399a9b4fd5b - <unknown>
[INFO] [stdout]    3:     0x6399a9b4f83f - <unknown>
[INFO] [stdout]    4:     0x6399a9b4f46a - <unknown>
[INFO] [stdout]    5:     0x6399a9b4efa5 - <unknown>
[INFO] [stdout]    6:     0x6399a9b75de1 - <unknown>
[INFO] [stdout]    7:     0x6399a9b75d99 - <unknown>
[INFO] [stdout]    8:     0x6399a9b7629c - <unknown>
[INFO] [stdout]    9:     0x6399a9b382eb - <unknown>
[INFO] [stdout]   10:     0x6399a9b31b2b - <unknown>
[INFO] [stdout]   11:     0x6399a9b32a36 - <unknown>
[INFO] [stdout]   12:     0x6399a9b352a9 - <unknown>
[INFO] [stdout]   13:     0x6399a9b912db - <unknown>
[INFO] [stdout]   14:     0x6399a9b8d2a1 - <unknown>
[INFO] [stdout]   15:     0x6399a9b8ca8c - <unknown>
[INFO] [stdout]   16:     0x6399a9bac72c - <unknown>
[INFO] [stdout]   17:     0x6399a9b77b14 - <unknown>
[INFO] [stdout]   18:     0x795a0fbcedfa - <unknown>
[INFO] [stdout]   19:     0x795a0fc623d4 - clone
[INFO] [stdout]   20:                0x0 - <unknown>
[INFO] [stdout] 
[INFO] [stdout] ---- list_shows_fake_container stdout ----
[INFO] [stdout] 
[INFO] [stdout] thread 'list_shows_fake_container' (2453) panicked at tests/e2e.rs:18:5:
[INFO] [stdout] dxon binary not found at /opt/rustwide/target/release/build/dxon/54d1f30f1703799a/out/dxon
[INFO] [stdout]   hint: run `cargo build` before `cargo test --test e2e`
[INFO] [stdout] stack backtrace:
[INFO] [stdout]    0:     0x6399a9b506c5 - <unknown>
[INFO] [stdout]    1:     0x6399a9b3845a - <unknown>
[INFO] [stdout]    2:     0x6399a9b4fd5b - <unknown>
[INFO] [stdout]    3:     0x6399a9b4f83f - <unknown>
[INFO] [stdout]    4:     0x6399a9b4f46a - <unknown>
[INFO] [stdout]    5:     0x6399a9b4efa5 - <unknown>
[INFO] [stdout]    6:     0x6399a9b75de1 - <unknown>
[INFO] [stdout]    7:     0x6399a9b75d99 - <unknown>
[INFO] [stdout]    8:     0x6399a9b7629c - <unknown>
[INFO] [stdout]    9:     0x6399a9b382eb - <unknown>
[INFO] [stdout]   10:     0x6399a9b31b2b - <unknown>
[INFO] [stdout]   11:     0x6399a9b32a36 - <unknown>
[INFO] [stdout]   12:     0x6399a9b32c4a - <unknown>
[INFO] [stdout]   13:     0x6399a9b33d5c - <unknown>
[INFO] [stdout]   14:     0x6399a9b912db - <unknown>
[INFO] [stdout]   15:     0x6399a9b8d2a1 - <unknown>
[INFO] [stdout]   16:     0x6399a9b8ca8c - <unknown>
[INFO] [stdout]   17:     0x6399a9bac72c - <unknown>
[INFO] [stdout]   18:     0x6399a9b77b14 - <unknown>
[INFO] [stdout]   19:     0x795a0fbcedfa - <unknown>
[INFO] [stdout]   20:     0x795a0fc623d4 - clone
[INFO] [stdout]   21:                0x0 - <unknown>
[INFO] [stdout] 
[INFO] [stdout] ---- list_empty_store_exits_zero stdout ----
[INFO] [stdout] 
[INFO] [stdout] thread 'list_empty_store_exits_zero' (2451) panicked at tests/e2e.rs:18:5:
[INFO] [stdout] dxon binary not found at /opt/rustwide/target/release/build/dxon/54d1f30f1703799a/out/dxon
[INFO] [stdout]   hint: run `cargo build` before `cargo test --test e2e`
[INFO] [stdout] stack backtrace:
[INFO] [stdout]    0:     0x6399a9b506c5 - <unknown>
[INFO] [stdout]    1:     0x6399a9b3845a - <unknown>
[INFO] [stdout]    2:     0x6399a9b4fd5b - <unknown>
[INFO] [stdout]    3:     0x6399a9b4f83f - <unknown>
[INFO] [stdout]    4:     0x6399a9b4f46a - <unknown>
[INFO] [stdout]    5:     0x6399a9b4efa5 - <unknown>
[INFO] [stdout]    6:     0x6399a9b75de1 - <unknown>
[INFO] [stdout]    7:     0x6399a9b75d99 - <unknown>
[INFO] [stdout]    8:     0x6399a9b7629c - <unknown>
[INFO] [stdout]    9:     0x6399a9b382eb - <unknown>
[INFO] [stdout]   10:     0x6399a9b31b2b - <unknown>
[INFO] [stdout]   11:     0x6399a9b32a36 - <unknown>
[INFO] [stdout]   12:     0x6399a9b340f3 - <unknown>
[INFO] [stdout]   13:     0x6399a9b912db - <unknown>
[INFO] [stdout]   14:     0x6399a9b8d2a1 - <unknown>
[INFO] [stdout]   15:     0x6399a9b8ca8c - <unknown>
[INFO] [stdout]   16:     0x6399a9bac72c - <unknown>
[INFO] [stdout]   17:     0x6399a9b77b14 - <unknown>
[INFO] [stdout]   18:     0x795a0fbcedfa - <unknown>
[INFO] [stdout]   19:     0x795a0fc623d4 - clone
[INFO] [stdout]   20:                0x0 - <unknown>
[INFO] [stdout] 
[INFO] [stdout] ---- no_subcommand_shows_help_and_fails stdout ----
[INFO] [stdout] 
[INFO] [stdout] thread 'no_subcommand_shows_help_and_fails' (2455) panicked at tests/e2e.rs:18:5:
[INFO] [stdout] dxon binary not found at /opt/rustwide/target/release/build/dxon/54d1f30f1703799a/out/dxon
[INFO] [stdout]   hint: run `cargo build` before `cargo test --test e2e`
[INFO] [stdout] stack backtrace:
[INFO] [stdout]    0:     0x6399a9b506c5 - <unknown>
[INFO] [stdout]    1:     0x6399a9b3845a - <unknown>
[INFO] [stdout]    2:     0x6399a9b4fd5b - <unknown>
[INFO] [stdout]    3:     0x6399a9b4f83f - <unknown>
[INFO] [stdout]    4:     0x6399a9b4f46a - <unknown>
[INFO] [stdout]    5:     0x6399a9b4efa5 - <unknown>
[INFO] [stdout]    6:     0x6399a9b75de1 - <unknown>
[INFO] [stdout]    7:     0x6399a9b75d99 - <unknown>
[INFO] [stdout]    8:     0x6399a9b7629c - <unknown>
[INFO] [stdout]    9:     0x6399a9b382eb - <unknown>
[INFO] [stdout]   10:     0x6399a9b31b2b - <unknown>
[INFO] [stdout]   11:     0x6399a9b32a36 - <unknown>
[INFO] [stdout]   12:     0x6399a9b361cb - <unknown>
[INFO] [stdout]   13:     0x6399a9b912db - <unknown>
[INFO] [stdout]   14:     0x6399a9b8d2a1 - <unknown>
[INFO] [stdout]   15:     0x6399a9b8ca8c - <unknown>
[INFO] [stdout]   16:     0x6399a9bac72c - <unknown>
[INFO] [stdout]   17:     0x6399a9b77b14 - <unknown>
[INFO] [stdout]   18:     0x795a0fbcedfa - <unknown>
[INFO] [stdout]   19:     0x795a0fc623d4 - clone
[INFO] [stdout]   20:                0x0 - <unknown>
[INFO] [stdout] 
[INFO] [stdout] ---- help_exits_zero stdout ----
[INFO] [stdout] 
[INFO] [stdout] thread 'help_exits_zero' (2447) panicked at tests/e2e.rs:18:5:
[INFO] [stdout] dxon binary not found at /opt/rustwide/target/release/build/dxon/54d1f30f1703799a/out/dxon
[INFO] [stdout]   hint: run `cargo build` before `cargo test --test e2e`
[INFO] [stdout] stack backtrace:
[INFO] [stdout]    0:     0x6399a9b506c5 - <unknown>
[INFO] [stdout]    1:     0x6399a9b3845a - <unknown>
[INFO] [stdout]    2:     0x6399a9b4fd5b - <unknown>
[INFO] [stdout]    3:     0x6399a9b4f83f - <unknown>
[INFO] [stdout]    4:     0x6399a9b4f46a - <unknown>
[INFO] [stdout]    5:     0x6399a9b4efa5 - <unknown>
[INFO] [stdout]    6:     0x6399a9b75de1 - <unknown>
[INFO] [stdout]    7:     0x6399a9b75d99 - <unknown>
[INFO] [stdout]    8:     0x6399a9b7629c - <unknown>
[INFO] [stdout]    9:     0x6399a9b382eb - <unknown>
[INFO] [stdout]   10:     0x6399a9b31b2b - <unknown>
[INFO] [stdout]   11:     0x6399a9b32a36 - <unknown>
[INFO] [stdout]   12:     0x6399a9b33959 - <unknown>
[INFO] [stdout]   13:     0x6399a9b912db - <unknown>
[INFO] [stdout]   14:     0x6399a9b8d2a1 - <unknown>
[INFO] [stdout]   15:     0x6399a9b8ca8c - <unknown>
[INFO] [stdout]   16:     0x6399a9bac72c - <unknown>
[INFO] [stdout]   17:     0x6399a9b77b14 - <unknown>
[INFO] [stdout]   18:     0x795a0fbcedfa - <unknown>
[INFO] [stdout]   19:     0x795a0fc623d4 - clone
[INFO] [stdout]   20:                0x0 - <unknown>
[INFO] [stdout] 
[INFO] [stdout] ---- info_fake_container_shows_details stdout ----
[INFO] [stdout] 
[INFO] [stdout] thread 'info_fake_container_shows_details' (2448) panicked at tests/e2e.rs:18:5:
[INFO] [stdout] dxon binary not found at /opt/rustwide/target/release/build/dxon/54d1f30f1703799a/out/dxon
[INFO] [stdout]   hint: run `cargo build` before `cargo test --test e2e`
[INFO] [stdout] stack backtrace:
[INFO] [stdout]    0:     0x6399a9b506c5 - <unknown>
[INFO] [stdout]    1:     0x6399a9b3845a - <unknown>
[INFO] [stdout]    2:     0x6399a9b4fd5b - <unknown>
[INFO] [stdout]    3:     0x6399a9b4f83f - <unknown>
[INFO] [stdout]    4:     0x6399a9b4f46a - <unknown>
[INFO] [stdout]    5:     0x6399a9b4efa5 - <unknown>
[INFO] [stdout]    6:     0x6399a9b75de1 - <unknown>
[INFO] [stdout]    7:     0x6399a9b75d99 - <unknown>
[INFO] [stdout]    8:     0x6399a9b7629c - <unknown>
[INFO] [stdout]    9:     0x6399a9b382eb - <unknown>
[INFO] [stdout]   10:     0x6399a9b31b2b - <unknown>
[INFO] [stdout]   11:     0x6399a9b32a36 - <unknown>
[INFO] [stdout]   12:     0x6399a9b35c80 - <unknown>
[INFO] [stdout]   13:     0x6399a9b912db - <unknown>
[INFO] [stdout]   14:     0x6399a9b8d2a1 - <unknown>
[INFO] [stdout]   15:     0x6399a9b8ca8c - <unknown>
[INFO] [stdout]   16:     0x6399a9bac72c - <unknown>
[INFO] [stdout]   17:     0x6399a9b77b14 - <unknown>
[INFO] [stdout]   18:     0x795a0fbcedfa - <unknown>
[INFO] [stdout]   19:     0x795a0fc623d4 - clone
[INFO] [stdout]   20:                0x0 - <unknown>
[INFO] [stdout] 
[INFO] [stdout] ---- version_flag_shows_version stdout ----
[INFO] [stdout] 
[INFO] [stdout] thread 'version_flag_shows_version' (2456) panicked at tests/e2e.rs:18:5:
[INFO] [stdout] dxon binary not found at /opt/rustwide/target/release/build/dxon/54d1f30f1703799a/out/dxon
[INFO] [stdout]   hint: run `cargo build` before `cargo test --test e2e`
[INFO] [stdout] stack backtrace:
[INFO] [stdout]    0:     0x6399a9b506c5 - <unknown>
[INFO] [stdout]    1:     0x6399a9b3845a - <unknown>
[INFO] [stdout]    2:     0x6399a9b4fd5b - <unknown>
[INFO] [stdout]    3:     0x6399a9b4f83f - <unknown>
[INFO] [stdout]    4:     0x6399a9b4f46a - <unknown>
[INFO] [stdout]    5:     0x6399a9b4efa5 - <unknown>
[INFO] [stdout]    6:     0x6399a9b75de1 - <unknown>
[INFO] [stdout]    7:     0x6399a9b75d99 - <unknown>
[INFO] [stdout]    8:     0x6399a9b7629c - <unknown>
[INFO] [stdout]    9:     0x6399a9b382eb - <unknown>
[INFO] [stdout]   10:     0x6399a9b31b2b - <unknown>
[INFO] [stdout]   11:     0x6399a9b32a36 - <unknown>
[INFO] [stdout]   12:     0x6399a9b33e7d - <unknown>
[INFO] [stdout]   13:     0x6399a9b912db - <unknown>
[INFO] [stdout]   14:     0x6399a9b8d2a1 - <unknown>
[INFO] [stdout]   15:     0x6399a9b8ca8c - <unknown>
[INFO] [stdout]   16:     0x6399a9bac72c - <unknown>
[INFO] [stdout]   17:     0x6399a9b77b14 - <unknown>
[INFO] [stdout]   18:     0x795a0fbcedfa - <unknown>
[INFO] [stdout]   19:     0x795a0fc623d4 - clone
[INFO] [stdout]   20:                0x0 - <unknown>
[INFO] [stdout] 
[INFO] [stdout] ---- list_empty_store_says_no_containers stdout ----
[INFO] [stdout] 
[INFO] [stdout] thread 'list_empty_store_says_no_containers' (2452) panicked at tests/e2e.rs:18:5:
[INFO] [stdout] dxon binary not found at /opt/rustwide/target/release/build/dxon/54d1f30f1703799a/out/dxon
[INFO] [stdout]   hint: run `cargo build` before `cargo test --test e2e`
[INFO] [stdout] stack backtrace:
[INFO] [stdout]    0:     0x6399a9b506c5 - <unknown>
[INFO] [stdout]    1:     0x6399a9b3845a - <unknown>
[INFO] [stdout]    2:     0x6399a9b4fd5b - <unknown>
[INFO] [stdout]    3:     0x6399a9b4f83f - <unknown>
[INFO] [stdout]    4:     0x6399a9b4f46a - <unknown>
[INFO] [stdout]    5:     0x6399a9b4efa5 - <unknown>
[INFO] [stdout]    6:     0x6399a9b75de1 - <unknown>
[INFO] [stdout]    7:     0x6399a9b75d99 - <unknown>
[INFO] [stdout]    8:     0x6399a9b7629c - <unknown>
[INFO] [stdout]    9:     0x6399a9b382eb - <unknown>
[INFO] [stdout]   10:     0x6399a9b31b2b - <unknown>
[INFO] [stdout]   11:     0x6399a9b32a36 - <unknown>
[INFO] [stdout]   12:     0x6399a9b32c4a - <unknown>
[INFO] [stdout]   13:     0x6399a9b36515 - <unknown>
[INFO] [stdout]   14:     0x6399a9b912db - <unknown>
[INFO] [stdout]   15:     0x6399a9b8d2a1 - <unknown>
[INFO] [stdout]   16:     0x6399a9b8ca8c - <unknown>
[INFO] [stdout]   17:     0x6399a9bac72c - <unknown>
[INFO] [stdout]   18:     0x6399a9b77b14 - <unknown>
[INFO] [stdout]   19:     0x795a0fbcedfa - <unknown>
[INFO] [stdout]   20:     0x795a0fc623d4 - clone
[INFO] [stdout]   21:                0x0 - <unknown>
[INFO] [stdout] 
[INFO] [stdout] ---- list_shows_multiple_fake_containers stdout ----
[INFO] [stdout] 
[INFO] [stdout] thread 'list_shows_multiple_fake_containers' (2454) panicked at tests/e2e.rs:18:5:
[INFO] [stdout] dxon binary not found at /opt/rustwide/target/release/build/dxon/54d1f30f1703799a/out/dxon
[INFO] [stdout]   hint: run `cargo build` before `cargo test --test e2e`
[INFO] [stdout] stack backtrace:
[INFO] [stdout]    0:     0x6399a9b506c5 - <unknown>
[INFO] [stdout]    1:     0x6399a9b3845a - <unknown>
[INFO] [stdout]    2:     0x6399a9b4fd5b - <unknown>
[INFO] [stdout]    3:     0x6399a9b4f83f - <unknown>
[INFO] [stdout]    4:     0x6399a9b4f46a - <unknown>
[INFO] [stdout]    5:     0x6399a9b4efa5 - <unknown>
[INFO] [stdout]    6:     0x6399a9b75de1 - <unknown>
[INFO] [stdout]    7:     0x6399a9b75d99 - <unknown>
[INFO] [stdout]    8:     0x6399a9b7629c - <unknown>
[INFO] [stdout]    9:     0x6399a9b382eb - <unknown>
[INFO] [stdout]   10:     0x6399a9b31b2b - <unknown>
[INFO] [stdout]   11:     0x6399a9b32a36 - <unknown>
[INFO] [stdout]   12:     0x6399a9b32c4a - <unknown>
[INFO] [stdout]   13:     0x6399a9b36653 - <unknown>
[INFO] [stdout]   14:     0x6399a9b912db - <unknown>
[INFO] [stdout]   15:     0x6399a9b8d2a1 - <unknown>
[INFO] [stdout]   16:     0x6399a9b8ca8c - <unknown>
[INFO] [stdout]   17:     0x6399a9bac72c - <unknown>
[INFO] [stdout]   18:     0x6399a9b77b14 - <unknown>
[INFO] [stdout]   19:     0x795a0fbcedfa - <unknown>
[INFO] [stdout]   20:     0x795a0fc623d4 - clone
[INFO] [stdout]   21:                0x0 - <unknown>
[INFO] [stdout] 
[INFO] [stdout] 
[INFO] [stdout] failures:
[INFO] [stdout]     config_set_default_editor_succeeds
[INFO] [stdout]     config_set_known_key_succeeds
[INFO] [stdout]     config_set_multiple_keys_all_visible
[INFO] [stdout]     config_set_persists_and_shows_in_config_show
[INFO] [stdout]     config_set_registry_url_succeeds
[INFO] [stdout]     config_set_unknown_key_fails
[INFO] [stdout]     config_show_displays_config_path
[INFO] [stdout]     config_show_exits_zero
[INFO] [stdout]     delete_force_outputs_confirmation
[INFO] [stdout]     delete_force_removes_fake_container
[INFO] [stdout]     delete_nonexistent_container_fails
[INFO] [stdout]     dir_flag_uses_specified_directory
[INFO] [stdout]     help_exits_zero
[INFO] [stdout]     info_fake_container_shows_details
[INFO] [stdout]     info_fake_container_shows_packages
[INFO] [stdout]     info_nonexistent_container_fails
[INFO] [stdout]     list_empty_store_exits_zero
[INFO] [stdout]     list_empty_store_says_no_containers
[INFO] [stdout]     list_shows_fake_container
[INFO] [stdout]     list_shows_multiple_fake_containers
[INFO] [stdout]     no_subcommand_shows_help_and_fails
[INFO] [stdout]     version_flag_shows_version
[INFO] [stdout] 
[INFO] [stdout] test result: FAILED. 0 passed; 22 failed; 5 ignored; 0 measured; 0 filtered out; finished in 0.01s
[INFO] [stdout] 
[INFO] running `Command { std: "docker" "inspect" "383b1502fca787ca67895ed3c0f81d12190ffee890f69e5e56d47f4a779ba5d2", kill_on_drop: false }`
[INFO] running `Command { std: "docker" "rm" "-f" "383b1502fca787ca67895ed3c0f81d12190ffee890f69e5e56d47f4a779ba5d2", kill_on_drop: false }`
[INFO] [stdout] 383b1502fca787ca67895ed3c0f81d12190ffee890f69e5e56d47f4a779ba5d2
