[INFO] cloning repository https://github.com/NeoGalaxy/terminity
[INFO] running `Command { std: "git" "-c" "credential.helper=" "-c" "credential.helper=/workspace/cargo-home/bin/git-credential-null" "clone" "--bare" "https://github.com/NeoGalaxy/terminity" "/workspace/cache/git-repos/https%3A%2F%2Fgithub.com%2FNeoGalaxy%2Fterminity", kill_on_drop: false }`
[INFO] [stderr] Cloning into bare repository '/workspace/cache/git-repos/https%3A%2F%2Fgithub.com%2FNeoGalaxy%2Fterminity'...
[INFO] running `Command { std: "git" "rev-parse" "HEAD", kill_on_drop: false }`
[INFO] [stdout] 6860da3caa27648146ffa348297e53c9f1236f6d
[INFO] testing NeoGalaxy/terminity against 1.99.0-beta.8+cargoflags=--release for beta-release-1.100-2
[INFO] running `Command { std: "git" "clone" "/workspace/cache/git-repos/https%3A%2F%2Fgithub.com%2FNeoGalaxy%2Fterminity" "/workspace/builds/worker-7-tc1/source", kill_on_drop: false }`
[INFO] [stderr] Cloning into '/workspace/builds/worker-7-tc1/source'...
[INFO] [stderr] done.
[INFO] started tweaking git repo https://github.com/NeoGalaxy/terminity
[INFO] finished tweaking git repo https://github.com/NeoGalaxy/terminity
[INFO] tweaked toml for git repo https://github.com/NeoGalaxy/terminity written to /workspace/builds/worker-7-tc1/source/Cargo.toml
[INFO] validating manifest of git repo https://github.com/NeoGalaxy/terminity on toolchain 1.99.0-beta.8
[INFO] running `Command { std: CARGO_HOME="/workspace/cargo-home" RUSTUP_HOME="/workspace/rustup-home" "/workspace/cargo-home/bin/cargo" "+1.99.0-beta.8" "metadata" "--manifest-path" "Cargo.toml" "--no-deps", kill_on_drop: false }`
[INFO] crate git repo https://github.com/NeoGalaxy/terminity already has a lockfile, it will not be regenerated
[INFO] running `Command { std: CARGO_HOME="/workspace/cargo-home" RUSTUP_HOME="/workspace/rustup-home" "/workspace/cargo-home/bin/cargo" "+1.99.0-beta.8" "fetch" "--manifest-path" "Cargo.toml", kill_on_drop: false }`
[INFO] [stderr] warning: virtual workspace defaulting to `resolver = "1"` despite one or more workspace members being on edition 2021 which implies `resolver = "2"`
[INFO] [stderr]   |
[INFO] [stderr]   = note: to keep the current resolver, specify `workspace.resolver = "1"` in the workspace root's manifest
[INFO] [stderr]   = note: to use the edition 2021 resolver, specify `workspace.resolver = "2"` in the workspace root's manifest
[INFO] [stderr]   = note: for more details see https://doc.rust-lang.org/cargo/reference/resolver.html#resolver-versions
[INFO] [stderr]     Updating crates.io index
[INFO] [stderr]  Downloading crates ...
[INFO] [stderr]   Downloaded utf8parse v0.2.0
[INFO] [stderr]   Downloaded strip-ansi-escapes v0.1.1
[INFO] [stderr]   Downloaded format-macro v0.2.4
[INFO] [stderr]   Downloaded vte_generate_state_changes v0.1.1
[INFO] [stderr]   Downloaded format v0.2.4
[INFO] [stderr]   Downloaded crossterm_winapi v0.9.0
[INFO] [stderr]   Downloaded structopt-derive v0.4.18
[INFO] [stderr]   Downloaded structopt v0.3.26
[INFO] [stderr]   Downloaded toml_datetime v0.5.1
[INFO] [stderr]   Downloaded format-core v0.2.4
[INFO] [stderr]   Downloaded proc-macro-crate v1.3.0
[INFO] [stderr]   Downloaded toml_edit v0.18.1
[INFO] [stderr]   Downloaded nom8 v0.2.0
[INFO] running `Command { std: "docker" "create" "-v" "/var/lib/crater-agent-workspace/builds/worker-7-tc1/source:/opt/rustwide/workdir:ro,Z" "-v" "/var/lib/crater-agent-workspace/builds/worker-7-tc1/target:/opt/rustwide/target:rw,Z" "-v" "/var/lib/crater-agent-workspace/cargo-home:/opt/rustwide/cargo-home:ro,Z" "-v" "/var/lib/crater-agent-workspace/rustup-home:/opt/rustwide/rustup-home:ro,Z" "-m" "1610612736" "--network" "none" "ghcr.io/rust-lang/crates-build-env/linux@sha256:77db811e55d90add9212f6832c23229e3de5f1c1f9905e8cb07319ea15df73ac" "sleep" "infinity", kill_on_drop: false }`
[INFO] [stdout] 3ffd9ac6e1c33a9fc46ee4f7d757a483326aa5e4484c8f9efd8ec120e1f924f0
[INFO] running `Command { std: "docker" "start" "3ffd9ac6e1c33a9fc46ee4f7d757a483326aa5e4484c8f9efd8ec120e1f924f0", kill_on_drop: false }`
[INFO] running `Command { std: "docker" "inspect" "3ffd9ac6e1c33a9fc46ee4f7d757a483326aa5e4484c8f9efd8ec120e1f924f0", kill_on_drop: false }`
[INFO] running `Command { std: "docker" "exec" "-e" "SOURCE_DIR=/opt/rustwide/workdir" "-e" "CARGO_HOME=/opt/rustwide/cargo-home" "-e" "RUSTUP_HOME=/opt/rustwide/rustup-home" "-e" "CARGO_TARGET_DIR=/opt/rustwide/target" "-w" "/opt/rustwide/workdir" "--user" "0:0" "3ffd9ac6e1c33a9fc46ee4f7d757a483326aa5e4484c8f9efd8ec120e1f924f0" "/opt/rustwide/cargo-home/bin/cargo" "+1.99.0-beta.8" "metadata" "--no-deps" "--format-version=1", kill_on_drop: false }`
[INFO] running `Command { std: "docker" "inspect" "3ffd9ac6e1c33a9fc46ee4f7d757a483326aa5e4484c8f9efd8ec120e1f924f0", kill_on_drop: false }`
[INFO] running `Command { std: "docker" "exec" "-e" "SOURCE_DIR=/opt/rustwide/workdir" "-e" "CARGO_HOME=/opt/rustwide/cargo-home" "-e" "RUSTUP_HOME=/opt/rustwide/rustup-home" "-e" "CARGO_TARGET_DIR=/opt/rustwide/target" "-e" "CARGO_INCREMENTAL=0" "-e" "RUST_BACKTRACE=full" "-e" "RUSTFLAGS=--cap-lints=warn" "-e" "RUSTDOCFLAGS=--cap-lints=warn" "-w" "/opt/rustwide/workdir" "--user" "0:0" "3ffd9ac6e1c33a9fc46ee4f7d757a483326aa5e4484c8f9efd8ec120e1f924f0" "/opt/rustwide/cargo-home/bin/cargo" "+1.99.0-beta.8" "build" "--frozen" "--message-format=json" "--release", kill_on_drop: false }`
[INFO] [stderr] warning: virtual workspace defaulting to `resolver = "1"` despite one or more workspace members being on edition 2021 which implies `resolver = "2"`
[INFO] [stderr]   |
[INFO] [stderr]   = note: to keep the current resolver, specify `workspace.resolver = "1"` in the workspace root's manifest
[INFO] [stderr]   = note: to use the edition 2021 resolver, specify `workspace.resolver = "2"` in the workspace root's manifest
[INFO] [stderr]   = note: for more details see https://doc.rust-lang.org/cargo/reference/resolver.html#resolver-versions
[INFO] [stderr]    Compiling proc-macro2 v1.0.50
[INFO] [stderr]    Compiling log v0.4.17
[INFO] [stderr]    Compiling toml_datetime v0.5.1
[INFO] [stderr]    Compiling signal-hook v0.3.14
[INFO] [stderr]    Compiling parking_lot_core v0.9.6
[INFO] [stderr]    Compiling once_cell v1.17.1
[INFO] [stderr]    Compiling smallvec v1.10.0
[INFO] [stderr]    Compiling proc-macro-error-attr v1.0.4
[INFO] [stderr]    Compiling indexmap v1.9.2
[INFO] [stderr]    Compiling proc-macro-error v1.0.4
[INFO] [stderr]    Compiling lock_api v0.4.9
[INFO] [stderr]    Compiling futures-core v0.3.26
[INFO] [stderr]    Compiling signal-hook-registry v1.4.0
[INFO] [stderr]    Compiling nom8 v0.2.0
[INFO] [stderr]    Compiling getrandom v0.2.8
[INFO] [stderr]    Compiling unicode-width v0.1.10
[INFO] [stderr]    Compiling utf8parse v0.2.0
[INFO] [stderr]    Compiling unicode-segmentation v1.10.0
[INFO] [stderr]    Compiling arrayvec v0.5.2
[INFO] [stderr]    Compiling textwrap v0.11.0
[INFO] [stderr]    Compiling atty v0.2.14
[INFO] [stderr]    Compiling vec_map v0.8.2
[INFO] [stderr]    Compiling strsim v0.8.0
[INFO] [stderr]    Compiling ansi_term v0.12.1
[INFO] [stderr]    Compiling mio v0.8.5
[INFO] [stderr]    Compiling rand_core v0.6.4
[INFO] [stderr]    Compiling clap v2.34.0
[INFO] [stderr]    Compiling heck v0.3.3
[INFO] [stderr]    Compiling rand_chacha v0.3.1
[INFO] [stderr]    Compiling parking_lot v0.12.1
[INFO] [stderr]    Compiling quote v1.0.23
[INFO] [stderr]    Compiling signal-hook-mio v0.2.3
[INFO] [stderr]    Compiling syn v1.0.107
[INFO] [stderr]    Compiling crossterm v0.26.1
[INFO] [stderr]    Compiling vte_generate_state_changes v0.1.1
[INFO] [stderr]    Compiling rand v0.8.5
[INFO] [stderr]    Compiling vte v0.10.1
[INFO] [stderr]    Compiling strip-ansi-escapes v0.1.1
[INFO] [stderr]    Compiling toml_edit v0.18.1
[INFO] [stderr]    Compiling proc-macro-crate v1.3.0
[INFO] [stderr]    Compiling terminity_widgets_proc v0.1.0 (/opt/rustwide/workdir/terminity_widgets_proc)
[INFO] [stdout] warning: unused imports: `emit_call_site_error` and `emit_error`
[INFO] [stdout]   --> terminity_widgets_proc/src/lib.rs:18:31
[INFO] [stdout]    |
[INFO] [stdout] 18 | use proc_macro_error::{abort, emit_call_site_error, emit_error, proc_macro_error};
[INFO] [stdout]    |                               ^^^^^^^^^^^^^^^^^^^^  ^^^^^^^^^^
[INFO] [stdout]    |
[INFO] [stdout]    = note: `#[warn(unused_imports)]` (part of `#[warn(unused)]`) on by default
[INFO] [stdout] 
[INFO] [stdout] 
[INFO] [stdout] warning: unused imports: `Nothing` and `PathArguments`
[INFO] [stdout]   --> terminity_widgets_proc/src/lib.rs:23:10
[INFO] [stdout]    |
[INFO] [stdout] 23 |     parse::{Nothing, Parse, ParseStream},
[INFO] [stdout]    |             ^^^^^^^
[INFO] [stdout] ...
[INFO] [stdout] 27 |     DeriveInput, LitStr, Meta, NestedMeta, PathArguments, Token,
[INFO] [stdout]    |                                            ^^^^^^^^^^^^^
[INFO] [stdout] 
[INFO] [stdout] 
[INFO] [stderr]    Compiling structopt-derive v0.4.18
[INFO] [stdout] warning: unused imports: `emit_call_site_error` and `emit_error`
[INFO] [stdout]   --> terminity_widgets_proc/src/lib.rs:18:31
[INFO] [stdout]    |
[INFO] [stdout] 18 | use proc_macro_error::{abort, emit_call_site_error, emit_error, proc_macro_error};
[INFO] [stdout]    |                               ^^^^^^^^^^^^^^^^^^^^  ^^^^^^^^^^
[INFO] [stdout]    |
[INFO] [stdout]    = note: `#[warn(unused_imports)]` (part of `#[warn(unused)]`) on by default
[INFO] [stdout] 
[INFO] [stdout] 
[INFO] [stdout] warning: unused imports: `Nothing` and `PathArguments`
[INFO] [stdout]   --> terminity_widgets_proc/src/lib.rs:23:10
[INFO] [stdout]    |
[INFO] [stdout] 23 |     parse::{Nothing, Parse, ParseStream},
[INFO] [stdout]    |             ^^^^^^^
[INFO] [stdout] ...
[INFO] [stdout] 27 |     DeriveInput, LitStr, Meta, NestedMeta, PathArguments, Token,
[INFO] [stdout]    |                                            ^^^^^^^^^^^^^
[INFO] [stdout] 
[INFO] [stdout] 
[INFO] [stderr]    Compiling terminity_widgets v0.1.0 (/opt/rustwide/workdir/terminity_widgets)
[INFO] [stderr]    Compiling structopt v0.3.26
[INFO] [stderr]    Compiling terminity v0.1.0 (/opt/rustwide/workdir/terminity)
[INFO] [stdout] warning: this function depends on never type fallback being `()`
[INFO] [stdout]    --> terminity/src/games/chess.rs:335:2
[INFO] [stdout]     |
[INFO] [stdout] 335 |     fn displ_line(&self, f: &mut std::fmt::Formatter<'_>, mut line_nb: usize) -> std::fmt::Result {
[INFO] [stdout]     |     ^^^^^^^^^^^^^^^^^^^^^^^^^^^^^^^^^^^^^^^^^^^^^^^^^^^^^^^^^^^^^^^^^^^^^^^^^^^^^^^^^^^^^^^^^^^^^
[INFO] [stdout]     |
[INFO] [stdout]     = help: specify the types explicitly
[INFO] [stdout] note: in edition 2024, the requirement `!: FromIterator<()>` will fail
[INFO] [stdout]    --> terminity/src/games/chess.rs:345:49
[INFO] [stdout]     |
[INFO] [stdout] 345 |                 col_names.rev().map(write_column).collect::<Result<_, _>>()?
[INFO] [stdout]     |                                                             ^^^^^^^^^^^^
[INFO] [stdout]     = warning: this was previously accepted by the compiler but is being phased out; it will become a hard error in Rust 2024 and in a future release in all editions!
[INFO] [stdout]     = note: for more information, see <https://doc.rust-lang.org/edition-guide/rust-2024/never-type-fallback.html>
[INFO] [stdout]     = note: `#[warn(dependency_on_unit_never_type_fallback)]` (part of `#[warn(rust_2024_compatibility)]`) on by default
[INFO] [stdout] help: use `()` annotations to avoid fallback changes
[INFO] [stdout]     |
[INFO] [stdout] 345 ~                 col_names.rev().map(write_column).collect::<Result<(), _>>()?
[INFO] [stdout] 346 |             } else {
[INFO] [stdout] ...
[INFO] [stdout] 388 |             if self.rotated {
[INFO] [stdout] 389 ~                 line_iter.rev().map(write_tile).collect::<Result<(), _>>()?
[INFO] [stdout]     |
[INFO] [stdout] 
[INFO] [stdout] 
[INFO] [stdout] warning: eliding a lifetime that's named elsewhere is confusing
[INFO] [stdout]    --> terminity/src/games/chess.rs:227:71
[INFO] [stdout]     |
[INFO] [stdout] 227 |     fn indexed_tiles<'a>(&'a self) -> Box<dyn 'a + Iterator<Item = (Pos, &Option<Tile>)>> {
[INFO] [stdout]     |                           -- the lifetime is named here                  ^^^^^^^^^^^^^ the same lifetime is elided here
[INFO] [stdout]     |
[INFO] [stdout]     = help: the same lifetime is referred to in inconsistent ways, making the signature confusing
[INFO] [stdout]     = note: `#[warn(mismatched_lifetime_syntaxes)]` on by default
[INFO] [stdout] help: consistently use `'a`
[INFO] [stdout]     |
[INFO] [stdout] 227 |     fn indexed_tiles<'a>(&'a self) -> Box<dyn 'a + Iterator<Item = (Pos, &'a Option<Tile>)>> {
[INFO] [stdout]     |                                                                           ++
[INFO] [stdout] 
[INFO] [stdout] 
[INFO] [stdout] warning: hiding a lifetime that's elided elsewhere is confusing
[INFO] [stdout]    --> terminity/src/games/sttt.rs:107:10
[INFO] [stdout]     |
[INFO] [stdout] 107 |     fn iter(&self) -> slice::Iter<Zone> {
[INFO] [stdout]     |             ^^^^^     ^^^^^^^^^^^^^^^^^ the same lifetime is hidden here
[INFO] [stdout]     |             |
[INFO] [stdout]     |             the lifetime is elided here
[INFO] [stdout]     |
[INFO] [stdout]     = help: the same lifetime is referred to in inconsistent ways, making the signature confusing
[INFO] [stdout] help: use `'_` for type paths
[INFO] [stdout]     |
[INFO] [stdout] 107 |     fn iter(&self) -> slice::Iter<'_, Zone> {
[INFO] [stdout]     |                                   +++
[INFO] [stdout] 
[INFO] [stdout] 
[INFO] [stderr]     Finished `release` profile [optimized] target(s) in 28.52s
[INFO] [stderr] warning: the following packages contain code that will be rejected by a future version of Rust: terminity v0.1.0 (/opt/rustwide/workdir/terminity)
[INFO] [stderr] note: to see what the problems were, use the option `--future-incompat-report`, or run `cargo report future-incompatibilities --id 3`
[INFO] running `Command { std: "docker" "inspect" "3ffd9ac6e1c33a9fc46ee4f7d757a483326aa5e4484c8f9efd8ec120e1f924f0", kill_on_drop: false }`
[INFO] running `Command { std: "docker" "exec" "-e" "SOURCE_DIR=/opt/rustwide/workdir" "-e" "CARGO_HOME=/opt/rustwide/cargo-home" "-e" "RUSTUP_HOME=/opt/rustwide/rustup-home" "-e" "CARGO_TARGET_DIR=/opt/rustwide/target" "-e" "CARGO_INCREMENTAL=0" "-e" "RUST_BACKTRACE=full" "-e" "RUSTFLAGS=--cap-lints=warn" "-e" "RUSTDOCFLAGS=--cap-lints=warn" "-w" "/opt/rustwide/workdir" "--user" "0:0" "3ffd9ac6e1c33a9fc46ee4f7d757a483326aa5e4484c8f9efd8ec120e1f924f0" "/opt/rustwide/cargo-home/bin/cargo" "+1.99.0-beta.8" "test" "--frozen" "--no-run" "--message-format=json" "--release", kill_on_drop: false }`
[INFO] [stderr] warning: virtual workspace defaulting to `resolver = "1"` despite one or more workspace members being on edition 2021 which implies `resolver = "2"`
[INFO] [stderr]   |
[INFO] [stderr]   = note: to keep the current resolver, specify `workspace.resolver = "1"` in the workspace root's manifest
[INFO] [stderr]   = note: to use the edition 2021 resolver, specify `workspace.resolver = "2"` in the workspace root's manifest
[INFO] [stderr]   = note: for more details see https://doc.rust-lang.org/cargo/reference/resolver.html#resolver-versions
[INFO] [stderr]    Compiling libc v0.2.139
[INFO] [stderr]    Compiling log v0.4.17
[INFO] [stderr]    Compiling lock_api v0.4.9
[INFO] [stderr]    Compiling parking_lot_core v0.9.6
[INFO] [stderr]    Compiling signal-hook v0.3.14
[INFO] [stderr]    Compiling scopeguard v1.1.0
[INFO] [stderr]    Compiling smallvec v1.10.0
[INFO] [stderr]    Compiling futures-core v0.3.26
[INFO] [stderr]    Compiling utf8parse v0.2.0
[INFO] [stderr]    Compiling arrayvec v0.5.2
[INFO] [stderr]    Compiling format-macro v0.2.4
[INFO] [stderr]    Compiling format-core v0.2.4
[INFO] [stdout] warning: unused imports: `emit_call_site_error` and `emit_error`
[INFO] [stdout]   --> terminity_widgets_proc/src/lib.rs:18:31
[INFO] [stdout]    |
[INFO] [stdout] 18 | use proc_macro_error::{abort, emit_call_site_error, emit_error, proc_macro_error};
[INFO] [stdout]    |                               ^^^^^^^^^^^^^^^^^^^^  ^^^^^^^^^^
[INFO] [stdout]    |
[INFO] [stdout]    = note: `#[warn(unused_imports)]` (part of `#[warn(unused)]`) on by default
[INFO] [stdout] 
[INFO] [stdout] 
[INFO] [stdout] warning: unused imports: `Nothing` and `PathArguments`
[INFO] [stdout]   --> terminity_widgets_proc/src/lib.rs:23:10
[INFO] [stdout]    |
[INFO] [stdout] 23 |     parse::{Nothing, Parse, ParseStream},
[INFO] [stdout]    |             ^^^^^^^
[INFO] [stdout] ...
[INFO] [stdout] 27 |     DeriveInput, LitStr, Meta, NestedMeta, PathArguments, Token,
[INFO] [stdout]    |                                            ^^^^^^^^^^^^^
[INFO] [stdout] 
[INFO] [stdout] 
[INFO] [stdout] warning: this function depends on never type fallback being `()`
[INFO] [stdout]    --> terminity/src/games/chess.rs:335:2
[INFO] [stdout]     |
[INFO] [stdout] 335 |     fn displ_line(&self, f: &mut std::fmt::Formatter<'_>, mut line_nb: usize) -> std::fmt::Result {
[INFO] [stdout]     |     ^^^^^^^^^^^^^^^^^^^^^^^^^^^^^^^^^^^^^^^^^^^^^^^^^^^^^^^^^^^^^^^^^^^^^^^^^^^^^^^^^^^^^^^^^^^^^
[INFO] [stdout]     |
[INFO] [stdout]     = help: specify the types explicitly
[INFO] [stdout] note: in edition 2024, the requirement `!: FromIterator<()>` will fail
[INFO] [stdout]    --> terminity/src/games/chess.rs:345:49
[INFO] [stdout]     |
[INFO] [stdout] 345 |                 col_names.rev().map(write_column).collect::<Result<_, _>>()?
[INFO] [stdout]     |                                                             ^^^^^^^^^^^^
[INFO] [stdout]     = warning: this was previously accepted by the compiler but is being phased out; it will become a hard error in Rust 2024 and in a future release in all editions!
[INFO] [stdout]     = note: for more information, see <https://doc.rust-lang.org/edition-guide/rust-2024/never-type-fallback.html>
[INFO] [stdout]     = note: `#[warn(dependency_on_unit_never_type_fallback)]` (part of `#[warn(rust_2024_compatibility)]`) on by default
[INFO] [stdout] help: use `()` annotations to avoid fallback changes
[INFO] [stdout]     |
[INFO] [stdout] 345 ~                 col_names.rev().map(write_column).collect::<Result<(), _>>()?
[INFO] [stdout] 346 |             } else {
[INFO] [stdout] ...
[INFO] [stdout] 388 |             if self.rotated {
[INFO] [stdout] 389 ~                 line_iter.rev().map(write_tile).collect::<Result<(), _>>()?
[INFO] [stdout]     |
[INFO] [stdout] 
[INFO] [stdout] 
[INFO] [stdout] warning: eliding a lifetime that's named elsewhere is confusing
[INFO] [stdout]    --> terminity/src/games/chess.rs:227:71
[INFO] [stdout]     |
[INFO] [stdout] 227 |     fn indexed_tiles<'a>(&'a self) -> Box<dyn 'a + Iterator<Item = (Pos, &Option<Tile>)>> {
[INFO] [stdout]     |                           -- the lifetime is named here                  ^^^^^^^^^^^^^ the same lifetime is elided here
[INFO] [stdout]     |
[INFO] [stdout]     = help: the same lifetime is referred to in inconsistent ways, making the signature confusing
[INFO] [stdout]     = note: `#[warn(mismatched_lifetime_syntaxes)]` on by default
[INFO] [stdout] help: consistently use `'a`
[INFO] [stdout]     |
[INFO] [stdout] 227 |     fn indexed_tiles<'a>(&'a self) -> Box<dyn 'a + Iterator<Item = (Pos, &'a Option<Tile>)>> {
[INFO] [stdout]     |                                                                           ++
[INFO] [stdout] 
[INFO] [stdout] 
[INFO] [stdout] warning: hiding a lifetime that's elided elsewhere is confusing
[INFO] [stdout]    --> terminity/src/games/sttt.rs:107:10
[INFO] [stdout]     |
[INFO] [stdout] 107 |     fn iter(&self) -> slice::Iter<Zone> {
[INFO] [stdout]     |             ^^^^^     ^^^^^^^^^^^^^^^^^ the same lifetime is hidden here
[INFO] [stdout]     |             |
[INFO] [stdout]     |             the lifetime is elided here
[INFO] [stdout]     |
[INFO] [stdout]     = help: the same lifetime is referred to in inconsistent ways, making the signature confusing
[INFO] [stdout] help: use `'_` for type paths
[INFO] [stdout]     |
[INFO] [stdout] 107 |     fn iter(&self) -> slice::Iter<'_, Zone> {
[INFO] [stdout]     |                                   +++
[INFO] [stdout] 
[INFO] [stdout] 
[INFO] [stderr]    Compiling terminity v0.1.0 (/opt/rustwide/workdir/terminity)
[INFO] [stdout] warning: this function depends on never type fallback being `()`
[INFO] [stdout]    --> terminity/src/games/chess.rs:335:2
[INFO] [stdout]     |
[INFO] [stdout] 335 |     fn displ_line(&self, f: &mut std::fmt::Formatter<'_>, mut line_nb: usize) -> std::fmt::Result {
[INFO] [stdout]     |     ^^^^^^^^^^^^^^^^^^^^^^^^^^^^^^^^^^^^^^^^^^^^^^^^^^^^^^^^^^^^^^^^^^^^^^^^^^^^^^^^^^^^^^^^^^^^^
[INFO] [stdout]     |
[INFO] [stdout]     = help: specify the types explicitly
[INFO] [stdout] note: in edition 2024, the requirement `!: FromIterator<()>` will fail
[INFO] [stdout]    --> terminity/src/games/chess.rs:345:49
[INFO] [stdout]     |
[INFO] [stdout] 345 |                 col_names.rev().map(write_column).collect::<Result<_, _>>()?
[INFO] [stdout]     |                                                             ^^^^^^^^^^^^
[INFO] [stdout]     = warning: this was previously accepted by the compiler but is being phased out; it will become a hard error in Rust 2024 and in a future release in all editions!
[INFO] [stdout]     = note: for more information, see <https://doc.rust-lang.org/edition-guide/rust-2024/never-type-fallback.html>
[INFO] [stdout]     = note: `#[warn(dependency_on_unit_never_type_fallback)]` (part of `#[warn(rust_2024_compatibility)]`) on by default
[INFO] [stdout] help: use `()` annotations to avoid fallback changes
[INFO] [stdout]     |
[INFO] [stdout] 345 ~                 col_names.rev().map(write_column).collect::<Result<(), _>>()?
[INFO] [stdout] 346 |             } else {
[INFO] [stdout] ...
[INFO] [stdout] 388 |             if self.rotated {
[INFO] [stdout] 389 ~                 line_iter.rev().map(write_tile).collect::<Result<(), _>>()?
[INFO] [stdout]     |
[INFO] [stdout] 
[INFO] [stdout] 
[INFO] [stdout] warning: eliding a lifetime that's named elsewhere is confusing
[INFO] [stdout]    --> terminity/src/games/chess.rs:227:71
[INFO] [stdout]     |
[INFO] [stdout] 227 |     fn indexed_tiles<'a>(&'a self) -> Box<dyn 'a + Iterator<Item = (Pos, &Option<Tile>)>> {
[INFO] [stdout]     |                           -- the lifetime is named here                  ^^^^^^^^^^^^^ the same lifetime is elided here
[INFO] [stdout]     |
[INFO] [stdout]     = help: the same lifetime is referred to in inconsistent ways, making the signature confusing
[INFO] [stdout]     = note: `#[warn(mismatched_lifetime_syntaxes)]` on by default
[INFO] [stdout] help: consistently use `'a`
[INFO] [stdout]     |
[INFO] [stdout] 227 |     fn indexed_tiles<'a>(&'a self) -> Box<dyn 'a + Iterator<Item = (Pos, &'a Option<Tile>)>> {
[INFO] [stdout]     |                                                                           ++
[INFO] [stdout] 
[INFO] [stdout] 
[INFO] [stdout] warning: hiding a lifetime that's elided elsewhere is confusing
[INFO] [stdout]    --> terminity/src/games/sttt.rs:107:10
[INFO] [stdout]     |
[INFO] [stdout] 107 |     fn iter(&self) -> slice::Iter<Zone> {
[INFO] [stdout]     |             ^^^^^     ^^^^^^^^^^^^^^^^^ the same lifetime is hidden here
[INFO] [stdout]     |             |
[INFO] [stdout]     |             the lifetime is elided here
[INFO] [stdout]     |
[INFO] [stdout]     = help: the same lifetime is referred to in inconsistent ways, making the signature confusing
[INFO] [stdout] help: use `'_` for type paths
[INFO] [stdout]     |
[INFO] [stdout] 107 |     fn iter(&self) -> slice::Iter<'_, Zone> {
[INFO] [stdout]     |                                   +++
[INFO] [stdout] 
[INFO] [stdout] 
[INFO] [stderr]    Compiling vte v0.10.1
[INFO] [stderr]    Compiling format v0.2.4
[INFO] [stderr]    Compiling terminity_widgets v0.1.0 (/opt/rustwide/workdir/terminity_widgets)
[INFO] [stderr]    Compiling signal-hook-registry v1.4.0
[INFO] [stderr]    Compiling mio v0.8.5
[INFO] [stderr]    Compiling parking_lot v0.12.1
[INFO] [stderr]    Compiling signal-hook-mio v0.2.3
[INFO] [stderr]    Compiling strip-ansi-escapes v0.1.1
[INFO] [stderr]    Compiling crossterm v0.26.1
[INFO] [stderr]    Compiling terminity_widgets_proc v0.1.0 (/opt/rustwide/workdir/terminity_widgets_proc)
[INFO] [stdout] warning: unused imports: `emit_call_site_error` and `emit_error`
[INFO] [stdout]   --> terminity_widgets_proc/src/lib.rs:18:31
[INFO] [stdout]    |
[INFO] [stdout] 18 | use proc_macro_error::{abort, emit_call_site_error, emit_error, proc_macro_error};
[INFO] [stdout]    |                               ^^^^^^^^^^^^^^^^^^^^  ^^^^^^^^^^
[INFO] [stdout]    |
[INFO] [stdout]    = note: `#[warn(unused_imports)]` (part of `#[warn(unused)]`) on by default
[INFO] [stdout] 
[INFO] [stdout] 
[INFO] [stdout] warning: unused imports: `Nothing` and `PathArguments`
[INFO] [stdout]   --> terminity_widgets_proc/src/lib.rs:23:10
[INFO] [stdout]    |
[INFO] [stdout] 23 |     parse::{Nothing, Parse, ParseStream},
[INFO] [stdout]    |             ^^^^^^^
[INFO] [stdout] ...
[INFO] [stdout] 27 |     DeriveInput, LitStr, Meta, NestedMeta, PathArguments, Token,
[INFO] [stdout]    |                                            ^^^^^^^^^^^^^
[INFO] [stdout] 
[INFO] [stdout] 
[INFO] [stderr]     Finished `release` profile [optimized] target(s) in 9.68s
[INFO] [stderr] warning: the following packages contain code that will be rejected by a future version of Rust: terminity v0.1.0 (/opt/rustwide/workdir/terminity)
[INFO] [stderr] note: to see what the problems were, use the option `--future-incompat-report`, or run `cargo report future-incompatibilities --id 4`
[INFO] running `Command { std: "docker" "inspect" "3ffd9ac6e1c33a9fc46ee4f7d757a483326aa5e4484c8f9efd8ec120e1f924f0", kill_on_drop: false }`
[INFO] running `Command { std: "docker" "exec" "-e" "SOURCE_DIR=/opt/rustwide/workdir" "-e" "CARGO_HOME=/opt/rustwide/cargo-home" "-e" "RUSTUP_HOME=/opt/rustwide/rustup-home" "-e" "CARGO_TARGET_DIR=/opt/rustwide/target" "-e" "CARGO_INCREMENTAL=0" "-e" "RUST_BACKTRACE=full" "-e" "RUSTFLAGS=--cap-lints=warn" "-e" "RUSTDOCFLAGS=--cap-lints=warn" "-w" "/opt/rustwide/workdir" "--user" "0:0" "3ffd9ac6e1c33a9fc46ee4f7d757a483326aa5e4484c8f9efd8ec120e1f924f0" "/opt/rustwide/cargo-home/bin/cargo" "+1.99.0-beta.8" "test" "--frozen" "--release", kill_on_drop: false }`
[INFO] [stderr] warning: virtual workspace defaulting to `resolver = "1"` despite one or more workspace members being on edition 2021 which implies `resolver = "2"`
[INFO] [stderr]   |
[INFO] [stderr]   = note: to keep the current resolver, specify `workspace.resolver = "1"` in the workspace root's manifest
[INFO] [stderr]   = note: to use the edition 2021 resolver, specify `workspace.resolver = "2"` in the workspace root's manifest
[INFO] [stderr]   = note: for more details see https://doc.rust-lang.org/cargo/reference/resolver.html#resolver-versions
[INFO] [stderr] warning: unused imports: `emit_call_site_error` and `emit_error`
[INFO] [stderr]   --> terminity_widgets_proc/src/lib.rs:18:31
[INFO] [stderr]    |
[INFO] [stderr] 18 | use proc_macro_error::{abort, emit_call_site_error, emit_error, proc_macro_error};
[INFO] [stderr]    |                               ^^^^^^^^^^^^^^^^^^^^  ^^^^^^^^^^
[INFO] [stderr]    |
[INFO] [stderr]    = note: `#[warn(unused_imports)]` (part of `#[warn(unused)]`) on by default
[INFO] [stderr] 
[INFO] [stderr] warning: unused imports: `Nothing` and `PathArguments`
[INFO] [stderr]   --> terminity_widgets_proc/src/lib.rs:23:10
[INFO] [stderr]    |
[INFO] [stderr] 23 |     parse::{Nothing, Parse, ParseStream},
[INFO] [stderr]    |             ^^^^^^^
[INFO] [stderr] ...
[INFO] [stderr] 27 |     DeriveInput, LitStr, Meta, NestedMeta, PathArguments, Token,
[INFO] [stderr]    |                                            ^^^^^^^^^^^^^
[INFO] [stderr] 
[INFO] [stderr] warning: `terminity_widgets_proc` (lib) generated 2 warnings (run `cargo fix --lib -p terminity_widgets_proc` to apply 2 suggestions)
[INFO] [stderr] warning: this function depends on never type fallback being `()`
[INFO] [stderr]    --> terminity/src/games/chess.rs:335:2
[INFO] [stderr]     |
[INFO] [stderr] 335 |     fn displ_line(&self, f: &mut std::fmt::Formatter<'_>, mut line_nb: usize) -> std::fmt::Result {
[INFO] [stderr]     |     ^^^^^^^^^^^^^^^^^^^^^^^^^^^^^^^^^^^^^^^^^^^^^^^^^^^^^^^^^^^^^^^^^^^^^^^^^^^^^^^^^^^^^^^^^^^^^
[INFO] [stderr]     |
[INFO] [stderr]     = help: specify the types explicitly
[INFO] [stderr] note: in edition 2024, the requirement `!: FromIterator<()>` will fail
[INFO] [stderr]    --> terminity/src/games/chess.rs:345:49
[INFO] [stderr]     |
[INFO] [stderr] 345 |                 col_names.rev().map(write_column).collect::<Result<_, _>>()?
[INFO] [stderr]     |                                                             ^^^^^^^^^^^^
[INFO] [stderr]     = warning: this was previously accepted by the compiler but is being phased out; it will become a hard error in Rust 2024 and in a future release in all editions!
[INFO] [stderr]     = note: for more information, see <https://doc.rust-lang.org/edition-guide/rust-2024/never-type-fallback.html>
[INFO] [stderr]     = note: `#[warn(dependency_on_unit_never_type_fallback)]` (part of `#[warn(rust_2024_compatibility)]`) on by default
[INFO] [stderr] help: use `()` annotations to avoid fallback changes
[INFO] [stderr]     |
[INFO] [stderr] 345 ~                 col_names.rev().map(write_column).collect::<Result<(), _>>()?
[INFO] [stderr] 346 |             } else {
[INFO] [stderr] ...
[INFO] [stderr] 388 |             if self.rotated {
[INFO] [stderr] 389 ~                 line_iter.rev().map(write_tile).collect::<Result<(), _>>()?
[INFO] [stderr]     |
[INFO] [stderr] 
[INFO] [stderr] warning: eliding a lifetime that's named elsewhere is confusing
[INFO] [stderr]    --> terminity/src/games/chess.rs:227:71
[INFO] [stderr]     |
[INFO] [stderr] 227 |     fn indexed_tiles<'a>(&'a self) -> Box<dyn 'a + Iterator<Item = (Pos, &Option<Tile>)>> {
[INFO] [stderr]     |                           -- the lifetime is named here                  ^^^^^^^^^^^^^ the same lifetime is elided here
[INFO] [stderr]     |
[INFO] [stderr]     = help: the same lifetime is referred to in inconsistent ways, making the signature confusing
[INFO] [stderr]     = note: `#[warn(mismatched_lifetime_syntaxes)]` on by default
[INFO] [stderr] help: consistently use `'a`
[INFO] [stderr]     |
[INFO] [stderr] 227 |     fn indexed_tiles<'a>(&'a self) -> Box<dyn 'a + Iterator<Item = (Pos, &'a Option<Tile>)>> {
[INFO] [stderr]     |                                                                           ++
[INFO] [stderr] 
[INFO] [stderr] warning: hiding a lifetime that's elided elsewhere is confusing
[INFO] [stderr]    --> terminity/src/games/sttt.rs:107:10
[INFO] [stderr]     |
[INFO] [stderr] 107 |     fn iter(&self) -> slice::Iter<Zone> {
[INFO] [stderr]     |             ^^^^^     ^^^^^^^^^^^^^^^^^ the same lifetime is hidden here
[INFO] [stderr]     |             |
[INFO] [stderr]     |             the lifetime is elided here
[INFO] [stderr]     |
[INFO] [stderr]     = help: the same lifetime is referred to in inconsistent ways, making the signature confusing
[INFO] [stderr] help: use `'_` for type paths
[INFO] [stderr]     |
[INFO] [stderr] 107 |     fn iter(&self) -> slice::Iter<'_, Zone> {
[INFO] [stderr]     |                                   +++
[INFO] [stderr] 
[INFO] [stderr] warning: `terminity` (lib) generated 3 warnings (run `cargo fix --lib -p terminity` to apply 3 suggestions)
[INFO] [stderr] warning: `terminity` (lib test) generated 3 warnings (3 duplicates)
[INFO] [stderr] warning: `terminity_widgets_proc` (lib test) generated 2 warnings (2 duplicates)
[INFO] [stderr]     Finished `release` profile [optimized] target(s) in 0.08s
[INFO] [stderr] warning: the following packages contain code that will be rejected by a future version of Rust: terminity v0.1.0 (/opt/rustwide/workdir/terminity)
[INFO] [stderr] note: to see what the problems were, use the option `--future-incompat-report`, or run `cargo report future-incompatibilities --id 4`
[INFO] [stderr]      Running unittests src/lib.rs (/opt/rustwide/target/release/deps/terminity-0353de712ab6b152)
[INFO] [stdout] 
[INFO] [stderr]      Running unittests src/bin/game.rs (/opt/rustwide/target/release/deps/game-5aaa84b40f94e640)
[INFO] [stdout] running 0 tests
[INFO] [stdout] 
[INFO] [stdout] test result: ok. 0 passed; 0 failed; 0 ignored; 0 measured; 0 filtered out; finished in 0.00s
[INFO] [stdout] 
[INFO] [stderr]      Running unittests src/bin/hub.rs (/opt/rustwide/target/release/deps/hub-bdc1dd89aa3b57c4)
[INFO] [stdout] 
[INFO] [stdout] running 0 tests
[INFO] [stdout] 
[INFO] [stdout] test result: ok. 0 passed; 0 failed; 0 ignored; 0 measured; 0 filtered out; finished in 0.00s
[INFO] [stdout] 
[INFO] [stdout] 
[INFO] [stdout] running 0 tests
[INFO] [stdout] 
[INFO] [stdout] test result: ok. 0 passed; 0 failed; 0 ignored; 0 measured; 0 filtered out; finished in 0.00s
[INFO] [stdout] 
[INFO] [stderr]      Running unittests src/lib.rs (/opt/rustwide/target/release/deps/terminity_widgets-35937ace991be9f5)
[INFO] [stdout] 
[INFO] [stdout] running 3 tests
[INFO] [stdout] test widgets::frame::tests::new_array ... ok
[INFO] [stderr]      Running unittests src/lib.rs (/opt/rustwide/target/release/deps/terminity_widgets_proc-a328a518613f2ad0)
[INFO] [stdout] test widgets::frame::tests::extern_collection ... ok
[INFO] [stdout] test widgets::frame::tests::struct_frame ... ok
[INFO] [stdout] 
[INFO] [stdout] test result: ok. 3 passed; 0 failed; 0 ignored; 0 measured; 0 filtered out; finished in 0.01s
[INFO] [stdout] 
[INFO] [stdout] 
[INFO] [stdout] running 10 tests
[INFO] [stdout] test frame::tests::wrong_width ... ok
[INFO] [stdout] test frame::tests::repeat_frame ... ok
[INFO] [stdout] test frame::tests::coll_frame ... ok
[INFO] [stdout] test frame::tests::repeat_one_frame_noend ... ok
[INFO] [stdout] test frame::tests::array_frame ... ok
[INFO] [stdout] test frame::tests::repeat_too_much ... ok
[INFO] [stdout] test frame::tests::repeat_not_enough ... ok
[INFO] [stdout] test frame::tests::repeat_one_frame ... ok
[INFO] [stdout] test frame::tests::wrong_height ... FAILED
[INFO] [stdout] test frame::tests::wrong_height2 ... FAILED
[INFO] [stdout] 
[INFO] [stdout] failures:
[INFO] [stdout] 
[INFO] [stdout] ---- frame::tests::wrong_height stdout ----
[INFO] [stdout] []
[INFO] [stdout] 
[INFO] [stdout] thread 'frame::tests::wrong_height' (1485) panicked at terminity_widgets_proc/src/frame.rs:815:9:
[INFO] [stdout] assertion `left == right` failed
[INFO] [stdout]   left: 0
[INFO] [stdout]  right: 1
[INFO] [stdout] stack backtrace:
[INFO] [stdout]    0:     0x7d2b42df7821 - std[70759c8f55707aa4]::backtrace_rs::backtrace::libunwind::trace
[INFO] [stdout]                                at /rustc/dfb0accb7f508ae8be965d8629557221c889dd98/library/std/src/../../backtrace/src/backtrace/libunwind.rs:117:9
[INFO] [stdout]    1:     0x7d2b42df7821 - std[70759c8f55707aa4]::backtrace_rs::backtrace::trace_unsynchronized::<std[70759c8f55707aa4]::sys::backtrace::_print_fmt::{closure#1}>
[INFO] [stdout]                                at /rustc/dfb0accb7f508ae8be965d8629557221c889dd98/library/std/src/../../backtrace/src/backtrace/mod.rs:66:14
[INFO] [stdout]    2:     0x7d2b42df7821 - std[70759c8f55707aa4]::sys::backtrace::_print_fmt
[INFO] [stdout]                                at /rustc/dfb0accb7f508ae8be965d8629557221c889dd98/library/std/src/sys/backtrace.rs:74:9
[INFO] [stdout]    3:     0x7d2b42df7821 - <<std[70759c8f55707aa4]::sys::backtrace::BacktraceLock>::print::DisplayBacktrace as core[df12db4294e9bfd3]::fmt::Display>::fmt
[INFO] [stdout]                                at /rustc/dfb0accb7f508ae8be965d8629557221c889dd98/library/std/src/sys/backtrace.rs:44:26
[INFO] [stdout]    4:     0x7d2b42e3eaea - <core[df12db4294e9bfd3]::fmt::rt::Argument>::fmt
[INFO] [stdout]                                at /rustc/dfb0accb7f508ae8be965d8629557221c889dd98/library/core/src/fmt/rt.rs:152:76
[INFO] [stdout]    5:     0x7d2b42e3eaea - core[df12db4294e9bfd3]::fmt::write
[INFO] [stdout]    6:     0x7d2b42e087cc - core[df12db4294e9bfd3]::io::write::default_write_fmt::<alloc[2182bb758b4b3781]::vec::Vec<u8>>
[INFO] [stdout]                                at /rustc/dfb0accb7f508ae8be965d8629557221c889dd98/library/core/src/io/write.rs:402:11
[INFO] [stdout]    7:     0x7d2b42e087cc - <alloc[2182bb758b4b3781]::vec::Vec<u8> as core[df12db4294e9bfd3]::io::write::Write>::write_fmt
[INFO] [stdout]                                at /rustc/dfb0accb7f508ae8be965d8629557221c889dd98/library/core/src/io/write.rs:335:13
[INFO] [stdout]    8:     0x7d2b42dc11a6 - <std[70759c8f55707aa4]::sys::backtrace::BacktraceLock>::print
[INFO] [stdout]                                at /rustc/dfb0accb7f508ae8be965d8629557221c889dd98/library/std/src/sys/backtrace.rs:47:9
[INFO] [stdout]    9:     0x7d2b42dc11a6 - std[70759c8f55707aa4]::panicking::default_hook::{closure#0}
[INFO] [stdout]                                at /rustc/dfb0accb7f508ae8be965d8629557221c889dd98/library/std/src/panicking.rs:292:27
[INFO] [stdout]   10:     0x7d2b42de82a9 - std[70759c8f55707aa4]::panicking::default_hook
[INFO] [stdout]                                at /rustc/dfb0accb7f508ae8be965d8629557221c889dd98/library/std/src/panicking.rs:316:9
[INFO] [stdout]   11:     0x57056538ede0 - test[9d35eded1c95d3be]::test_main_inner::<test[9d35eded1c95d3be]::test_main_static::{closure#0}>::{closure#0}
[INFO] [stdout]   12:     0x7d2b42de85d2 - <alloc[2182bb758b4b3781]::boxed::Box<dyn for<'a, 'b> core[df12db4294e9bfd3]::ops::function::Fn<(&'a std[70759c8f55707aa4]::panic::PanicHookInfo<'b>,), Output = ()> + core[df12db4294e9bfd3]::marker::Send + core[df12db4294e9bfd3]::marker::Sync> as core[df12db4294e9bfd3]::ops::function::Fn<(&std[70759c8f55707aa4]::panic::PanicHookInfo,)>>::call
[INFO] [stdout]                                at /rustc/dfb0accb7f508ae8be965d8629557221c889dd98/library/alloc/src/boxed.rs:2334:9
[INFO] [stdout]   13:     0x7d2b42de85d2 - std[70759c8f55707aa4]::panicking::panic_with_hook
[INFO] [stdout]                                at /rustc/dfb0accb7f508ae8be965d8629557221c889dd98/library/std/src/panicking.rs:823:13
[INFO] [stdout]   14:     0x7d2b42dc1252 - std[70759c8f55707aa4]::panicking::panic_handler::{closure#0}
[INFO] [stdout]                                at /rustc/dfb0accb7f508ae8be965d8629557221c889dd98/library/std/src/panicking.rs:688:13
[INFO] [stdout]   15:     0x7d2b42db88a9 - std[70759c8f55707aa4]::sys::backtrace::__rust_end_short_backtrace::<std[70759c8f55707aa4]::panicking::panic_handler::{closure#0}, !>
[INFO] [stdout]                                at /rustc/dfb0accb7f508ae8be965d8629557221c889dd98/library/std/src/sys/backtrace.rs:182:18
[INFO] [stdout]   16:     0x7d2b42dc2b5d - __rustc[8fa7c3cbc660c2b3]::rust_begin_unwind
[INFO] [stdout]                                at /rustc/dfb0accb7f508ae8be965d8629557221c889dd98/library/std/src/panicking.rs:679:5
[INFO] [stdout]   17:     0x7d2b42e3f57c - core[df12db4294e9bfd3]::panicking::panic_fmt
[INFO] [stdout]                                at /rustc/dfb0accb7f508ae8be965d8629557221c889dd98/library/core/src/panicking.rs:80:14
[INFO] [stdout]   18:     0x7d2b42e3f3e3 - core[df12db4294e9bfd3]::panicking::assert_failed_inner
[INFO] [stdout]                                at /rustc/dfb0accb7f508ae8be965d8629557221c889dd98/library/core/src/panicking.rs:452:17
[INFO] [stdout]   19:     0x7d2b42e3398a - core[df12db4294e9bfd3]::panicking::assert_failed::<usize, usize>
[INFO] [stdout]                                at /rustc/dfb0accb7f508ae8be965d8629557221c889dd98/library/core/src/panicking.rs:407:5
[INFO] [stdout]   20:     0x570565352fb4 - terminity_widgets_proc[d824a1ccaac1555a]::frame::tests::wrong_height
[INFO] [stdout]   21:     0x570565368ea9 - <terminity_widgets_proc[d824a1ccaac1555a]::frame::tests::wrong_height::{closure#0} as core[df12db4294e9bfd3]::ops::function::FnOnce<()>>::call_once
[INFO] [stdout]   22:     0x5705653820cb - test[9d35eded1c95d3be]::__rust_begin_short_backtrace::<core[df12db4294e9bfd3]::result::Result<(), alloc[2182bb758b4b3781]::string::String>, fn() -> core[df12db4294e9bfd3]::result::Result<(), alloc[2182bb758b4b3781]::string::String>>
[INFO] [stdout]   23:     0x57056538f735 - test[9d35eded1c95d3be]::run_test::{closure#0}
[INFO] [stdout]   24:     0x570565388ff4 - std[70759c8f55707aa4]::sys::backtrace::__rust_begin_short_backtrace::<test[9d35eded1c95d3be]::run_test::{closure#1}, ()>
[INFO] [stdout]   25:     0x570565392892 - <std[70759c8f55707aa4]::thread::lifecycle::spawn_unchecked<test[9d35eded1c95d3be]::run_test::{closure#1}, ()>::{closure#1} as core[df12db4294e9bfd3]::ops::function::FnOnce<()>>::call_once::{shim:vtable#0}
[INFO] [stdout]   26:     0x7d2b42df3df9 - <alloc[2182bb758b4b3781]::boxed::Box<dyn core[df12db4294e9bfd3]::ops::function::FnOnce<(), Output = ()> + core[df12db4294e9bfd3]::marker::Send> as core[df12db4294e9bfd3]::ops::function::FnOnce<()>>::call_once
[INFO] [stdout]                                at /rustc/dfb0accb7f508ae8be965d8629557221c889dd98/library/alloc/src/boxed.rs:2320:9
[INFO] [stdout]   27:     0x7d2b42df3df9 - <std[70759c8f55707aa4]::sys::thread::unix::Thread>::new::thread_start
[INFO] [stdout]                                at /rustc/dfb0accb7f508ae8be965d8629557221c889dd98/library/std/src/sys/thread/unix.rs:123:17
[INFO] [stdout]   28:     0x7d2b42b50dfa - <unknown>
[INFO] [stdout]   29:     0x7d2b42be43d4 - clone
[INFO] [stdout]   30:                0x0 - <unknown>
[INFO] [stdout] 
[INFO] [stdout] ---- frame::tests::wrong_height2 stdout ----
[INFO] [stdout] []
[INFO] [stdout] 
[INFO] [stdout] thread 'frame::tests::wrong_height2' (1486) panicked at terminity_widgets_proc/src/frame.rs:830:9:
[INFO] [stdout] assertion `left == right` failed
[INFO] [stdout]   left: 0
[INFO] [stdout]  right: 1
[INFO] [stdout] stack backtrace:
[INFO] [stdout]    0:     0x7d2b42df7821 - std[70759c8f55707aa4]::backtrace_rs::backtrace::libunwind::trace
[INFO] [stdout]                                at /rustc/dfb0accb7f508ae8be965d8629557221c889dd98/library/std/src/../../backtrace/src/backtrace/libunwind.rs:117:9
[INFO] [stdout]    1:     0x7d2b42df7821 - std[70759c8f55707aa4]::backtrace_rs::backtrace::trace_unsynchronized::<std[70759c8f55707aa4]::sys::backtrace::_print_fmt::{closure#1}>
[INFO] [stdout]                                at /rustc/dfb0accb7f508ae8be965d8629557221c889dd98/library/std/src/../../backtrace/src/backtrace/mod.rs:66:14
[INFO] [stdout]    2:     0x7d2b42df7821 - std[70759c8f55707aa4]::sys::backtrace::_print_fmt
[INFO] [stdout]                                at /rustc/dfb0accb7f508ae8be965d8629557221c889dd98/library/std/src/sys/backtrace.rs:74:9
[INFO] [stdout]    3:     0x7d2b42df7821 - <<std[70759c8f55707aa4]::sys::backtrace::BacktraceLock>::print::DisplayBacktrace as core[df12db4294e9bfd3]::fmt::Display>::fmt
[INFO] [stdout]                                at /rustc/dfb0accb7f508ae8be965d8629557221c889dd98/library/std/src/sys/backtrace.rs:44:26
[INFO] [stdout]    4:     0x7d2b42e3eaea - <core[df12db4294e9bfd3]::fmt::rt::Argument>::fmt
[INFO] [stdout]                                at /rustc/dfb0accb7f508ae8be965d8629557221c889dd98/library/core/src/fmt/rt.rs:152:76
[INFO] [stdout]    5:     0x7d2b42e3eaea - core[df12db4294e9bfd3]::fmt::write
[INFO] [stdout]    6:     0x7d2b42e087cc - core[df12db4294e9bfd3]::io::write::default_write_fmt::<alloc[2182bb758b4b3781]::vec::Vec<u8>>
[INFO] [stdout]                                at /rustc/dfb0accb7f508ae8be965d8629557221c889dd98/library/core/src/io/write.rs:402:11
[INFO] [stdout]    7:     0x7d2b42e087cc - <alloc[2182bb758b4b3781]::vec::Vec<u8> as core[df12db4294e9bfd3]::io::write::Write>::write_fmt
[INFO] [stdout]                                at /rustc/dfb0accb7f508ae8be965d8629557221c889dd98/library/core/src/io/write.rs:335:13
[INFO] [stdout]    8:     0x7d2b42dc11a6 - <std[70759c8f55707aa4]::sys::backtrace::BacktraceLock>::print
[INFO] [stdout]                                at /rustc/dfb0accb7f508ae8be965d8629557221c889dd98/library/std/src/sys/backtrace.rs:47:9
[INFO] [stdout]    9:     0x7d2b42dc11a6 - std[70759c8f55707aa4]::panicking::default_hook::{closure#0}
[INFO] [stdout]                                at /rustc/dfb0accb7f508ae8be965d8629557221c889dd98/library/std/src/panicking.rs:292:27
[INFO] [stdout]   10:     0x7d2b42de82a9 - std[70759c8f55707aa4]::panicking::default_hook
[INFO] [stdout]                                at /rustc/dfb0accb7f508ae8be965d8629557221c889dd98/library/std/src/panicking.rs:316:9
[INFO] [stdout]   11:     0x57056538ede0 - test[9d35eded1c95d3be]::test_main_inner::<test[9d35eded1c95d3be]::test_main_static::{closure#0}>::{closure#0}
[INFO] [stdout]   12:     0x7d2b42de85d2 - <alloc[2182bb758b4b3781]::boxed::Box<dyn for<'a, 'b> core[df12db4294e9bfd3]::ops::function::Fn<(&'a std[70759c8f55707aa4]::panic::PanicHookInfo<'b>,), Output = ()> + core[df12db4294e9bfd3]::marker::Send + core[df12db4294e9bfd3]::marker::Sync> as core[df12db4294e9bfd3]::ops::function::Fn<(&std[70759c8f55707aa4]::panic::PanicHookInfo,)>>::call
[INFO] [stdout]                                at /rustc/dfb0accb7f508ae8be965d8629557221c889dd98/library/alloc/src/boxed.rs:2334:9
[INFO] [stdout]   13:     0x7d2b42de85d2 - std[70759c8f55707aa4]::panicking::panic_with_hook
[INFO] [stdout]                                at /rustc/dfb0accb7f508ae8be965d8629557221c889dd98/library/std/src/panicking.rs:823:13
[INFO] [stdout]   14:     0x7d2b42dc1252 - std[70759c8f55707aa4]::panicking::panic_handler::{closure#0}
[INFO] [stdout]                                at /rustc/dfb0accb7f508ae8be965d8629557221c889dd98/library/std/src/panicking.rs:688:13
[INFO] [stdout]   15:     0x7d2b42db88a9 - std[70759c8f55707aa4]::sys::backtrace::__rust_end_short_backtrace::<std[70759c8f55707aa4]::panicking::panic_handler::{closure#0}, !>
[INFO] [stdout]                                at /rustc/dfb0accb7f508ae8be965d8629557221c889dd98/library/std/src/sys/backtrace.rs:182:18
[INFO] [stdout]   16:     0x7d2b42dc2b5d - __rustc[8fa7c3cbc660c2b3]::rust_begin_unwind
[INFO] [stdout]                                at /rustc/dfb0accb7f508ae8be965d8629557221c889dd98/library/std/src/panicking.rs:679:5
[INFO] [stdout]   17:     0x7d2b42e3f57c - core[df12db4294e9bfd3]::panicking::panic_fmt
[INFO] [stdout]                                at /rustc/dfb0accb7f508ae8be965d8629557221c889dd98/library/core/src/panicking.rs:80:14
[INFO] [stdout]   18:     0x7d2b42e3f3e3 - core[df12db4294e9bfd3]::panicking::assert_failed_inner
[INFO] [stdout]                                at /rustc/dfb0accb7f508ae8be965d8629557221c889dd98/library/core/src/panicking.rs:452:17
[INFO] [stdout]   19:     0x7d2b42e3398a - core[df12db4294e9bfd3]::panicking::assert_failed::<usize, usize>
[INFO] [stdout]                                at /rustc/dfb0accb7f508ae8be965d8629557221c889dd98/library/core/src/panicking.rs:407:5
[INFO] [stdout]   20:     0x570565353364 - terminity_widgets_proc[d824a1ccaac1555a]::frame::tests::wrong_height2
[INFO] [stdout]   21:     0x570565368ec9 - <terminity_widgets_proc[d824a1ccaac1555a]::frame::tests::wrong_height2::{closure#0} as core[df12db4294e9bfd3]::ops::function::FnOnce<()>>::call_once
[INFO] [stdout]   22:     0x5705653820cb - test[9d35eded1c95d3be]::__rust_begin_short_backtrace::<core[df12db4294e9bfd3]::result::Result<(), alloc[2182bb758b4b3781]::string::String>, fn() -> core[df12db4294e9bfd3]::result::Result<(), alloc[2182bb758b4b3781]::string::String>>
[INFO] [stdout]   23:     0x57056538f735 - test[9d35eded1c95d3be]::run_test::{closure#0}
[INFO] [stdout]   24:     0x570565388ff4 - std[70759c8f55707aa4]::sys::backtrace::__rust_begin_short_backtrace::<test[9d35eded1c95d3be]::run_test::{closure#1}, ()>
[INFO] [stdout]   25:     0x570565392892 - <std[70759c8f55707aa4]::thread::lifecycle::spawn_unchecked<test[9d35eded1c95d3be]::run_test::{closure#1}, ()>::{closure#1} as core[df12db4294e9bfd3]::ops::function::FnOnce<()>>::call_once::{shim:vtable#0}
[INFO] [stdout]   26:     0x7d2b42df3df9 - <alloc[2182bb758b4b3781]::boxed::Box<dyn core[df12db4294e9bfd3]::ops::function::FnOnce<(), Output = ()> + core[df12db4294e9bfd3]::marker::Send> as core[df12db4294e9bfd3]::ops::function::FnOnce<()>>::call_once
[INFO] [stdout]                                at /rustc/dfb0accb7f508ae8be965d8629557221c889dd98/library/alloc/src/boxed.rs:2320:9
[INFO] [stdout]   27:     0x7d2b42df3df9 - <std[70759c8f55707aa4]::sys::thread::unix::Thread>::new::thread_start
[INFO] [stdout]                                at /rustc/dfb0accb7f508ae8be965d8629557221c889dd98/library/std/src/sys/thread/unix.rs:123:17
[INFO] [stdout]   28:     0x7d2b42b50dfa - <unknown>
[INFO] [stdout]   29:     0x7d2b42be43d4 - clone
[INFO] [stdout]   30:                0x0 - <unknown>
[INFO] [stdout] 
[INFO] [stdout] 
[INFO] [stdout] failures:
[INFO] [stdout]     frame::tests::wrong_height
[INFO] [stdout]     frame::tests::wrong_height2
[INFO] [stdout] 
[INFO] [stdout] test result: FAILED. 8 passed; 2 failed; 0 ignored; 0 measured; 0 filtered out; finished in 0.11s
[INFO] [stdout] 
[INFO] [stderr] error: test failed, to rerun pass `-p terminity_widgets_proc --lib`
[INFO] running `Command { std: "docker" "inspect" "3ffd9ac6e1c33a9fc46ee4f7d757a483326aa5e4484c8f9efd8ec120e1f924f0", kill_on_drop: false }`
[INFO] running `Command { std: "docker" "rm" "-f" "3ffd9ac6e1c33a9fc46ee4f7d757a483326aa5e4484c8f9efd8ec120e1f924f0", kill_on_drop: false }`
[INFO] [stdout] 3ffd9ac6e1c33a9fc46ee4f7d757a483326aa5e4484c8f9efd8ec120e1f924f0
