[INFO] cloning repository https://github.com/LoganBarnett/jmap-open-client
[INFO] running `Command { std: "git" "-c" "credential.helper=" "-c" "credential.helper=/workspace/cargo-home/bin/git-credential-null" "clone" "--bare" "https://github.com/LoganBarnett/jmap-open-client" "/workspace/cache/git-repos/https%3A%2F%2Fgithub.com%2FLoganBarnett%2Fjmap-open-client", kill_on_drop: false }`
[INFO] [stderr] Cloning into bare repository '/workspace/cache/git-repos/https%3A%2F%2Fgithub.com%2FLoganBarnett%2Fjmap-open-client'...
[INFO] running `Command { std: "git" "rev-parse" "HEAD", kill_on_drop: false }`
[INFO] [stdout] 2219b9466e0f0d7c00e502edca979365ad322990
[INFO] testing LoganBarnett/jmap-open-client against 1.100.0-beta.1+cargoflags=--release for beta-release-1.100-2
[INFO] running `Command { std: "git" "clone" "/workspace/cache/git-repos/https%3A%2F%2Fgithub.com%2FLoganBarnett%2Fjmap-open-client" "/workspace/builds/worker-0-tc2/source", kill_on_drop: false }`
[INFO] [stderr] Cloning into '/workspace/builds/worker-0-tc2/source'...
[INFO] [stderr] done.
[INFO] started tweaking git repo https://github.com/LoganBarnett/jmap-open-client
[INFO] finished tweaking git repo https://github.com/LoganBarnett/jmap-open-client
[INFO] tweaked toml for git repo https://github.com/LoganBarnett/jmap-open-client written to /workspace/builds/worker-0-tc2/source/Cargo.toml
[INFO] validating manifest of git repo https://github.com/LoganBarnett/jmap-open-client on toolchain 1.100.0-beta.1
[INFO] running `Command { std: CARGO_HOME="/workspace/cargo-home" RUSTUP_HOME="/workspace/rustup-home" "/workspace/cargo-home/bin/cargo" "+1.100.0-beta.1" "metadata" "--manifest-path" "Cargo.toml" "--no-deps", kill_on_drop: false }`
[INFO] crate git repo https://github.com/LoganBarnett/jmap-open-client already has a lockfile, it will not be regenerated
[INFO] running `Command { std: CARGO_HOME="/workspace/cargo-home" RUSTUP_HOME="/workspace/rustup-home" "/workspace/cargo-home/bin/cargo" "+1.100.0-beta.1" "fetch" "--manifest-path" "Cargo.toml", kill_on_drop: false }`
[INFO] [stderr] warning: unused workspace dependency `aide`
[INFO] [stderr]   --> Cargo.toml:27:25
[INFO] [stderr]    |
[INFO] [stderr] 27 | [workspace.dependencies.aide]
[INFO] [stderr]    |                         ^^^^
[INFO] [stderr]    |
[INFO] [stderr]    = note: `cargo::unused_workspace_dependencies` is set to `warn` by default
[INFO] [stderr] help: consider removing the workspace dependency `aide`
[INFO] [stderr] warning: unused workspace dependency `axum`
[INFO] [stderr]   --> Cargo.toml:16:1
[INFO] [stderr]    |
[INFO] [stderr] 16 | axum = "0.8"
[INFO] [stderr]    | ^^^^
[INFO] [stderr]    |
[INFO] [stderr] help: consider removing the workspace dependency `axum`
[INFO] [stderr] warning: unused workspace dependency `openidconnect`
[INFO] [stderr]   --> Cargo.toml:38:25
[INFO] [stderr]    |
[INFO] [stderr] 38 | [workspace.dependencies.openidconnect]
[INFO] [stderr]    |                         ^^^^^^^^^^^^^
[INFO] [stderr]    |
[INFO] [stderr] help: consider removing the workspace dependency `openidconnect`
[INFO] [stderr] warning: unused workspace dependency `prometheus`
[INFO] [stderr]   --> Cargo.toml:17:1
[INFO] [stderr]    |
[INFO] [stderr] 17 | prometheus = "0.13"
[INFO] [stderr]    | ^^^^^^^^^^
[INFO] [stderr]    |
[INFO] [stderr] help: consider removing the workspace dependency `prometheus`
[INFO] [stderr] warning: unused workspace dependency `schemars`
[INFO] [stderr]   --> Cargo.toml:18:1
[INFO] [stderr]    |
[INFO] [stderr] 18 | schemars = "0.9"
[INFO] [stderr]    | ^^^^^^^^
[INFO] [stderr]    |
[INFO] [stderr] help: consider removing the workspace dependency `schemars`
[INFO] [stderr] warning: unused workspace dependency `tempfile`
[INFO] [stderr]   --> Cargo.toml:21:1
[INFO] [stderr]    |
[INFO] [stderr] 21 | tempfile = "3"
[INFO] [stderr]    | ^^^^^^^^
[INFO] [stderr]    |
[INFO] [stderr] help: consider removing the workspace dependency `tempfile`
[INFO] [stderr] warning: unused workspace dependency `tokio`
[INFO] [stderr]   --> Cargo.toml:50:25
[INFO] [stderr]    |
[INFO] [stderr] 50 | [workspace.dependencies.tokio]
[INFO] [stderr]    |                         ^^^^^
[INFO] [stderr]    |
[INFO] [stderr] help: consider removing the workspace dependency `tokio`
[INFO] [stderr] warning: unused workspace dependency `tokio-listener`
[INFO] [stderr]   --> Cargo.toml:54:25
[INFO] [stderr]    |
[INFO] [stderr] 54 | [workspace.dependencies.tokio-listener]
[INFO] [stderr]    |                         ^^^^^^^^^^^^^^
[INFO] [stderr]    |
[INFO] [stderr] help: consider removing the workspace dependency `tokio-listener`
[INFO] [stderr] warning: unused workspace dependency `toml`
[INFO] [stderr]   --> Cargo.toml:23:1
[INFO] [stderr]    |
[INFO] [stderr] 23 | toml = "0.8"
[INFO] [stderr]    | ^^^^
[INFO] [stderr]    |
[INFO] [stderr] help: consider removing the workspace dependency `toml`
[INFO] [stderr] warning: unused workspace dependency `tower`
[INFO] [stderr]   --> Cargo.toml:24:1
[INFO] [stderr]    |
[INFO] [stderr] 24 | tower = "0.5"
[INFO] [stderr]    | ^^^^^
[INFO] [stderr]    |
[INFO] [stderr] help: consider removing the workspace dependency `tower`
[INFO] [stderr] warning: unused workspace dependency `tower-http`
[INFO] [stderr]   --> Cargo.toml:58:25
[INFO] [stderr]    |
[INFO] [stderr] 58 | [workspace.dependencies.tower-http]
[INFO] [stderr]    |                         ^^^^^^^^^^
[INFO] [stderr]    |
[INFO] [stderr] help: consider removing the workspace dependency `tower-http`
[INFO] [stderr] warning: unused workspace dependency `tower-sessions`
[INFO] [stderr]   --> Cargo.toml:62:25
[INFO] [stderr]    |
[INFO] [stderr] 62 | [workspace.dependencies.tower-sessions]
[INFO] [stderr]    |                         ^^^^^^^^^^^^^^
[INFO] [stderr]    |
[INFO] [stderr] help: consider removing the workspace dependency `tower-sessions`
[INFO] [stderr] warning: unused workspace dependency `tracing-subscriber`
[INFO] [stderr]   --> Cargo.toml:66:25
[INFO] [stderr]    |
[INFO] [stderr] 66 | [workspace.dependencies.tracing-subscriber]
[INFO] [stderr]    |                         ^^^^^^^^^^^^^^^^^^
[INFO] [stderr]    |
[INFO] [stderr] help: consider removing the workspace dependency `tracing-subscriber`
[INFO] [stderr] warning: workspace (manifest) generated 13 warnings
[INFO] running `Command { std: "docker" "create" "-v" "/var/lib/crater-agent-workspace/builds/worker-0-tc2/source:/opt/rustwide/workdir:ro,Z" "-v" "/var/lib/crater-agent-workspace/builds/worker-0-tc2/target:/opt/rustwide/target:rw,Z" "-v" "/var/lib/crater-agent-workspace/cargo-home:/opt/rustwide/cargo-home:ro,Z" "-v" "/var/lib/crater-agent-workspace/rustup-home:/opt/rustwide/rustup-home:ro,Z" "-m" "1610612736" "--network" "none" "ghcr.io/rust-lang/crates-build-env/linux@sha256:77db811e55d90add9212f6832c23229e3de5f1c1f9905e8cb07319ea15df73ac" "sleep" "infinity", kill_on_drop: false }`
[INFO] [stdout] 25c3cfd9fb7b1a0d6de35b5b4d3f95ce234137c3cd61acfb0ff32091a8b1426f
[INFO] running `Command { std: "docker" "start" "25c3cfd9fb7b1a0d6de35b5b4d3f95ce234137c3cd61acfb0ff32091a8b1426f", kill_on_drop: false }`
[INFO] running `Command { std: "docker" "inspect" "25c3cfd9fb7b1a0d6de35b5b4d3f95ce234137c3cd61acfb0ff32091a8b1426f", kill_on_drop: false }`
[INFO] running `Command { std: "docker" "exec" "-e" "SOURCE_DIR=/opt/rustwide/workdir" "-e" "CARGO_HOME=/opt/rustwide/cargo-home" "-e" "RUSTUP_HOME=/opt/rustwide/rustup-home" "-e" "CARGO_TARGET_DIR=/opt/rustwide/target" "-w" "/opt/rustwide/workdir" "--user" "0:0" "25c3cfd9fb7b1a0d6de35b5b4d3f95ce234137c3cd61acfb0ff32091a8b1426f" "/opt/rustwide/cargo-home/bin/cargo" "+1.100.0-beta.1" "metadata" "--no-deps" "--format-version=1", kill_on_drop: false }`
[INFO] running `Command { std: "docker" "inspect" "25c3cfd9fb7b1a0d6de35b5b4d3f95ce234137c3cd61acfb0ff32091a8b1426f", kill_on_drop: false }`
[INFO] running `Command { std: "docker" "exec" "-e" "SOURCE_DIR=/opt/rustwide/workdir" "-e" "CARGO_HOME=/opt/rustwide/cargo-home" "-e" "RUSTUP_HOME=/opt/rustwide/rustup-home" "-e" "CARGO_TARGET_DIR=/opt/rustwide/target" "-e" "CARGO_INCREMENTAL=0" "-e" "RUST_BACKTRACE=full" "-e" "RUSTFLAGS=--cap-lints=warn" "-e" "RUSTDOCFLAGS=--cap-lints=warn" "-w" "/opt/rustwide/workdir" "--user" "0:0" "25c3cfd9fb7b1a0d6de35b5b4d3f95ce234137c3cd61acfb0ff32091a8b1426f" "/opt/rustwide/cargo-home/bin/cargo" "+1.100.0-beta.1" "build" "--frozen" "--message-format=json" "--release", kill_on_drop: false }`
[INFO] [stderr] warning: unused workspace dependency `aide`
[INFO] [stderr]   --> Cargo.toml:27:25
[INFO] [stderr]    |
[INFO] [stderr] 27 | [workspace.dependencies.aide]
[INFO] [stderr]    |                         ^^^^
[INFO] [stderr]    |
[INFO] [stderr]    = note: `cargo::unused_workspace_dependencies` is set to `warn` by default
[INFO] [stderr] help: consider removing the workspace dependency `aide`
[INFO] [stderr] warning: unused workspace dependency `axum`
[INFO] [stderr]   --> Cargo.toml:16:1
[INFO] [stderr]    |
[INFO] [stderr] 16 | axum = "0.8"
[INFO] [stderr]    | ^^^^
[INFO] [stderr]    |
[INFO] [stderr] help: consider removing the workspace dependency `axum`
[INFO] [stderr] warning: unused workspace dependency `openidconnect`
[INFO] [stderr]   --> Cargo.toml:38:25
[INFO] [stderr]    |
[INFO] [stderr] 38 | [workspace.dependencies.openidconnect]
[INFO] [stderr]    |                         ^^^^^^^^^^^^^
[INFO] [stderr]    |
[INFO] [stderr] help: consider removing the workspace dependency `openidconnect`
[INFO] [stderr] warning: unused workspace dependency `prometheus`
[INFO] [stderr]   --> Cargo.toml:17:1
[INFO] [stderr]    |
[INFO] [stderr] 17 | prometheus = "0.13"
[INFO] [stderr]    | ^^^^^^^^^^
[INFO] [stderr]    |
[INFO] [stderr] help: consider removing the workspace dependency `prometheus`
[INFO] [stderr] warning: unused workspace dependency `schemars`
[INFO] [stderr]   --> Cargo.toml:18:1
[INFO] [stderr]    |
[INFO] [stderr] 18 | schemars = "0.9"
[INFO] [stderr]    | ^^^^^^^^
[INFO] [stderr]    |
[INFO] [stderr] help: consider removing the workspace dependency `schemars`
[INFO] [stderr] warning: unused workspace dependency `tempfile`
[INFO] [stderr]   --> Cargo.toml:21:1
[INFO] [stderr]    |
[INFO] [stderr] 21 | tempfile = "3"
[INFO] [stderr]    | ^^^^^^^^
[INFO] [stderr]    |
[INFO] [stderr] help: consider removing the workspace dependency `tempfile`
[INFO] [stderr] warning: unused workspace dependency `tokio`
[INFO] [stderr]   --> Cargo.toml:50:25
[INFO] [stderr]    |
[INFO] [stderr] 50 | [workspace.dependencies.tokio]
[INFO] [stderr]    |                         ^^^^^
[INFO] [stderr]    |
[INFO] [stderr] help: consider removing the workspace dependency `tokio`
[INFO] [stderr] warning: unused workspace dependency `tokio-listener`
[INFO] [stderr]   --> Cargo.toml:54:25
[INFO] [stderr]    |
[INFO] [stderr] 54 | [workspace.dependencies.tokio-listener]
[INFO] [stderr]    |                         ^^^^^^^^^^^^^^
[INFO] [stderr]    |
[INFO] [stderr] help: consider removing the workspace dependency `tokio-listener`
[INFO] [stderr] warning: unused workspace dependency `toml`
[INFO] [stderr]   --> Cargo.toml:23:1
[INFO] [stderr]    |
[INFO] [stderr] 23 | toml = "0.8"
[INFO] [stderr]    | ^^^^
[INFO] [stderr]    |
[INFO] [stderr] help: consider removing the workspace dependency `toml`
[INFO] [stderr] warning: unused workspace dependency `tower`
[INFO] [stderr]   --> Cargo.toml:24:1
[INFO] [stderr]    |
[INFO] [stderr] 24 | tower = "0.5"
[INFO] [stderr]    | ^^^^^
[INFO] [stderr]    |
[INFO] [stderr] help: consider removing the workspace dependency `tower`
[INFO] [stderr] warning: unused workspace dependency `tower-http`
[INFO] [stderr]   --> Cargo.toml:58:25
[INFO] [stderr]    |
[INFO] [stderr] 58 | [workspace.dependencies.tower-http]
[INFO] [stderr]    |                         ^^^^^^^^^^
[INFO] [stderr]    |
[INFO] [stderr] help: consider removing the workspace dependency `tower-http`
[INFO] [stderr] warning: unused workspace dependency `tower-sessions`
[INFO] [stderr]   --> Cargo.toml:62:25
[INFO] [stderr]    |
[INFO] [stderr] 62 | [workspace.dependencies.tower-sessions]
[INFO] [stderr]    |                         ^^^^^^^^^^^^^^
[INFO] [stderr]    |
[INFO] [stderr] help: consider removing the workspace dependency `tower-sessions`
[INFO] [stderr] warning: unused workspace dependency `tracing-subscriber`
[INFO] [stderr]   --> Cargo.toml:66:25
[INFO] [stderr]    |
[INFO] [stderr] 66 | [workspace.dependencies.tracing-subscriber]
[INFO] [stderr]    |                         ^^^^^^^^^^^^^^^^^^
[INFO] [stderr]    |
[INFO] [stderr] help: consider removing the workspace dependency `tracing-subscriber`
[INFO] [stderr] warning: workspace (manifest) generated 13 warnings
[INFO] [stderr]    Compiling proc-macro2 v1.0.106
[INFO] [stderr]    Compiling quote v1.0.45
[INFO] [stderr]    Compiling regex-syntax v0.8.10
[INFO] [stderr]    Compiling indexmap v2.13.1
[INFO] [stderr]    Compiling thiserror v2.0.18
[INFO] [stderr]    Compiling smallvec v1.15.1
[INFO] [stderr]    Compiling home v0.5.12
[INFO] [stderr]    Compiling clap_builder v4.6.0
[INFO] [stderr]    Compiling tracing-log v0.2.0
[INFO] [stderr]    Compiling serde_json v1.0.149
[INFO] [stderr]    Compiling tap v1.0.1
[INFO] [stderr]    Compiling syn v2.0.117
[INFO] [stderr]    Compiling regex-automata v0.4.14
[INFO] [stderr]    Compiling matchers v0.2.0
[INFO] [stderr]    Compiling serde_derive v1.0.228
[INFO] [stderr]    Compiling tracing-attributes v0.1.31
[INFO] [stderr]    Compiling thiserror-impl v2.0.18
[INFO] [stderr]    Compiling clap_derive v4.6.1
[INFO] [stderr]    Compiling rust-template-foundation-derive v0.6.0 (https://github.com/LoganBarnett/rust-template.git#03194a27)
[INFO] [stderr]    Compiling tracing v0.1.44
[INFO] [stderr]    Compiling clap v4.6.1
[INFO] [stderr]    Compiling serde v1.0.228
[INFO] [stderr]    Compiling serde_spanned v0.6.9
[INFO] [stderr]    Compiling toml_datetime v0.6.11
[INFO] [stderr]    Compiling tracing-serde v0.2.0
[INFO] [stderr]    Compiling tracing-subscriber v0.3.23
[INFO] [stderr]    Compiling toml_edit v0.22.27
[INFO] [stderr]    Compiling toml v0.8.23
[INFO] [stderr]    Compiling rust-template-foundation v0.6.0 (https://github.com/LoganBarnett/rust-template.git#03194a27)
[INFO] [stderr]    Compiling jmap-open-client-lib v0.1.0 (/opt/rustwide/workdir/crates/lib)
[INFO] [stderr]    Compiling jmap-open-client-cli v0.1.0 (/opt/rustwide/workdir/crates/cli)
[INFO] [stdout] warning: variant `Execution` is never constructed
[INFO] [stdout]   --> crates/cli/src/main.rs:18:3
[INFO] [stdout]    |
[INFO] [stdout] 16 | enum AppError {
[INFO] [stdout]    |      -------- variant in this enum
[INFO] [stdout] 17 |   #[error("Application execution failed: {0}")]
[INFO] [stdout] 18 |   Execution(String),
[INFO] [stdout]    |   ^^^^^^^^^
[INFO] [stdout]    |
[INFO] [stdout]    = note: `AppError` has a derived impl for the trait `Debug`, but this is intentionally ignored during dead code analysis
[INFO] [stdout]    = note: `#[warn(dead_code)]` (part of `#[warn(unused)]`) on by default
[INFO] [stdout] 
[INFO] [stdout] 
[INFO] [stderr] warning: unused dependency `jmap-open-client-lib`
[INFO] [stderr]   --> crates/cli/Cargo.toml:16:1
[INFO] [stderr]    |
[INFO] [stderr] 16 | jmap-open-client-lib = { workspace = true }
[INFO] [stderr]    | ^^^^^^^^^^^^^^^^^^^^^^^^^^^^^^^^^^^^^^^^^^^
[INFO] [stderr]    |
[INFO] [stderr]    = note: `cargo::unused_dependencies` is set to `warn` by default
[INFO] [stderr] help: consider removing the dependency on `jmap-open-client-lib`
[INFO] [stderr] warning: `jmap-open-client-cli` (manifest) generated 1 warning
[INFO] [stderr] warning: unused dependency `rust-template-foundation`
[INFO] [stderr]   --> crates/lib/Cargo.toml:11:1
[INFO] [stderr]    |
[INFO] [stderr] 11 | rust-template-foundation = { workspace = true }
[INFO] [stderr]    | ^^^^^^^^^^^^^^^^^^^^^^^^^^^^^^^^^^^^^^^^^^^^^^^
[INFO] [stderr]    |
[INFO] [stderr]    = note: `cargo::unused_dependencies` is set to `warn` by default
[INFO] [stderr] help: consider removing the dependency on `rust-template-foundation`
[INFO] [stderr] warning: unused dependency `tap`
[INFO] [stderr]   --> crates/lib/Cargo.toml:16:1
[INFO] [stderr]    |
[INFO] [stderr] 16 | tap = { workspace = true }  # For method chaining, reduces superfluous locals
[INFO] [stderr]    | ^^^^^^^^^^^^^^^^^^^^^^^^^^
[INFO] [stderr]    |
[INFO] [stderr] help: consider removing the dependency on `tap`
[INFO] [stderr] warning: `jmap-open-client-lib` (manifest) generated 2 warnings
[INFO] [stderr]     Finished `release` profile [optimized] target(s) in 48.65s
[INFO] running `Command { std: "docker" "inspect" "25c3cfd9fb7b1a0d6de35b5b4d3f95ce234137c3cd61acfb0ff32091a8b1426f", kill_on_drop: false }`
[INFO] running `Command { std: "docker" "exec" "-e" "SOURCE_DIR=/opt/rustwide/workdir" "-e" "CARGO_HOME=/opt/rustwide/cargo-home" "-e" "RUSTUP_HOME=/opt/rustwide/rustup-home" "-e" "CARGO_TARGET_DIR=/opt/rustwide/target" "-e" "CARGO_INCREMENTAL=0" "-e" "RUST_BACKTRACE=full" "-e" "RUSTFLAGS=--cap-lints=warn" "-e" "RUSTDOCFLAGS=--cap-lints=warn" "-w" "/opt/rustwide/workdir" "--user" "0:0" "25c3cfd9fb7b1a0d6de35b5b4d3f95ce234137c3cd61acfb0ff32091a8b1426f" "/opt/rustwide/cargo-home/bin/cargo" "+1.100.0-beta.1" "test" "--frozen" "--no-run" "--message-format=json" "--release", kill_on_drop: false }`
[INFO] [stderr] warning: unused workspace dependency `aide`
[INFO] [stderr]   --> Cargo.toml:27:25
[INFO] [stderr]    |
[INFO] [stderr] 27 | [workspace.dependencies.aide]
[INFO] [stderr]    |                         ^^^^
[INFO] [stderr]    |
[INFO] [stderr]    = note: `cargo::unused_workspace_dependencies` is set to `warn` by default
[INFO] [stderr] help: consider removing the workspace dependency `aide`
[INFO] [stderr] warning: unused workspace dependency `axum`
[INFO] [stderr]   --> Cargo.toml:16:1
[INFO] [stderr]    |
[INFO] [stderr] 16 | axum = "0.8"
[INFO] [stderr]    | ^^^^
[INFO] [stderr]    |
[INFO] [stderr] help: consider removing the workspace dependency `axum`
[INFO] [stderr] warning: unused workspace dependency `openidconnect`
[INFO] [stderr]   --> Cargo.toml:38:25
[INFO] [stderr]    |
[INFO] [stderr] 38 | [workspace.dependencies.openidconnect]
[INFO] [stderr]    |                         ^^^^^^^^^^^^^
[INFO] [stderr]    |
[INFO] [stderr] help: consider removing the workspace dependency `openidconnect`
[INFO] [stderr] warning: unused workspace dependency `prometheus`
[INFO] [stderr]   --> Cargo.toml:17:1
[INFO] [stderr]    |
[INFO] [stderr] 17 | prometheus = "0.13"
[INFO] [stderr]    | ^^^^^^^^^^
[INFO] [stderr]    |
[INFO] [stderr] help: consider removing the workspace dependency `prometheus`
[INFO] [stderr] warning: unused workspace dependency `schemars`
[INFO] [stderr]   --> Cargo.toml:18:1
[INFO] [stderr]    |
[INFO] [stderr] 18 | schemars = "0.9"
[INFO] [stderr]    | ^^^^^^^^
[INFO] [stderr]    |
[INFO] [stderr] help: consider removing the workspace dependency `schemars`
[INFO] [stderr] warning: unused workspace dependency `tempfile`
[INFO] [stderr]   --> Cargo.toml:21:1
[INFO] [stderr]    |
[INFO] [stderr] 21 | tempfile = "3"
[INFO] [stderr]    | ^^^^^^^^
[INFO] [stderr]    |
[INFO] [stderr] help: consider removing the workspace dependency `tempfile`
[INFO] [stderr] warning: unused workspace dependency `tokio`
[INFO] [stderr]   --> Cargo.toml:50:25
[INFO] [stderr]    |
[INFO] [stderr] 50 | [workspace.dependencies.tokio]
[INFO] [stderr]    |                         ^^^^^
[INFO] [stderr]    |
[INFO] [stderr] help: consider removing the workspace dependency `tokio`
[INFO] [stderr] warning: unused workspace dependency `tokio-listener`
[INFO] [stderr]   --> Cargo.toml:54:25
[INFO] [stderr]    |
[INFO] [stderr] 54 | [workspace.dependencies.tokio-listener]
[INFO] [stderr]    |                         ^^^^^^^^^^^^^^
[INFO] [stderr]    |
[INFO] [stderr] help: consider removing the workspace dependency `tokio-listener`
[INFO] [stderr] warning: unused workspace dependency `toml`
[INFO] [stderr]   --> Cargo.toml:23:1
[INFO] [stderr]    |
[INFO] [stderr] 23 | toml = "0.8"
[INFO] [stderr]    | ^^^^
[INFO] [stderr]    |
[INFO] [stderr] help: consider removing the workspace dependency `toml`
[INFO] [stderr] warning: unused workspace dependency `tower`
[INFO] [stderr]   --> Cargo.toml:24:1
[INFO] [stderr]    |
[INFO] [stderr] 24 | tower = "0.5"
[INFO] [stderr]    | ^^^^^
[INFO] [stderr]    |
[INFO] [stderr] help: consider removing the workspace dependency `tower`
[INFO] [stderr] warning: unused workspace dependency `tower-http`
[INFO] [stderr]   --> Cargo.toml:58:25
[INFO] [stderr]    |
[INFO] [stderr] 58 | [workspace.dependencies.tower-http]
[INFO] [stderr]    |                         ^^^^^^^^^^
[INFO] [stderr]    |
[INFO] [stderr] help: consider removing the workspace dependency `tower-http`
[INFO] [stderr] warning: unused workspace dependency `tower-sessions`
[INFO] [stderr]   --> Cargo.toml:62:25
[INFO] [stderr]    |
[INFO] [stderr] 62 | [workspace.dependencies.tower-sessions]
[INFO] [stderr]    |                         ^^^^^^^^^^^^^^
[INFO] [stderr]    |
[INFO] [stderr] help: consider removing the workspace dependency `tower-sessions`
[INFO] [stderr] warning: unused workspace dependency `tracing-subscriber`
[INFO] [stderr]   --> Cargo.toml:66:25
[INFO] [stderr]    |
[INFO] [stderr] 66 | [workspace.dependencies.tracing-subscriber]
[INFO] [stderr]    |                         ^^^^^^^^^^^^^^^^^^
[INFO] [stderr]    |
[INFO] [stderr] help: consider removing the workspace dependency `tracing-subscriber`
[INFO] [stderr] warning: workspace (manifest) generated 13 warnings
[INFO] [stderr]    Compiling cargo-husky v1.5.0
[INFO] [stderr]    Compiling jmap-open-client-cli v0.1.0 (/opt/rustwide/workdir/crates/cli)
[INFO] [stdout] warning: variant `Execution` is never constructed
[INFO] [stdout]   --> crates/cli/src/main.rs:18:3
[INFO] [stdout]    |
[INFO] [stdout] 16 | enum AppError {
[INFO] [stdout]    |      -------- variant in this enum
[INFO] [stdout] 17 |   #[error("Application execution failed: {0}")]
[INFO] [stdout] 18 |   Execution(String),
[INFO] [stdout]    |   ^^^^^^^^^
[INFO] [stdout]    |
[INFO] [stdout]    = note: `AppError` has a derived impl for the trait `Debug`, but this is intentionally ignored during dead code analysis
[INFO] [stdout]    = note: `#[warn(dead_code)]` (part of `#[warn(unused)]`) on by default
[INFO] [stdout] 
[INFO] [stdout] 
[INFO] [stdout] warning: variant `Execution` is never constructed
[INFO] [stdout]   --> crates/cli/src/main.rs:18:3
[INFO] [stdout]    |
[INFO] [stdout] 16 | enum AppError {
[INFO] [stdout]    |      -------- variant in this enum
[INFO] [stdout] 17 |   #[error("Application execution failed: {0}")]
[INFO] [stdout] 18 |   Execution(String),
[INFO] [stdout]    |   ^^^^^^^^^
[INFO] [stdout]    |
[INFO] [stdout]    = note: `AppError` has a derived impl for the trait `Debug`, but this is intentionally ignored during dead code analysis
[INFO] [stdout]    = note: `#[warn(dead_code)]` (part of `#[warn(unused)]`) on by default
[INFO] [stdout] 
[INFO] [stdout] 
[INFO] [stderr]    Compiling jmap-open-client-lib v0.1.0 (/opt/rustwide/workdir/crates/lib)
[INFO] [stderr] warning: unused dependency `rust-template-foundation`
[INFO] [stderr]   --> crates/lib/Cargo.toml:11:1
[INFO] [stderr]    |
[INFO] [stderr] 11 | rust-template-foundation = { workspace = true }
[INFO] [stderr]    | ^^^^^^^^^^^^^^^^^^^^^^^^^^^^^^^^^^^^^^^^^^^^^^^
[INFO] [stderr]    |
[INFO] [stderr]    = note: `cargo::unused_dependencies` is set to `warn` by default
[INFO] [stderr] help: consider removing the dependency on `rust-template-foundation`
[INFO] [stderr] warning: unused dependency `tap`
[INFO] [stderr]   --> crates/lib/Cargo.toml:16:1
[INFO] [stderr]    |
[INFO] [stderr] 16 | tap = { workspace = true }  # For method chaining, reduces superfluous locals
[INFO] [stderr]    | ^^^^^^^^^^^^^^^^^^^^^^^^^^
[INFO] [stderr]    |
[INFO] [stderr] help: consider removing the dependency on `tap`
[INFO] [stderr] warning: `jmap-open-client-lib` (manifest) generated 2 warnings
[INFO] [stderr]     Finished `release` profile [optimized] target(s) in 2.96s
[INFO] running `Command { std: "docker" "inspect" "25c3cfd9fb7b1a0d6de35b5b4d3f95ce234137c3cd61acfb0ff32091a8b1426f", kill_on_drop: false }`
[INFO] running `Command { std: "docker" "exec" "-e" "SOURCE_DIR=/opt/rustwide/workdir" "-e" "CARGO_HOME=/opt/rustwide/cargo-home" "-e" "RUSTUP_HOME=/opt/rustwide/rustup-home" "-e" "CARGO_TARGET_DIR=/opt/rustwide/target" "-e" "CARGO_INCREMENTAL=0" "-e" "RUST_BACKTRACE=full" "-e" "RUSTFLAGS=--cap-lints=warn" "-e" "RUSTDOCFLAGS=--cap-lints=warn" "-w" "/opt/rustwide/workdir" "--user" "0:0" "25c3cfd9fb7b1a0d6de35b5b4d3f95ce234137c3cd61acfb0ff32091a8b1426f" "/opt/rustwide/cargo-home/bin/cargo" "+1.100.0-beta.1" "test" "--frozen" "--release", kill_on_drop: false }`
[INFO] [stderr] warning: unused workspace dependency `aide`
[INFO] [stderr]   --> Cargo.toml:27:25
[INFO] [stderr]    |
[INFO] [stderr] 27 | [workspace.dependencies.aide]
[INFO] [stderr]    |                         ^^^^
[INFO] [stderr]    |
[INFO] [stderr]    = note: `cargo::unused_workspace_dependencies` is set to `warn` by default
[INFO] [stderr] help: consider removing the workspace dependency `aide`
[INFO] [stderr] warning: unused workspace dependency `axum`
[INFO] [stderr]   --> Cargo.toml:16:1
[INFO] [stderr]    |
[INFO] [stderr] 16 | axum = "0.8"
[INFO] [stderr]    | ^^^^
[INFO] [stderr]    |
[INFO] [stderr] help: consider removing the workspace dependency `axum`
[INFO] [stderr] warning: unused workspace dependency `openidconnect`
[INFO] [stderr]   --> Cargo.toml:38:25
[INFO] [stderr]    |
[INFO] [stderr] 38 | [workspace.dependencies.openidconnect]
[INFO] [stderr]    |                         ^^^^^^^^^^^^^
[INFO] [stderr]    |
[INFO] [stderr] help: consider removing the workspace dependency `openidconnect`
[INFO] [stderr] warning: unused workspace dependency `prometheus`
[INFO] [stderr]   --> Cargo.toml:17:1
[INFO] [stderr]    |
[INFO] [stderr] 17 | prometheus = "0.13"
[INFO] [stderr]    | ^^^^^^^^^^
[INFO] [stderr]    |
[INFO] [stderr] help: consider removing the workspace dependency `prometheus`
[INFO] [stderr] warning: unused workspace dependency `schemars`
[INFO] [stderr]   --> Cargo.toml:18:1
[INFO] [stderr]    |
[INFO] [stderr] 18 | schemars = "0.9"
[INFO] [stderr]    | ^^^^^^^^
[INFO] [stderr]    |
[INFO] [stderr] help: consider removing the workspace dependency `schemars`
[INFO] [stderr] warning: unused workspace dependency `tempfile`
[INFO] [stderr]   --> Cargo.toml:21:1
[INFO] [stderr]    |
[INFO] [stderr] 21 | tempfile = "3"
[INFO] [stderr]    | ^^^^^^^^
[INFO] [stderr]    |
[INFO] [stderr] help: consider removing the workspace dependency `tempfile`
[INFO] [stderr] warning: unused workspace dependency `tokio`
[INFO] [stderr]   --> Cargo.toml:50:25
[INFO] [stderr]    |
[INFO] [stderr] 50 | [workspace.dependencies.tokio]
[INFO] [stderr]    |                         ^^^^^
[INFO] [stderr]    |
[INFO] [stderr] help: consider removing the workspace dependency `tokio`
[INFO] [stderr] warning: unused workspace dependency `tokio-listener`
[INFO] [stderr]   --> Cargo.toml:54:25
[INFO] [stderr]    |
[INFO] [stderr] 54 | [workspace.dependencies.tokio-listener]
[INFO] [stderr]    |                         ^^^^^^^^^^^^^^
[INFO] [stderr]    |
[INFO] [stderr] help: consider removing the workspace dependency `tokio-listener`
[INFO] [stderr] warning: unused workspace dependency `toml`
[INFO] [stderr]   --> Cargo.toml:23:1
[INFO] [stderr]    |
[INFO] [stderr] 23 | toml = "0.8"
[INFO] [stderr]    | ^^^^
[INFO] [stderr]    |
[INFO] [stderr] help: consider removing the workspace dependency `toml`
[INFO] [stderr] warning: unused workspace dependency `tower`
[INFO] [stderr]   --> Cargo.toml:24:1
[INFO] [stderr]    |
[INFO] [stderr] 24 | tower = "0.5"
[INFO] [stderr]    | ^^^^^
[INFO] [stderr]    |
[INFO] [stderr] help: consider removing the workspace dependency `tower`
[INFO] [stderr] warning: unused workspace dependency `tower-http`
[INFO] [stderr]   --> Cargo.toml:58:25
[INFO] [stderr]    |
[INFO] [stderr] 58 | [workspace.dependencies.tower-http]
[INFO] [stderr]    |                         ^^^^^^^^^^
[INFO] [stderr]    |
[INFO] [stderr] help: consider removing the workspace dependency `tower-http`
[INFO] [stderr] warning: unused workspace dependency `tower-sessions`
[INFO] [stderr]   --> Cargo.toml:62:25
[INFO] [stderr]    |
[INFO] [stderr] 62 | [workspace.dependencies.tower-sessions]
[INFO] [stderr]    |                         ^^^^^^^^^^^^^^
[INFO] [stderr]    |
[INFO] [stderr] help: consider removing the workspace dependency `tower-sessions`
[INFO] [stderr] warning: unused workspace dependency `tracing-subscriber`
[INFO] [stderr]   --> Cargo.toml:66:25
[INFO] [stderr]    |
[INFO] [stderr] 66 | [workspace.dependencies.tracing-subscriber]
[INFO] [stderr]    |                         ^^^^^^^^^^^^^^^^^^
[INFO] [stderr]    |
[INFO] [stderr] help: consider removing the workspace dependency `tracing-subscriber`
[INFO] [stderr] warning: workspace (manifest) generated 13 warnings
[INFO] [stderr] warning: variant `Execution` is never constructed
[INFO] [stderr]   --> crates/cli/src/main.rs:18:3
[INFO] [stderr]    |
[INFO] [stderr] 16 | enum AppError {
[INFO] [stderr]    |      -------- variant in this enum
[INFO] [stderr] 17 |   #[error("Application execution failed: {0}")]
[INFO] [stderr] 18 |   Execution(String),
[INFO] [stderr]    |   ^^^^^^^^^
[INFO] [stderr]    |
[INFO] [stderr]    = note: `AppError` has a derived impl for the trait `Debug`, but this is intentionally ignored during dead code analysis
[INFO] [stderr]    = note: `#[warn(dead_code)]` (part of `#[warn(unused)]`) on by default
[INFO] [stderr] 
[INFO] [stderr] warning: `jmap-open-client-cli` (bin "jmap-open-client-cli" test) generated 1 warning
[INFO] [stderr] warning: `jmap-open-client-cli` (bin "jmap-open-client-cli") generated 1 warning (1 duplicate)
[INFO] [stderr] warning: unused dependency `rust-template-foundation`
[INFO] [stderr]   --> crates/lib/Cargo.toml:11:1
[INFO] [stderr]    |
[INFO] [stderr] 11 | rust-template-foundation = { workspace = true }
[INFO] [stderr]    | ^^^^^^^^^^^^^^^^^^^^^^^^^^^^^^^^^^^^^^^^^^^^^^^
[INFO] [stderr]    |
[INFO] [stderr]    = note: `cargo::unused_dependencies` is set to `warn` by default
[INFO] [stderr] help: consider removing the dependency on `rust-template-foundation`
[INFO] [stderr] warning: unused dependency `tap`
[INFO] [stderr]   --> crates/lib/Cargo.toml:16:1
[INFO] [stderr]    |
[INFO] [stderr] 16 | tap = { workspace = true }  # For method chaining, reduces superfluous locals
[INFO] [stderr]    | ^^^^^^^^^^^^^^^^^^^^^^^^^^
[INFO] [stderr]    |
[INFO] [stderr] help: consider removing the dependency on `tap`
[INFO] [stderr] warning: `jmap-open-client-lib` (manifest) generated 2 warnings
[INFO] [stderr]     Finished `release` profile [optimized] target(s) in 0.11s
[INFO] [stderr]      Running unittests src/main.rs (/opt/rustwide/target/release/build/jmap-open-client-cli/d5cd28231124e096/out/jmap_open_client_cli-d5cd28231124e096)
[INFO] [stdout] 
[INFO] [stdout] running 0 tests
[INFO] [stdout] 
[INFO] [stdout] test result: ok. 0 passed; 0 failed; 0 ignored; 0 measured; 0 filtered out; finished in 0.00s
[INFO] [stdout] 
[INFO] [stderr]      Running tests/integration_test.rs (/opt/rustwide/target/release/build/jmap-open-client-cli/5ea7e96d9f966949/out/integration_test-5ea7e96d9f966949)
[INFO] [stdout] 
[INFO] [stdout] running 4 tests
[INFO] [stdout] test test_basic_execution ... FAILED
[INFO] [stdout] test test_version_flag ... FAILED
[INFO] [stdout] test test_help_flag ... FAILED
[INFO] [stdout] test test_with_name_argument ... FAILED
[INFO] [stdout] 
[INFO] [stdout] failures:
[INFO] [stdout] 
[INFO] [stdout] ---- test_basic_execution stdout ----
[INFO] [stdout] Binary not found. Please build the project first with: cargo build -p jmap-open-client-cli
[INFO] [stdout] 
[INFO] [stdout] thread 'test_basic_execution' (1011) panicked at crates/cli/tests/integration_test.rs:100:7:
[INFO] [stdout] Failed to execute binary: No such file or directory (os error 2)
[INFO] [stdout] stack backtrace:
[INFO] [stdout]    0:     0x6321b17084d1 - <<std[617be2ca0a6fd877]::sys::backtrace::BacktraceLock>::print::DisplayBacktrace as core[a373ad73a504971]::fmt::Display>::fmt
[INFO] [stdout]    1:     0x6321b171c3ca - core[a373ad73a504971]::fmt::write
[INFO] [stdout]    2:     0x6321b170c6ec - <alloc[2e1b2a31b91974c5]::vec::Vec<u8> as core[a373ad73a504971]::io::write::Write>::write_fmt
[INFO] [stdout]    3:     0x6321b16e4836 - std[617be2ca0a6fd877]::panicking::default_hook::{closure#0}
[INFO] [stdout]    4:     0x6321b1700b69 - std[617be2ca0a6fd877]::panicking::default_hook
[INFO] [stdout]    5:     0x6321b169d110 - test[aada8e7e76ba119b]::test_main_inner::{closure#0}
[INFO] [stdout]    6:     0x6321b1700d22 - std[617be2ca0a6fd877]::panicking::panic_with_hook
[INFO] [stdout]    7:     0x6321b16e48e2 - std[617be2ca0a6fd877]::panicking::panic_handler::{closure#0}
[INFO] [stdout]    8:     0x6321b16dd5f9 - std[617be2ca0a6fd877]::sys::backtrace::__rust_end_short_backtrace::<std[617be2ca0a6fd877]::panicking::panic_handler::{closure#0}, !>
[INFO] [stdout]    9:     0x6321b16e54ed - __rustc[ea4f61d10b84890b]::rust_begin_unwind
[INFO] [stdout]   10:     0x6321b171cafc - core[a373ad73a504971]::panicking::panic_fmt
[INFO] [stdout]   11:     0x6321b169011b - <integration_test[e930b64a976c4fa9]::test_basic_execution::{closure#0} as core[a373ad73a504971]::ops::function::FnOnce<()>>::call_once
[INFO] [stdout]   12:     0x6321b169055b - test[aada8e7e76ba119b]::__rust_begin_short_backtrace::<core[a373ad73a504971]::result::Result<(), alloc[2e1b2a31b91974c5]::string::String>, fn() -> core[a373ad73a504971]::result::Result<(), alloc[2e1b2a31b91974c5]::string::String>>
[INFO] [stdout]   13:     0x6321b169d735 - test[aada8e7e76ba119b]::run_test::{closure#0}
[INFO] [stdout]   14:     0x6321b1697024 - std[617be2ca0a6fd877]::sys::backtrace::__rust_begin_short_backtrace::<test[aada8e7e76ba119b]::run_test::{closure#1}, ()>
[INFO] [stdout]   15:     0x6321b16a07c2 - <std[617be2ca0a6fd877]::thread::lifecycle::spawn_unchecked<test[aada8e7e76ba119b]::run_test::{closure#1}, ()>::{closure#1} as core[a373ad73a504971]::ops::function::FnOnce<()>>::call_once::{shim:vtable#0}
[INFO] [stdout]   16:     0x6321b1707d2f - <std[617be2ca0a6fd877]::sys::thread::unix::Thread>::new::thread_start
[INFO] [stdout]   17:     0x700797217dfa - <unknown>
[INFO] [stdout]   18:     0x7007972ab3d4 - clone
[INFO] [stdout]   19:                0x0 - <unknown>
[INFO] [stdout] 
[INFO] [stdout] ---- test_version_flag stdout ----
[INFO] [stdout] Binary not found. Please build the project first with: cargo build -p jmap-open-client-cli
[INFO] [stdout] 
[INFO] [stdout] thread 'test_version_flag' (1013) panicked at crates/cli/tests/integration_test.rs:76:7:
[INFO] [stdout] Failed to execute binary: No such file or directory (os error 2)
[INFO] [stdout] stack backtrace:
[INFO] [stdout]    0:     0x6321b17084d1 - <<std[617be2ca0a6fd877]::sys::backtrace::BacktraceLock>::print::DisplayBacktrace as core[a373ad73a504971]::fmt::Display>::fmt
[INFO] [stdout]    1:     0x6321b171c3ca - core[a373ad73a504971]::fmt::write
[INFO] [stdout]    2:     0x6321b170c6ec - <alloc[2e1b2a31b91974c5]::vec::Vec<u8> as core[a373ad73a504971]::io::write::Write>::write_fmt
[INFO] [stdout]    3:     0x6321b16e4836 - std[617be2ca0a6fd877]::panicking::default_hook::{closure#0}
[INFO] [stdout]    4:     0x6321b1700b69 - std[617be2ca0a6fd877]::panicking::default_hook
[INFO] [stdout]    5:     0x6321b169d110 - test[aada8e7e76ba119b]::test_main_inner::{closure#0}
[INFO] [stdout]    6:     0x6321b1700d22 - std[617be2ca0a6fd877]::panicking::panic_with_hook
[INFO] [stdout]    7:     0x6321b16e48e2 - std[617be2ca0a6fd877]::panicking::panic_handler::{closure#0}
[INFO] [stdout]    8:     0x6321b16dd5f9 - std[617be2ca0a6fd877]::sys::backtrace::__rust_end_short_backtrace::<std[617be2ca0a6fd877]::panicking::panic_handler::{closure#0}, !>
[INFO] [stdout]    9:     0x6321b16e54ed - __rustc[ea4f61d10b84890b]::rust_begin_unwind
[INFO] [stdout]   10:     0x6321b171cafc - core[a373ad73a504971]::panicking::panic_fmt
[INFO] [stdout]   11:     0x6321b168ff1f - <integration_test[e930b64a976c4fa9]::test_version_flag::{closure#0} as core[a373ad73a504971]::ops::function::FnOnce<()>>::call_once
[INFO] [stdout]   12:     0x6321b169055b - test[aada8e7e76ba119b]::__rust_begin_short_backtrace::<core[a373ad73a504971]::result::Result<(), alloc[2e1b2a31b91974c5]::string::String>, fn() -> core[a373ad73a504971]::result::Result<(), alloc[2e1b2a31b91974c5]::string::String>>
[INFO] [stdout]   13:     0x6321b169d735 - test[aada8e7e76ba119b]::run_test::{closure#0}
[INFO] [stdout]   14:     0x6321b1697024 - std[617be2ca0a6fd877]::sys::backtrace::__rust_begin_short_backtrace::<test[aada8e7e76ba119b]::run_test::{closure#1}, ()>
[INFO] [stdout]   15:     0x6321b16a07c2 - <std[617be2ca0a6fd877]::thread::lifecycle::spawn_unchecked<test[aada8e7e76ba119b]::run_test::{closure#1}, ()>::{closure#1} as core[a373ad73a504971]::ops::function::FnOnce<()>>::call_once::{shim:vtable#0}
[INFO] [stdout]   16:     0x6321b1707d2f - <std[617be2ca0a6fd877]::sys::thread::unix::Thread>::new::thread_start
[INFO] [stdout]   17:     0x700797217dfa - <unknown>
[INFO] [stdout]   18:     0x7007972ab3d4 - clone
[INFO] [stdout]   19:                0x0 - <unknown>
[INFO] [stdout] 
[INFO] [stdout] ---- test_help_flag stdout ----
[INFO] [stdout] Binary not found. Please build the project first with: cargo build -p jmap-open-client-cli
[INFO] [stdout] 
[INFO] [stdout] thread 'test_help_flag' (1012) panicked at crates/cli/tests/integration_test.rs:47:7:
[INFO] [stdout] Failed to execute binary: No such file or directory (os error 2)
[INFO] [stdout] stack backtrace:
[INFO] [stdout]    0:     0x6321b17084d1 - <<std[617be2ca0a6fd877]::sys::backtrace::BacktraceLock>::print::DisplayBacktrace as core[a373ad73a504971]::fmt::Display>::fmt
[INFO] [stdout]    1:     0x6321b171c3ca - core[a373ad73a504971]::fmt::write
[INFO] [stdout]    2:     0x6321b170c6ec - <alloc[2e1b2a31b91974c5]::vec::Vec<u8> as core[a373ad73a504971]::io::write::Write>::write_fmt
[INFO] [stdout]    3:     0x6321b16e4836 - std[617be2ca0a6fd877]::panicking::default_hook::{closure#0}
[INFO] [stdout]    4:     0x6321b1700b69 - std[617be2ca0a6fd877]::panicking::default_hook
[INFO] [stdout]    5:     0x6321b169d110 - test[aada8e7e76ba119b]::test_main_inner::{closure#0}
[INFO] [stdout]    6:     0x6321b1700d22 - std[617be2ca0a6fd877]::panicking::panic_with_hook
[INFO] [stdout]    7:     0x6321b16e48e2 - std[617be2ca0a6fd877]::panicking::panic_handler::{closure#0}
[INFO] [stdout]    8:     0x6321b16dd5f9 - std[617be2ca0a6fd877]::sys::backtrace::__rust_end_short_backtrace::<std[617be2ca0a6fd877]::panicking::panic_handler::{closure#0}, !>
[INFO] [stdout]    9:     0x6321b16e54ed - __rustc[ea4f61d10b84890b]::rust_begin_unwind
[INFO] [stdout]   10:     0x6321b171cafc - core[a373ad73a504971]::panicking::panic_fmt
[INFO] [stdout]   11:     0x6321b168fc1f - <integration_test[e930b64a976c4fa9]::test_help_flag::{closure#0} as core[a373ad73a504971]::ops::function::FnOnce<()>>::call_once
[INFO] [stdout]   12:     0x6321b169055b - test[aada8e7e76ba119b]::__rust_begin_short_backtrace::<core[a373ad73a504971]::result::Result<(), alloc[2e1b2a31b91974c5]::string::String>, fn() -> core[a373ad73a504971]::result::Result<(), alloc[2e1b2a31b91974c5]::string::String>>
[INFO] [stdout]   13:     0x6321b169d735 - test[aada8e7e76ba119b]::run_test::{closure#0}
[INFO] [stdout]   14:     0x6321b1697024 - std[617be2ca0a6fd877]::sys::backtrace::__rust_begin_short_backtrace::<test[aada8e7e76ba119b]::run_test::{closure#1}, ()>
[INFO] [stdout]   15:     0x6321b16a07c2 - <std[617be2ca0a6fd877]::thread::lifecycle::spawn_unchecked<test[aada8e7e76ba119b]::run_test::{closure#1}, ()>::{closure#1} as core[a373ad73a504971]::ops::function::FnOnce<()>>::call_once::{shim:vtable#0}
[INFO] [stdout]   16:     0x6321b1707d2f - <std[617be2ca0a6fd877]::sys::thread::unix::Thread>::new::thread_start
[INFO] [stdout]   17:     0x700797217dfa - <unknown>
[INFO] [stdout]   18:     0x7007972ab3d4 - clone
[INFO] [stdout]   19:                0x0 - <unknown>
[INFO] [stdout] 
[INFO] [stdout] ---- test_with_name_argument stdout ----
[INFO] [stdout] Binary not found. Please build the project first with: cargo build -p jmap-open-client-cli
[INFO] [stdout] 
[INFO] [stdout] thread 'test_with_name_argument' (1014) panicked at crates/cli/tests/integration_test.rs:127:7:
[INFO] [stdout] Failed to execute binary: No such file or directory (os error 2)
[INFO] [stdout] stack backtrace:
[INFO] [stdout]    0:     0x6321b17084d1 - <<std[617be2ca0a6fd877]::sys::backtrace::BacktraceLock>::print::DisplayBacktrace as core[a373ad73a504971]::fmt::Display>::fmt
[INFO] [stdout]    1:     0x6321b171c3ca - core[a373ad73a504971]::fmt::write
[INFO] [stdout]    2:     0x6321b170c6ec - <alloc[2e1b2a31b91974c5]::vec::Vec<u8> as core[a373ad73a504971]::io::write::Write>::write_fmt
[INFO] [stdout]    3:     0x6321b16e4836 - std[617be2ca0a6fd877]::panicking::default_hook::{closure#0}
[INFO] [stdout]    4:     0x6321b1700b69 - std[617be2ca0a6fd877]::panicking::default_hook
[INFO] [stdout]    5:     0x6321b169d110 - test[aada8e7e76ba119b]::test_main_inner::{closure#0}
[INFO] [stdout]    6:     0x6321b1700d22 - std[617be2ca0a6fd877]::panicking::panic_with_hook
[INFO] [stdout]    7:     0x6321b16e48e2 - std[617be2ca0a6fd877]::panicking::panic_handler::{closure#0}
[INFO] [stdout]    8:     0x6321b16dd5f9 - std[617be2ca0a6fd877]::sys::backtrace::__rust_end_short_backtrace::<std[617be2ca0a6fd877]::panicking::panic_handler::{closure#0}, !>
[INFO] [stdout]    9:     0x6321b16e54ed - __rustc[ea4f61d10b84890b]::rust_begin_unwind
[INFO] [stdout]   10:     0x6321b171cafc - core[a373ad73a504971]::panicking::panic_fmt
[INFO] [stdout]   11:     0x6321b16903c2 - <integration_test[e930b64a976c4fa9]::test_with_name_argument::{closure#0} as core[a373ad73a504971]::ops::function::FnOnce<()>>::call_once
[INFO] [stdout]   12:     0x6321b169055b - test[aada8e7e76ba119b]::__rust_begin_short_backtrace::<core[a373ad73a504971]::result::Result<(), alloc[2e1b2a31b91974c5]::string::String>, fn() -> core[a373ad73a504971]::result::Result<(), alloc[2e1b2a31b91974c5]::string::String>>
[INFO] [stdout]   13:     0x6321b169d735 - test[aada8e7e76ba119b]::run_test::{closure#0}
[INFO] [stdout]   14:     0x6321b1697024 - std[617be2ca0a6fd877]::sys::backtrace::__rust_begin_short_backtrace::<test[aada8e7e76ba119b]::run_test::{closure#1}, ()>
[INFO] [stdout]   15:     0x6321b16a07c2 - <std[617be2ca0a6fd877]::thread::lifecycle::spawn_unchecked<test[aada8e7e76ba119b]::run_test::{closure#1}, ()>::{closure#1} as core[a373ad73a504971]::ops::function::FnOnce<()>>::call_once::{shim:vtable#0}
[INFO] [stdout]   16:     0x6321b1707d2f - <std[617be2ca0a6fd877]::sys::thread::unix::Thread>::new::thread_start
[INFO] [stdout]   17:     0x700797217dfa - <unknown>
[INFO] [stdout]   18:     0x7007972ab3d4 - clone
[INFO] [stdout]   19:                0x0 - <unknown>
[INFO] [stdout] 
[INFO] [stdout] 
[INFO] [stdout] failures:
[INFO] [stdout]     test_basic_execution
[INFO] [stdout]     test_help_flag
[INFO] [stdout]     test_version_flag
[INFO] [stdout]     test_with_name_argument
[INFO] [stdout] 
[INFO] [stdout] test result: FAILED. 0 passed; 4 failed; 0 ignored; 0 measured; 0 filtered out; finished in 0.01s
[INFO] [stdout] 
[INFO] [stderr] error: test failed, to rerun pass `-p jmap-open-client-cli --test integration_test`
[INFO] running `Command { std: "docker" "inspect" "25c3cfd9fb7b1a0d6de35b5b4d3f95ce234137c3cd61acfb0ff32091a8b1426f", kill_on_drop: false }`
[INFO] running `Command { std: "docker" "rm" "-f" "25c3cfd9fb7b1a0d6de35b5b4d3f95ce234137c3cd61acfb0ff32091a8b1426f", kill_on_drop: false }`
[INFO] [stdout] 25c3cfd9fb7b1a0d6de35b5b4d3f95ce234137c3cd61acfb0ff32091a8b1426f
