[INFO] cloning repository https://github.com/LoganBarnett/flake-sync-status
[INFO] running `Command { std: "git" "-c" "credential.helper=" "-c" "credential.helper=/workspace/cargo-home/bin/git-credential-null" "clone" "--bare" "https://github.com/LoganBarnett/flake-sync-status" "/workspace/cache/git-repos/https%3A%2F%2Fgithub.com%2FLoganBarnett%2Fflake-sync-status", kill_on_drop: false }`
[INFO] [stderr] Cloning into bare repository '/workspace/cache/git-repos/https%3A%2F%2Fgithub.com%2FLoganBarnett%2Fflake-sync-status'...
[INFO] running `Command { std: "git" "rev-parse" "HEAD", kill_on_drop: false }`
[INFO] [stdout] f4b031f72c8dc0f7ac63005aa0ff24dad06de571
[INFO] testing LoganBarnett/flake-sync-status against 1.100.0-beta.1+cargoflags=--release for beta-release-1.100-2
[INFO] running `Command { std: "git" "clone" "/workspace/cache/git-repos/https%3A%2F%2Fgithub.com%2FLoganBarnett%2Fflake-sync-status" "/workspace/builds/worker-7-tc2/source", kill_on_drop: false }`
[INFO] [stderr] Cloning into '/workspace/builds/worker-7-tc2/source'...
[INFO] [stderr] done.
[INFO] started tweaking git repo https://github.com/LoganBarnett/flake-sync-status
[INFO] finished tweaking git repo https://github.com/LoganBarnett/flake-sync-status
[INFO] tweaked toml for git repo https://github.com/LoganBarnett/flake-sync-status written to /workspace/builds/worker-7-tc2/source/Cargo.toml
[INFO] validating manifest of git repo https://github.com/LoganBarnett/flake-sync-status on toolchain 1.100.0-beta.1
[INFO] running `Command { std: CARGO_HOME="/workspace/cargo-home" RUSTUP_HOME="/workspace/rustup-home" "/workspace/cargo-home/bin/cargo" "+1.100.0-beta.1" "metadata" "--manifest-path" "Cargo.toml" "--no-deps", kill_on_drop: false }`
[INFO] crate git repo https://github.com/LoganBarnett/flake-sync-status already has a lockfile, it will not be regenerated
[INFO] running `Command { std: CARGO_HOME="/workspace/cargo-home" RUSTUP_HOME="/workspace/rustup-home" "/workspace/cargo-home/bin/cargo" "+1.100.0-beta.1" "fetch" "--manifest-path" "Cargo.toml", kill_on_drop: false }`
[INFO] [stderr] warning: unused workspace dependency `toml`
[INFO] [stderr]   --> Cargo.toml:19:1
[INFO] [stderr]    |
[INFO] [stderr] 19 | toml = "0.8"
[INFO] [stderr]    | ^^^^
[INFO] [stderr]    |
[INFO] [stderr]    = note: `cargo::unused_workspace_dependencies` is set to `warn` by default
[INFO] [stderr] help: consider removing the workspace dependency `toml`
[INFO] [stderr] warning: workspace (manifest) generated 1 warning
[INFO] running `Command { std: "docker" "create" "-v" "/var/lib/crater-agent-workspace/builds/worker-7-tc2/source:/opt/rustwide/workdir:ro,Z" "-v" "/var/lib/crater-agent-workspace/builds/worker-7-tc2/target:/opt/rustwide/target:rw,Z" "-v" "/var/lib/crater-agent-workspace/cargo-home:/opt/rustwide/cargo-home:ro,Z" "-v" "/var/lib/crater-agent-workspace/rustup-home:/opt/rustwide/rustup-home:ro,Z" "-m" "1610612736" "--network" "none" "ghcr.io/rust-lang/crates-build-env/linux@sha256:77db811e55d90add9212f6832c23229e3de5f1c1f9905e8cb07319ea15df73ac" "sleep" "infinity", kill_on_drop: false }`
[INFO] [stdout] 171d513fcaafcab43bfe3246b00f7601ff44619aabd2f7e0edbc1a2878beb231
[INFO] running `Command { std: "docker" "start" "171d513fcaafcab43bfe3246b00f7601ff44619aabd2f7e0edbc1a2878beb231", kill_on_drop: false }`
[INFO] running `Command { std: "docker" "inspect" "171d513fcaafcab43bfe3246b00f7601ff44619aabd2f7e0edbc1a2878beb231", kill_on_drop: false }`
[INFO] running `Command { std: "docker" "exec" "-e" "SOURCE_DIR=/opt/rustwide/workdir" "-e" "CARGO_HOME=/opt/rustwide/cargo-home" "-e" "RUSTUP_HOME=/opt/rustwide/rustup-home" "-e" "CARGO_TARGET_DIR=/opt/rustwide/target" "-w" "/opt/rustwide/workdir" "--user" "0:0" "171d513fcaafcab43bfe3246b00f7601ff44619aabd2f7e0edbc1a2878beb231" "/opt/rustwide/cargo-home/bin/cargo" "+1.100.0-beta.1" "metadata" "--no-deps" "--format-version=1", kill_on_drop: false }`
[INFO] running `Command { std: "docker" "inspect" "171d513fcaafcab43bfe3246b00f7601ff44619aabd2f7e0edbc1a2878beb231", kill_on_drop: false }`
[INFO] running `Command { std: "docker" "exec" "-e" "SOURCE_DIR=/opt/rustwide/workdir" "-e" "CARGO_HOME=/opt/rustwide/cargo-home" "-e" "RUSTUP_HOME=/opt/rustwide/rustup-home" "-e" "CARGO_TARGET_DIR=/opt/rustwide/target" "-e" "CARGO_INCREMENTAL=0" "-e" "RUST_BACKTRACE=full" "-e" "RUSTFLAGS=--cap-lints=warn" "-e" "RUSTDOCFLAGS=--cap-lints=warn" "-w" "/opt/rustwide/workdir" "--user" "0:0" "171d513fcaafcab43bfe3246b00f7601ff44619aabd2f7e0edbc1a2878beb231" "/opt/rustwide/cargo-home/bin/cargo" "+1.100.0-beta.1" "build" "--frozen" "--message-format=json" "--release", kill_on_drop: false }`
[INFO] [stderr] warning: unused workspace dependency `toml`
[INFO] [stderr]   --> Cargo.toml:19:1
[INFO] [stderr]    |
[INFO] [stderr] 19 | toml = "0.8"
[INFO] [stderr]    | ^^^^
[INFO] [stderr]    |
[INFO] [stderr]    = note: `cargo::unused_workspace_dependencies` is set to `warn` by default
[INFO] [stderr] help: consider removing the workspace dependency `toml`
[INFO] [stderr] warning: workspace (manifest) generated 1 warning
[INFO] [stderr]    Compiling proc-macro2 v1.0.106
[INFO] [stderr]    Compiling quote v1.0.44
[INFO] [stderr]    Compiling memchr v2.8.0
[INFO] [stderr]    Compiling minimal-lexical v0.2.1
[INFO] [stderr]    Compiling rand_core v0.6.4
[INFO] [stderr]    Compiling siphasher v1.0.2
[INFO] [stderr]    Compiling tracing-core v0.1.36
[INFO] [stderr]    Compiling arrayvec v0.7.6
[INFO] [stderr]    Compiling fnv v1.0.7
[INFO] [stderr]    Compiling phf_shared v0.11.3
[INFO] [stderr]    Compiling rand v0.8.5
[INFO] [stderr]    Compiling zmij v1.0.19
[INFO] [stderr]    Compiling thiserror v2.0.18
[INFO] [stderr]    Compiling libc v0.2.183
[INFO] [stderr]    Compiling regex-syntax v0.8.9
[INFO] [stderr]    Compiling serde_json v1.0.149
[INFO] [stderr]    Compiling unicode-width v0.2.2
[INFO] [stderr]    Compiling nom v7.1.3
[INFO] [stderr]    Compiling phf_generator v0.11.3
[INFO] [stderr]    Compiling vte v0.14.1
[INFO] [stderr]    Compiling syn v2.0.114
[INFO] [stderr]    Compiling phf_codegen v0.11.3
[INFO] [stderr]    Compiling terminfo v0.9.0
[INFO] [stderr]    Compiling proc-macro-error-attr2 v2.0.0
[INFO] [stderr]    Compiling phf v0.11.3
[INFO] [stderr]    Compiling bytecount v0.6.9
[INFO] [stderr]    Compiling tap v1.0.1
[INFO] [stderr]    Compiling itoa v1.0.17
[INFO] [stderr]    Compiling log v0.4.29
[INFO] [stderr]    Compiling clap_builder v4.5.57
[INFO] [stderr]    Compiling is-terminal v0.4.17
[INFO] [stderr]    Compiling tracing-log v0.2.0
[INFO] [stderr]    Compiling thread_local v1.1.9
[INFO] [stderr]    Compiling nu-ansi-term v0.50.3
[INFO] [stderr]    Compiling regex-automata v0.4.14
[INFO] [stderr]    Compiling ansitok v0.3.0
[INFO] [stderr]    Compiling ansi-str v0.9.0
[INFO] [stderr]    Compiling proc-macro-error2 v2.0.1
[INFO] [stderr]    Compiling matchers v0.2.0
[INFO] [stderr]    Compiling papergrid v0.17.0
[INFO] [stderr]    Compiling testing_table v0.3.0
[INFO] [stderr]    Compiling serde_derive v1.0.228
[INFO] [stderr]    Compiling tracing-attributes v0.1.31
[INFO] [stderr]    Compiling thiserror-impl v2.0.18
[INFO] [stderr]    Compiling tracing v0.1.44
[INFO] [stderr]    Compiling clap_derive v4.5.55
[INFO] [stderr]    Compiling tabled_derive v0.11.0
[INFO] [stderr]    Compiling tabled v0.20.0
[INFO] [stderr]    Compiling clap v4.5.57
[INFO] [stderr]    Compiling serde v1.0.228
[INFO] [stderr]    Compiling tracing-serde v0.2.0
[INFO] [stderr]    Compiling flake-sync-status-lib v0.1.0 (/opt/rustwide/workdir/crates/lib)
[INFO] [stderr]    Compiling hash-color-lib v0.1.0 (https://github.com/LoganBarnett/hash-color?rev=bf539bf#bf539bfa)
[INFO] [stderr]    Compiling tracing-subscriber v0.3.22
[INFO] [stderr]    Compiling flake-sync-status v0.1.0 (/opt/rustwide/workdir/crates/cli)
[INFO] [stderr] warning: unused dependency `tap`
[INFO] [stderr]   --> crates/lib/Cargo.toml:13:1
[INFO] [stderr]    |
[INFO] [stderr] 13 | tap = { workspace = true }
[INFO] [stderr]    | ^^^^^^^^^^^^^^^^^^^^^^^^^^
[INFO] [stderr]    |
[INFO] [stderr]    = note: `cargo::unused_dependencies` is set to `warn` by default
[INFO] [stderr] help: consider removing the dependency on `tap`
[INFO] [stderr] warning: `flake-sync-status-lib` (manifest) generated 1 warning
[INFO] [stderr]     Finished `release` profile [optimized] target(s) in 1m 50s
[INFO] [stderr] warning: the following packages contain code that will be rejected by a future version of Rust: proc-macro-error2 v2.0.1
[INFO] [stderr] note: to see what the problems were, use the option `--future-incompat-report`, or run `cargo report future-incompatibilities --id 1`
[INFO] running `Command { std: "docker" "inspect" "171d513fcaafcab43bfe3246b00f7601ff44619aabd2f7e0edbc1a2878beb231", kill_on_drop: false }`
[INFO] running `Command { std: "docker" "exec" "-e" "SOURCE_DIR=/opt/rustwide/workdir" "-e" "CARGO_HOME=/opt/rustwide/cargo-home" "-e" "RUSTUP_HOME=/opt/rustwide/rustup-home" "-e" "CARGO_TARGET_DIR=/opt/rustwide/target" "-e" "CARGO_INCREMENTAL=0" "-e" "RUST_BACKTRACE=full" "-e" "RUSTFLAGS=--cap-lints=warn" "-e" "RUSTDOCFLAGS=--cap-lints=warn" "-w" "/opt/rustwide/workdir" "--user" "0:0" "171d513fcaafcab43bfe3246b00f7601ff44619aabd2f7e0edbc1a2878beb231" "/opt/rustwide/cargo-home/bin/cargo" "+1.100.0-beta.1" "test" "--frozen" "--no-run" "--message-format=json" "--release", kill_on_drop: false }`
[INFO] [stderr] warning: unused workspace dependency `toml`
[INFO] [stderr]   --> Cargo.toml:19:1
[INFO] [stderr]    |
[INFO] [stderr] 19 | toml = "0.8"
[INFO] [stderr]    | ^^^^
[INFO] [stderr]    |
[INFO] [stderr]    = note: `cargo::unused_workspace_dependencies` is set to `warn` by default
[INFO] [stderr] help: consider removing the workspace dependency `toml`
[INFO] [stderr] warning: workspace (manifest) generated 1 warning
[INFO] [stderr]    Compiling cargo-husky v1.5.0
[INFO] [stderr]    Compiling flake-sync-status v0.1.0 (/opt/rustwide/workdir/crates/cli)
[INFO] [stderr]    Compiling flake-sync-status-lib v0.1.0 (/opt/rustwide/workdir/crates/lib)
[INFO] [stderr] warning: unused dependency `tap`
[INFO] [stderr]   --> crates/lib/Cargo.toml:13:1
[INFO] [stderr]    |
[INFO] [stderr] 13 | tap = { workspace = true }
[INFO] [stderr]    | ^^^^^^^^^^^^^^^^^^^^^^^^^^
[INFO] [stderr]    |
[INFO] [stderr]    = note: `cargo::unused_dependencies` is set to `warn` by default
[INFO] [stderr] help: consider removing the dependency on `tap`
[INFO] [stderr] warning: `flake-sync-status-lib` (manifest) generated 1 warning
[INFO] [stderr]     Finished `release` profile [optimized] target(s) in 4.00s
[INFO] [stderr] warning: the following packages contain code that will be rejected by a future version of Rust: proc-macro-error2 v2.0.1
[INFO] [stderr] note: to see what the problems were, use the option `--future-incompat-report`, or run `cargo report future-incompatibilities --id 1`
[INFO] running `Command { std: "docker" "inspect" "171d513fcaafcab43bfe3246b00f7601ff44619aabd2f7e0edbc1a2878beb231", kill_on_drop: false }`
[INFO] running `Command { std: "docker" "exec" "-e" "SOURCE_DIR=/opt/rustwide/workdir" "-e" "CARGO_HOME=/opt/rustwide/cargo-home" "-e" "RUSTUP_HOME=/opt/rustwide/rustup-home" "-e" "CARGO_TARGET_DIR=/opt/rustwide/target" "-e" "CARGO_INCREMENTAL=0" "-e" "RUST_BACKTRACE=full" "-e" "RUSTFLAGS=--cap-lints=warn" "-e" "RUSTDOCFLAGS=--cap-lints=warn" "-w" "/opt/rustwide/workdir" "--user" "0:0" "171d513fcaafcab43bfe3246b00f7601ff44619aabd2f7e0edbc1a2878beb231" "/opt/rustwide/cargo-home/bin/cargo" "+1.100.0-beta.1" "test" "--frozen" "--release", kill_on_drop: false }`
[INFO] [stderr] warning: unused workspace dependency `toml`
[INFO] [stderr]   --> Cargo.toml:19:1
[INFO] [stderr]    |
[INFO] [stderr] 19 | toml = "0.8"
[INFO] [stderr]    | ^^^^
[INFO] [stderr]    |
[INFO] [stderr]    = note: `cargo::unused_workspace_dependencies` is set to `warn` by default
[INFO] [stderr] help: consider removing the workspace dependency `toml`
[INFO] [stderr] warning: workspace (manifest) generated 1 warning
[INFO] [stderr] warning: unused dependency `tap`
[INFO] [stderr]   --> crates/lib/Cargo.toml:13:1
[INFO] [stderr]    |
[INFO] [stderr] 13 | tap = { workspace = true }
[INFO] [stderr]    | ^^^^^^^^^^^^^^^^^^^^^^^^^^
[INFO] [stderr]    |
[INFO] [stderr]    = note: `cargo::unused_dependencies` is set to `warn` by default
[INFO] [stderr] help: consider removing the dependency on `tap`
[INFO] [stderr] warning: `flake-sync-status-lib` (manifest) generated 1 warning
[INFO] [stderr]     Finished `release` profile [optimized] target(s) in 0.13s
[INFO] [stderr] warning: the following packages contain code that will be rejected by a future version of Rust: proc-macro-error2 v2.0.1
[INFO] [stderr] note: to see what the problems were, use the option `--future-incompat-report`, or run `cargo report future-incompatibilities --id 1`
[INFO] [stderr]      Running unittests src/main.rs (/opt/rustwide/target/release/build/flake-sync-status/9dccb5b1dace91be/out/flake_sync_status-9dccb5b1dace91be)
[INFO] [stdout] 
[INFO] [stdout] running 24 tests
[INFO] [stdout] test color::tests::test_rainbow_differs_per_input ... ok
[INFO] [stdout] test color::tests::test_rainbow_is_deterministic ... ok
[INFO] [stdout] test color::tests::test_rgb_to_xterm256_primaries ... ok
[INFO] [stdout] test color::tests::test_store_hash_abbrev_bare_hash ... ok
[INFO] [stdout] test flake::tests::list_hosts_parses_json_names ... ok
[INFO] [stdout] test flake::tests::list_hosts_returns_empty_on_missing_attr ... ok
[INFO] [stdout] test color::tests::test_platform_segments_distinct ... ok
[INFO] [stdout] test color::tests::test_store_hash_abbrev_full_path ... ok
[INFO] [stdout] test flake::tests::nix_eval_raw_returns_trimmed_output ... ok
[INFO] [stdout] test host::tests::is_localhost_rejects_other_host ... ok
[INFO] [stdout] test host::tests::get_current_system_local_returns_trimmed_path ... ok
[INFO] [stdout] test output::tests::pad_adds_spaces_to_reach_width ... ok
[INFO] [stdout] test host::tests::get_current_system_remote_maps_failure_to_ssh_error ... ok
[INFO] [stdout] test host::tests::get_current_system_remote_returns_trimmed_path ... ok
[INFO] [stdout] test host::tests::is_localhost_matches_both_short_and_fqdn ... ok
[INFO] [stdout] test host::tests::get_current_system_local_maps_failure_to_local_error ... ok
[INFO] [stdout] test host::tests::is_localhost_matches_short_name ... ok
[INFO] [stdout] test output::tests::print_json_round_trips_hostname ... ok
[INFO] [stdout] test output::tests::print_human_shows_offline_indicator ... ok
[INFO] [stdout] test output::tests::pad_does_not_truncate_when_already_wide ... ok
[INFO] [stdout] test output::tests::print_human_verbose_shows_full_path ... ok
[INFO] [stdout] test output::tests::print_human_contains_hostname ... ok
[INFO] [stdout] test output::tests::print_human_summary_counts_are_correct ... ok
[INFO] [stdout] test flake::tests::nix_eval_raw_extracts_last_error_line ... ok
[INFO] [stdout] 
[INFO] [stdout] test result: ok. 24 passed; 0 failed; 0 ignored; 0 measured; 0 filtered out; finished in 0.01s
[INFO] [stdout] 
[INFO] [stderr]      Running tests/integration_test.rs (/opt/rustwide/target/release/build/flake-sync-status/724fd6e5a82e911f/out/integration_test-724fd6e5a82e911f)
[INFO] [stdout] 
[INFO] [stdout] running 5 tests
[INFO] [stdout] test test_help_flag ... FAILED
[INFO] [stdout] test test_json_flag_is_accepted ... FAILED
[INFO] [stdout] test test_log_level_flag_accepted ... FAILED
[INFO] [stdout] test test_no_color_flag_suppresses_ansi ... FAILED
[INFO] [stdout] test test_version_flag ... FAILED
[INFO] [stdout] 
[INFO] [stdout] failures:
[INFO] [stdout] 
[INFO] [stdout] ---- test_help_flag stdout ----
[INFO] [stdout] 
[INFO] [stdout] thread 'test_help_flag' (1275) panicked at crates/cli/tests/integration_test.rs:26:6:
[INFO] [stdout] Failed to execute binary. Build first: cargo build -p flake-sync-status: Os { code: 2, kind: NotFound, message: "No such file or directory" }
[INFO] [stdout] stack backtrace:
[INFO] [stdout]    0:     0x5928cf65d4b1 - <<std[617be2ca0a6fd877]::sys::backtrace::BacktraceLock>::print::DisplayBacktrace as core[a373ad73a504971]::fmt::Display>::fmt
[INFO] [stdout]    1:     0x5928cf6713aa - core[a373ad73a504971]::fmt::write
[INFO] [stdout]    2:     0x5928cf6616cc - <alloc[2e1b2a31b91974c5]::vec::Vec<u8> as core[a373ad73a504971]::io::write::Write>::write_fmt
[INFO] [stdout]    3:     0x5928cf639816 - std[617be2ca0a6fd877]::panicking::default_hook::{closure#0}
[INFO] [stdout]    4:     0x5928cf655b49 - std[617be2ca0a6fd877]::panicking::default_hook
[INFO] [stdout]    5:     0x5928cf5f20f0 - test[aada8e7e76ba119b]::test_main_inner::{closure#0}
[INFO] [stdout]    6:     0x5928cf655d02 - std[617be2ca0a6fd877]::panicking::panic_with_hook
[INFO] [stdout]    7:     0x5928cf6398c2 - std[617be2ca0a6fd877]::panicking::panic_handler::{closure#0}
[INFO] [stdout]    8:     0x5928cf6325d9 - std[617be2ca0a6fd877]::sys::backtrace::__rust_end_short_backtrace::<std[617be2ca0a6fd877]::panicking::panic_handler::{closure#0}, !>
[INFO] [stdout]    9:     0x5928cf63a4cd - __rustc[ea4f61d10b84890b]::rust_begin_unwind
[INFO] [stdout]   10:     0x5928cf671adc - core[a373ad73a504971]::panicking::panic_fmt
[INFO] [stdout]   11:     0x5928cf6718b2 - core[a373ad73a504971]::result::unwrap_failed
[INFO] [stdout]   12:     0x5928cf5e4b07 - <integration_test[36f4a71d56258c8a]::test_help_flag::{closure#0} as core[a373ad73a504971]::ops::function::FnOnce<()>>::call_once
[INFO] [stdout]   13:     0x5928cf5e553b - test[aada8e7e76ba119b]::__rust_begin_short_backtrace::<core[a373ad73a504971]::result::Result<(), alloc[2e1b2a31b91974c5]::string::String>, fn() -> core[a373ad73a504971]::result::Result<(), alloc[2e1b2a31b91974c5]::string::String>>
[INFO] [stdout]   14:     0x5928cf5f2715 - test[aada8e7e76ba119b]::run_test::{closure#0}
[INFO] [stdout]   15:     0x5928cf5ec004 - std[617be2ca0a6fd877]::sys::backtrace::__rust_begin_short_backtrace::<test[aada8e7e76ba119b]::run_test::{closure#1}, ()>
[INFO] [stdout]   16:     0x5928cf5f57a2 - <std[617be2ca0a6fd877]::thread::lifecycle::spawn_unchecked<test[aada8e7e76ba119b]::run_test::{closure#1}, ()>::{closure#1} as core[a373ad73a504971]::ops::function::FnOnce<()>>::call_once::{shim:vtable#0}
[INFO] [stdout]   17:     0x5928cf65cd0f - <std[617be2ca0a6fd877]::sys::thread::unix::Thread>::new::thread_start
[INFO] [stdout]   18:     0x76e286c99dfa - <unknown>
[INFO] [stdout]   19:     0x76e286d2d3d4 - clone
[INFO] [stdout]   20:                0x0 - <unknown>
[INFO] [stdout] 
[INFO] [stdout] ---- test_json_flag_is_accepted stdout ----
[INFO] [stdout] 
[INFO] [stdout] thread 'test_json_flag_is_accepted' (1276) panicked at crates/cli/tests/integration_test.rs:61:6:
[INFO] [stdout] Failed to execute binary. Build first: cargo build -p flake-sync-status: Os { code: 2, kind: NotFound, message: "No such file or directory" }
[INFO] [stdout] stack backtrace:
[INFO] [stdout]    0:     0x5928cf65d4b1 - <<std[617be2ca0a6fd877]::sys::backtrace::BacktraceLock>::print::DisplayBacktrace as core[a373ad73a504971]::fmt::Display>::fmt
[INFO] [stdout]    1:     0x5928cf6713aa - core[a373ad73a504971]::fmt::write
[INFO] [stdout]    2:     0x5928cf6616cc - <alloc[2e1b2a31b91974c5]::vec::Vec<u8> as core[a373ad73a504971]::io::write::Write>::write_fmt
[INFO] [stdout]    3:     0x5928cf639816 - std[617be2ca0a6fd877]::panicking::default_hook::{closure#0}
[INFO] [stdout]    4:     0x5928cf655b49 - std[617be2ca0a6fd877]::panicking::default_hook
[INFO] [stdout]    5:     0x5928cf5f20f0 - test[aada8e7e76ba119b]::test_main_inner::{closure#0}
[INFO] [stdout]    6:     0x5928cf655d02 - std[617be2ca0a6fd877]::panicking::panic_with_hook
[INFO] [stdout]    7:     0x5928cf6398c2 - std[617be2ca0a6fd877]::panicking::panic_handler::{closure#0}
[INFO] [stdout]    8:     0x5928cf6325d9 - std[617be2ca0a6fd877]::sys::backtrace::__rust_end_short_backtrace::<std[617be2ca0a6fd877]::panicking::panic_handler::{closure#0}, !>
[INFO] [stdout]    9:     0x5928cf63a4cd - __rustc[ea4f61d10b84890b]::rust_begin_unwind
[INFO] [stdout]   10:     0x5928cf671adc - core[a373ad73a504971]::panicking::panic_fmt
[INFO] [stdout]   11:     0x5928cf6718b2 - core[a373ad73a504971]::result::unwrap_failed
[INFO] [stdout]   12:     0x5928cf5e4fde - <integration_test[36f4a71d56258c8a]::test_json_flag_is_accepted::{closure#0} as core[a373ad73a504971]::ops::function::FnOnce<()>>::call_once
[INFO] [stdout]   13:     0x5928cf5e553b - test[aada8e7e76ba119b]::__rust_begin_short_backtrace::<core[a373ad73a504971]::result::Result<(), alloc[2e1b2a31b91974c5]::string::String>, fn() -> core[a373ad73a504971]::result::Result<(), alloc[2e1b2a31b91974c5]::string::String>>
[INFO] [stdout]   14:     0x5928cf5f2715 - test[aada8e7e76ba119b]::run_test::{closure#0}
[INFO] [stdout]   15:     0x5928cf5ec004 - std[617be2ca0a6fd877]::sys::backtrace::__rust_begin_short_backtrace::<test[aada8e7e76ba119b]::run_test::{closure#1}, ()>
[INFO] [stdout]   16:     0x5928cf5f57a2 - <std[617be2ca0a6fd877]::thread::lifecycle::spawn_unchecked<test[aada8e7e76ba119b]::run_test::{closure#1}, ()>::{closure#1} as core[a373ad73a504971]::ops::function::FnOnce<()>>::call_once::{shim:vtable#0}
[INFO] [stdout]   17:     0x5928cf65cd0f - <std[617be2ca0a6fd877]::sys::thread::unix::Thread>::new::thread_start
[INFO] [stdout]   18:     0x76e286c99dfa - <unknown>
[INFO] [stdout]   19:     0x76e286d2d3d4 - clone
[INFO] [stdout]   20:                0x0 - <unknown>
[INFO] [stdout] 
[INFO] [stdout] ---- test_log_level_flag_accepted stdout ----
[INFO] [stdout] 
[INFO] [stdout] thread 'test_log_level_flag_accepted' (1277) panicked at crates/cli/tests/integration_test.rs:86:6:
[INFO] [stdout] Failed to execute binary: Os { code: 2, kind: NotFound, message: "No such file or directory" }
[INFO] [stdout] stack backtrace:
[INFO] [stdout]    0:     0x5928cf65d4b1 - <<std[617be2ca0a6fd877]::sys::backtrace::BacktraceLock>::print::DisplayBacktrace as core[a373ad73a504971]::fmt::Display>::fmt
[INFO] [stdout]    1:     0x5928cf6713aa - core[a373ad73a504971]::fmt::write
[INFO] [stdout]    2:     0x5928cf6616cc - <alloc[2e1b2a31b91974c5]::vec::Vec<u8> as core[a373ad73a504971]::io::write::Write>::write_fmt
[INFO] [stdout]    3:     0x5928cf639816 - std[617be2ca0a6fd877]::panicking::default_hook::{closure#0}
[INFO] [stdout]    4:     0x5928cf655b49 - std[617be2ca0a6fd877]::panicking::default_hook
[INFO] [stdout]    5:     0x5928cf5f20f0 - test[aada8e7e76ba119b]::test_main_inner::{closure#0}
[INFO] [stdout]    6:     0x5928cf655d02 - std[617be2ca0a6fd877]::panicking::panic_with_hook
[INFO] [stdout]    7:     0x5928cf6398c2 - std[617be2ca0a6fd877]::panicking::panic_handler::{closure#0}
[INFO] [stdout]    8:     0x5928cf6325d9 - std[617be2ca0a6fd877]::sys::backtrace::__rust_end_short_backtrace::<std[617be2ca0a6fd877]::panicking::panic_handler::{closure#0}, !>
[INFO] [stdout]    9:     0x5928cf63a4cd - __rustc[ea4f61d10b84890b]::rust_begin_unwind
[INFO] [stdout]   10:     0x5928cf671adc - core[a373ad73a504971]::panicking::panic_fmt
[INFO] [stdout]   11:     0x5928cf6718b2 - core[a373ad73a504971]::result::unwrap_failed
[INFO] [stdout]   12:     0x5928cf5e51e8 - <integration_test[36f4a71d56258c8a]::test_log_level_flag_accepted::{closure#0} as core[a373ad73a504971]::ops::function::FnOnce<()>>::call_once
[INFO] [stdout]   13:     0x5928cf5e553b - test[aada8e7e76ba119b]::__rust_begin_short_backtrace::<core[a373ad73a504971]::result::Result<(), alloc[2e1b2a31b91974c5]::string::String>, fn() -> core[a373ad73a504971]::result::Result<(), alloc[2e1b2a31b91974c5]::string::String>>
[INFO] [stdout]   14:     0x5928cf5f2715 - test[aada8e7e76ba119b]::run_test::{closure#0}
[INFO] [stdout]   15:     0x5928cf5ec004 - std[617be2ca0a6fd877]::sys::backtrace::__rust_begin_short_backtrace::<test[aada8e7e76ba119b]::run_test::{closure#1}, ()>
[INFO] [stdout]   16:     0x5928cf5f57a2 - <std[617be2ca0a6fd877]::thread::lifecycle::spawn_unchecked<test[aada8e7e76ba119b]::run_test::{closure#1}, ()>::{closure#1} as core[a373ad73a504971]::ops::function::FnOnce<()>>::call_once::{shim:vtable#0}
[INFO] [stdout]   17:     0x5928cf65cd0f - <std[617be2ca0a6fd877]::sys::thread::unix::Thread>::new::thread_start
[INFO] [stdout]   18:     0x76e286c99dfa - <unknown>
[INFO] [stdout]   19:     0x76e286d2d3d4 - clone
[INFO] [stdout]   20:                0x0 - <unknown>
[INFO] [stdout] 
[INFO] [stdout] ---- test_no_color_flag_suppresses_ansi stdout ----
[INFO] [stdout] 
[INFO] [stdout] thread 'test_no_color_flag_suppresses_ansi' (1278) panicked at crates/cli/tests/integration_test.rs:73:6:
[INFO] [stdout] Failed to execute binary: Os { code: 2, kind: NotFound, message: "No such file or directory" }
[INFO] [stdout] stack backtrace:
[INFO] [stdout]    0:     0x5928cf65d4b1 - <<std[617be2ca0a6fd877]::sys::backtrace::BacktraceLock>::print::DisplayBacktrace as core[a373ad73a504971]::fmt::Display>::fmt
[INFO] [stdout]    1:     0x5928cf6713aa - core[a373ad73a504971]::fmt::write
[INFO] [stdout]    2:     0x5928cf6616cc - <alloc[2e1b2a31b91974c5]::vec::Vec<u8> as core[a373ad73a504971]::io::write::Write>::write_fmt
[INFO] [stdout]    3:     0x5928cf639816 - std[617be2ca0a6fd877]::panicking::default_hook::{closure#0}
[INFO] [stdout]    4:     0x5928cf655b49 - std[617be2ca0a6fd877]::panicking::default_hook
[INFO] [stdout]    5:     0x5928cf5f20f0 - test[aada8e7e76ba119b]::test_main_inner::{closure#0}
[INFO] [stdout]    6:     0x5928cf655d02 - std[617be2ca0a6fd877]::panicking::panic_with_hook
[INFO] [stdout]    7:     0x5928cf6398c2 - std[617be2ca0a6fd877]::panicking::panic_handler::{closure#0}
[INFO] [stdout]    8:     0x5928cf6325d9 - std[617be2ca0a6fd877]::sys::backtrace::__rust_end_short_backtrace::<std[617be2ca0a6fd877]::panicking::panic_handler::{closure#0}, !>
[INFO] [stdout]    9:     0x5928cf63a4cd - __rustc[ea4f61d10b84890b]::rust_begin_unwind
[INFO] [stdout]   10:     0x5928cf671adc - core[a373ad73a504971]::panicking::panic_fmt
[INFO] [stdout]   11:     0x5928cf6718b2 - core[a373ad73a504971]::result::unwrap_failed
[INFO] [stdout]   12:     0x5928cf5e5426 - <integration_test[36f4a71d56258c8a]::test_no_color_flag_suppresses_ansi::{closure#0} as core[a373ad73a504971]::ops::function::FnOnce<()>>::call_once
[INFO] [stdout]   13:     0x5928cf5e553b - test[aada8e7e76ba119b]::__rust_begin_short_backtrace::<core[a373ad73a504971]::result::Result<(), alloc[2e1b2a31b91974c5]::string::String>, fn() -> core[a373ad73a504971]::result::Result<(), alloc[2e1b2a31b91974c5]::string::String>>
[INFO] [stdout]   14:     0x5928cf5f2715 - test[aada8e7e76ba119b]::run_test::{closure#0}
[INFO] [stdout]   15:     0x5928cf5ec004 - std[617be2ca0a6fd877]::sys::backtrace::__rust_begin_short_backtrace::<test[aada8e7e76ba119b]::run_test::{closure#1}, ()>
[INFO] [stdout]   16:     0x5928cf5f57a2 - <std[617be2ca0a6fd877]::thread::lifecycle::spawn_unchecked<test[aada8e7e76ba119b]::run_test::{closure#1}, ()>::{closure#1} as core[a373ad73a504971]::ops::function::FnOnce<()>>::call_once::{shim:vtable#0}
[INFO] [stdout]   17:     0x5928cf65cd0f - <std[617be2ca0a6fd877]::sys::thread::unix::Thread>::new::thread_start
[INFO] [stdout]   18:     0x76e286c99dfa - <unknown>
[INFO] [stdout]   19:     0x76e286d2d3d4 - clone
[INFO] [stdout]   20:                0x0 - <unknown>
[INFO] [stdout] 
[INFO] [stdout] ---- test_version_flag stdout ----
[INFO] [stdout] 
[INFO] [stdout] thread 'test_version_flag' (1279) panicked at crates/cli/tests/integration_test.rs:40:6:
[INFO] [stdout] Failed to execute binary. Build first: cargo build -p flake-sync-status: Os { code: 2, kind: NotFound, message: "No such file or directory" }
[INFO] [stdout] stack backtrace:
[INFO] [stdout]    0:     0x5928cf65d4b1 - <<std[617be2ca0a6fd877]::sys::backtrace::BacktraceLock>::print::DisplayBacktrace as core[a373ad73a504971]::fmt::Display>::fmt
[INFO] [stdout]    1:     0x5928cf6713aa - core[a373ad73a504971]::fmt::write
[INFO] [stdout]    2:     0x5928cf6616cc - <alloc[2e1b2a31b91974c5]::vec::Vec<u8> as core[a373ad73a504971]::io::write::Write>::write_fmt
[INFO] [stdout]    3:     0x5928cf639816 - std[617be2ca0a6fd877]::panicking::default_hook::{closure#0}
[INFO] [stdout]    4:     0x5928cf655b49 - std[617be2ca0a6fd877]::panicking::default_hook
[INFO] [stdout]    5:     0x5928cf5f20f0 - test[aada8e7e76ba119b]::test_main_inner::{closure#0}
[INFO] [stdout]    6:     0x5928cf655d02 - std[617be2ca0a6fd877]::panicking::panic_with_hook
[INFO] [stdout]    7:     0x5928cf6398c2 - std[617be2ca0a6fd877]::panicking::panic_handler::{closure#0}
[INFO] [stdout]    8:     0x5928cf6325d9 - std[617be2ca0a6fd877]::sys::backtrace::__rust_end_short_backtrace::<std[617be2ca0a6fd877]::panicking::panic_handler::{closure#0}, !>
[INFO] [stdout]    9:     0x5928cf63a4cd - __rustc[ea4f61d10b84890b]::rust_begin_unwind
[INFO] [stdout]   10:     0x5928cf671adc - core[a373ad73a504971]::panicking::panic_fmt
[INFO] [stdout]   11:     0x5928cf6718b2 - core[a373ad73a504971]::result::unwrap_failed
[INFO] [stdout]   12:     0x5928cf5e4d97 - <integration_test[36f4a71d56258c8a]::test_version_flag::{closure#0} as core[a373ad73a504971]::ops::function::FnOnce<()>>::call_once
[INFO] [stdout]   13:     0x5928cf5e553b - test[aada8e7e76ba119b]::__rust_begin_short_backtrace::<core[a373ad73a504971]::result::Result<(), alloc[2e1b2a31b91974c5]::string::String>, fn() -> core[a373ad73a504971]::result::Result<(), alloc[2e1b2a31b91974c5]::string::String>>
[INFO] [stdout]   14:     0x5928cf5f2715 - test[aada8e7e76ba119b]::run_test::{closure#0}
[INFO] [stdout]   15:     0x5928cf5ec004 - std[617be2ca0a6fd877]::sys::backtrace::__rust_begin_short_backtrace::<test[aada8e7e76ba119b]::run_test::{closure#1}, ()>
[INFO] [stdout]   16:     0x5928cf5f57a2 - <std[617be2ca0a6fd877]::thread::lifecycle::spawn_unchecked<test[aada8e7e76ba119b]::run_test::{closure#1}, ()>::{closure#1} as core[a373ad73a504971]::ops::function::FnOnce<()>>::call_once::{shim:vtable#0}
[INFO] [stdout]   17:     0x5928cf65cd0f - <std[617be2ca0a6fd877]::sys::thread::unix::Thread>::new::thread_start
[INFO] [stdout]   18:     0x76e286c99dfa - <unknown>
[INFO] [stdout]   19:     0x76e286d2d3d4 - clone
[INFO] [stdout]   20:                0x0 - <unknown>
[INFO] [stdout] 
[INFO] [stdout] 
[INFO] [stdout] failures:
[INFO] [stdout]     test_help_flag
[INFO] [stdout]     test_json_flag_is_accepted
[INFO] [stdout]     test_log_level_flag_accepted
[INFO] [stdout]     test_no_color_flag_suppresses_ansi
[INFO] [stdout]     test_version_flag
[INFO] [stdout] 
[INFO] [stdout] test result: FAILED. 0 passed; 5 failed; 0 ignored; 0 measured; 0 filtered out; finished in 0.00s
[INFO] [stdout] 
[INFO] [stderr] error: test failed, to rerun pass `-p flake-sync-status --test integration_test`
[INFO] running `Command { std: "docker" "inspect" "171d513fcaafcab43bfe3246b00f7601ff44619aabd2f7e0edbc1a2878beb231", kill_on_drop: false }`
[INFO] running `Command { std: "docker" "rm" "-f" "171d513fcaafcab43bfe3246b00f7601ff44619aabd2f7e0edbc1a2878beb231", kill_on_drop: false }`
[INFO] [stdout] 171d513fcaafcab43bfe3246b00f7601ff44619aabd2f7e0edbc1a2878beb231
