[INFO] cloning repository https://github.com/Kycer/grapefruit
[INFO] running `Command { std: "git" "-c" "credential.helper=" "-c" "credential.helper=/workspace/cargo-home/bin/git-credential-null" "clone" "--bare" "https://github.com/Kycer/grapefruit" "/workspace/cache/git-repos/https%3A%2F%2Fgithub.com%2FKycer%2Fgrapefruit", kill_on_drop: false }`
[INFO] [stderr] Cloning into bare repository '/workspace/cache/git-repos/https%3A%2F%2Fgithub.com%2FKycer%2Fgrapefruit'...
[INFO] running `Command { std: "git" "rev-parse" "HEAD", kill_on_drop: false }`
[INFO] [stdout] d7452f6f39e95cf917ac43c8a45aaa7aca907851
[INFO] testing Kycer/grapefruit against 1.99.0-beta.8+cargoflags=--release for beta-release-1.100-2
[INFO] running `Command { std: "git" "clone" "/workspace/cache/git-repos/https%3A%2F%2Fgithub.com%2FKycer%2Fgrapefruit" "/workspace/builds/worker-4-tc1/source", kill_on_drop: false }`
[INFO] [stderr] Cloning into '/workspace/builds/worker-4-tc1/source'...
[INFO] [stderr] done.
[INFO] removed /workspace/builds/worker-4-tc1/source/rust-toolchain.toml
[INFO] started tweaking git repo https://github.com/Kycer/grapefruit
[INFO] finished tweaking git repo https://github.com/Kycer/grapefruit
[INFO] tweaked toml for git repo https://github.com/Kycer/grapefruit written to /workspace/builds/worker-4-tc1/source/Cargo.toml
[INFO] validating manifest of git repo https://github.com/Kycer/grapefruit on toolchain 1.99.0-beta.8
[INFO] running `Command { std: CARGO_HOME="/workspace/cargo-home" RUSTUP_HOME="/workspace/rustup-home" "/workspace/cargo-home/bin/cargo" "+1.99.0-beta.8" "metadata" "--manifest-path" "Cargo.toml" "--no-deps", kill_on_drop: false }`
[INFO] crate git repo https://github.com/Kycer/grapefruit already has a lockfile, it will not be regenerated
[INFO] running `Command { std: CARGO_HOME="/workspace/cargo-home" RUSTUP_HOME="/workspace/rustup-home" "/workspace/cargo-home/bin/cargo" "+1.99.0-beta.8" "fetch" "--manifest-path" "Cargo.toml", kill_on_drop: false }`
[INFO] [stderr]  Downloading crates ...
[INFO] [stderr]   Downloaded serde_derive v1.0.190
[INFO] [stderr]   Downloaded form_urlencoded v1.2.0
[INFO] [stderr]   Downloaded thiserror-impl v1.0.50
[INFO] [stderr]   Downloaded quote v1.0.33
[INFO] [stderr]   Downloaded cpufeatures v0.2.10
[INFO] [stderr]   Downloaded fastrand v2.0.1
[INFO] [stderr]   Downloaded wasm-bindgen-shared v0.2.88
[INFO] [stderr]   Downloaded thiserror v1.0.50
[INFO] [stderr]   Downloaded hermit-abi v0.3.3
[INFO] [stderr]   Downloaded home v0.5.5
[INFO] [stderr]   Downloaded errno v0.3.7
[INFO] [stderr]   Downloaded spki v0.7.2
[INFO] [stderr]   Downloaded sqlx-macros v0.7.2
[INFO] [stderr]   Downloaded lock_api v0.4.11
[INFO] [stderr]   Downloaded sqlformat v0.2.2
[INFO] [stderr]   Downloaded crc v3.0.1
[INFO] [stderr]   Downloaded wasm-bindgen-macro v0.2.88
[INFO] [stderr]   Downloaded crc-catalog v2.2.0
[INFO] [stderr]   Downloaded serde v1.0.190
[INFO] [stderr]   Downloaded proc-macro2 v1.0.69
[INFO] [stderr]   Downloaded zeroize v1.7.0
[INFO] [stderr]   Downloaded uuid v1.6.1
[INFO] [stderr]   Downloaded subtle v2.5.0
[INFO] [stderr]   Downloaded whoami v1.4.1
[INFO] [stderr]   Downloaded iana-time-zone v0.1.58
[INFO] [stderr]   Downloaded sqlx-macros-core v0.7.2
[INFO] [stderr]   Downloaded stringprep v0.1.4
[INFO] [stderr]   Downloaded wasm-bindgen-macro-support v0.2.88
[INFO] [stderr]   Downloaded security-framework-sys v2.9.1
[INFO] [stderr]   Downloaded async-trait v0.1.74
[INFO] [stderr]   Downloaded paste v1.0.14
[INFO] [stderr]   Downloaded schannel v0.1.22
[INFO] [stderr]   Downloaded parking_lot_core v0.9.9
[INFO] [stderr]   Downloaded ahash v0.8.6
[INFO] [stderr]   Downloaded smallvec v1.11.1
[INFO] [stderr]   Downloaded wasm-bindgen-backend v0.2.88
[INFO] [stderr]   Downloaded const-oid v0.9.5
[INFO] [stderr]   Downloaded bitflags v2.4.1
[INFO] [stderr]   Downloaded base64 v0.21.5
[INFO] [stderr]   Downloaded log v0.4.20
[INFO] [stderr]   Downloaded tempfile v3.8.1
[INFO] [stderr]   Downloaded memchr v2.6.4
[INFO] [stderr]   Downloaded sqlx-sqlite v0.7.2
[INFO] [stderr]   Downloaded num-traits v0.2.17
[INFO] [stderr]   Downloaded windows-core v0.51.1
[INFO] [stderr]   Downloaded bigdecimal v0.4.2
[INFO] [stderr]   Downloaded security-framework v2.9.2
[INFO] [stderr]   Downloaded openssl-sys v0.9.96
[INFO] [stderr]   Downloaded url v2.4.1
[INFO] [stderr]   Downloaded indexmap v2.1.0
[INFO] [stderr]   Downloaded sqlx-mysql v0.7.2
[INFO] [stderr]   Downloaded socket2 v0.5.5
[INFO] [stderr]   Downloaded sqlx-core v0.7.2
[INFO] [stderr]   Downloaded cc v1.0.83
[INFO] [stderr]   Downloaded der v0.7.8
[INFO] [stderr]   Downloaded bumpalo v3.14.0
[INFO] [stderr]   Downloaded rsa v0.9.3
[INFO] [stderr]   Downloaded js-sys v0.3.65
[INFO] [stderr]   Downloaded sqlx-postgres v0.7.2
[INFO] [stderr]   Downloaded mio v0.8.9
[INFO] [stderr]   Downloaded num-bigint v0.4.4
[INFO] [stderr]   Downloaded zerocopy v0.7.15
[INFO] [stderr]   Downloaded sqlx v0.7.2
[INFO] [stderr]   Downloaded hashbrown v0.14.2
[INFO] [stderr]   Downloaded serde_json v1.0.108
[INFO] [stderr]   Downloaded wasm-bindgen v0.2.88
[INFO] [stderr]   Downloaded syn v2.0.38
[INFO] [stderr]   Downloaded chrono v0.4.31
[INFO] [stderr]   Downloaded gimli v0.28.0
[INFO] [stderr]   Downloaded openssl v0.10.60
[INFO] [stderr]   Downloaded object v0.32.1
[INFO] [stderr]   Downloaded idna v0.4.0
[INFO] [stderr]   Downloaded rustix v0.38.21
[INFO] [stderr]   Downloaded zerocopy-derive v0.7.15
[INFO] [stderr]   Downloaded finl_unicode v1.2.0
[INFO] [stderr]   Downloaded libc v0.2.149
[INFO] [stderr]   Downloaded tokio v1.34.0
[INFO] [stderr]   Downloaded linux-raw-sys v0.4.11
[INFO] [stderr]   Downloaded libsqlite3-sys v0.26.0
[INFO] running `Command { std: "docker" "create" "-v" "/var/lib/crater-agent-workspace/builds/worker-4-tc1/source:/opt/rustwide/workdir:ro,Z" "-v" "/var/lib/crater-agent-workspace/builds/worker-4-tc1/target:/opt/rustwide/target:rw,Z" "-v" "/var/lib/crater-agent-workspace/cargo-home:/opt/rustwide/cargo-home:ro,Z" "-v" "/var/lib/crater-agent-workspace/rustup-home:/opt/rustwide/rustup-home:ro,Z" "-m" "1610612736" "--network" "none" "ghcr.io/rust-lang/crates-build-env/linux@sha256:77db811e55d90add9212f6832c23229e3de5f1c1f9905e8cb07319ea15df73ac" "sleep" "infinity", kill_on_drop: false }`
[INFO] [stdout] 83567f3317fc2f7bd192fe204f1b8b55c8c8051eb0cec5c14ebaf43c878231bc
[INFO] running `Command { std: "docker" "start" "83567f3317fc2f7bd192fe204f1b8b55c8c8051eb0cec5c14ebaf43c878231bc", kill_on_drop: false }`
[INFO] running `Command { std: "docker" "inspect" "83567f3317fc2f7bd192fe204f1b8b55c8c8051eb0cec5c14ebaf43c878231bc", kill_on_drop: false }`
[INFO] running `Command { std: "docker" "exec" "-e" "SOURCE_DIR=/opt/rustwide/workdir" "-e" "CARGO_HOME=/opt/rustwide/cargo-home" "-e" "RUSTUP_HOME=/opt/rustwide/rustup-home" "-e" "CARGO_TARGET_DIR=/opt/rustwide/target" "-w" "/opt/rustwide/workdir" "--user" "0:0" "83567f3317fc2f7bd192fe204f1b8b55c8c8051eb0cec5c14ebaf43c878231bc" "/opt/rustwide/cargo-home/bin/cargo" "+1.99.0-beta.8" "metadata" "--no-deps" "--format-version=1", kill_on_drop: false }`
[INFO] running `Command { std: "docker" "inspect" "83567f3317fc2f7bd192fe204f1b8b55c8c8051eb0cec5c14ebaf43c878231bc", kill_on_drop: false }`
[INFO] running `Command { std: "docker" "exec" "-e" "SOURCE_DIR=/opt/rustwide/workdir" "-e" "CARGO_HOME=/opt/rustwide/cargo-home" "-e" "RUSTUP_HOME=/opt/rustwide/rustup-home" "-e" "CARGO_TARGET_DIR=/opt/rustwide/target" "-e" "CARGO_INCREMENTAL=0" "-e" "RUST_BACKTRACE=full" "-e" "RUSTFLAGS=--cap-lints=warn" "-e" "RUSTDOCFLAGS=--cap-lints=warn" "-w" "/opt/rustwide/workdir" "--user" "0:0" "83567f3317fc2f7bd192fe204f1b8b55c8c8051eb0cec5c14ebaf43c878231bc" "/opt/rustwide/cargo-home/bin/cargo" "+1.99.0-beta.8" "build" "--frozen" "--message-format=json" "--release", kill_on_drop: false }`
[INFO] [stderr]    Compiling proc-macro2 v1.0.69
[INFO] [stderr]    Compiling unicode-ident v1.0.12
[INFO] [stderr]    Compiling libc v0.2.149
[INFO] [stderr]    Compiling serde v1.0.190
[INFO] [stderr]    Compiling once_cell v1.19.0
[INFO] [stderr]    Compiling pkg-config v0.3.27
[INFO] [stderr]    Compiling parking_lot_core v0.9.9
[INFO] [stderr]    Compiling subtle v2.5.0
[INFO] [stderr]    Compiling generic-array v0.14.7
[INFO] [stderr]    Compiling num-traits v0.2.17
[INFO] [stderr]    Compiling lock_api v0.4.11
[INFO] [stderr]    Compiling num-integer v0.1.45
[INFO] [stderr]    Compiling ahash v0.8.6
[INFO] [stderr]    Compiling smallvec v1.11.1
[INFO] [stderr]    Compiling num-bigint v0.4.4
[INFO] [stderr]    Compiling pin-project-lite v0.2.13
[INFO] [stderr]    Compiling zerocopy v0.7.15
[INFO] [stderr]    Compiling slab v0.4.9
[INFO] [stderr]    Compiling memchr v2.6.4
[INFO] [stderr]    Compiling crossbeam-utils v0.8.16
[INFO] [stderr]    Compiling openssl v0.10.60
[INFO] [stderr]    Compiling allocator-api2 v0.2.16
[INFO] [stderr]    Compiling crossbeam-queue v0.3.8
[INFO] [stderr]    Compiling bitflags v2.4.1
[INFO] [stderr]    Compiling futures-sink v0.3.28
[INFO] [stderr]    Compiling bytes v1.5.0
[INFO] [stderr]    Compiling log v0.4.20
[INFO] [stderr]    Compiling cpufeatures v0.2.10
[INFO] [stderr]    Compiling futures-channel v0.3.28
[INFO] [stderr]    Compiling percent-encoding v2.3.0
[INFO] [stderr]    Compiling paste v1.0.14
[INFO] [stderr]    Compiling serde_json v1.0.108
[INFO] [stderr]    Compiling futures-util v0.3.28
[INFO] [stderr]    Compiling thiserror v1.0.50
[INFO] [stderr]    Compiling form_urlencoded v1.2.0
[INFO] [stderr]    Compiling tracing-core v0.1.32
[INFO] [stderr]    Compiling idna v0.4.0
[INFO] [stderr]    Compiling iana-time-zone v0.1.58
[INFO] [stderr]    Compiling cc v1.0.83
[INFO] [stderr]    Compiling syn v1.0.109
[INFO] [stderr]    Compiling ppv-lite86 v0.2.17
[INFO] [stderr]    Compiling quote v1.0.33
[INFO] [stderr]    Compiling crc-catalog v2.2.0
[INFO] [stderr]    Compiling ryu v1.0.15
[INFO] [stderr]    Compiling getrandom v0.2.10
[INFO] [stderr]    Compiling num_cpus v1.16.0
[INFO] [stderr]    Compiling syn v2.0.38
[INFO] [stderr]    Compiling signal-hook-registry v1.4.1
[INFO] [stderr]    Compiling block-buffer v0.10.4
[INFO] [stderr]    Compiling crypto-common v0.1.6
[INFO] [stderr]    Compiling parking_lot v0.12.1
[INFO] [stderr]    Compiling mio v0.8.9
[INFO] [stderr]    Compiling socket2 v0.5.5
[INFO] [stderr]    Compiling rand_core v0.6.4
[INFO] [stderr]    Compiling nom v7.1.3
[INFO] [stderr]    Compiling digest v0.10.7
[INFO] [stderr]    Compiling itoa v1.0.9
[INFO] [stderr]    Compiling hashbrown v0.14.2
[INFO] [stderr]    Compiling hmac v0.12.1
[INFO] [stderr]    Compiling sha2 v0.10.8
[INFO] [stderr]    Compiling rand_chacha v0.3.1
[INFO] [stderr]    Compiling futures-intrusive v0.5.0
[INFO] [stderr]    Compiling openssl-sys v0.9.96
[INFO] [stderr]    Compiling atoi v2.0.0
[INFO] [stderr]    Compiling url v2.4.1
[INFO] [stderr]    Compiling crc v3.0.1
[INFO] [stderr]    Compiling native-tls v0.2.11
[INFO] [stderr]    Compiling finl_unicode v1.2.0
[INFO] [stderr]    Compiling libm v0.2.8
[INFO] [stderr]    Compiling proc-macro-error-attr v1.0.4
[INFO] [stderr]    Compiling indexmap v2.1.0
[INFO] [stderr]    Compiling hashlink v0.8.4
[INFO] [stderr]    Compiling rand v0.8.5
[INFO] [stderr]    Compiling hkdf v0.12.3
[INFO] [stderr]    Compiling sha1 v0.10.6
[INFO] [stderr]    Compiling md-5 v0.10.6
[INFO] [stderr]    Compiling bigdecimal v0.4.2
[INFO] [stderr]    Compiling stringprep v0.1.4
[INFO] [stderr]    Compiling async-trait v0.1.74
[INFO] [stderr]    Compiling whoami v1.4.1
[INFO] [stderr]    Compiling home v0.5.5
[INFO] [stderr]    Compiling base64 v0.21.5
[INFO] [stderr]    Compiling proc-macro-error v1.0.4
[INFO] [stderr]    Compiling bigdecimal v0.3.1
[INFO] [stderr]    Compiling serde_derive v1.0.190
[INFO] [stderr]    Compiling openssl-macros v0.1.1
[INFO] [stderr]    Compiling tokio-macros v2.2.0
[INFO] [stderr]    Compiling thiserror-impl v1.0.50
[INFO] [stderr]    Compiling tracing-attributes v0.1.27
[INFO] [stderr]    Compiling grapefruit-macros v0.1.0 (/opt/rustwide/workdir/grapefruit-macros)
[INFO] [stdout] warning: fields `field` and `table_id` are never read
[INFO] [stdout]   --> grapefruit-macros/src/common.rs:78:9
[INFO] [stdout]    |
[INFO] [stdout] 77 | pub struct ColumnInformation {
[INFO] [stdout]    |            ----------------- fields in this struct
[INFO] [stdout] 78 |     pub field: syn::Field,
[INFO] [stdout]    |         ^^^^^
[INFO] [stdout] ...
[INFO] [stdout] 83 |     pub table_id: Option<TableId>,
[INFO] [stdout]    |         ^^^^^^^^
[INFO] [stdout]    |
[INFO] [stdout]    = note: `ColumnInformation` has a derived impl for the trait `Debug`, but this is intentionally ignored during dead code analysis
[INFO] [stdout]    = note: `#[warn(dead_code)]` (part of `#[warn(unused)]`) on by default
[INFO] [stdout] 
[INFO] [stdout] 
[INFO] [stderr]    Compiling tokio v1.34.0
[INFO] [stderr]    Compiling tracing v0.1.40
[INFO] [stderr]    Compiling either v1.9.0
[INFO] [stderr]    Compiling chrono v0.4.31
[INFO] [stderr]    Compiling uuid v1.6.1
[INFO] [stderr]    Compiling tokio-stream v0.1.14
[INFO] [stderr]    Compiling itertools v0.11.0
[INFO] [stderr]    Compiling sqlformat v0.2.2
[INFO] [stderr]    Compiling sqlx-core v0.7.2
[INFO] [stderr]    Compiling sqlx-postgres v0.7.2
[INFO] [stderr]    Compiling sqlx v0.7.2
[INFO] [stderr]    Compiling grapefruit v0.1.0 (/opt/rustwide/workdir)
[INFO] [stdout] warning: eliding a lifetime that's named elsewhere is confusing
[INFO] [stdout]   --> src/repository.rs:97:39
[INFO] [stdout]    |
[INFO] [stdout] 97 |     async fn get_grapefruit(&self) -> &crate::Grapefruit {
[INFO] [stdout]    |                             -         ^^^^^^^^^^^^^^^^^^ the same lifetime is elided here
[INFO] [stdout]    |                             |
[INFO] [stdout]    |                             the lifetime is named here
[INFO] [stdout]    |
[INFO] [stdout]    = help: the same lifetime is referred to in inconsistent ways, making the signature confusing
[INFO] [stdout]    = note: `#[warn(mismatched_lifetime_syntaxes)]` on by default
[INFO] [stdout] help: consistently use `'life0`
[INFO] [stdout]    |
[INFO] [stdout] 97 |     async fn get_grapefruit(&self) -> &'life0 crate::Grapefruit {
[INFO] [stdout]    |                                        ++++++
[INFO] [stdout] 
[INFO] [stdout] 
[INFO] [stderr]     Finished `release` profile [optimized] target(s) in 1m 24s
[INFO] [stderr] warning: the following packages contain code that will be rejected by a future version of Rust: sqlx-postgres v0.7.2
[INFO] [stderr] note: to see what the problems were, use the option `--future-incompat-report`, or run `cargo report future-incompatibilities --id 3`
[INFO] running `Command { std: "docker" "inspect" "83567f3317fc2f7bd192fe204f1b8b55c8c8051eb0cec5c14ebaf43c878231bc", kill_on_drop: false }`
[INFO] running `Command { std: "docker" "exec" "-e" "SOURCE_DIR=/opt/rustwide/workdir" "-e" "CARGO_HOME=/opt/rustwide/cargo-home" "-e" "RUSTUP_HOME=/opt/rustwide/rustup-home" "-e" "CARGO_TARGET_DIR=/opt/rustwide/target" "-e" "CARGO_INCREMENTAL=0" "-e" "RUST_BACKTRACE=full" "-e" "RUSTFLAGS=--cap-lints=warn" "-e" "RUSTDOCFLAGS=--cap-lints=warn" "-w" "/opt/rustwide/workdir" "--user" "0:0" "83567f3317fc2f7bd192fe204f1b8b55c8c8051eb0cec5c14ebaf43c878231bc" "/opt/rustwide/cargo-home/bin/cargo" "+1.99.0-beta.8" "test" "--frozen" "--no-run" "--message-format=json" "--release", kill_on_drop: false }`
[INFO] [stdout] warning: fields `field` and `table_id` are never read
[INFO] [stdout]   --> grapefruit-macros/src/common.rs:78:9
[INFO] [stdout]    |
[INFO] [stdout] 77 | pub struct ColumnInformation {
[INFO] [stdout]    |            ----------------- fields in this struct
[INFO] [stdout] 78 |     pub field: syn::Field,
[INFO] [stdout]    |         ^^^^^
[INFO] [stdout] ...
[INFO] [stdout] 83 |     pub table_id: Option<TableId>,
[INFO] [stdout]    |         ^^^^^^^^
[INFO] [stdout]    |
[INFO] [stdout]    = note: `ColumnInformation` has a derived impl for the trait `Debug`, but this is intentionally ignored during dead code analysis
[INFO] [stdout]    = note: `#[warn(dead_code)]` (part of `#[warn(unused)]`) on by default
[INFO] [stdout] 
[INFO] [stdout] 
[INFO] [stdout] warning: eliding a lifetime that's named elsewhere is confusing
[INFO] [stdout]   --> src/repository.rs:97:39
[INFO] [stdout]    |
[INFO] [stdout] 97 |     async fn get_grapefruit(&self) -> &crate::Grapefruit {
[INFO] [stdout]    |                             -         ^^^^^^^^^^^^^^^^^^ the same lifetime is elided here
[INFO] [stdout]    |                             |
[INFO] [stdout]    |                             the lifetime is named here
[INFO] [stdout]    |
[INFO] [stdout]    = help: the same lifetime is referred to in inconsistent ways, making the signature confusing
[INFO] [stdout]    = note: `#[warn(mismatched_lifetime_syntaxes)]` on by default
[INFO] [stdout] help: consistently use `'life0`
[INFO] [stdout]    |
[INFO] [stdout] 97 |     async fn get_grapefruit(&self) -> &'life0 crate::Grapefruit {
[INFO] [stdout]    |                                        ++++++
[INFO] [stdout] 
[INFO] [stdout] 
[INFO] [stderr]    Compiling grapefruit v0.1.0 (/opt/rustwide/workdir)
[INFO] [stdout] warning: eliding a lifetime that's named elsewhere is confusing
[INFO] [stdout]   --> src/repository.rs:97:39
[INFO] [stdout]    |
[INFO] [stdout] 97 |     async fn get_grapefruit(&self) -> &crate::Grapefruit {
[INFO] [stdout]    |                             -         ^^^^^^^^^^^^^^^^^^ the same lifetime is elided here
[INFO] [stdout]    |                             |
[INFO] [stdout]    |                             the lifetime is named here
[INFO] [stdout]    |
[INFO] [stdout]    = help: the same lifetime is referred to in inconsistent ways, making the signature confusing
[INFO] [stdout]    = note: `#[warn(mismatched_lifetime_syntaxes)]` on by default
[INFO] [stdout] help: consistently use `'life0`
[INFO] [stdout]    |
[INFO] [stdout] 97 |     async fn get_grapefruit(&self) -> &'life0 crate::Grapefruit {
[INFO] [stdout]    |                                        ++++++
[INFO] [stdout] 
[INFO] [stdout] 
[INFO] [stderr]     Finished `release` profile [optimized] target(s) in 8.30s
[INFO] [stderr] warning: the following packages contain code that will be rejected by a future version of Rust: sqlx-postgres v0.7.2
[INFO] [stderr] note: to see what the problems were, use the option `--future-incompat-report`, or run `cargo report future-incompatibilities --id 3`
[INFO] running `Command { std: "docker" "inspect" "83567f3317fc2f7bd192fe204f1b8b55c8c8051eb0cec5c14ebaf43c878231bc", kill_on_drop: false }`
[INFO] running `Command { std: "docker" "exec" "-e" "SOURCE_DIR=/opt/rustwide/workdir" "-e" "CARGO_HOME=/opt/rustwide/cargo-home" "-e" "RUSTUP_HOME=/opt/rustwide/rustup-home" "-e" "CARGO_TARGET_DIR=/opt/rustwide/target" "-e" "CARGO_INCREMENTAL=0" "-e" "RUST_BACKTRACE=full" "-e" "RUSTFLAGS=--cap-lints=warn" "-e" "RUSTDOCFLAGS=--cap-lints=warn" "-w" "/opt/rustwide/workdir" "--user" "0:0" "83567f3317fc2f7bd192fe204f1b8b55c8c8051eb0cec5c14ebaf43c878231bc" "/opt/rustwide/cargo-home/bin/cargo" "+1.99.0-beta.8" "test" "--frozen" "--release", kill_on_drop: false }`
[INFO] [stderr] warning: fields `field` and `table_id` are never read
[INFO] [stderr]   --> grapefruit-macros/src/common.rs:78:9
[INFO] [stderr]    |
[INFO] [stderr] 77 | pub struct ColumnInformation {
[INFO] [stderr]    |            ----------------- fields in this struct
[INFO] [stderr] 78 |     pub field: syn::Field,
[INFO] [stderr]    |         ^^^^^
[INFO] [stderr] ...
[INFO] [stderr] 83 |     pub table_id: Option<TableId>,
[INFO] [stderr]    |         ^^^^^^^^
[INFO] [stderr]    |
[INFO] [stderr]    = note: `ColumnInformation` has a derived impl for the trait `Debug`, but this is intentionally ignored during dead code analysis
[INFO] [stderr]    = note: `#[warn(dead_code)]` (part of `#[warn(unused)]`) on by default
[INFO] [stderr] 
[INFO] [stderr] warning: `grapefruit-macros` (lib) generated 1 warning
[INFO] [stderr] warning: eliding a lifetime that's named elsewhere is confusing
[INFO] [stderr]   --> src/repository.rs:97:39
[INFO] [stderr]    |
[INFO] [stderr] 97 |     async fn get_grapefruit(&self) -> &crate::Grapefruit {
[INFO] [stderr]    |                             -         ^^^^^^^^^^^^^^^^^^ the same lifetime is elided here
[INFO] [stderr]    |                             |
[INFO] [stderr]    |                             the lifetime is named here
[INFO] [stderr]    |
[INFO] [stderr]    = help: the same lifetime is referred to in inconsistent ways, making the signature confusing
[INFO] [stderr]    = note: `#[warn(mismatched_lifetime_syntaxes)]` on by default
[INFO] [stderr] help: consistently use `'life0`
[INFO] [stderr]    |
[INFO] [stderr] 97 |     async fn get_grapefruit(&self) -> &'life0 crate::Grapefruit {
[INFO] [stderr]    |                                        ++++++
[INFO] [stderr] 
[INFO] [stderr] warning: `grapefruit` (lib) generated 1 warning (run `cargo fix --lib -p grapefruit` to apply 1 suggestion)
[INFO] [stderr] warning: `grapefruit` (lib test) generated 1 warning (1 duplicate)
[INFO] [stderr]     Finished `release` profile [optimized] target(s) in 0.16s
[INFO] [stderr] warning: the following packages contain code that will be rejected by a future version of Rust: sqlx-postgres v0.7.2
[INFO] [stderr] note: to see what the problems were, use the option `--future-incompat-report`, or run `cargo report future-incompatibilities --id 3`
[INFO] [stderr]      Running unittests src/lib.rs (/opt/rustwide/target/release/deps/grapefruit-8a109177db6aef46)
[INFO] [stdout] 
[INFO] [stderr]      Running tests/test.rs (/opt/rustwide/target/release/deps/test-000ddd3c53e75318)
[INFO] [stdout] running 0 tests
[INFO] [stdout] 
[INFO] [stdout] test result: ok. 0 passed; 0 failed; 0 ignored; 0 measured; 0 filtered out; finished in 0.00s
[INFO] [stdout] 
[INFO] [stdout] 
[INFO] [stdout] running 11 tests
[INFO] [stdout] test test::aaa::test_wrapper ... ok
[INFO] [stdout] test test::aaa::test ... ok
[INFO] [stdout] test test::aaa::test_select ... FAILED
[INFO] [stdout] test test::aaa::test_select_wrapper ... FAILED
[INFO] [stdout] test test::aaa::test_select_page ... FAILED
[INFO] [stdout] test test::aaa::test_update_by_id ... FAILED
[INFO] [stdout] test test::aaa::test_delete_by_ids ... FAILED
[INFO] [stdout] test test::aaa::test_count_all ... FAILED
[INFO] [stdout] test test::aaa::test_insert ... FAILED
[INFO] [stdout] test test::aaa::test_insert_batch ... FAILED
[INFO] [stdout] test test::aaa::test_delete_by_id ... FAILED
[INFO] [stdout] 
[INFO] [stdout] failures:
[INFO] [stdout] 
[INFO] [stdout] ---- test::aaa::test_select stdout ----
[INFO] [stdout] 
[INFO] [stdout] thread 'test::aaa::test_select' (2442) panicked at src/pool.rs:223:22:
[INFO] [stdout] Connect to postgres failed.: PoolTimedOut
[INFO] [stdout] stack backtrace:
[INFO] [stdout]    0:     0x57f490b98041 - <<std[70759c8f55707aa4]::sys::backtrace::BacktraceLock>::print::DisplayBacktrace as core[df12db4294e9bfd3]::fmt::Display>::fmt
[INFO] [stdout]    1:     0x57f490bb032a - core[df12db4294e9bfd3]::fmt::write
[INFO] [stdout]    2:     0x57f490b9ca1c - <alloc[2182bb758b4b3781]::vec::Vec<u8> as core[df12db4294e9bfd3]::io::write::Write>::write_fmt
[INFO] [stdout]    3:     0x57f490b73126 - std[70759c8f55707aa4]::panicking::default_hook::{closure#0}
[INFO] [stdout]    4:     0x57f490b8fc59 - std[70759c8f55707aa4]::panicking::default_hook
[INFO] [stdout]    5:     0x57f490a27050 - test[9d35eded1c95d3be]::test_main_inner::<test[9d35eded1c95d3be]::test_main_static::{closure#0}>::{closure#0}
[INFO] [stdout]    6:     0x57f490b8ff82 - std[70759c8f55707aa4]::panicking::panic_with_hook
[INFO] [stdout]    7:     0x57f490b731d2 - std[70759c8f55707aa4]::panicking::panic_handler::{closure#0}
[INFO] [stdout]    8:     0x57f490b6baa9 - std[70759c8f55707aa4]::sys::backtrace::__rust_end_short_backtrace::<std[70759c8f55707aa4]::panicking::panic_handler::{closure#0}, !>
[INFO] [stdout]    9:     0x57f490b7405d - __rustc[8fa7c3cbc660c2b3]::rust_begin_unwind
[INFO] [stdout]   10:     0x57f490bb0a8c - core[df12db4294e9bfd3]::panicking::panic_fmt
[INFO] [stdout]   11:     0x57f490bb0862 - core[df12db4294e9bfd3]::result::unwrap_failed
[INFO] [stdout]   12:     0x57f4909c9e9a - <grapefruit[756ccdfcc137a75b]::grapefruit::Grapefruit>::init::{closure#0}
[INFO] [stdout]   13:     0x57f4909cbfa7 - test[4ce2bb7da3c8ffe6]::test::aaa::test_select::{closure#0}
[INFO] [stdout]   14:     0x57f490a0e843 - <tokio[26e66f46449d5f9]::runtime::scheduler::current_thread::Context>::enter::<core[df12db4294e9bfd3]::task::poll::Poll<()>, <tokio[26e66f46449d5f9]::runtime::scheduler::current_thread::CoreGuard>::block_on<core[df12db4294e9bfd3]::pin::Pin<&mut core[df12db4294e9bfd3]::pin::Pin<&mut dyn core[df12db4294e9bfd3]::future::future::Future<Output = ()>>>>::{closure#0}::{closure#0}>
[INFO] [stdout]   15:     0x57f4909e8182 - <tokio[26e66f46449d5f9]::runtime::context::scoped::Scoped<tokio[26e66f46449d5f9]::runtime::scheduler::Context>>::set::<<tokio[26e66f46449d5f9]::runtime::scheduler::current_thread::CoreGuard>::enter<<tokio[26e66f46449d5f9]::runtime::scheduler::current_thread::CoreGuard>::block_on<core[df12db4294e9bfd3]::pin::Pin<&mut core[df12db4294e9bfd3]::pin::Pin<&mut dyn core[df12db4294e9bfd3]::future::future::Future<Output = ()>>>>::{closure#0}, core[df12db4294e9bfd3]::option::Option<()>>::{closure#0}, (alloc[2182bb758b4b3781]::boxed::Box<tokio[26e66f46449d5f9]::runtime::scheduler::current_thread::Core>, core[df12db4294e9bfd3]::option::Option<()>)>
[INFO] [stdout]   16:     0x57f490a0e167 - <tokio[26e66f46449d5f9]::runtime::runtime::Runtime>::block_on::<core[df12db4294e9bfd3]::pin::Pin<&mut dyn core[df12db4294e9bfd3]::future::future::Future<Output = ()>>>
[INFO] [stdout]   17:     0x57f4909cf38a - test[4ce2bb7da3c8ffe6]::test::aaa::test_select
[INFO] [stdout]   18:     0x57f4909fe3a9 - <test[4ce2bb7da3c8ffe6]::test::aaa::test_select::{closure#0} as core[df12db4294e9bfd3]::ops::function::FnOnce<()>>::call_once
[INFO] [stdout]   19:     0x57f490a1a33b - test[9d35eded1c95d3be]::__rust_begin_short_backtrace::<core[df12db4294e9bfd3]::result::Result<(), alloc[2182bb758b4b3781]::string::String>, fn() -> core[df12db4294e9bfd3]::result::Result<(), alloc[2182bb758b4b3781]::string::String>>
[INFO] [stdout]   20:     0x57f490a279a5 - test[9d35eded1c95d3be]::run_test::{closure#0}
[INFO] [stdout]   21:     0x57f490a21264 - std[70759c8f55707aa4]::sys::backtrace::__rust_begin_short_backtrace::<test[9d35eded1c95d3be]::run_test::{closure#1}, ()>
[INFO] [stdout]   22:     0x57f490a2ab02 - <std[70759c8f55707aa4]::thread::lifecycle::spawn_unchecked<test[9d35eded1c95d3be]::run_test::{closure#1}, ()>::{closure#1} as core[df12db4294e9bfd3]::ops::function::FnOnce<()>>::call_once::{shim:vtable#0}
[INFO] [stdout]   23:     0x57f490b97249 - <std[70759c8f55707aa4]::sys::thread::unix::Thread>::new::thread_start
[INFO] [stdout]   24:     0x78743fd88dfa - <unknown>
[INFO] [stdout]   25:     0x78743fe1c3d4 - clone
[INFO] [stdout]   26:                0x0 - <unknown>
[INFO] [stdout] 
[INFO] [stdout] ---- test::aaa::test_select_wrapper stdout ----
[INFO] [stdout] 
[INFO] [stdout] thread 'test::aaa::test_select_wrapper' (2444) panicked at src/pool.rs:223:22:
[INFO] [stdout] Connect to postgres failed.: PoolTimedOut
[INFO] [stdout] stack backtrace:
[INFO] [stderr] error: test failed, to rerun pass `--test test`
[INFO] [stdout]    0:     0x57f490b98041 - <<std[70759c8f55707aa4]::sys::backtrace::BacktraceLock>::print::DisplayBacktrace as core[df12db4294e9bfd3]::fmt::Display>::fmt
[INFO] [stdout]    1:     0x57f490bb032a - core[df12db4294e9bfd3]::fmt::write
[INFO] [stdout]    2:     0x57f490b9ca1c - <alloc[2182bb758b4b3781]::vec::Vec<u8> as core[df12db4294e9bfd3]::io::write::Write>::write_fmt
[INFO] [stdout]    3:     0x57f490b73126 - std[70759c8f55707aa4]::panicking::default_hook::{closure#0}
[INFO] [stdout]    4:     0x57f490b8fc59 - std[70759c8f55707aa4]::panicking::default_hook
[INFO] [stdout]    5:     0x57f490a27050 - test[9d35eded1c95d3be]::test_main_inner::<test[9d35eded1c95d3be]::test_main_static::{closure#0}>::{closure#0}
[INFO] [stdout]    6:     0x57f490b8ff82 - std[70759c8f55707aa4]::panicking::panic_with_hook
[INFO] [stdout]    7:     0x57f490b731d2 - std[70759c8f55707aa4]::panicking::panic_handler::{closure#0}
[INFO] [stdout]    8:     0x57f490b6baa9 - std[70759c8f55707aa4]::sys::backtrace::__rust_end_short_backtrace::<std[70759c8f55707aa4]::panicking::panic_handler::{closure#0}, !>
[INFO] [stdout]    9:     0x57f490b7405d - __rustc[8fa7c3cbc660c2b3]::rust_begin_unwind
[INFO] [stdout]   10:     0x57f490bb0a8c - core[df12db4294e9bfd3]::panicking::panic_fmt
[INFO] [stdout]   11:     0x57f490bb0862 - core[df12db4294e9bfd3]::result::unwrap_failed
[INFO] [stdout]   12:     0x57f4909c9e9a - <grapefruit[756ccdfcc137a75b]::grapefruit::Grapefruit>::init::{closure#0}
[INFO] [stdout]   13:     0x57f4909cea7f - test[4ce2bb7da3c8ffe6]::test::aaa::test_select_wrapper::{closure#0}
[INFO] [stdout]   14:     0x57f490a0e843 - <tokio[26e66f46449d5f9]::runtime::scheduler::current_thread::Context>::enter::<core[df12db4294e9bfd3]::task::poll::Poll<()>, <tokio[26e66f46449d5f9]::runtime::scheduler::current_thread::CoreGuard>::block_on<core[df12db4294e9bfd3]::pin::Pin<&mut core[df12db4294e9bfd3]::pin::Pin<&mut dyn core[df12db4294e9bfd3]::future::future::Future<Output = ()>>>>::{closure#0}::{closure#0}>
[INFO] [stdout]   15:     0x57f4909e8182 - <tokio[26e66f46449d5f9]::runtime::context::scoped::Scoped<tokio[26e66f46449d5f9]::runtime::scheduler::Context>>::set::<<tokio[26e66f46449d5f9]::runtime::scheduler::current_thread::CoreGuard>::enter<<tokio[26e66f46449d5f9]::runtime::scheduler::current_thread::CoreGuard>::block_on<core[df12db4294e9bfd3]::pin::Pin<&mut core[df12db4294e9bfd3]::pin::Pin<&mut dyn core[df12db4294e9bfd3]::future::future::Future<Output = ()>>>>::{closure#0}, core[df12db4294e9bfd3]::option::Option<()>>::{closure#0}, (alloc[2182bb758b4b3781]::boxed::Box<tokio[26e66f46449d5f9]::runtime::scheduler::current_thread::Core>, core[df12db4294e9bfd3]::option::Option<()>)>
[INFO] [stdout]   16:     0x57f490a0e167 - <tokio[26e66f46449d5f9]::runtime::runtime::Runtime>::block_on::<core[df12db4294e9bfd3]::pin::Pin<&mut dyn core[df12db4294e9bfd3]::future::future::Future<Output = ()>>>
[INFO] [stdout]   17:     0x57f4909cfe5a - test[4ce2bb7da3c8ffe6]::test::aaa::test_select_wrapper
[INFO] [stdout]   18:     0x57f4909fe4a9 - <test[4ce2bb7da3c8ffe6]::test::aaa::test_select_wrapper::{closure#0} as core[df12db4294e9bfd3]::ops::function::FnOnce<()>>::call_once
[INFO] [stdout]   19:     0x57f490a1a33b - test[9d35eded1c95d3be]::__rust_begin_short_backtrace::<core[df12db4294e9bfd3]::result::Result<(), alloc[2182bb758b4b3781]::string::String>, fn() -> core[df12db4294e9bfd3]::result::Result<(), alloc[2182bb758b4b3781]::string::String>>
[INFO] [stdout]   20:     0x57f490a279a5 - test[9d35eded1c95d3be]::run_test::{closure#0}
[INFO] [stdout]   21:     0x57f490a21264 - std[70759c8f55707aa4]::sys::backtrace::__rust_begin_short_backtrace::<test[9d35eded1c95d3be]::run_test::{closure#1}, ()>
[INFO] [stdout]   22:     0x57f490a2ab02 - <std[70759c8f55707aa4]::thread::lifecycle::spawn_unchecked<test[9d35eded1c95d3be]::run_test::{closure#1}, ()>::{closure#1} as core[df12db4294e9bfd3]::ops::function::FnOnce<()>>::call_once::{shim:vtable#0}
[INFO] [stdout]   23:     0x57f490b97249 - <std[70759c8f55707aa4]::sys::thread::unix::Thread>::new::thread_start
[INFO] [stdout]   24:     0x78743fd88dfa - <unknown>
[INFO] [stdout]   25:     0x78743fe1c3d4 - clone
[INFO] [stdout]   26:                0x0 - <unknown>
[INFO] [stdout] 
[INFO] [stdout] ---- test::aaa::test_select_page stdout ----
[INFO] [stdout] 
[INFO] [stdout] thread 'test::aaa::test_select_page' (2443) panicked at src/pool.rs:223:22:
[INFO] [stdout] Connect to postgres failed.: PoolTimedOut
[INFO] [stdout] stack backtrace:
[INFO] [stdout]    0:     0x57f490b98041 - <<std[70759c8f55707aa4]::sys::backtrace::BacktraceLock>::print::DisplayBacktrace as core[df12db4294e9bfd3]::fmt::Display>::fmt
[INFO] [stdout]    1:     0x57f490bb032a - core[df12db4294e9bfd3]::fmt::write
[INFO] [stdout]    2:     0x57f490b9ca1c - <alloc[2182bb758b4b3781]::vec::Vec<u8> as core[df12db4294e9bfd3]::io::write::Write>::write_fmt
[INFO] [stdout]    3:     0x57f490b73126 - std[70759c8f55707aa4]::panicking::default_hook::{closure#0}
[INFO] [stdout]    4:     0x57f490b8fc59 - std[70759c8f55707aa4]::panicking::default_hook
[INFO] [stdout]    5:     0x57f490a27050 - test[9d35eded1c95d3be]::test_main_inner::<test[9d35eded1c95d3be]::test_main_static::{closure#0}>::{closure#0}
[INFO] [stdout]    6:     0x57f490b8ff82 - std[70759c8f55707aa4]::panicking::panic_with_hook
[INFO] [stdout]    7:     0x57f490b731d2 - std[70759c8f55707aa4]::panicking::panic_handler::{closure#0}
[INFO] [stdout]    8:     0x57f490b6baa9 - std[70759c8f55707aa4]::sys::backtrace::__rust_end_short_backtrace::<std[70759c8f55707aa4]::panicking::panic_handler::{closure#0}, !>
[INFO] [stdout]    9:     0x57f490b7405d - __rustc[8fa7c3cbc660c2b3]::rust_begin_unwind
[INFO] [stdout]   10:     0x57f490bb0a8c - core[df12db4294e9bfd3]::panicking::panic_fmt
[INFO] [stdout]   11:     0x57f490bb0862 - core[df12db4294e9bfd3]::result::unwrap_failed
[INFO] [stdout]   12:     0x57f4909c9e9a - <grapefruit[756ccdfcc137a75b]::grapefruit::Grapefruit>::init::{closure#0}
[INFO] [stdout]   13:     0x57f4909ccf4b - test[4ce2bb7da3c8ffe6]::test::aaa::test_select_page::{closure#0}
[INFO] [stdout]   14:     0x57f490a0e843 - <tokio[26e66f46449d5f9]::runtime::scheduler::current_thread::Context>::enter::<core[df12db4294e9bfd3]::task::poll::Poll<()>, <tokio[26e66f46449d5f9]::runtime::scheduler::current_thread::CoreGuard>::block_on<core[df12db4294e9bfd3]::pin::Pin<&mut core[df12db4294e9bfd3]::pin::Pin<&mut dyn core[df12db4294e9bfd3]::future::future::Future<Output = ()>>>>::{closure#0}::{closure#0}>
[INFO] [stdout]   15:     0x57f4909e8182 - <tokio[26e66f46449d5f9]::runtime::context::scoped::Scoped<tokio[26e66f46449d5f9]::runtime::scheduler::Context>>::set::<<tokio[26e66f46449d5f9]::runtime::scheduler::current_thread::CoreGuard>::enter<<tokio[26e66f46449d5f9]::runtime::scheduler::current_thread::CoreGuard>::block_on<core[df12db4294e9bfd3]::pin::Pin<&mut core[df12db4294e9bfd3]::pin::Pin<&mut dyn core[df12db4294e9bfd3]::future::future::Future<Output = ()>>>>::{closure#0}, core[df12db4294e9bfd3]::option::Option<()>>::{closure#0}, (alloc[2182bb758b4b3781]::boxed::Box<tokio[26e66f46449d5f9]::runtime::scheduler::current_thread::Core>, core[df12db4294e9bfd3]::option::Option<()>)>
[INFO] [stdout]   16:     0x57f490a0e167 - <tokio[26e66f46449d5f9]::runtime::runtime::Runtime>::block_on::<core[df12db4294e9bfd3]::pin::Pin<&mut dyn core[df12db4294e9bfd3]::future::future::Future<Output = ()>>>
[INFO] [stdout]   17:     0x57f4909cf77a - test[4ce2bb7da3c8ffe6]::test::aaa::test_select_page
[INFO] [stdout]   18:     0x57f4909fe409 - <test[4ce2bb7da3c8ffe6]::test::aaa::test_select_page::{closure#0} as core[df12db4294e9bfd3]::ops::function::FnOnce<()>>::call_once
[INFO] [stdout]   19:     0x57f490a1a33b - test[9d35eded1c95d3be]::__rust_begin_short_backtrace::<core[df12db4294e9bfd3]::result::Result<(), alloc[2182bb758b4b3781]::string::String>, fn() -> core[df12db4294e9bfd3]::result::Result<(), alloc[2182bb758b4b3781]::string::String>>
[INFO] [stdout]   20:     0x57f490a279a5 - test[9d35eded1c95d3be]::run_test::{closure#0}
[INFO] [stdout]   21:     0x57f490a21264 - std[70759c8f55707aa4]::sys::backtrace::__rust_begin_short_backtrace::<test[9d35eded1c95d3be]::run_test::{closure#1}, ()>
[INFO] [stdout]   22:     0x57f490a2ab02 - <std[70759c8f55707aa4]::thread::lifecycle::spawn_unchecked<test[9d35eded1c95d3be]::run_test::{closure#1}, ()>::{closure#1} as core[df12db4294e9bfd3]::ops::function::FnOnce<()>>::call_once::{shim:vtable#0}
[INFO] [stdout]   23:     0x57f490b97249 - <std[70759c8f55707aa4]::sys::thread::unix::Thread>::new::thread_start
[INFO] [stdout]   24:     0x78743fd88dfa - <unknown>
[INFO] [stdout]   25:     0x78743fe1c3d4 - clone
[INFO] [stdout]   26:                0x0 - <unknown>
[INFO] [stdout] 
[INFO] [stdout] ---- test::aaa::test_update_by_id stdout ----
[INFO] [stdout] 
[INFO] [stdout] thread 'test::aaa::test_update_by_id' (2445) panicked at src/pool.rs:223:22:
[INFO] [stdout] Connect to postgres failed.: PoolTimedOut
[INFO] [stdout] stack backtrace:
[INFO] [stdout]    0:     0x57f490b98041 - <<std[70759c8f55707aa4]::sys::backtrace::BacktraceLock>::print::DisplayBacktrace as core[df12db4294e9bfd3]::fmt::Display>::fmt
[INFO] [stdout]    1:     0x57f490bb032a - core[df12db4294e9bfd3]::fmt::write
[INFO] [stdout]    2:     0x57f490b9ca1c - <alloc[2182bb758b4b3781]::vec::Vec<u8> as core[df12db4294e9bfd3]::io::write::Write>::write_fmt
[INFO] [stdout]    3:     0x57f490b73126 - std[70759c8f55707aa4]::panicking::default_hook::{closure#0}
[INFO] [stdout]    4:     0x57f490b8fc59 - std[70759c8f55707aa4]::panicking::default_hook
[INFO] [stdout]    5:     0x57f490a27050 - test[9d35eded1c95d3be]::test_main_inner::<test[9d35eded1c95d3be]::test_main_static::{closure#0}>::{closure#0}
[INFO] [stdout]    6:     0x57f490b8ff82 - std[70759c8f55707aa4]::panicking::panic_with_hook
[INFO] [stdout]    7:     0x57f490b731d2 - std[70759c8f55707aa4]::panicking::panic_handler::{closure#0}
[INFO] [stdout]    8:     0x57f490b6baa9 - std[70759c8f55707aa4]::sys::backtrace::__rust_end_short_backtrace::<std[70759c8f55707aa4]::panicking::panic_handler::{closure#0}, !>
[INFO] [stdout]    9:     0x57f490b7405d - __rustc[8fa7c3cbc660c2b3]::rust_begin_unwind
[INFO] [stdout]   10:     0x57f490bb0a8c - core[df12db4294e9bfd3]::panicking::panic_fmt
[INFO] [stdout]   11:     0x57f490bb0862 - core[df12db4294e9bfd3]::result::unwrap_failed
[INFO] [stdout]   12:     0x57f4909c9e9a - <grapefruit[756ccdfcc137a75b]::grapefruit::Grapefruit>::init::{closure#0}
[INFO] [stdout]   13:     0x57f4909ce056 - test[4ce2bb7da3c8ffe6]::test::aaa::test_update_by_id::{closure#0}
[INFO] [stdout]   14:     0x57f490a0e843 - <tokio[26e66f46449d5f9]::runtime::scheduler::current_thread::Context>::enter::<core[df12db4294e9bfd3]::task::poll::Poll<()>, <tokio[26e66f46449d5f9]::runtime::scheduler::current_thread::CoreGuard>::block_on<core[df12db4294e9bfd3]::pin::Pin<&mut core[df12db4294e9bfd3]::pin::Pin<&mut dyn core[df12db4294e9bfd3]::future::future::Future<Output = ()>>>>::{closure#0}::{closure#0}>
[INFO] [stdout]   15:     0x57f4909e8182 - <tokio[26e66f46449d5f9]::runtime::context::scoped::Scoped<tokio[26e66f46449d5f9]::runtime::scheduler::Context>>::set::<<tokio[26e66f46449d5f9]::runtime::scheduler::current_thread::CoreGuard>::enter<<tokio[26e66f46449d5f9]::runtime::scheduler::current_thread::CoreGuard>::block_on<core[df12db4294e9bfd3]::pin::Pin<&mut core[df12db4294e9bfd3]::pin::Pin<&mut dyn core[df12db4294e9bfd3]::future::future::Future<Output = ()>>>>::{closure#0}, core[df12db4294e9bfd3]::option::Option<()>>::{closure#0}, (alloc[2182bb758b4b3781]::boxed::Box<tokio[26e66f46449d5f9]::runtime::scheduler::current_thread::Core>, core[df12db4294e9bfd3]::option::Option<()>)>
[INFO] [stdout]   16:     0x57f490a0e167 - <tokio[26e66f46449d5f9]::runtime::runtime::Runtime>::block_on::<core[df12db4294e9bfd3]::pin::Pin<&mut dyn core[df12db4294e9bfd3]::future::future::Future<Output = ()>>>
[INFO] [stdout]   17:     0x57f4909cfb9a - test[4ce2bb7da3c8ffe6]::test::aaa::test_update_by_id
[INFO] [stdout]   18:     0x57f4909fe469 - <test[4ce2bb7da3c8ffe6]::test::aaa::test_update_by_id::{closure#0} as core[df12db4294e9bfd3]::ops::function::FnOnce<()>>::call_once
[INFO] [stdout]   19:     0x57f490a1a33b - test[9d35eded1c95d3be]::__rust_begin_short_backtrace::<core[df12db4294e9bfd3]::result::Result<(), alloc[2182bb758b4b3781]::string::String>, fn() -> core[df12db4294e9bfd3]::result::Result<(), alloc[2182bb758b4b3781]::string::String>>
[INFO] [stdout]   20:     0x57f490a279a5 - test[9d35eded1c95d3be]::run_test::{closure#0}
[INFO] [stdout]   21:     0x57f490a21264 - std[70759c8f55707aa4]::sys::backtrace::__rust_begin_short_backtrace::<test[9d35eded1c95d3be]::run_test::{closure#1}, ()>
[INFO] [stdout]   22:     0x57f490a2ab02 - <std[70759c8f55707aa4]::thread::lifecycle::spawn_unchecked<test[9d35eded1c95d3be]::run_test::{closure#1}, ()>::{closure#1} as core[df12db4294e9bfd3]::ops::function::FnOnce<()>>::call_once::{shim:vtable#0}
[INFO] [stdout]   23:     0x57f490b97249 - <std[70759c8f55707aa4]::sys::thread::unix::Thread>::new::thread_start
[INFO] [stdout]   24:     0x78743fd88dfa - <unknown>
[INFO] [stdout]   25:     0x78743fe1c3d4 - clone
[INFO] [stdout]   26:                0x0 - <unknown>
[INFO] [stdout] 
[INFO] [stdout] ---- test::aaa::test_delete_by_ids stdout ----
[INFO] [stdout] 
[INFO] [stdout] thread 'test::aaa::test_delete_by_ids' (2439) panicked at src/pool.rs:223:22:
[INFO] [stdout] Connect to postgres failed.: PoolTimedOut
[INFO] [stdout] stack backtrace:
[INFO] [stdout]    0:     0x57f490b98041 - <<std[70759c8f55707aa4]::sys::backtrace::BacktraceLock>::print::DisplayBacktrace as core[df12db4294e9bfd3]::fmt::Display>::fmt
[INFO] [stdout]    1:     0x57f490bb032a - core[df12db4294e9bfd3]::fmt::write
[INFO] [stdout]    2:     0x57f490b9ca1c - <alloc[2182bb758b4b3781]::vec::Vec<u8> as core[df12db4294e9bfd3]::io::write::Write>::write_fmt
[INFO] [stdout]    3:     0x57f490b73126 - std[70759c8f55707aa4]::panicking::default_hook::{closure#0}
[INFO] [stdout]    4:     0x57f490b8fc59 - std[70759c8f55707aa4]::panicking::default_hook
[INFO] [stdout]    5:     0x57f490a27050 - test[9d35eded1c95d3be]::test_main_inner::<test[9d35eded1c95d3be]::test_main_static::{closure#0}>::{closure#0}
[INFO] [stdout]    6:     0x57f490b8ff82 - std[70759c8f55707aa4]::panicking::panic_with_hook
[INFO] [stdout]    7:     0x57f490b731d2 - std[70759c8f55707aa4]::panicking::panic_handler::{closure#0}
[INFO] [stdout]    8:     0x57f490b6baa9 - std[70759c8f55707aa4]::sys::backtrace::__rust_end_short_backtrace::<std[70759c8f55707aa4]::panicking::panic_handler::{closure#0}, !>
[INFO] [stdout]    9:     0x57f490b7405d - __rustc[8fa7c3cbc660c2b3]::rust_begin_unwind
[INFO] [stdout]   10:     0x57f490bb0a8c - core[df12db4294e9bfd3]::panicking::panic_fmt
[INFO] [stdout]   11:     0x57f490bb0862 - core[df12db4294e9bfd3]::result::unwrap_failed
[INFO] [stdout]   12:     0x57f4909c9e9a - <grapefruit[756ccdfcc137a75b]::grapefruit::Grapefruit>::init::{closure#0}
[INFO] [stdout]   13:     0x57f4909ce640 - test[4ce2bb7da3c8ffe6]::test::aaa::test_delete_by_ids::{closure#0}
[INFO] [stdout]   14:     0x57f490a0e843 - <tokio[26e66f46449d5f9]::runtime::scheduler::current_thread::Context>::enter::<core[df12db4294e9bfd3]::task::poll::Poll<()>, <tokio[26e66f46449d5f9]::runtime::scheduler::current_thread::CoreGuard>::block_on<core[df12db4294e9bfd3]::pin::Pin<&mut core[df12db4294e9bfd3]::pin::Pin<&mut dyn core[df12db4294e9bfd3]::future::future::Future<Output = ()>>>>::{closure#0}::{closure#0}>
[INFO] [stdout]   15:     0x57f4909e8182 - <tokio[26e66f46449d5f9]::runtime::context::scoped::Scoped<tokio[26e66f46449d5f9]::runtime::scheduler::Context>>::set::<<tokio[26e66f46449d5f9]::runtime::scheduler::current_thread::CoreGuard>::enter<<tokio[26e66f46449d5f9]::runtime::scheduler::current_thread::CoreGuard>::block_on<core[df12db4294e9bfd3]::pin::Pin<&mut core[df12db4294e9bfd3]::pin::Pin<&mut dyn core[df12db4294e9bfd3]::future::future::Future<Output = ()>>>>::{closure#0}, core[df12db4294e9bfd3]::option::Option<()>>::{closure#0}, (alloc[2182bb758b4b3781]::boxed::Box<tokio[26e66f46449d5f9]::runtime::scheduler::current_thread::Core>, core[df12db4294e9bfd3]::option::Option<()>)>
[INFO] [stdout]   16:     0x57f490a0e167 - <tokio[26e66f46449d5f9]::runtime::runtime::Runtime>::block_on::<core[df12db4294e9bfd3]::pin::Pin<&mut dyn core[df12db4294e9bfd3]::future::future::Future<Output = ()>>>
[INFO] [stdout]   17:     0x57f4909cfcfa - test[4ce2bb7da3c8ffe6]::test::aaa::test_delete_by_ids
[INFO] [stdout]   18:     0x57f4909fe489 - <test[4ce2bb7da3c8ffe6]::test::aaa::test_delete_by_ids::{closure#0} as core[df12db4294e9bfd3]::ops::function::FnOnce<()>>::call_once
[INFO] [stdout]   19:     0x57f490a1a33b - test[9d35eded1c95d3be]::__rust_begin_short_backtrace::<core[df12db4294e9bfd3]::result::Result<(), alloc[2182bb758b4b3781]::string::String>, fn() -> core[df12db4294e9bfd3]::result::Result<(), alloc[2182bb758b4b3781]::string::String>>
[INFO] [stdout]   20:     0x57f490a279a5 - test[9d35eded1c95d3be]::run_test::{closure#0}
[INFO] [stdout]   21:     0x57f490a21264 - std[70759c8f55707aa4]::sys::backtrace::__rust_begin_short_backtrace::<test[9d35eded1c95d3be]::run_test::{closure#1}, ()>
[INFO] [stdout]   22:     0x57f490a2ab02 - <std[70759c8f55707aa4]::thread::lifecycle::spawn_unchecked<test[9d35eded1c95d3be]::run_test::{closure#1}, ()>::{closure#1} as core[df12db4294e9bfd3]::ops::function::FnOnce<()>>::call_once::{shim:vtable#0}
[INFO] [stdout]   23:     0x57f490b97249 - <std[70759c8f55707aa4]::sys::thread::unix::Thread>::new::thread_start
[INFO] [stdout]   24:     0x78743fd88dfa - <unknown>
[INFO] [stdout]   25:     0x78743fe1c3d4 - clone
[INFO] [stdout]   26:                0x0 - <unknown>
[INFO] [stdout] 
[INFO] [stdout] ---- test::aaa::test_count_all stdout ----
[INFO] [stdout] 
[INFO] [stdout] thread 'test::aaa::test_count_all' (2437) panicked at src/pool.rs:223:22:
[INFO] [stdout] Connect to postgres failed.: PoolTimedOut
[INFO] [stdout] stack backtrace:
[INFO] [stdout]    0:     0x57f490b98041 - <<std[70759c8f55707aa4]::sys::backtrace::BacktraceLock>::print::DisplayBacktrace as core[df12db4294e9bfd3]::fmt::Display>::fmt
[INFO] [stdout]    1:     0x57f490bb032a - core[df12db4294e9bfd3]::fmt::write
[INFO] [stdout]    2:     0x57f490b9ca1c - <alloc[2182bb758b4b3781]::vec::Vec<u8> as core[df12db4294e9bfd3]::io::write::Write>::write_fmt
[INFO] [stdout]    3:     0x57f490b73126 - std[70759c8f55707aa4]::panicking::default_hook::{closure#0}
[INFO] [stdout]    4:     0x57f490b8fc59 - std[70759c8f55707aa4]::panicking::default_hook
[INFO] [stdout]    5:     0x57f490a27050 - test[9d35eded1c95d3be]::test_main_inner::<test[9d35eded1c95d3be]::test_main_static::{closure#0}>::{closure#0}
[INFO] [stdout]    6:     0x57f490b8ff82 - std[70759c8f55707aa4]::panicking::panic_with_hook
[INFO] [stdout]    7:     0x57f490b731d2 - std[70759c8f55707aa4]::panicking::panic_handler::{closure#0}
[INFO] [stdout]    8:     0x57f490b6baa9 - std[70759c8f55707aa4]::sys::backtrace::__rust_end_short_backtrace::<std[70759c8f55707aa4]::panicking::panic_handler::{closure#0}, !>
[INFO] [stdout]    9:     0x57f490b7405d - __rustc[8fa7c3cbc660c2b3]::rust_begin_unwind
[INFO] [stdout]   10:     0x57f490bb0a8c - core[df12db4294e9bfd3]::panicking::panic_fmt
[INFO] [stdout]   11:     0x57f490bb0862 - core[df12db4294e9bfd3]::result::unwrap_failed
[INFO] [stdout]   12:     0x57f4909c9e9a - <grapefruit[756ccdfcc137a75b]::grapefruit::Grapefruit>::init::{closure#0}
[INFO] [stdout]   13:     0x57f4909ccbd1 - test[4ce2bb7da3c8ffe6]::test::aaa::test_count_all::{closure#0}
[INFO] [stdout]   14:     0x57f490a0e843 - <tokio[26e66f46449d5f9]::runtime::scheduler::current_thread::Context>::enter::<core[df12db4294e9bfd3]::task::poll::Poll<()>, <tokio[26e66f46449d5f9]::runtime::scheduler::current_thread::CoreGuard>::block_on<core[df12db4294e9bfd3]::pin::Pin<&mut core[df12db4294e9bfd3]::pin::Pin<&mut dyn core[df12db4294e9bfd3]::future::future::Future<Output = ()>>>>::{closure#0}::{closure#0}>
[INFO] [stdout]   15:     0x57f4909e8182 - <tokio[26e66f46449d5f9]::runtime::context::scoped::Scoped<tokio[26e66f46449d5f9]::runtime::scheduler::Context>>::set::<<tokio[26e66f46449d5f9]::runtime::scheduler::current_thread::CoreGuard>::enter<<tokio[26e66f46449d5f9]::runtime::scheduler::current_thread::CoreGuard>::block_on<core[df12db4294e9bfd3]::pin::Pin<&mut core[df12db4294e9bfd3]::pin::Pin<&mut dyn core[df12db4294e9bfd3]::future::future::Future<Output = ()>>>>::{closure#0}, core[df12db4294e9bfd3]::option::Option<()>>::{closure#0}, (alloc[2182bb758b4b3781]::boxed::Box<tokio[26e66f46449d5f9]::runtime::scheduler::current_thread::Core>, core[df12db4294e9bfd3]::option::Option<()>)>
[INFO] [stdout]   16:     0x57f490a0e167 - <tokio[26e66f46449d5f9]::runtime::runtime::Runtime>::block_on::<core[df12db4294e9bfd3]::pin::Pin<&mut dyn core[df12db4294e9bfd3]::future::future::Future<Output = ()>>>
[INFO] [stdout]   17:     0x57f4909cf61a - test[4ce2bb7da3c8ffe6]::test::aaa::test_count_all
[INFO] [stdout]   18:     0x57f4909fe3e9 - <test[4ce2bb7da3c8ffe6]::test::aaa::test_count_all::{closure#0} as core[df12db4294e9bfd3]::ops::function::FnOnce<()>>::call_once
[INFO] [stdout]   19:     0x57f490a1a33b - test[9d35eded1c95d3be]::__rust_begin_short_backtrace::<core[df12db4294e9bfd3]::result::Result<(), alloc[2182bb758b4b3781]::string::String>, fn() -> core[df12db4294e9bfd3]::result::Result<(), alloc[2182bb758b4b3781]::string::String>>
[INFO] [stdout]   20:     0x57f490a279a5 - test[9d35eded1c95d3be]::run_test::{closure#0}
[INFO] [stdout]   21:     0x57f490a21264 - std[70759c8f55707aa4]::sys::backtrace::__rust_begin_short_backtrace::<test[9d35eded1c95d3be]::run_test::{closure#1}, ()>
[INFO] [stdout]   22:     0x57f490a2ab02 - <std[70759c8f55707aa4]::thread::lifecycle::spawn_unchecked<test[9d35eded1c95d3be]::run_test::{closure#1}, ()>::{closure#1} as core[df12db4294e9bfd3]::ops::function::FnOnce<()>>::call_once::{shim:vtable#0}
[INFO] [stdout]   23:     0x57f490b97249 - <std[70759c8f55707aa4]::sys::thread::unix::Thread>::new::thread_start
[INFO] [stdout]   24:     0x78743fd88dfa - <unknown>
[INFO] [stdout]   25:     0x78743fe1c3d4 - clone
[INFO] [stdout]   26:                0x0 - <unknown>
[INFO] [stdout] 
[INFO] [stdout] ---- test::aaa::test_insert stdout ----
[INFO] [stdout] 
[INFO] [stdout] thread 'test::aaa::test_insert' (2440) panicked at src/pool.rs:223:22:
[INFO] [stdout] Connect to postgres failed.: PoolTimedOut
[INFO] [stdout] stack backtrace:
[INFO] [stdout]    0:     0x57f490b98041 - <<std[70759c8f55707aa4]::sys::backtrace::BacktraceLock>::print::DisplayBacktrace as core[df12db4294e9bfd3]::fmt::Display>::fmt
[INFO] [stdout]    1:     0x57f490bb032a - core[df12db4294e9bfd3]::fmt::write
[INFO] [stdout]    2:     0x57f490b9ca1c - <alloc[2182bb758b4b3781]::vec::Vec<u8> as core[df12db4294e9bfd3]::io::write::Write>::write_fmt
[INFO] [stdout]    3:     0x57f490b73126 - std[70759c8f55707aa4]::panicking::default_hook::{closure#0}
[INFO] [stdout]    4:     0x57f490b8fc59 - std[70759c8f55707aa4]::panicking::default_hook
[INFO] [stdout]    5:     0x57f490a27050 - test[9d35eded1c95d3be]::test_main_inner::<test[9d35eded1c95d3be]::test_main_static::{closure#0}>::{closure#0}
[INFO] [stdout]    6:     0x57f490b8ff82 - std[70759c8f55707aa4]::panicking::panic_with_hook
[INFO] [stdout]    7:     0x57f490b731d2 - std[70759c8f55707aa4]::panicking::panic_handler::{closure#0}
[INFO] [stdout]    8:     0x57f490b6baa9 - std[70759c8f55707aa4]::sys::backtrace::__rust_end_short_backtrace::<std[70759c8f55707aa4]::panicking::panic_handler::{closure#0}, !>
[INFO] [stdout]    9:     0x57f490b7405d - __rustc[8fa7c3cbc660c2b3]::rust_begin_unwind
[INFO] [stdout]   10:     0x57f490bb0a8c - core[df12db4294e9bfd3]::panicking::panic_fmt
[INFO] [stdout]   11:     0x57f490bb0862 - core[df12db4294e9bfd3]::result::unwrap_failed
[INFO] [stdout]   12:     0x57f4909c9e9a - <grapefruit[756ccdfcc137a75b]::grapefruit::Grapefruit>::init::{closure#0}
[INFO] [stdout]   13:     0x57f4909cba06 - test[4ce2bb7da3c8ffe6]::test::aaa::test_insert::{closure#0}
[INFO] [stdout]   14:     0x57f490a0e843 - <tokio[26e66f46449d5f9]::runtime::scheduler::current_thread::Context>::enter::<core[df12db4294e9bfd3]::task::poll::Poll<()>, <tokio[26e66f46449d5f9]::runtime::scheduler::current_thread::CoreGuard>::block_on<core[df12db4294e9bfd3]::pin::Pin<&mut core[df12db4294e9bfd3]::pin::Pin<&mut dyn core[df12db4294e9bfd3]::future::future::Future<Output = ()>>>>::{closure#0}::{closure#0}>
[INFO] [stdout]   15:     0x57f4909e8182 - <tokio[26e66f46449d5f9]::runtime::context::scoped::Scoped<tokio[26e66f46449d5f9]::runtime::scheduler::Context>>::set::<<tokio[26e66f46449d5f9]::runtime::scheduler::current_thread::CoreGuard>::enter<<tokio[26e66f46449d5f9]::runtime::scheduler::current_thread::CoreGuard>::block_on<core[df12db4294e9bfd3]::pin::Pin<&mut core[df12db4294e9bfd3]::pin::Pin<&mut dyn core[df12db4294e9bfd3]::future::future::Future<Output = ()>>>>::{closure#0}, core[df12db4294e9bfd3]::option::Option<()>>::{closure#0}, (alloc[2182bb758b4b3781]::boxed::Box<tokio[26e66f46449d5f9]::runtime::scheduler::current_thread::Core>, core[df12db4294e9bfd3]::option::Option<()>)>
[INFO] [stdout]   16:     0x57f490a0e167 - <tokio[26e66f46449d5f9]::runtime::runtime::Runtime>::block_on::<core[df12db4294e9bfd3]::pin::Pin<&mut dyn core[df12db4294e9bfd3]::future::future::Future<Output = ()>>>
[INFO] [stdout]   17:     0x57f4909cf22a - test[4ce2bb7da3c8ffe6]::test::aaa::test_insert
[INFO] [stdout]   18:     0x57f4909fe389 - <test[4ce2bb7da3c8ffe6]::test::aaa::test_insert::{closure#0} as core[df12db4294e9bfd3]::ops::function::FnOnce<()>>::call_once
[INFO] [stdout]   19:     0x57f490a1a33b - test[9d35eded1c95d3be]::__rust_begin_short_backtrace::<core[df12db4294e9bfd3]::result::Result<(), alloc[2182bb758b4b3781]::string::String>, fn() -> core[df12db4294e9bfd3]::result::Result<(), alloc[2182bb758b4b3781]::string::String>>
[INFO] [stdout]   20:     0x57f490a279a5 - test[9d35eded1c95d3be]::run_test::{closure#0}
[INFO] [stdout]   21:     0x57f490a21264 - std[70759c8f55707aa4]::sys::backtrace::__rust_begin_short_backtrace::<test[9d35eded1c95d3be]::run_test::{closure#1}, ()>
[INFO] [stdout]   22:     0x57f490a2ab02 - <std[70759c8f55707aa4]::thread::lifecycle::spawn_unchecked<test[9d35eded1c95d3be]::run_test::{closure#1}, ()>::{closure#1} as core[df12db4294e9bfd3]::ops::function::FnOnce<()>>::call_once::{shim:vtable#0}
[INFO] [stdout]   23:     0x57f490b97249 - <std[70759c8f55707aa4]::sys::thread::unix::Thread>::new::thread_start
[INFO] [stdout]   24:     0x78743fd88dfa - <unknown>
[INFO] [stdout]   25:     0x78743fe1c3d4 - clone
[INFO] [stdout]   26:                0x0 - <unknown>
[INFO] [stdout] 
[INFO] [stdout] ---- test::aaa::test_insert_batch stdout ----
[INFO] [stdout] 
[INFO] [stdout] thread 'test::aaa::test_insert_batch' (2441) panicked at src/pool.rs:223:22:
[INFO] [stdout] Connect to postgres failed.: PoolTimedOut
[INFO] [stdout] stack backtrace:
[INFO] [stdout]    0:     0x57f490b98041 - <<std[70759c8f55707aa4]::sys::backtrace::BacktraceLock>::print::DisplayBacktrace as core[df12db4294e9bfd3]::fmt::Display>::fmt
[INFO] [stdout]    1:     0x57f490bb032a - core[df12db4294e9bfd3]::fmt::write
[INFO] [stdout]    2:     0x57f490b9ca1c - <alloc[2182bb758b4b3781]::vec::Vec<u8> as core[df12db4294e9bfd3]::io::write::Write>::write_fmt
[INFO] [stdout]    3:     0x57f490b73126 - std[70759c8f55707aa4]::panicking::default_hook::{closure#0}
[INFO] [stdout]    4:     0x57f490b8fc59 - std[70759c8f55707aa4]::panicking::default_hook
[INFO] [stdout]    5:     0x57f490a27050 - test[9d35eded1c95d3be]::test_main_inner::<test[9d35eded1c95d3be]::test_main_static::{closure#0}>::{closure#0}
[INFO] [stdout]    6:     0x57f490b8ff82 - std[70759c8f55707aa4]::panicking::panic_with_hook
[INFO] [stdout]    7:     0x57f490b731d2 - std[70759c8f55707aa4]::panicking::panic_handler::{closure#0}
[INFO] [stdout]    8:     0x57f490b6baa9 - std[70759c8f55707aa4]::sys::backtrace::__rust_end_short_backtrace::<std[70759c8f55707aa4]::panicking::panic_handler::{closure#0}, !>
[INFO] [stdout]    9:     0x57f490b7405d - __rustc[8fa7c3cbc660c2b3]::rust_begin_unwind
[INFO] [stdout]   10:     0x57f490bb0a8c - core[df12db4294e9bfd3]::panicking::panic_fmt
[INFO] [stdout]   11:     0x57f490bb0862 - core[df12db4294e9bfd3]::result::unwrap_failed
[INFO] [stdout]   12:     0x57f4909c9e9a - <grapefruit[756ccdfcc137a75b]::grapefruit::Grapefruit>::init::{closure#0}
[INFO] [stdout]   13:     0x57f4909cd861 - test[4ce2bb7da3c8ffe6]::test::aaa::test_insert_batch::{closure#0}
[INFO] [stdout]   14:     0x57f490a0e843 - <tokio[26e66f46449d5f9]::runtime::scheduler::current_thread::Context>::enter::<core[df12db4294e9bfd3]::task::poll::Poll<()>, <tokio[26e66f46449d5f9]::runtime::scheduler::current_thread::CoreGuard>::block_on<core[df12db4294e9bfd3]::pin::Pin<&mut core[df12db4294e9bfd3]::pin::Pin<&mut dyn core[df12db4294e9bfd3]::future::future::Future<Output = ()>>>>::{closure#0}::{closure#0}>
[INFO] [stdout]   15:     0x57f4909e8182 - <tokio[26e66f46449d5f9]::runtime::context::scoped::Scoped<tokio[26e66f46449d5f9]::runtime::scheduler::Context>>::set::<<tokio[26e66f46449d5f9]::runtime::scheduler::current_thread::CoreGuard>::enter<<tokio[26e66f46449d5f9]::runtime::scheduler::current_thread::CoreGuard>::block_on<core[df12db4294e9bfd3]::pin::Pin<&mut core[df12db4294e9bfd3]::pin::Pin<&mut dyn core[df12db4294e9bfd3]::future::future::Future<Output = ()>>>>::{closure#0}, core[df12db4294e9bfd3]::option::Option<()>>::{closure#0}, (alloc[2182bb758b4b3781]::boxed::Box<tokio[26e66f46449d5f9]::runtime::scheduler::current_thread::Core>, core[df12db4294e9bfd3]::option::Option<()>)>
[INFO] [stdout]   16:     0x57f490a0e167 - <tokio[26e66f46449d5f9]::runtime::runtime::Runtime>::block_on::<core[df12db4294e9bfd3]::pin::Pin<&mut dyn core[df12db4294e9bfd3]::future::future::Future<Output = ()>>>
[INFO] [stdout]   17:     0x57f4909cfa3a - test[4ce2bb7da3c8ffe6]::test::aaa::test_insert_batch
[INFO] [stdout]   18:     0x57f4909fe449 - <test[4ce2bb7da3c8ffe6]::test::aaa::test_insert_batch::{closure#0} as core[df12db4294e9bfd3]::ops::function::FnOnce<()>>::call_once
[INFO] [stdout]   19:     0x57f490a1a33b - test[9d35eded1c95d3be]::__rust_begin_short_backtrace::<core[df12db4294e9bfd3]::result::Result<(), alloc[2182bb758b4b3781]::string::String>, fn() -> core[df12db4294e9bfd3]::result::Result<(), alloc[2182bb758b4b3781]::string::String>>
[INFO] [stdout]   20:     0x57f490a279a5 - test[9d35eded1c95d3be]::run_test::{closure#0}
[INFO] [stdout]   21:     0x57f490a21264 - std[70759c8f55707aa4]::sys::backtrace::__rust_begin_short_backtrace::<test[9d35eded1c95d3be]::run_test::{closure#1}, ()>
[INFO] [stdout]   22:     0x57f490a2ab02 - <std[70759c8f55707aa4]::thread::lifecycle::spawn_unchecked<test[9d35eded1c95d3be]::run_test::{closure#1}, ()>::{closure#1} as core[df12db4294e9bfd3]::ops::function::FnOnce<()>>::call_once::{shim:vtable#0}
[INFO] [stdout]   23:     0x57f490b97249 - <std[70759c8f55707aa4]::sys::thread::unix::Thread>::new::thread_start
[INFO] [stdout]   24:     0x78743fd88dfa - <unknown>
[INFO] [stdout]   25:     0x78743fe1c3d4 - clone
[INFO] [stdout]   26:                0x0 - <unknown>
[INFO] [stdout] 
[INFO] [stdout] ---- test::aaa::test_delete_by_id stdout ----
[INFO] [stdout] 
[INFO] [stdout] thread 'test::aaa::test_delete_by_id' (2438) panicked at src/pool.rs:223:22:
[INFO] [stdout] Connect to postgres failed.: PoolTimedOut
[INFO] [stdout] stack backtrace:
[INFO] [stdout]    0:     0x57f490b98041 - <<std[70759c8f55707aa4]::sys::backtrace::BacktraceLock>::print::DisplayBacktrace as core[df12db4294e9bfd3]::fmt::Display>::fmt
[INFO] [stdout]    1:     0x57f490bb032a - core[df12db4294e9bfd3]::fmt::write
[INFO] [stdout]    2:     0x57f490b9ca1c - <alloc[2182bb758b4b3781]::vec::Vec<u8> as core[df12db4294e9bfd3]::io::write::Write>::write_fmt
[INFO] [stdout]    3:     0x57f490b73126 - std[70759c8f55707aa4]::panicking::default_hook::{closure#0}
[INFO] [stdout]    4:     0x57f490b8fc59 - std[70759c8f55707aa4]::panicking::default_hook
[INFO] [stdout]    5:     0x57f490a27050 - test[9d35eded1c95d3be]::test_main_inner::<test[9d35eded1c95d3be]::test_main_static::{closure#0}>::{closure#0}
[INFO] [stdout]    6:     0x57f490b8ff82 - std[70759c8f55707aa4]::panicking::panic_with_hook
[INFO] [stdout]    7:     0x57f490b731d2 - std[70759c8f55707aa4]::panicking::panic_handler::{closure#0}
[INFO] [stdout]    8:     0x57f490b6baa9 - std[70759c8f55707aa4]::sys::backtrace::__rust_end_short_backtrace::<std[70759c8f55707aa4]::panicking::panic_handler::{closure#0}, !>
[INFO] [stdout]    9:     0x57f490b7405d - __rustc[8fa7c3cbc660c2b3]::rust_begin_unwind
[INFO] [stdout]   10:     0x57f490bb0a8c - core[df12db4294e9bfd3]::panicking::panic_fmt
[INFO] [stdout]   11:     0x57f490bb0862 - core[df12db4294e9bfd3]::result::unwrap_failed
[INFO] [stdout]   12:     0x57f4909c9e9a - <grapefruit[756ccdfcc137a75b]::grapefruit::Grapefruit>::init::{closure#0}
[INFO] [stdout]   13:     0x57f4909cd4d0 - test[4ce2bb7da3c8ffe6]::test::aaa::test_delete_by_id::{closure#0}
[INFO] [stdout]   14:     0x57f490a0e843 - <tokio[26e66f46449d5f9]::runtime::scheduler::current_thread::Context>::enter::<core[df12db4294e9bfd3]::task::poll::Poll<()>, <tokio[26e66f46449d5f9]::runtime::scheduler::current_thread::CoreGuard>::block_on<core[df12db4294e9bfd3]::pin::Pin<&mut core[df12db4294e9bfd3]::pin::Pin<&mut dyn core[df12db4294e9bfd3]::future::future::Future<Output = ()>>>>::{closure#0}::{closure#0}>
[INFO] [stdout]   15:     0x57f4909e8182 - <tokio[26e66f46449d5f9]::runtime::context::scoped::Scoped<tokio[26e66f46449d5f9]::runtime::scheduler::Context>>::set::<<tokio[26e66f46449d5f9]::runtime::scheduler::current_thread::CoreGuard>::enter<<tokio[26e66f46449d5f9]::runtime::scheduler::current_thread::CoreGuard>::block_on<core[df12db4294e9bfd3]::pin::Pin<&mut core[df12db4294e9bfd3]::pin::Pin<&mut dyn core[df12db4294e9bfd3]::future::future::Future<Output = ()>>>>::{closure#0}, core[df12db4294e9bfd3]::option::Option<()>>::{closure#0}, (alloc[2182bb758b4b3781]::boxed::Box<tokio[26e66f46449d5f9]::runtime::scheduler::current_thread::Core>, core[df12db4294e9bfd3]::option::Option<()>)>
[INFO] [stdout]   16:     0x57f490a0e167 - <tokio[26e66f46449d5f9]::runtime::runtime::Runtime>::block_on::<core[df12db4294e9bfd3]::pin::Pin<&mut dyn core[df12db4294e9bfd3]::future::future::Future<Output = ()>>>
[INFO] [stdout]   17:     0x57f4909cf8da - test[4ce2bb7da3c8ffe6]::test::aaa::test_delete_by_id
[INFO] [stdout]   18:     0x57f4909fe429 - <test[4ce2bb7da3c8ffe6]::test::aaa::test_delete_by_id::{closure#0} as core[df12db4294e9bfd3]::ops::function::FnOnce<()>>::call_once
[INFO] [stdout]   19:     0x57f490a1a33b - test[9d35eded1c95d3be]::__rust_begin_short_backtrace::<core[df12db4294e9bfd3]::result::Result<(), alloc[2182bb758b4b3781]::string::String>, fn() -> core[df12db4294e9bfd3]::result::Result<(), alloc[2182bb758b4b3781]::string::String>>
[INFO] [stdout]   20:     0x57f490a279a5 - test[9d35eded1c95d3be]::run_test::{closure#0}
[INFO] [stdout]   21:     0x57f490a21264 - std[70759c8f55707aa4]::sys::backtrace::__rust_begin_short_backtrace::<test[9d35eded1c95d3be]::run_test::{closure#1}, ()>
[INFO] [stdout]   22:     0x57f490a2ab02 - <std[70759c8f55707aa4]::thread::lifecycle::spawn_unchecked<test[9d35eded1c95d3be]::run_test::{closure#1}, ()>::{closure#1} as core[df12db4294e9bfd3]::ops::function::FnOnce<()>>::call_once::{shim:vtable#0}
[INFO] [stdout]   23:     0x57f490b97249 - <std[70759c8f55707aa4]::sys::thread::unix::Thread>::new::thread_start
[INFO] [stdout]   24:     0x78743fd88dfa - <unknown>
[INFO] [stdout]   25:     0x78743fe1c3d4 - clone
[INFO] [stdout]   26:                0x0 - <unknown>
[INFO] [stdout] 
[INFO] [stdout] 
[INFO] [stdout] failures:
[INFO] [stdout]     test::aaa::test_count_all
[INFO] [stdout]     test::aaa::test_delete_by_id
[INFO] [stdout]     test::aaa::test_delete_by_ids
[INFO] [stdout]     test::aaa::test_insert
[INFO] [stdout]     test::aaa::test_insert_batch
[INFO] [stdout]     test::aaa::test_select
[INFO] [stdout]     test::aaa::test_select_page
[INFO] [stdout]     test::aaa::test_select_wrapper
[INFO] [stdout]     test::aaa::test_update_by_id
[INFO] [stdout] 
[INFO] [stdout] test result: FAILED. 2 passed; 9 failed; 0 ignored; 0 measured; 0 filtered out; finished in 5.31s
[INFO] [stdout] 
[INFO] running `Command { std: "docker" "inspect" "83567f3317fc2f7bd192fe204f1b8b55c8c8051eb0cec5c14ebaf43c878231bc", kill_on_drop: false }`
[INFO] running `Command { std: "docker" "rm" "-f" "83567f3317fc2f7bd192fe204f1b8b55c8c8051eb0cec5c14ebaf43c878231bc", kill_on_drop: false }`
[INFO] [stdout] 83567f3317fc2f7bd192fe204f1b8b55c8c8051eb0cec5c14ebaf43c878231bc
