[INFO] cloning repository https://github.com/JohnTheCoolingFan/factorio-data-test
[INFO] running `Command { std: "git" "-c" "credential.helper=" "-c" "credential.helper=/workspace/cargo-home/bin/git-credential-null" "clone" "--bare" "https://github.com/JohnTheCoolingFan/factorio-data-test" "/workspace/cache/git-repos/https%3A%2F%2Fgithub.com%2FJohnTheCoolingFan%2Ffactorio-data-test", kill_on_drop: false }`
[INFO] [stderr] Cloning into bare repository '/workspace/cache/git-repos/https%3A%2F%2Fgithub.com%2FJohnTheCoolingFan%2Ffactorio-data-test'...
[INFO] running `Command { std: "git" "rev-parse" "HEAD", kill_on_drop: false }`
[INFO] [stdout] b26dd33edb69bc113b59c665f731095e6ab603a3
[INFO] testing JohnTheCoolingFan/factorio-data-test against 1.100.0-beta.1+cargoflags=--release for beta-release-1.100-2
[INFO] running `Command { std: "git" "clone" "/workspace/cache/git-repos/https%3A%2F%2Fgithub.com%2FJohnTheCoolingFan%2Ffactorio-data-test" "/workspace/builds/worker-1-tc2/source", kill_on_drop: false }`
[INFO] [stderr] Cloning into '/workspace/builds/worker-1-tc2/source'...
[INFO] [stderr] done.
[INFO] started tweaking git repo https://github.com/JohnTheCoolingFan/factorio-data-test
[INFO] finished tweaking git repo https://github.com/JohnTheCoolingFan/factorio-data-test
[INFO] tweaked toml for git repo https://github.com/JohnTheCoolingFan/factorio-data-test written to /workspace/builds/worker-1-tc2/source/Cargo.toml
[INFO] validating manifest of git repo https://github.com/JohnTheCoolingFan/factorio-data-test on toolchain 1.100.0-beta.1
[INFO] running `Command { std: CARGO_HOME="/workspace/cargo-home" RUSTUP_HOME="/workspace/rustup-home" "/workspace/cargo-home/bin/cargo" "+1.100.0-beta.1" "metadata" "--manifest-path" "Cargo.toml" "--no-deps", kill_on_drop: false }`
[INFO] crate git repo https://github.com/JohnTheCoolingFan/factorio-data-test already has a lockfile, it will not be regenerated
[INFO] running `Command { std: CARGO_HOME="/workspace/cargo-home" RUSTUP_HOME="/workspace/rustup-home" "/workspace/cargo-home/bin/cargo" "+1.100.0-beta.1" "fetch" "--manifest-path" "Cargo.toml", kill_on_drop: false }`
[INFO] [stderr]     Blocking waiting for file lock on package cache
[ERROR] error running command: no output for 300 seconds
[INFO] testing JohnTheCoolingFan/factorio-data-test against 1.100.0-beta.1+cargoflags=--release for beta-release-1.100-2
[INFO] running `Command { std: "git" "clone" "/workspace/cache/git-repos/https%3A%2F%2Fgithub.com%2FJohnTheCoolingFan%2Ffactorio-data-test" "/workspace/builds/worker-1-tc2/source", kill_on_drop: false }`
[INFO] [stderr] Cloning into '/workspace/builds/worker-1-tc2/source'...
[INFO] [stderr] done.
[INFO] started tweaking git repo https://github.com/JohnTheCoolingFan/factorio-data-test
[INFO] finished tweaking git repo https://github.com/JohnTheCoolingFan/factorio-data-test
[INFO] tweaked toml for git repo https://github.com/JohnTheCoolingFan/factorio-data-test written to /workspace/builds/worker-1-tc2/source/Cargo.toml
[INFO] validating manifest of git repo https://github.com/JohnTheCoolingFan/factorio-data-test on toolchain 1.100.0-beta.1
[INFO] running `Command { std: CARGO_HOME="/workspace/cargo-home" RUSTUP_HOME="/workspace/rustup-home" "/workspace/cargo-home/bin/cargo" "+1.100.0-beta.1" "metadata" "--manifest-path" "Cargo.toml" "--no-deps", kill_on_drop: false }`
[INFO] crate git repo https://github.com/JohnTheCoolingFan/factorio-data-test already has a lockfile, it will not be regenerated
[INFO] running `Command { std: CARGO_HOME="/workspace/cargo-home" RUSTUP_HOME="/workspace/rustup-home" "/workspace/cargo-home/bin/cargo" "+1.100.0-beta.1" "fetch" "--manifest-path" "Cargo.toml", kill_on_drop: false }`
[INFO] [stderr]     Blocking waiting for file lock on package cache
[INFO] [stderr]     Updating git repository `https://github.com/JohnTheCoolingFan/factorio-lib-rs`
[INFO] [stderr]     Updating crates.io index
[INFO] [stderr]     Blocking waiting for file lock on package cache
[ERROR] error running command: no output for 300 seconds
[INFO] testing JohnTheCoolingFan/factorio-data-test against 1.100.0-beta.1+cargoflags=--release for beta-release-1.100-2
[INFO] running `Command { std: "git" "clone" "/workspace/cache/git-repos/https%3A%2F%2Fgithub.com%2FJohnTheCoolingFan%2Ffactorio-data-test" "/workspace/builds/worker-1-tc2/source", kill_on_drop: false }`
[INFO] [stderr] Cloning into '/workspace/builds/worker-1-tc2/source'...
[INFO] [stderr] done.
[INFO] started tweaking git repo https://github.com/JohnTheCoolingFan/factorio-data-test
[INFO] finished tweaking git repo https://github.com/JohnTheCoolingFan/factorio-data-test
[INFO] tweaked toml for git repo https://github.com/JohnTheCoolingFan/factorio-data-test written to /workspace/builds/worker-1-tc2/source/Cargo.toml
[INFO] validating manifest of git repo https://github.com/JohnTheCoolingFan/factorio-data-test on toolchain 1.100.0-beta.1
[INFO] running `Command { std: CARGO_HOME="/workspace/cargo-home" RUSTUP_HOME="/workspace/rustup-home" "/workspace/cargo-home/bin/cargo" "+1.100.0-beta.1" "metadata" "--manifest-path" "Cargo.toml" "--no-deps", kill_on_drop: false }`
[INFO] crate git repo https://github.com/JohnTheCoolingFan/factorio-data-test already has a lockfile, it will not be regenerated
[INFO] running `Command { std: CARGO_HOME="/workspace/cargo-home" RUSTUP_HOME="/workspace/rustup-home" "/workspace/cargo-home/bin/cargo" "+1.100.0-beta.1" "fetch" "--manifest-path" "Cargo.toml", kill_on_drop: false }`
[INFO] [stderr]     Blocking waiting for file lock on package cache
[ERROR] error running command: no output for 300 seconds
[INFO] testing JohnTheCoolingFan/factorio-data-test against 1.100.0-beta.1+cargoflags=--release for beta-release-1.100-2
[INFO] running `Command { std: "git" "clone" "/workspace/cache/git-repos/https%3A%2F%2Fgithub.com%2FJohnTheCoolingFan%2Ffactorio-data-test" "/workspace/builds/worker-1-tc2/source", kill_on_drop: false }`
[INFO] [stderr] Cloning into '/workspace/builds/worker-1-tc2/source'...
[INFO] [stderr] done.
[INFO] started tweaking git repo https://github.com/JohnTheCoolingFan/factorio-data-test
[INFO] finished tweaking git repo https://github.com/JohnTheCoolingFan/factorio-data-test
[INFO] tweaked toml for git repo https://github.com/JohnTheCoolingFan/factorio-data-test written to /workspace/builds/worker-1-tc2/source/Cargo.toml
[INFO] validating manifest of git repo https://github.com/JohnTheCoolingFan/factorio-data-test on toolchain 1.100.0-beta.1
[INFO] running `Command { std: CARGO_HOME="/workspace/cargo-home" RUSTUP_HOME="/workspace/rustup-home" "/workspace/cargo-home/bin/cargo" "+1.100.0-beta.1" "metadata" "--manifest-path" "Cargo.toml" "--no-deps", kill_on_drop: false }`
[INFO] crate git repo https://github.com/JohnTheCoolingFan/factorio-data-test already has a lockfile, it will not be regenerated
[INFO] running `Command { std: CARGO_HOME="/workspace/cargo-home" RUSTUP_HOME="/workspace/rustup-home" "/workspace/cargo-home/bin/cargo" "+1.100.0-beta.1" "fetch" "--manifest-path" "Cargo.toml", kill_on_drop: false }`
[INFO] [stderr]     Blocking waiting for file lock on package cache
[INFO] [stderr]     Blocking waiting for file lock on package cache
[INFO] [stderr]  Downloading crates ...
[INFO] [stderr]   Downloaded lexical-sort v0.3.1
[INFO] [stderr]   Downloaded rust-ini v0.17.0
[INFO] [stderr]   Downloaded dlv-list v0.2.3
[INFO] [stderr]   Downloaded ahash v0.4.7
[INFO] [stderr]   Downloaded serde-transcode v1.1.1
[INFO] [stderr]   Downloaded ordered-multimap v0.3.1
[INFO] [stderr]   Downloaded wasm-streams v0.2.3
[INFO] [stderr]   Downloaded ipnet v2.7.1
[INFO] [stderr]   Downloaded security-framework v2.8.0
[INFO] [stderr]   Downloaded reqwest v0.11.14
[INFO] [stderr]   Downloaded any_ascii v0.1.7
[INFO] [stderr]   Downloaded luajit-src v210.4.5+resty2cf5186
[INFO] [stderr]   Downloaded factorio-mlua v0.8.0
[INFO] [stderr]   Downloaded factorio-lua-src v544.0.1
[INFO] running `Command { std: "docker" "create" "-v" "/var/lib/crater-agent-workspace/builds/worker-1-tc2/source:/opt/rustwide/workdir:ro,Z" "-v" "/var/lib/crater-agent-workspace/builds/worker-1-tc2/target:/opt/rustwide/target:rw,Z" "-v" "/var/lib/crater-agent-workspace/cargo-home:/opt/rustwide/cargo-home:ro,Z" "-v" "/var/lib/crater-agent-workspace/rustup-home:/opt/rustwide/rustup-home:ro,Z" "-m" "1610612736" "--network" "none" "ghcr.io/rust-lang/crates-build-env/linux@sha256:77db811e55d90add9212f6832c23229e3de5f1c1f9905e8cb07319ea15df73ac" "sleep" "infinity", kill_on_drop: false }`
[INFO] [stdout] 4ba3637db4259774fd23bd57d646e26eea7e7b01f2c04456b002e07b732c10be
[INFO] running `Command { std: "docker" "start" "4ba3637db4259774fd23bd57d646e26eea7e7b01f2c04456b002e07b732c10be", kill_on_drop: false }`
[INFO] running `Command { std: "docker" "inspect" "4ba3637db4259774fd23bd57d646e26eea7e7b01f2c04456b002e07b732c10be", kill_on_drop: false }`
[INFO] running `Command { std: "docker" "exec" "-e" "SOURCE_DIR=/opt/rustwide/workdir" "-e" "CARGO_HOME=/opt/rustwide/cargo-home" "-e" "RUSTUP_HOME=/opt/rustwide/rustup-home" "-e" "CARGO_TARGET_DIR=/opt/rustwide/target" "-w" "/opt/rustwide/workdir" "--user" "0:0" "4ba3637db4259774fd23bd57d646e26eea7e7b01f2c04456b002e07b732c10be" "/opt/rustwide/cargo-home/bin/cargo" "+1.100.0-beta.1" "metadata" "--no-deps" "--format-version=1", kill_on_drop: false }`
[INFO] running `Command { std: "docker" "inspect" "4ba3637db4259774fd23bd57d646e26eea7e7b01f2c04456b002e07b732c10be", kill_on_drop: false }`
[INFO] running `Command { std: "docker" "exec" "-e" "SOURCE_DIR=/opt/rustwide/workdir" "-e" "CARGO_HOME=/opt/rustwide/cargo-home" "-e" "RUSTUP_HOME=/opt/rustwide/rustup-home" "-e" "CARGO_TARGET_DIR=/opt/rustwide/target" "-e" "CARGO_INCREMENTAL=0" "-e" "RUST_BACKTRACE=full" "-e" "RUSTFLAGS=--cap-lints=warn" "-e" "RUSTDOCFLAGS=--cap-lints=warn" "-w" "/opt/rustwide/workdir" "--user" "0:0" "4ba3637db4259774fd23bd57d646e26eea7e7b01f2c04456b002e07b732c10be" "/opt/rustwide/cargo-home/bin/cargo" "+1.100.0-beta.1" "build" "--frozen" "--message-format=json" "--release", kill_on_drop: false }`
[INFO] [stderr]    Compiling syn v1.0.107
[INFO] [stderr]    Compiling cc v1.0.78
[INFO] [stderr]    Compiling bytes v1.3.0
[INFO] [stderr]    Compiling tokio v1.24.2
[INFO] [stderr]    Compiling ahash v0.7.6
[INFO] [stderr]    Compiling serde v1.0.152
[INFO] [stderr]    Compiling tracing-core v0.1.30
[INFO] [stderr]    Compiling openssl v0.10.45
[INFO] [stderr]    Compiling futures-util v0.3.25
[INFO] [stderr]    Compiling mio v0.8.5
[INFO] [stderr]    Compiling futures-channel v0.3.25
[INFO] [stderr]    Compiling rustversion v1.0.11
[INFO] [stderr]    Compiling want v0.3.0
[INFO] [stderr]    Compiling paste v1.0.11
[INFO] [stderr]    Compiling serde_json v1.0.91
[INFO] [stderr]    Compiling erased-serde v0.3.24
[INFO] [stderr]    Compiling idna v0.3.0
[INFO] [stderr]    Compiling dlv-list v0.3.0
[INFO] [stderr]    Compiling ahash v0.4.7
[INFO] [stderr]    Compiling semver v1.0.16
[INFO] [stderr]    Compiling miniz_oxide v0.6.2
[INFO] [stderr]    Compiling const_format_proc_macros v0.2.29
[INFO] [stderr]    Compiling dlv-list v0.2.3
[INFO] [stderr]    Compiling hashbrown v0.12.3
[INFO] [stderr]    Compiling luajit-src v210.4.5+resty2cf5186
[INFO] [stderr]    Compiling factorio-lua-src v544.0.1
[INFO] [stderr]    Compiling hashbrown v0.9.1
[INFO] [stderr]    Compiling tracing v0.1.37
[INFO] [stderr]    Compiling http v0.2.8
[INFO] [stderr]    Compiling aho-corasick v0.7.20
[INFO] [stderr]    Compiling bstr v0.2.17
[INFO] [stderr]    Compiling macro_rules_attribute-proc_macro v0.1.3
[INFO] [stderr]    Compiling ipnet v2.7.1
[INFO] [stderr]    Compiling any_ascii v0.1.7
[INFO] [stderr]    Compiling url v2.3.1
[INFO] [stderr]    Compiling openssl-sys v0.9.80
[INFO] [stderr]    Compiling link-cplusplus v1.0.8
[INFO] [stderr]    Compiling indexmap v1.9.2
[INFO] [stderr]    Compiling bzip2-sys v0.1.11+1.0.8
[INFO] [stderr]    Compiling factorio-mlua v0.8.0
[INFO] [stderr]    Compiling ordered-multimap v0.4.3
[INFO] [stderr]    Compiling macro_rules_attribute v0.1.3
[INFO] [stderr]    Compiling const_format v0.2.30
[INFO] [stderr]    Compiling flate2 v1.0.25
[INFO] [stderr]    Compiling lexical-sort v0.3.1
[INFO] [stderr]    Compiling native-tls v0.2.11
[INFO] [stderr]    Compiling regex v1.7.1
[INFO] [stderr]    Compiling bzip2 v0.4.4
[INFO] [stderr]    Compiling rust-ini v0.18.0
[INFO] [stderr]    Compiling ordered-multimap v0.3.1
[INFO] [stderr]    Compiling http-body v0.4.5
[INFO] [stderr]    Compiling time v0.1.45
[INFO] [stderr]    Compiling rust-ini v0.17.0
[INFO] [stderr]    Compiling serde_derive v1.0.152
[INFO] [stderr]    Compiling futures-macro v0.3.25
[INFO] [stderr]    Compiling openssl-macros v0.1.0
[INFO] [stderr]    Compiling thiserror-impl v1.0.38
[INFO] [stderr]    Compiling strum_macros v0.24.3
[INFO] [stderr]    Compiling factorio-lib-rs-derive v0.1.0 (https://github.com/JohnTheCoolingFan/factorio-lib-rs#8128ee16)
[INFO] [stderr]    Compiling thiserror v1.0.38
[INFO] [stderr]    Compiling strum v0.24.1
[INFO] [stderr]    Compiling tokio-util v0.7.4
[INFO] [stderr]    Compiling zip v0.5.13
[INFO] [stderr]    Compiling tokio-native-tls v0.3.0
[INFO] [stderr]    Compiling h2 v0.3.15
[INFO] [stderr]    Compiling serde_urlencoded v0.7.1
[INFO] [stderr]    Compiling serde-transcode v1.1.1
[INFO] [stderr]    Compiling hyper v0.14.23
[INFO] [stderr]    Compiling hyper-tls v0.5.0
[INFO] [stderr]    Compiling reqwest v0.11.14
[INFO] [stdout] error[E0277]: the trait bound `!: FromLuaMulti<'_>` is not satisfied
[INFO] [stdout]    --> /opt/rustwide/cargo-home/registry/src/index.crates.io-1949cf8c6b5b557f/factorio-mlua-0.8.0/src/chunk.rs:289:14
[INFO] [stdout]     |
[INFO] [stdout] 289 |         self.call(())?;
[INFO] [stdout]     |              ^^^^ the trait `UserData` is not implemented for `!`
[INFO] [stdout]     |
[INFO] [stdout]    ::: /opt/rustwide/cargo-home/registry/src/index.crates.io-1949cf8c6b5b557f/factorio-mlua-0.8.0/src/userdata_impl.rs:581
[INFO] [stdout]     |
[INFO] [stdout] 581 | macro_rules! lua_userdata_impl {
[INFO] [stdout]     |
[INFO] [stdout] help: the following other types implement trait `UserData`
[INFO] [stdout]    --> /opt/rustwide/cargo-home/registry/src/index.crates.io-1949cf8c6b5b557f/factorio-mlua-0.8.0/src/userdata_impl.rs:583:9
[INFO] [stdout]     |
[INFO] [stdout] 583 |         impl<T: 'static + UserData> UserData for $type {
[INFO] [stdout]     |         ^^^^^^^^^^^^^^^^^^^^^^^^^^^^^^^^^^^^^^^^^^^^^^
[INFO] [stdout]     |         |
[INFO] [stdout]     |         `Arc<std::sync::Mutex<T>>`
[INFO] [stdout]     |         `Arc<std::sync::RwLock<T>>`
[INFO] [stdout]     |         `Rc<RefCell<T>>`
[INFO] [stdout] ...
[INFO] [stdout] 618 | lua_userdata_impl!(Rc<RefCell<T>>);
[INFO] [stdout]     | ---------------------------------- in this macro invocation
[INFO] [stdout] 619 | lua_userdata_impl!(Arc<Mutex<T>>);
[INFO] [stdout]     | --------------------------------- in this macro invocation
[INFO] [stdout] 620 | lua_userdata_impl!(Arc<RwLock<T>>);
[INFO] [stdout]     | ---------------------------------- in this macro invocation
[INFO] [stdout] note: required for `!` to implement `FromLua<'_>`
[INFO] [stdout]    --> /opt/rustwide/cargo-home/registry/src/index.crates.io-1949cf8c6b5b557f/factorio-mlua-0.8.0/src/conversion.rs:148:43
[INFO] [stdout]     |
[INFO] [stdout] 148 | impl<'lua, T: 'static + UserData + Clone> FromLua<'lua> for T {
[INFO] [stdout]     |                         --------          ^^^^^^^^^^^^^     ^
[INFO] [stdout]     |                         |
[INFO] [stdout]     |                         unsatisfied trait bound introduced here
[INFO] [stdout] note: required for `!` to implement `FromLuaMulti<'_>`
[INFO] [stdout]    --> /opt/rustwide/cargo-home/registry/src/index.crates.io-1949cf8c6b5b557f/factorio-mlua-0.8.0/src/multi.rs:37:30
[INFO] [stdout]     |
[INFO] [stdout]  37 | impl<'lua, T: FromLua<'lua>> FromLuaMulti<'lua> for T {
[INFO] [stdout]     |               -------------  ^^^^^^^^^^^^^^^^^^     ^
[INFO] [stdout]     |               |
[INFO] [stdout]     |               unsatisfied trait bound introduced here
[INFO] [stdout] note: required by a bound in `Chunk::<'lua, 'a>::call`
[INFO] [stdout]    --> /opt/rustwide/cargo-home/registry/src/index.crates.io-1949cf8c6b5b557f/factorio-mlua-0.8.0/src/chunk.rs:354:41
[INFO] [stdout]     |
[INFO] [stdout] 238 | impl<'lua, 'a> Chunk<'lua, 'a> {
[INFO] [stdout] ...
[INFO] [stdout] 354 |     pub fn call<A: ToLuaMulti<'lua>, R: FromLuaMulti<'lua>>(self, args: A) -> Result<R> {
[INFO] [stdout]     |                                         ^^^^^^^^^^^^^^^^^^ required by this bound in `Chunk::<'lua, 'a>::call`
[INFO] [stdout] 
[INFO] [stdout] 
[INFO] [stdout] For more information about this error, try `rustc --explain E0277`.
[INFO] [stdout] 
[INFO] [stderr] error: could not compile `factorio-mlua` (lib) due to 1 previous error
[INFO] [stderr] warning: build failed, waiting for other jobs to finish...
[INFO] running `Command { std: "docker" "inspect" "4ba3637db4259774fd23bd57d646e26eea7e7b01f2c04456b002e07b732c10be", kill_on_drop: false }`
[INFO] running `Command { std: "docker" "rm" "-f" "4ba3637db4259774fd23bd57d646e26eea7e7b01f2c04456b002e07b732c10be", kill_on_drop: false }`
[INFO] [stdout] 4ba3637db4259774fd23bd57d646e26eea7e7b01f2c04456b002e07b732c10be
