[INFO] cloning repository https://github.com/Jakeelamb/dino-tools
[INFO] running `Command { std: "git" "-c" "credential.helper=" "-c" "credential.helper=/workspace/cargo-home/bin/git-credential-null" "clone" "--bare" "https://github.com/Jakeelamb/dino-tools" "/workspace/cache/git-repos/https%3A%2F%2Fgithub.com%2FJakeelamb%2Fdino-tools", kill_on_drop: false }`
[INFO] [stderr] Cloning into bare repository '/workspace/cache/git-repos/https%3A%2F%2Fgithub.com%2FJakeelamb%2Fdino-tools'...
[INFO] running `Command { std: "git" "rev-parse" "HEAD", kill_on_drop: false }`
[INFO] [stdout] 3e90365f18feae1fb2bd07f5768cba6ad112b972
[INFO] testing Jakeelamb/dino-tools against 1.100.0-beta.1+cargoflags=--release for beta-release-1.100-2
[INFO] running `Command { std: "git" "clone" "/workspace/cache/git-repos/https%3A%2F%2Fgithub.com%2FJakeelamb%2Fdino-tools" "/workspace/builds/worker-5-tc2/source", kill_on_drop: false }`
[INFO] [stderr] Cloning into '/workspace/builds/worker-5-tc2/source'...
[INFO] [stderr] done.
[INFO] removed /workspace/builds/worker-5-tc2/source/rust-toolchain.toml
[INFO] started tweaking git repo https://github.com/Jakeelamb/dino-tools
[INFO] finished tweaking git repo https://github.com/Jakeelamb/dino-tools
[INFO] tweaked toml for git repo https://github.com/Jakeelamb/dino-tools written to /workspace/builds/worker-5-tc2/source/Cargo.toml
[INFO] validating manifest of git repo https://github.com/Jakeelamb/dino-tools on toolchain 1.100.0-beta.1
[INFO] running `Command { std: CARGO_HOME="/workspace/cargo-home" RUSTUP_HOME="/workspace/rustup-home" "/workspace/cargo-home/bin/cargo" "+1.100.0-beta.1" "metadata" "--manifest-path" "Cargo.toml" "--no-deps", kill_on_drop: false }`
[INFO] crate git repo https://github.com/Jakeelamb/dino-tools already has a lockfile, it will not be regenerated
[INFO] running `Command { std: CARGO_HOME="/workspace/cargo-home" RUSTUP_HOME="/workspace/rustup-home" "/workspace/cargo-home/bin/cargo" "+1.100.0-beta.1" "fetch" "--manifest-path" "Cargo.toml", kill_on_drop: false }`
[INFO] [stderr] warning: missing `[lints]` to inherit `[workspace.lints]`
[INFO] [stderr]   --> dna/Cargo.toml
[INFO] [stderr]    = note: `cargo::missing_lints_inheritance` is set to `warn` by default
[INFO] [stderr] help: to inherit `workspace.lints, add:
[INFO] [stderr]    |
[INFO] [stderr] 37 ~ codon-wheel = []
[INFO] [stderr] 38 + [lints]
[INFO] [stderr] 39 + workspace = true
[INFO] [stderr]    |
[INFO] [stderr] help: to clarify your intent to not inherit, add:
[INFO] [stderr]    |
[INFO] [stderr] 37 ~ codon-wheel = []
[INFO] [stderr] 38 + [lints]
[INFO] [stderr]    |
[INFO] [stderr] warning: `package.homepage` is redundant with `package.repository`
[INFO] [stderr]  --> dna/Cargo.toml:9:12
[INFO] [stderr]   |
[INFO] [stderr] 8 | repository = "https://github.com/Jakeelamb/dino-tools"
[INFO] [stderr]   |              -----------------------------------------
[INFO] [stderr] 9 | homepage = "https://github.com/Jakeelamb/dino-tools"
[INFO] [stderr]   |            ^^^^^^^^^^^^^^^^^^^^^^^^^^^^^^^^^^^^^^^^^
[INFO] [stderr]   |
[INFO] [stderr]   = note: `cargo::redundant_homepage` is set to `warn` by default
[INFO] [stderr] help: consider removing `package.homepage`
[INFO] [stderr] warning: `dino-dna` (manifest) generated 2 warnings
[INFO] [stderr] warning: missing `[lints]` to inherit `[workspace.lints]`
[INFO] [stderr]   --> crates/dino-quant/Cargo.toml
[INFO] [stderr]    = note: `cargo::missing_lints_inheritance` is set to `warn` by default
[INFO] [stderr] help: to inherit `workspace.lints, add:
[INFO] [stderr]    |
[INFO] [stderr] 24 ~ dino-seq = { version = "0.1.0", path = "../dino-seq" }
[INFO] [stderr] 25 + [lints]
[INFO] [stderr] 26 + workspace = true
[INFO] [stderr]    |
[INFO] [stderr] help: to clarify your intent to not inherit, add:
[INFO] [stderr]    |
[INFO] [stderr] 24 ~ dino-seq = { version = "0.1.0", path = "../dino-seq" }
[INFO] [stderr] 25 + [lints]
[INFO] [stderr]    |
[INFO] [stderr] warning: `package.homepage` is redundant with `package.repository`
[INFO] [stderr]  --> crates/dino-quant/Cargo.toml:9:12
[INFO] [stderr]   |
[INFO] [stderr] 8 | repository = "https://github.com/Jakeelamb/dino-tools"
[INFO] [stderr]   |              -----------------------------------------
[INFO] [stderr] 9 | homepage = "https://github.com/Jakeelamb/dino-tools"
[INFO] [stderr]   |            ^^^^^^^^^^^^^^^^^^^^^^^^^^^^^^^^^^^^^^^^^
[INFO] [stderr]   |
[INFO] [stderr]   = note: `cargo::redundant_homepage` is set to `warn` by default
[INFO] [stderr] help: consider removing `package.homepage`
[INFO] [stderr] warning: `dino-quant` (manifest) generated 2 warnings
[INFO] [stderr] warning: `package.homepage` is redundant with `package.repository`
[INFO] [stderr]  --> crates/dino-seq/Cargo.toml:9:12
[INFO] [stderr]   |
[INFO] [stderr] 8 | repository = "https://github.com/Jakeelamb/dino-tools"
[INFO] [stderr]   |              -----------------------------------------
[INFO] [stderr] 9 | homepage = "https://github.com/Jakeelamb/dino-tools"
[INFO] [stderr]   |            ^^^^^^^^^^^^^^^^^^^^^^^^^^^^^^^^^^^^^^^^^
[INFO] [stderr]   |
[INFO] [stderr]   = note: `cargo::redundant_homepage` is set to `warn` by default
[INFO] [stderr] help: consider removing `package.homepage`
[INFO] [stderr] warning: `dino-seq` (manifest) generated 1 warning
[INFO] running `Command { std: "docker" "create" "-v" "/var/lib/crater-agent-workspace/builds/worker-5-tc2/source:/opt/rustwide/workdir:ro,Z" "-v" "/var/lib/crater-agent-workspace/builds/worker-5-tc2/target:/opt/rustwide/target:rw,Z" "-v" "/var/lib/crater-agent-workspace/cargo-home:/opt/rustwide/cargo-home:ro,Z" "-v" "/var/lib/crater-agent-workspace/rustup-home:/opt/rustwide/rustup-home:ro,Z" "-m" "1610612736" "--network" "none" "ghcr.io/rust-lang/crates-build-env/linux@sha256:77db811e55d90add9212f6832c23229e3de5f1c1f9905e8cb07319ea15df73ac" "sleep" "infinity", kill_on_drop: false }`
[INFO] [stdout] 0fe399270d5c51727687643a6d19c5a2ae1bc32d8ca305b1d3f185f2b5b41a52
[INFO] running `Command { std: "docker" "start" "0fe399270d5c51727687643a6d19c5a2ae1bc32d8ca305b1d3f185f2b5b41a52", kill_on_drop: false }`
[INFO] running `Command { std: "docker" "inspect" "0fe399270d5c51727687643a6d19c5a2ae1bc32d8ca305b1d3f185f2b5b41a52", kill_on_drop: false }`
[INFO] running `Command { std: "docker" "exec" "-e" "SOURCE_DIR=/opt/rustwide/workdir" "-e" "CARGO_HOME=/opt/rustwide/cargo-home" "-e" "RUSTUP_HOME=/opt/rustwide/rustup-home" "-e" "CARGO_TARGET_DIR=/opt/rustwide/target" "-w" "/opt/rustwide/workdir" "--user" "0:0" "0fe399270d5c51727687643a6d19c5a2ae1bc32d8ca305b1d3f185f2b5b41a52" "/opt/rustwide/cargo-home/bin/cargo" "+1.100.0-beta.1" "metadata" "--no-deps" "--format-version=1", kill_on_drop: false }`
[INFO] running `Command { std: "docker" "inspect" "0fe399270d5c51727687643a6d19c5a2ae1bc32d8ca305b1d3f185f2b5b41a52", kill_on_drop: false }`
[INFO] running `Command { std: "docker" "exec" "-e" "SOURCE_DIR=/opt/rustwide/workdir" "-e" "CARGO_HOME=/opt/rustwide/cargo-home" "-e" "RUSTUP_HOME=/opt/rustwide/rustup-home" "-e" "CARGO_TARGET_DIR=/opt/rustwide/target" "-e" "CARGO_INCREMENTAL=0" "-e" "RUST_BACKTRACE=full" "-e" "RUSTFLAGS=--cap-lints=warn" "-e" "RUSTDOCFLAGS=--cap-lints=warn" "-w" "/opt/rustwide/workdir" "--user" "0:0" "0fe399270d5c51727687643a6d19c5a2ae1bc32d8ca305b1d3f185f2b5b41a52" "/opt/rustwide/cargo-home/bin/cargo" "+1.100.0-beta.1" "build" "--frozen" "--message-format=json" "--release", kill_on_drop: false }`
[INFO] [stderr] warning: missing `[lints]` to inherit `[workspace.lints]`
[INFO] [stderr]   --> crates/dino-quant/Cargo.toml
[INFO] [stderr]    = note: `cargo::missing_lints_inheritance` is set to `warn` by default
[INFO] [stderr] help: to inherit `workspace.lints, add:
[INFO] [stderr]    |
[INFO] [stderr] 24 ~ dino-seq = { version = "0.1.0", path = "../dino-seq" }
[INFO] [stderr] 25 + [lints]
[INFO] [stderr] 26 + workspace = true
[INFO] [stderr]    |
[INFO] [stderr] help: to clarify your intent to not inherit, add:
[INFO] [stderr]    |
[INFO] [stderr] 24 ~ dino-seq = { version = "0.1.0", path = "../dino-seq" }
[INFO] [stderr] 25 + [lints]
[INFO] [stderr]    |
[INFO] [stderr] warning: `package.homepage` is redundant with `package.repository`
[INFO] [stderr]  --> crates/dino-quant/Cargo.toml:9:12
[INFO] [stderr]   |
[INFO] [stderr] 8 | repository = "https://github.com/Jakeelamb/dino-tools"
[INFO] [stderr]   |              -----------------------------------------
[INFO] [stderr] 9 | homepage = "https://github.com/Jakeelamb/dino-tools"
[INFO] [stderr]   |            ^^^^^^^^^^^^^^^^^^^^^^^^^^^^^^^^^^^^^^^^^
[INFO] [stderr]   |
[INFO] [stderr]   = note: `cargo::redundant_homepage` is set to `warn` by default
[INFO] [stderr] help: consider removing `package.homepage`
[INFO] [stderr] warning: `dino-quant` (manifest) generated 2 warnings
[INFO] [stderr] warning: missing `[lints]` to inherit `[workspace.lints]`
[INFO] [stderr]   --> dna/Cargo.toml
[INFO] [stderr]    = note: `cargo::missing_lints_inheritance` is set to `warn` by default
[INFO] [stderr] help: to inherit `workspace.lints, add:
[INFO] [stderr]    |
[INFO] [stderr] 37 ~ codon-wheel = []
[INFO] [stderr] 38 + [lints]
[INFO] [stderr] 39 + workspace = true
[INFO] [stderr]    |
[INFO] [stderr] help: to clarify your intent to not inherit, add:
[INFO] [stderr]    |
[INFO] [stderr] 37 ~ codon-wheel = []
[INFO] [stderr] 38 + [lints]
[INFO] [stderr]    |
[INFO] [stderr] warning: `package.homepage` is redundant with `package.repository`
[INFO] [stderr]  --> dna/Cargo.toml:9:12
[INFO] [stderr]   |
[INFO] [stderr] 8 | repository = "https://github.com/Jakeelamb/dino-tools"
[INFO] [stderr]   |              -----------------------------------------
[INFO] [stderr] 9 | homepage = "https://github.com/Jakeelamb/dino-tools"
[INFO] [stderr]   |            ^^^^^^^^^^^^^^^^^^^^^^^^^^^^^^^^^^^^^^^^^
[INFO] [stderr]   |
[INFO] [stderr]   = note: `cargo::redundant_homepage` is set to `warn` by default
[INFO] [stderr] help: consider removing `package.homepage`
[INFO] [stderr] warning: `dino-dna` (manifest) generated 2 warnings
[INFO] [stderr] warning: `package.homepage` is redundant with `package.repository`
[INFO] [stderr]  --> crates/dino-seq/Cargo.toml:9:12
[INFO] [stderr]   |
[INFO] [stderr] 8 | repository = "https://github.com/Jakeelamb/dino-tools"
[INFO] [stderr]   |              -----------------------------------------
[INFO] [stderr] 9 | homepage = "https://github.com/Jakeelamb/dino-tools"
[INFO] [stderr]   |            ^^^^^^^^^^^^^^^^^^^^^^^^^^^^^^^^^^^^^^^^^
[INFO] [stderr]   |
[INFO] [stderr]   = note: `cargo::redundant_homepage` is set to `warn` by default
[INFO] [stderr] help: consider removing `package.homepage`
[INFO] [stderr] warning: `dino-seq` (manifest) generated 1 warning
[INFO] [stderr]    Compiling memchr v2.8.2
[INFO] [stderr]    Compiling dino-dna v0.1.3 (/opt/rustwide/workdir/dna)
[INFO] [stderr]    Compiling dino-seq v0.1.0 (/opt/rustwide/workdir/crates/dino-seq)
[INFO] [stderr]    Compiling dino-quant v0.1.0 (/opt/rustwide/workdir/crates/dino-quant)
[INFO] [stderr]     Finished `release` profile [optimized] target(s) in 9.14s
[INFO] running `Command { std: "docker" "inspect" "0fe399270d5c51727687643a6d19c5a2ae1bc32d8ca305b1d3f185f2b5b41a52", kill_on_drop: false }`
[INFO] running `Command { std: "docker" "exec" "-e" "SOURCE_DIR=/opt/rustwide/workdir" "-e" "CARGO_HOME=/opt/rustwide/cargo-home" "-e" "RUSTUP_HOME=/opt/rustwide/rustup-home" "-e" "CARGO_TARGET_DIR=/opt/rustwide/target" "-e" "CARGO_INCREMENTAL=0" "-e" "RUST_BACKTRACE=full" "-e" "RUSTFLAGS=--cap-lints=warn" "-e" "RUSTDOCFLAGS=--cap-lints=warn" "-w" "/opt/rustwide/workdir" "--user" "0:0" "0fe399270d5c51727687643a6d19c5a2ae1bc32d8ca305b1d3f185f2b5b41a52" "/opt/rustwide/cargo-home/bin/cargo" "+1.100.0-beta.1" "test" "--frozen" "--no-run" "--message-format=json" "--release", kill_on_drop: false }`
[INFO] [stderr] warning: missing `[lints]` to inherit `[workspace.lints]`
[INFO] [stderr]   --> crates/dino-quant/Cargo.toml
[INFO] [stderr]    = note: `cargo::missing_lints_inheritance` is set to `warn` by default
[INFO] [stderr] help: to inherit `workspace.lints, add:
[INFO] [stderr]    |
[INFO] [stderr] 24 ~ dino-seq = { version = "0.1.0", path = "../dino-seq" }
[INFO] [stderr] 25 + [lints]
[INFO] [stderr] 26 + workspace = true
[INFO] [stderr]    |
[INFO] [stderr] help: to clarify your intent to not inherit, add:
[INFO] [stderr]    |
[INFO] [stderr] 24 ~ dino-seq = { version = "0.1.0", path = "../dino-seq" }
[INFO] [stderr] 25 + [lints]
[INFO] [stderr]    |
[INFO] [stderr] warning: `package.homepage` is redundant with `package.repository`
[INFO] [stderr]  --> crates/dino-quant/Cargo.toml:9:12
[INFO] [stderr]   |
[INFO] [stderr] 8 | repository = "https://github.com/Jakeelamb/dino-tools"
[INFO] [stderr]   |              -----------------------------------------
[INFO] [stderr] 9 | homepage = "https://github.com/Jakeelamb/dino-tools"
[INFO] [stderr]   |            ^^^^^^^^^^^^^^^^^^^^^^^^^^^^^^^^^^^^^^^^^
[INFO] [stderr]   |
[INFO] [stderr]   = note: `cargo::redundant_homepage` is set to `warn` by default
[INFO] [stderr] help: consider removing `package.homepage`
[INFO] [stderr] warning: `dino-quant` (manifest) generated 2 warnings
[INFO] [stderr] warning: missing `[lints]` to inherit `[workspace.lints]`
[INFO] [stderr]   --> dna/Cargo.toml
[INFO] [stderr]    = note: `cargo::missing_lints_inheritance` is set to `warn` by default
[INFO] [stderr] help: to inherit `workspace.lints, add:
[INFO] [stderr]    |
[INFO] [stderr] 37 ~ codon-wheel = []
[INFO] [stderr] 38 + [lints]
[INFO] [stderr] 39 + workspace = true
[INFO] [stderr]    |
[INFO] [stderr] help: to clarify your intent to not inherit, add:
[INFO] [stderr]    |
[INFO] [stderr] 37 ~ codon-wheel = []
[INFO] [stderr] 38 + [lints]
[INFO] [stderr]    |
[INFO] [stderr] warning: `package.homepage` is redundant with `package.repository`
[INFO] [stderr]  --> dna/Cargo.toml:9:12
[INFO] [stderr]   |
[INFO] [stderr] 8 | repository = "https://github.com/Jakeelamb/dino-tools"
[INFO] [stderr]   |              -----------------------------------------
[INFO] [stderr] 9 | homepage = "https://github.com/Jakeelamb/dino-tools"
[INFO] [stderr]   |            ^^^^^^^^^^^^^^^^^^^^^^^^^^^^^^^^^^^^^^^^^
[INFO] [stderr]   |
[INFO] [stderr]   = note: `cargo::redundant_homepage` is set to `warn` by default
[INFO] [stderr] help: consider removing `package.homepage`
[INFO] [stderr] warning: `dino-dna` (manifest) generated 2 warnings
[INFO] [stderr] warning: `package.homepage` is redundant with `package.repository`
[INFO] [stderr]  --> crates/dino-seq/Cargo.toml:9:12
[INFO] [stderr]   |
[INFO] [stderr] 8 | repository = "https://github.com/Jakeelamb/dino-tools"
[INFO] [stderr]   |              -----------------------------------------
[INFO] [stderr] 9 | homepage = "https://github.com/Jakeelamb/dino-tools"
[INFO] [stderr]   |            ^^^^^^^^^^^^^^^^^^^^^^^^^^^^^^^^^^^^^^^^^
[INFO] [stderr]   |
[INFO] [stderr]   = note: `cargo::redundant_homepage` is set to `warn` by default
[INFO] [stderr] help: consider removing `package.homepage`
[INFO] [stderr] warning: `dino-seq` (manifest) generated 1 warning
[INFO] [stderr]    Compiling dino-seq v0.1.0 (/opt/rustwide/workdir/crates/dino-seq)
[INFO] [stderr]    Compiling dino-quant v0.1.0 (/opt/rustwide/workdir/crates/dino-quant)
[INFO] [stderr]    Compiling dino-dna v0.1.3 (/opt/rustwide/workdir/dna)
[INFO] [stderr]     Finished `release` profile [optimized] target(s) in 11.10s
[INFO] running `Command { std: "docker" "inspect" "0fe399270d5c51727687643a6d19c5a2ae1bc32d8ca305b1d3f185f2b5b41a52", kill_on_drop: false }`
[INFO] running `Command { std: "docker" "exec" "-e" "SOURCE_DIR=/opt/rustwide/workdir" "-e" "CARGO_HOME=/opt/rustwide/cargo-home" "-e" "RUSTUP_HOME=/opt/rustwide/rustup-home" "-e" "CARGO_TARGET_DIR=/opt/rustwide/target" "-e" "CARGO_INCREMENTAL=0" "-e" "RUST_BACKTRACE=full" "-e" "RUSTFLAGS=--cap-lints=warn" "-e" "RUSTDOCFLAGS=--cap-lints=warn" "-w" "/opt/rustwide/workdir" "--user" "0:0" "0fe399270d5c51727687643a6d19c5a2ae1bc32d8ca305b1d3f185f2b5b41a52" "/opt/rustwide/cargo-home/bin/cargo" "+1.100.0-beta.1" "test" "--frozen" "--release", kill_on_drop: false }`
[INFO] [stderr] warning: missing `[lints]` to inherit `[workspace.lints]`
[INFO] [stderr]   --> crates/dino-quant/Cargo.toml
[INFO] [stderr]    = note: `cargo::missing_lints_inheritance` is set to `warn` by default
[INFO] [stderr] help: to inherit `workspace.lints, add:
[INFO] [stderr]    |
[INFO] [stderr] 24 ~ dino-seq = { version = "0.1.0", path = "../dino-seq" }
[INFO] [stderr] 25 + [lints]
[INFO] [stderr] 26 + workspace = true
[INFO] [stderr]    |
[INFO] [stderr] help: to clarify your intent to not inherit, add:
[INFO] [stderr]    |
[INFO] [stderr] 24 ~ dino-seq = { version = "0.1.0", path = "../dino-seq" }
[INFO] [stderr] 25 + [lints]
[INFO] [stderr]    |
[INFO] [stderr] warning: `package.homepage` is redundant with `package.repository`
[INFO] [stderr]  --> crates/dino-quant/Cargo.toml:9:12
[INFO] [stderr]   |
[INFO] [stderr] 8 | repository = "https://github.com/Jakeelamb/dino-tools"
[INFO] [stderr]   |              -----------------------------------------
[INFO] [stderr] 9 | homepage = "https://github.com/Jakeelamb/dino-tools"
[INFO] [stderr]   |            ^^^^^^^^^^^^^^^^^^^^^^^^^^^^^^^^^^^^^^^^^
[INFO] [stderr]   |
[INFO] [stderr]   = note: `cargo::redundant_homepage` is set to `warn` by default
[INFO] [stderr] help: consider removing `package.homepage`
[INFO] [stderr] warning: `dino-quant` (manifest) generated 2 warnings
[INFO] [stderr] warning: missing `[lints]` to inherit `[workspace.lints]`
[INFO] [stderr]   --> dna/Cargo.toml
[INFO] [stderr]    = note: `cargo::missing_lints_inheritance` is set to `warn` by default
[INFO] [stderr] help: to inherit `workspace.lints, add:
[INFO] [stderr]    |
[INFO] [stderr] 37 ~ codon-wheel = []
[INFO] [stderr] 38 + [lints]
[INFO] [stderr] 39 + workspace = true
[INFO] [stderr]    |
[INFO] [stderr] help: to clarify your intent to not inherit, add:
[INFO] [stderr]    |
[INFO] [stderr] 37 ~ codon-wheel = []
[INFO] [stderr] 38 + [lints]
[INFO] [stderr]    |
[INFO] [stderr] warning: `package.homepage` is redundant with `package.repository`
[INFO] [stderr]  --> dna/Cargo.toml:9:12
[INFO] [stderr]   |
[INFO] [stderr] 8 | repository = "https://github.com/Jakeelamb/dino-tools"
[INFO] [stderr]   |              -----------------------------------------
[INFO] [stderr] 9 | homepage = "https://github.com/Jakeelamb/dino-tools"
[INFO] [stderr]   |            ^^^^^^^^^^^^^^^^^^^^^^^^^^^^^^^^^^^^^^^^^
[INFO] [stderr]   |
[INFO] [stderr]   = note: `cargo::redundant_homepage` is set to `warn` by default
[INFO] [stderr] help: consider removing `package.homepage`
[INFO] [stderr] warning: `dino-dna` (manifest) generated 2 warnings
[INFO] [stderr] warning: `package.homepage` is redundant with `package.repository`
[INFO] [stderr]  --> crates/dino-seq/Cargo.toml:9:12
[INFO] [stderr]   |
[INFO] [stderr] 8 | repository = "https://github.com/Jakeelamb/dino-tools"
[INFO] [stderr]   |              -----------------------------------------
[INFO] [stderr] 9 | homepage = "https://github.com/Jakeelamb/dino-tools"
[INFO] [stderr]   |            ^^^^^^^^^^^^^^^^^^^^^^^^^^^^^^^^^^^^^^^^^
[INFO] [stderr]   |
[INFO] [stderr]   = note: `cargo::redundant_homepage` is set to `warn` by default
[INFO] [stderr] help: consider removing `package.homepage`
[INFO] [stderr] warning: `dino-seq` (manifest) generated 1 warning
[INFO] [stderr]     Finished `release` profile [optimized] target(s) in 0.04s
[INFO] [stderr]      Running unittests src/lib.rs (/opt/rustwide/target/release/build/dino-dna/2503612f806f03f2/out/dna-2503612f806f03f2)
[INFO] [stderr]      Running unittests src/main.rs (/opt/rustwide/target/release/build/dino-dna/6792c27c162c02df/out/DNA-6792c27c162c02df)
[INFO] [stdout] 
[INFO] [stdout] running 1 test
[INFO] [stdout] test tests::helix_grid_has_reasonable_extent ... ok
[INFO] [stdout] 
[INFO] [stdout] test result: ok. 1 passed; 0 failed; 0 ignored; 0 measured; 0 filtered out; finished in 0.00s
[INFO] [stdout] 
[INFO] [stdout] 
[INFO] [stdout] running 6 tests
[INFO] [stdout] test tests::cli_defaults_to_dna_helix ... ok
[INFO] [stdout] test tests::cli_parses_short_aliases ... ok
[INFO] [stdout] test tests::cli_rejects_unknown_arguments ... ok
[INFO] [stdout] test tests::coding_sequence_keeps_frame_and_alphabet ... ok
[INFO] [stdout] test tests::complements_rna ... ok
[INFO] [stderr]      Running unittests src/lib.rs (/opt/rustwide/target/release/build/dino-quant/c56460056fccc252/out/dino_quant-c56460056fccc252)
[INFO] [stdout] test tests::complements_dna ... ok
[INFO] [stdout] 
[INFO] [stdout] test result: ok. 6 passed; 0 failed; 0 ignored; 0 measured; 0 filtered out; finished in 0.01s
[INFO] [stdout] 
[INFO] [stdout] 
[INFO] [stdout] running 17 tests
[INFO] [stdout] test tests::more_scalar_bits_reduce_error ... ok
[INFO] [stdout] test tests::canonical_kmers_match_reverse_complements ... ok
[INFO] [stdout] test tests::protein_sketches_are_normalized_and_skip_ambiguous_residues ... ok
[INFO] [stdout] test tests::rejects_invalid_sequence_character ... ok
[INFO] [stdout] test tests::parses_fastq_records ... ok
[INFO] [stdout] test tests::parses_fasta_records_and_concatenates_with_separator ... ok
[INFO] [stdout] test tests::fastq_slice_visitor_can_stop_after_limit ... ok
[INFO] [stdout] test tests::dna_sketches_are_normalized ... ok
[INFO] [stdout] test tests::prepared_query_matches_direct_scoring ... ok
[INFO] [stdout] test tests::approximate_dot_matches_decoded_qjl_dot ... ok
[INFO] [stdout] test tests::qjl_residual_decodes_finite_vector ... ok
[INFO] [stdout] test tests::packed_codes_round_trip_values ... ok
[INFO] [stdout] test tests::compressed_index_finds_mutated_source_window ... ok
[INFO] [stdout] test tests::rotation_round_trips ... ok
[INFO] [stdout] test tests::parses_protein_fasta_records ... ok
[INFO] [stdout] test tests::record_index_reports_target_coordinates ... ok
[INFO] [stdout] test tests::quantized_vector_snapshot_round_trips_scoring ... ok
[INFO] [stdout] 
[INFO] [stdout] test result: ok. 17 passed; 0 failed; 0 ignored; 0 measured; 0 filtered out; finished in 0.01s
[INFO] [stdout] 
[INFO] [stderr]      Running unittests src/main.rs (/opt/rustwide/target/release/build/dino-quant/46c46d4c6e185e8b/out/dino_quant-46c46d4c6e185e8b)
[INFO] [stdout] 
[INFO] [stdout] running 8 tests
[INFO] [stdout] test tests::minimizer_index_drops_raw_sketches_and_builds_postings ... ok
[INFO] [stdout] test tests::minimizer_retrieval_finds_exact_window ... ok
[INFO] [stdout] test tests::candidate_reference_intervals_are_bounded_and_merged ... ok
[INFO] [stdout] test tests::centroid_retrieval_honors_candidate_limit ... ok
[INFO] [stdout] test tests::counted_ids_prefer_higher_counts_then_lower_index ... ok
[INFO] [stdout] test tests::candidate_scratch_reuses_dense_counts_with_same_ranking ... ok
[INFO] [stdout] test tests::monotonic_minimizers_match_naive_window_scan ... ok
[INFO] [stderr]      Running tests/cli_contract.rs (/opt/rustwide/target/release/build/dino-quant/b265bfb28b77ba26/out/cli_contract-b265bfb28b77ba26)
[INFO] [stdout] test tests::rolling_kmer_hashes_match_window_hashes ... ok
[INFO] [stdout] 
[INFO] [stdout] test result: ok. 8 passed; 0 failed; 0 ignored; 0 measured; 0 filtered out; finished in 0.00s
[INFO] [stdout] 
[INFO] [stdout] 
[INFO] [stdout] running 2 tests
[INFO] [stdout] test candidate_reference_uses_target_id_for_duplicate_names ... ok
[INFO] [stdout] test minimizer_cache_rejects_same_path_reference_content_change ... ok
[INFO] [stdout] 
[INFO] [stdout] test result: ok. 2 passed; 0 failed; 0 ignored; 0 measured; 0 filtered out; finished in 0.02s
[INFO] [stdout] 
[INFO] [stderr]      Running unittests src/lib.rs (/opt/rustwide/target/release/build/dino-seq/4187a45f7ef6054a/out/dino_seq-4187a45f7ef6054a)
[INFO] [stdout] 
[INFO] [stdout] running 111 tests
[INFO] [stdout] test fasta::tests::count_fasta_bufread_handles_split_lines ... ok
[INFO] [stdout] test fasta::tests::indexed_fetch_handles_line_boundary_and_missing_final_newline ... ok
[INFO] [stdout] test fasta::tests::counts_two_line_resident_fasta_bytes ... ok
[INFO] [stdout] test fasta::tests::counts_wrapped_fasta_read_and_bytes ... ok
[INFO] [stdout] test fasta::tests::indexed_fetch_skips_crlf_line_endings_with_run_copy ... ok
[INFO] [stdout] test fasta::tests::fasta_index_rejects_inconsistent_non_final_wrapping ... ok
[INFO] [stdout] test fasta::tests::carries_header_across_batches ... ok
[INFO] [stdout] test fasta::tests::detects_fasta_shape ... ok
[INFO] [stdout] test fasta::tests::fasta_readers_reject_empty_first_token_ids ... ok
[INFO] [stdout] test fasta::tests::owned_fasta_batch_can_outlive_reader_batch ... ok
[INFO] [stdout] test fasta::tests::fasta_index_bufread_handles_split_and_unterminated_lines ... ok
[INFO] [stdout] test fasta::tests::plans_balanced_fasta_partitions_with_overlap ... ok
[INFO] [stdout] test fasta::tests::counts_two_line_fasta_stream ... ok
[INFO] [stdout] test fasta::tests::parses_fai_and_fetches_wrapped_range ... ok
[INFO] [stdout] test fasta::tests::auto_resident_visitor_matches_robust_multiline_visitor ... ok
[INFO] [stdout] test fasta::tests::resident_visitor_reports_later_empty_header_index ... ok
[INFO] [stdout] test fasta::tests::reference_config_matches_reference_opener_tuning ... ok
[INFO] [stdout] test fasta::tests::resident_count_matches_visitor_without_folding_records ... ok
[INFO] [stdout] test fasta::tests::stats_continue_after_partial_batch_without_folding_next_records ... ok
[INFO] [stdout] test fasta::tests::rejects_bad_fai_and_bad_fetch_ranges ... ok
[INFO] [stdout] test fasta::tests::rejects_overflowing_fai_offset_math ... ok
[INFO] [stdout] test fasta::tests::reports_later_empty_header_index ... ok
[INFO] [stdout] test fasta::tests::rejects_empty_header ... ok
[INFO] [stdout] test fasta::tests::rejects_non_header_before_first_record ... ok
[INFO] [stdout] test fasta::tests::reads_multiline_fasta_records ... ok
[INFO] [stdout] test fasta::tests::two_line_visitor_rejects_multiline_fasta ... ok
[INFO] [stdout] test fasta::tests::visits_resident_fasta_bytes ... ok
[INFO] [stdout] test fasta::tests::fasta_index_rejects_short_internal_wrapping ... ok
[INFO] [stdout] test fasta::tests::resident_visitor_rejects_non_header_before_first_record ... ok
[INFO] [stdout] test fasta::tests::builds_fasta_index_for_wrapped_reference ... ok
[INFO] [stdout] test fasta::tests::fasta_index_rejects_duplicate_names ... ok
[INFO] [stdout] test fasta::tests::two_line_resident_counter_rejects_multiline_fasta ... ok
[INFO] [stdout] test fasta::tests::visits_two_line_fasta_stream ... ok
[INFO] [stdout] test fasta::tests::visits_two_line_resident_fasta_bytes ... ok
[INFO] [stdout] test fasta::tests::streams_indexed_reference_chunks ... ok
[INFO] [stdout] test fasta::tests::two_line_stream_rejects_multiline_fasta ... ok
[INFO] [stdout] test fastq::tests::handles_crlf ... ok
[INFO] [stdout] test fastq::tests::interleaved_fast_slash_validation_rejects_wrong_mate_suffixes ... ok
[INFO] [stdout] test fastq::tests::accepts_missing_final_newline ... ok
[INFO] [stdout] test fasta::tests::visits_records ... ok
[INFO] [stdout] test fastq::tests::interleaved_pairs_iterates_valid_pairs ... ok
[INFO] [stdout] test fastq::tests::count_records_rejects_quality_length_mismatch ... ok
[INFO] [stdout] test fastq::tests::interleaved_pairs_rejects_identifier_mismatch ... ok
[INFO] [stdout] test fastq::tests::carries_split_records ... ok
[INFO] [stdout] test fastq::tests::count_records_reports_truncated_eof ... ok
[INFO] [stdout] test fasta::tests::streams_indexed_reference_chunks_into_reused_buffer ... ok
[INFO] [stdout] test fasta::tests::two_line_counter_rejects_multiline_fasta ... ok
[INFO] [stdout] test fastq::tests::count_records_rejects_bad_plus_line ... ok
[INFO] [stdout] test fastq::tests::frame_records_carries_partial_line_after_complete_record ... ok
[INFO] [stdout] test fastq::tests::count_records_matches_visitor_across_slab_carry ... ok
[INFO] [stdout] test fastq::tests::chunk_config_and_stats_accessors_are_adopter_friendly ... ok
[INFO] [stdout] test fastq::tests::count_fastq_bytes_accepts_missing_final_newline ... ok
[INFO] [stdout] test fastq::tests::interleaved_pairs_use_reader_pair_validation_mode ... ok
[INFO] [stdout] test fastq::tests::next_batch_after_chunk_resume_reads_remaining_records ... ok
[INFO] [stdout] test fastq::tests::next_chunk_with_sink_matches_batch_records_across_slab_carry ... ok
[INFO] [stdout] test fastq::tests::interleaved_reader_carries_odd_record_to_next_batch ... ok
[INFO] [stdout] test fastq::tests::interleaved_reader_rejects_odd_eof ... ok
[INFO] [stdout] test fastq::tests::pair_normalized_id_strips_slash_pair_suffixes ... ok
[INFO] [stdout] test fastq::tests::next_chunk_with_sink_propagates_sink_errors ... ok
[INFO] [stdout] test fastq::tests::paired_reader_can_skip_pair_id_validation ... ok
[INFO] [stdout] test fastq::tests::paired_reader_rejects_extra_record_at_eof ... ok
[INFO] [stdout] test fastq::tests::paired_reader_fast_slash_validation_falls_back_for_non_slash_ids ... ok
[INFO] [stdout] test fastq::tests::paired_reader_carries_uneven_batch_boundaries ... ok
[INFO] [stdout] test fastq::tests::paired_reader_rejects_mismatch_after_retained_boundary ... ok
[INFO] [stdout] test fastq::tests::paired_records_use_first_batch_pair_validation_mode ... ok
[INFO] [stdout] test fastq::tests::paired_reader_fast_slash_validation_rejects_wrong_mate_suffixes ... ok
[INFO] [stdout] test fastq::tests::reads_single_batch ... ok
[INFO] [stdout] test fastq::tests::paired_reader_reports_truncated_mate_position ... ok
[INFO] [stdout] test fastq::tests::paired_records_rejects_identifier_mismatch ... ok
[INFO] [stdout] test fastq::tests::paired_records_zips_two_batches_by_normalized_id ... ok
[INFO] [stdout] test fastq::tests::paired_reader_fast_slash_validation_accepts_ordered_slash_mates ... ok
[INFO] [stdout] test fastq::tests::record_id_helpers_are_zero_copy_views ... ok
[INFO] [stdout] test fastq::tests::rejects_quality_length_mismatch ... ok
[INFO] [stdout] test fastq::tests::reports_absolute_position_after_slab_carry ... ok
[INFO] [stdout] test fastq::tests::rejects_truncated_eof ... ok
[INFO] [stdout] test fastq::tests::strip_pair_suffix_leaves_other_ids_unchanged ... ok
[INFO] [stdout] test fastq::tests::visit_fastq_bytes_reports_truncated_eof ... ok
[INFO] [stdout] test fastq::tests::visit_records_matches_batch_records_across_slab_carry ... ok
[INFO] [stdout] test fastq::tests::rejects_bad_plus_line ... ok
[INFO] [stdout] test fastq::tests::visit_records_reports_truncated_eof ... ok
[INFO] [stdout] test fastq::tests::next_chunk_with_sink_stops_and_resumes_at_record_boundary ... ok
[INFO] [stdout] test fastq::tests::rejects_empty_first_token_ids ... ok
[INFO] [stdout] test fastq::tests::next_chunk_with_sink_reports_truncated_eof ... ok
[INFO] [stdout] test pack::tests::packs_canonical_bases_four_per_byte ... ok
[INFO] [stdout] test fastq::tests::visit_fastq_bytes_matches_batch_records ... ok
[INFO] [stdout] test pack::tests::binning_slice_checks_output_len ... ok
[INFO] [stdout] test pack::tests::rejects_non_printable_quality ... ok
[INFO] [stdout] test pack::tests::packs_bases_and_summarizes_qualities_together ... ok
[INFO] [stdout] test pack::tests::bins_qualities_by_phred_thresholds ... ok
[INFO] [stdout] test fastq::tests::paired_reader_iterates_successful_pairs ... ok
[INFO] [stdout] test pack::tests::rejects_unsorted_thresholds ... ok
[INFO] [stdout] test pack::tests::fused_pack_falls_back_for_different_quality_len ... ok
[INFO] [stdout] test pack::tests::reports_required_lengths ... ok
[INFO] [stderr]      Running unittests src/bin/dino_seq.rs (/opt/rustwide/target/release/build/dino-seq/6f4fbda2cb0c0707/out/dino_seq-6f4fbda2cb0c0707)
[INFO] [stdout] test pack::tests::summarizes_long_quality_vector_reduction ... ok
[INFO] [stdout] test pack::tests::trusted_default_fastq_matches_direct_scan ... ok
[INFO] [stdout] test pack::tests::reports_selected_pack_kernel ... ok
[INFO] [stdout] test pack::tests::fused_pack_handles_long_canonical_mixed_case_read ... ok
[INFO] [stdout] test pack::tests::trusted_direct_reports_truncated_record_start ... ok
[INFO] [stdout] test pack::tests::reuses_vec_buffers ... ok
[INFO] [stdout] test pack::tests::fused_pack_reused_buffers_do_not_leak_stale_bits ... ok
[INFO] [stdout] test pack::tests::masks_ambiguous_bases_without_rejecting_record ... ok
[INFO] [stdout] test pack::tests::slice_pack_reports_small_buffers ... ok
[INFO] [stdout] test pack::tests::trusted_paired_fastq_rejects_different_record_counts ... ok
[INFO] [stdout] test pack::tests::trusted_direct_stream_reports_truncated_record_start_after_carry ... ok
[INFO] [stdout] test pack::tests::summarizes_phred33_quality ... ok
[INFO] [stdout] test pack::tests::trusted_fastq_exposes_packed_buffers_to_sink ... ok
[INFO] [stdout] test pack::tests::trusted_paired_fastq_reports_truncated_mate_record_start ... ok
[INFO] [stdout] test pack::tests::trusted_paired_fastq_rejects_mismatched_ids ... ok
[INFO] [stdout] test pack::tests::trusted_paired_fastq_streams_across_slab_carry ... ok
[INFO] [stdout] test pack::tests::trusted_paired_fastq_validates_fast_slash_ids ... ok
[INFO] [stdout] test pack::tests::trusted_direct_stream_handles_slab_carry ... ok
[INFO] [stdout] 
[INFO] [stdout] test result: ok. 111 passed; 0 failed; 0 ignored; 0 measured; 0 filtered out; finished in 0.04s
[INFO] [stdout] 
[INFO] [stdout] 
[INFO] [stderr]      Running tests/cli.rs (/opt/rustwide/target/release/build/dino-seq/d58f39287d6b6fc7/out/cli-d58f39287d6b6fc7)
[INFO] [stdout] running 0 tests
[INFO] [stdout] 
[INFO] [stdout] test result: ok. 0 passed; 0 failed; 0 ignored; 0 measured; 0 filtered out; finished in 0.00s
[INFO] [stdout] 
[INFO] [stdout] 
[INFO] [stdout] running 9 tests
[INFO] [stdout] test cli_rejects_unknown_command ... FAILED
[INFO] [stdout] test fasta_partitions_prints_stable_tsv ... FAILED
[INFO] [stdout] test fasta_index_and_fetch_round_trip_wrapped_range ... FAILED
[INFO] [stdout] test cli_rejects_invalid_fetch_args ... FAILED
[INFO] [stdout] test cli_rejects_missing_required_args_and_format ... FAILED
[INFO] [stdout] test checksum_reads_fastq_and_fasta_from_stdin ... FAILED
[INFO] [stdout] test stats_reports_fastq_and_fasta_counts ... FAILED
[INFO] [stdout] test fasta_chunks_prints_stable_tsv ... FAILED
[INFO] [stdout] test cli_rejects_unsupported_format ... FAILED
[INFO] [stderr] error: test failed, to rerun pass `-p dino-seq --test cli`
[INFO] [stdout] 
[INFO] [stdout] failures:
[INFO] [stdout] 
[INFO] [stdout] ---- cli_rejects_unknown_command stdout ----
[INFO] [stdout] 
[INFO] [stdout] thread 'cli_rejects_unknown_command' (749) panicked at crates/dino-seq/tests/cli.rs:35:54:
[INFO] [stdout] called `Result::unwrap()` on an `Err` value: Os { code: 2, kind: NotFound, message: "No such file or directory" }
[INFO] [stdout] stack backtrace:
[INFO] [stdout]    0:     0x59f14466e871 - <<std[617be2ca0a6fd877]::sys::backtrace::BacktraceLock>::print::DisplayBacktrace as core[a373ad73a504971]::fmt::Display>::fmt
[INFO] [stdout]    1:     0x59f144682cda - core[a373ad73a504971]::fmt::write
[INFO] [stdout]    2:     0x59f144672afc - <alloc[2e1b2a31b91974c5]::vec::Vec<u8> as core[a373ad73a504971]::io::write::Write>::write_fmt
[INFO] [stdout]    3:     0x59f144649c16 - std[617be2ca0a6fd877]::panicking::default_hook::{closure#0}
[INFO] [stdout]    4:     0x59f144666d29 - std[617be2ca0a6fd877]::panicking::default_hook
[INFO] [stdout]    5:     0x59f144602380 - test[aada8e7e76ba119b]::test_main_inner::{closure#0}
[INFO] [stdout]    6:     0x59f144666ee2 - std[617be2ca0a6fd877]::panicking::panic_with_hook
[INFO] [stdout]    7:     0x59f144649cc2 - std[617be2ca0a6fd877]::panicking::panic_handler::{closure#0}
[INFO] [stdout]    8:     0x59f1446428b9 - std[617be2ca0a6fd877]::sys::backtrace::__rust_end_short_backtrace::<std[617be2ca0a6fd877]::panicking::panic_handler::{closure#0}, !>
[INFO] [stdout]    9:     0x59f14464a8cd - __rustc[ea4f61d10b84890b]::rust_begin_unwind
[INFO] [stdout]   10:     0x59f14468340c - core[a373ad73a504971]::panicking::panic_fmt
[INFO] [stdout]   11:     0x59f1446831e2 - core[a373ad73a504971]::result::unwrap_failed
[INFO] [stdout]   12:     0x59f1445f1a91 - cli[cf83b43b7cb4e8ed]::run
[INFO] [stdout]   13:     0x59f1445f2f33 - <cli[cf83b43b7cb4e8ed]::cli_rejects_unknown_command::{closure#0} as core[a373ad73a504971]::ops::function::FnOnce<()>>::call_once
[INFO] [stdout]   14:     0x59f1445f57cb - test[aada8e7e76ba119b]::__rust_begin_short_backtrace::<core[a373ad73a504971]::result::Result<(), alloc[2e1b2a31b91974c5]::string::String>, fn() -> core[a373ad73a504971]::result::Result<(), alloc[2e1b2a31b91974c5]::string::String>>
[INFO] [stdout]   15:     0x59f1446029a5 - test[aada8e7e76ba119b]::run_test::{closure#0}
[INFO] [stdout]   16:     0x59f1445fc294 - std[617be2ca0a6fd877]::sys::backtrace::__rust_begin_short_backtrace::<test[aada8e7e76ba119b]::run_test::{closure#1}, ()>
[INFO] [stdout]   17:     0x59f144605a32 - <std[617be2ca0a6fd877]::thread::lifecycle::spawn_unchecked<test[aada8e7e76ba119b]::run_test::{closure#1}, ()>::{closure#1} as core[a373ad73a504971]::ops::function::FnOnce<()>>::call_once::{shim:vtable#0}
[INFO] [stdout]   18:     0x59f14466deef - <std[617be2ca0a6fd877]::sys::thread::unix::Thread>::new::thread_start
[INFO] [stdout]   19:     0x706d607b6dfa - <unknown>
[INFO] [stdout]   20:     0x706d6084a3d4 - clone
[INFO] [stdout]   21:                0x0 - <unknown>
[INFO] [stdout] 
[INFO] [stdout] ---- fasta_partitions_prints_stable_tsv stdout ----
[INFO] [stdout] 
[INFO] [stdout] thread 'fasta_partitions_prints_stable_tsv' (753) panicked at crates/dino-seq/tests/cli.rs:35:54:
[INFO] [stdout] called `Result::unwrap()` on an `Err` value: Os { code: 2, kind: NotFound, message: "No such file or directory" }
[INFO] [stdout] stack backtrace:
[INFO] [stdout]    0:     0x59f14466e871 - <<std[617be2ca0a6fd877]::sys::backtrace::BacktraceLock>::print::DisplayBacktrace as core[a373ad73a504971]::fmt::Display>::fmt
[INFO] [stdout]    1:     0x59f144682cda - core[a373ad73a504971]::fmt::write
[INFO] [stdout]    2:     0x59f144672afc - <alloc[2e1b2a31b91974c5]::vec::Vec<u8> as core[a373ad73a504971]::io::write::Write>::write_fmt
[INFO] [stdout]    3:     0x59f144649c16 - std[617be2ca0a6fd877]::panicking::default_hook::{closure#0}
[INFO] [stdout]    4:     0x59f144666d29 - std[617be2ca0a6fd877]::panicking::default_hook
[INFO] [stdout]    5:     0x59f144602380 - test[aada8e7e76ba119b]::test_main_inner::{closure#0}
[INFO] [stdout]    6:     0x59f144666ee2 - std[617be2ca0a6fd877]::panicking::panic_with_hook
[INFO] [stdout]    7:     0x59f144649cc2 - std[617be2ca0a6fd877]::panicking::panic_handler::{closure#0}
[INFO] [stdout]    8:     0x59f1446428b9 - std[617be2ca0a6fd877]::sys::backtrace::__rust_end_short_backtrace::<std[617be2ca0a6fd877]::panicking::panic_handler::{closure#0}, !>
[INFO] [stdout]    9:     0x59f14464a8cd - __rustc[ea4f61d10b84890b]::rust_begin_unwind
[INFO] [stdout]   10:     0x59f14468340c - core[a373ad73a504971]::panicking::panic_fmt
[INFO] [stdout]   11:     0x59f1446831e2 - core[a373ad73a504971]::result::unwrap_failed
[INFO] [stdout]   12:     0x59f1445f1a91 - cli[cf83b43b7cb4e8ed]::run
[INFO] [stdout]   13:     0x59f1445f4070 - <cli[cf83b43b7cb4e8ed]::fasta_partitions_prints_stable_tsv::{closure#0} as core[a373ad73a504971]::ops::function::FnOnce<()>>::call_once
[INFO] [stdout]   14:     0x59f1445f57cb - test[aada8e7e76ba119b]::__rust_begin_short_backtrace::<core[a373ad73a504971]::result::Result<(), alloc[2e1b2a31b91974c5]::string::String>, fn() -> core[a373ad73a504971]::result::Result<(), alloc[2e1b2a31b91974c5]::string::String>>
[INFO] [stdout]   15:     0x59f1446029a5 - test[aada8e7e76ba119b]::run_test::{closure#0}
[INFO] [stdout]   16:     0x59f1445fc294 - std[617be2ca0a6fd877]::sys::backtrace::__rust_begin_short_backtrace::<test[aada8e7e76ba119b]::run_test::{closure#1}, ()>
[INFO] [stdout]   17:     0x59f144605a32 - <std[617be2ca0a6fd877]::thread::lifecycle::spawn_unchecked<test[aada8e7e76ba119b]::run_test::{closure#1}, ()>::{closure#1} as core[a373ad73a504971]::ops::function::FnOnce<()>>::call_once::{shim:vtable#0}
[INFO] [stdout]   18:     0x59f14466deef - <std[617be2ca0a6fd877]::sys::thread::unix::Thread>::new::thread_start
[INFO] [stdout]   19:     0x706d607b6dfa - <unknown>
[INFO] [stdout]   20:     0x706d6084a3d4 - clone
[INFO] [stdout]   21:                0x0 - <unknown>
[INFO] [stdout] 
[INFO] [stdout] ---- fasta_index_and_fetch_round_trip_wrapped_range stdout ----
[INFO] [stdout] 
[INFO] [stdout] thread 'fasta_index_and_fetch_round_trip_wrapped_range' (752) panicked at crates/dino-seq/tests/cli.rs:35:54:
[INFO] [stdout] called `Result::unwrap()` on an `Err` value: Os { code: 2, kind: NotFound, message: "No such file or directory" }
[INFO] [stdout] stack backtrace:
[INFO] [stdout]    0:     0x59f14466e871 - <<std[617be2ca0a6fd877]::sys::backtrace::BacktraceLock>::print::DisplayBacktrace as core[a373ad73a504971]::fmt::Display>::fmt
[INFO] [stdout]    1:     0x59f144682cda - core[a373ad73a504971]::fmt::write
[INFO] [stdout]    2:     0x59f144672afc - <alloc[2e1b2a31b91974c5]::vec::Vec<u8> as core[a373ad73a504971]::io::write::Write>::write_fmt
[INFO] [stdout]    3:     0x59f144649c16 - std[617be2ca0a6fd877]::panicking::default_hook::{closure#0}
[INFO] [stdout]    4:     0x59f144666d29 - std[617be2ca0a6fd877]::panicking::default_hook
[INFO] [stdout]    5:     0x59f144602380 - test[aada8e7e76ba119b]::test_main_inner::{closure#0}
[INFO] [stdout]    6:     0x59f144666ee2 - std[617be2ca0a6fd877]::panicking::panic_with_hook
[INFO] [stdout]    7:     0x59f144649cc2 - std[617be2ca0a6fd877]::panicking::panic_handler::{closure#0}
[INFO] [stdout]    8:     0x59f1446428b9 - std[617be2ca0a6fd877]::sys::backtrace::__rust_end_short_backtrace::<std[617be2ca0a6fd877]::panicking::panic_handler::{closure#0}, !>
[INFO] [stdout]    9:     0x59f14464a8cd - __rustc[ea4f61d10b84890b]::rust_begin_unwind
[INFO] [stdout]   10:     0x59f14468340c - core[a373ad73a504971]::panicking::panic_fmt
[INFO] [stdout]   11:     0x59f1446831e2 - core[a373ad73a504971]::result::unwrap_failed
[INFO] [stdout]   12:     0x59f1445f1a91 - cli[cf83b43b7cb4e8ed]::run
[INFO] [stdout]   13:     0x59f1445f533e - <cli[cf83b43b7cb4e8ed]::fasta_index_and_fetch_round_trip_wrapped_range::{closure#0} as core[a373ad73a504971]::ops::function::FnOnce<()>>::call_once
[INFO] [stdout]   14:     0x59f1445f57cb - test[aada8e7e76ba119b]::__rust_begin_short_backtrace::<core[a373ad73a504971]::result::Result<(), alloc[2e1b2a31b91974c5]::string::String>, fn() -> core[a373ad73a504971]::result::Result<(), alloc[2e1b2a31b91974c5]::string::String>>
[INFO] [stdout]   15:     0x59f1446029a5 - test[aada8e7e76ba119b]::run_test::{closure#0}
[INFO] [stdout]   16:     0x59f1445fc294 - std[617be2ca0a6fd877]::sys::backtrace::__rust_begin_short_backtrace::<test[aada8e7e76ba119b]::run_test::{closure#1}, ()>
[INFO] [stdout]   17:     0x59f144605a32 - <std[617be2ca0a6fd877]::thread::lifecycle::spawn_unchecked<test[aada8e7e76ba119b]::run_test::{closure#1}, ()>::{closure#1} as core[a373ad73a504971]::ops::function::FnOnce<()>>::call_once::{shim:vtable#0}
[INFO] [stdout]   18:     0x59f14466deef - <std[617be2ca0a6fd877]::sys::thread::unix::Thread>::new::thread_start
[INFO] [stdout]   19:     0x706d607b6dfa - <unknown>
[INFO] [stdout]   20:     0x706d6084a3d4 - clone
[INFO] [stdout]   21:                0x0 - <unknown>
[INFO] [stdout] 
[INFO] [stdout] ---- cli_rejects_invalid_fetch_args stdout ----
[INFO] [stdout] 
[INFO] [stdout] thread 'cli_rejects_invalid_fetch_args' (747) panicked at crates/dino-seq/tests/cli.rs:35:54:
[INFO] [stdout] called `Result::unwrap()` on an `Err` value: Os { code: 2, kind: NotFound, message: "No such file or directory" }
[INFO] [stdout] stack backtrace:
[INFO] [stdout]    0:     0x59f14466e871 - <<std[617be2ca0a6fd877]::sys::backtrace::BacktraceLock>::print::DisplayBacktrace as core[a373ad73a504971]::fmt::Display>::fmt
[INFO] [stdout]    1:     0x59f144682cda - core[a373ad73a504971]::fmt::write
[INFO] [stdout]    2:     0x59f144672afc - <alloc[2e1b2a31b91974c5]::vec::Vec<u8> as core[a373ad73a504971]::io::write::Write>::write_fmt
[INFO] [stdout]    3:     0x59f144649c16 - std[617be2ca0a6fd877]::panicking::default_hook::{closure#0}
[INFO] [stdout]    4:     0x59f144666d29 - std[617be2ca0a6fd877]::panicking::default_hook
[INFO] [stdout]    5:     0x59f144602380 - test[aada8e7e76ba119b]::test_main_inner::{closure#0}
[INFO] [stdout]    6:     0x59f144666ee2 - std[617be2ca0a6fd877]::panicking::panic_with_hook
[INFO] [stdout]    7:     0x59f144649cc2 - std[617be2ca0a6fd877]::panicking::panic_handler::{closure#0}
[INFO] [stdout]    8:     0x59f1446428b9 - std[617be2ca0a6fd877]::sys::backtrace::__rust_end_short_backtrace::<std[617be2ca0a6fd877]::panicking::panic_handler::{closure#0}, !>
[INFO] [stdout]    9:     0x59f14464a8cd - __rustc[ea4f61d10b84890b]::rust_begin_unwind
[INFO] [stdout]   10:     0x59f14468340c - core[a373ad73a504971]::panicking::panic_fmt
[INFO] [stdout]   11:     0x59f1446831e2 - core[a373ad73a504971]::result::unwrap_failed
[INFO] [stdout]   12:     0x59f1445f1a91 - cli[cf83b43b7cb4e8ed]::run
[INFO] [stdout]   13:     0x59f1445f30e6 - <cli[cf83b43b7cb4e8ed]::cli_rejects_invalid_fetch_args::{closure#0} as core[a373ad73a504971]::ops::function::FnOnce<()>>::call_once
[INFO] [stdout]   14:     0x59f1445f57cb - test[aada8e7e76ba119b]::__rust_begin_short_backtrace::<core[a373ad73a504971]::result::Result<(), alloc[2e1b2a31b91974c5]::string::String>, fn() -> core[a373ad73a504971]::result::Result<(), alloc[2e1b2a31b91974c5]::string::String>>
[INFO] [stdout]   15:     0x59f1446029a5 - test[aada8e7e76ba119b]::run_test::{closure#0}
[INFO] [stdout]   16:     0x59f1445fc294 - std[617be2ca0a6fd877]::sys::backtrace::__rust_begin_short_backtrace::<test[aada8e7e76ba119b]::run_test::{closure#1}, ()>
[INFO] [stdout]   17:     0x59f144605a32 - <std[617be2ca0a6fd877]::thread::lifecycle::spawn_unchecked<test[aada8e7e76ba119b]::run_test::{closure#1}, ()>::{closure#1} as core[a373ad73a504971]::ops::function::FnOnce<()>>::call_once::{shim:vtable#0}
[INFO] [stdout]   18:     0x59f14466deef - <std[617be2ca0a6fd877]::sys::thread::unix::Thread>::new::thread_start
[INFO] [stdout]   19:     0x706d607b6dfa - <unknown>
[INFO] [stdout]   20:     0x706d6084a3d4 - clone
[INFO] [stdout]   21:                0x0 - <unknown>
[INFO] [stdout] 
[INFO] [stdout] ---- cli_rejects_missing_required_args_and_format stdout ----
[INFO] [stdout] 
[INFO] [stdout] thread 'cli_rejects_missing_required_args_and_format' (748) panicked at crates/dino-seq/tests/cli.rs:35:54:
[INFO] [stdout] called `Result::unwrap()` on an `Err` value: Os { code: 2, kind: NotFound, message: "No such file or directory" }
[INFO] [stdout] stack backtrace:
[INFO] [stdout]    0:     0x59f14466e871 - <<std[617be2ca0a6fd877]::sys::backtrace::BacktraceLock>::print::DisplayBacktrace as core[a373ad73a504971]::fmt::Display>::fmt
[INFO] [stdout]    1:     0x59f144682cda - core[a373ad73a504971]::fmt::write
[INFO] [stdout]    2:     0x59f144672afc - <alloc[2e1b2a31b91974c5]::vec::Vec<u8> as core[a373ad73a504971]::io::write::Write>::write_fmt
[INFO] [stdout]    3:     0x59f144649c16 - std[617be2ca0a6fd877]::panicking::default_hook::{closure#0}
[INFO] [stdout]    4:     0x59f144666d29 - std[617be2ca0a6fd877]::panicking::default_hook
[INFO] [stdout]    5:     0x59f144602380 - test[aada8e7e76ba119b]::test_main_inner::{closure#0}
[INFO] [stdout]    6:     0x59f144666ee2 - std[617be2ca0a6fd877]::panicking::panic_with_hook
[INFO] [stdout]    7:     0x59f144649cc2 - std[617be2ca0a6fd877]::panicking::panic_handler::{closure#0}
[INFO] [stdout]    8:     0x59f1446428b9 - std[617be2ca0a6fd877]::sys::backtrace::__rust_end_short_backtrace::<std[617be2ca0a6fd877]::panicking::panic_handler::{closure#0}, !>
[INFO] [stdout]    9:     0x59f14464a8cd - __rustc[ea4f61d10b84890b]::rust_begin_unwind
[INFO] [stdout]   10:     0x59f14468340c - core[a373ad73a504971]::panicking::panic_fmt
[INFO] [stdout]   11:     0x59f1446831e2 - core[a373ad73a504971]::result::unwrap_failed
[INFO] [stdout]   12:     0x59f1445f1a91 - cli[cf83b43b7cb4e8ed]::run
[INFO] [stdout]   13:     0x59f1445f504a - <cli[cf83b43b7cb4e8ed]::cli_rejects_missing_required_args_and_format::{closure#0} as core[a373ad73a504971]::ops::function::FnOnce<()>>::call_once
[INFO] [stdout]   14:     0x59f1445f57cb - test[aada8e7e76ba119b]::__rust_begin_short_backtrace::<core[a373ad73a504971]::result::Result<(), alloc[2e1b2a31b91974c5]::string::String>, fn() -> core[a373ad73a504971]::result::Result<(), alloc[2e1b2a31b91974c5]::string::String>>
[INFO] [stdout]   15:     0x59f1446029a5 - test[aada8e7e76ba119b]::run_test::{closure#0}
[INFO] [stdout]   16:     0x59f1445fc294 - std[617be2ca0a6fd877]::sys::backtrace::__rust_begin_short_backtrace::<test[aada8e7e76ba119b]::run_test::{closure#1}, ()>
[INFO] [stdout]   17:     0x59f144605a32 - <std[617be2ca0a6fd877]::thread::lifecycle::spawn_unchecked<test[aada8e7e76ba119b]::run_test::{closure#1}, ()>::{closure#1} as core[a373ad73a504971]::ops::function::FnOnce<()>>::call_once::{shim:vtable#0}
[INFO] [stdout]   18:     0x59f14466deef - <std[617be2ca0a6fd877]::sys::thread::unix::Thread>::new::thread_start
[INFO] [stdout]   19:     0x706d607b6dfa - <unknown>
[INFO] [stdout]   20:     0x706d6084a3d4 - clone
[INFO] [stdout]   21:                0x0 - <unknown>
[INFO] [stdout] 
[INFO] [stdout] ---- checksum_reads_fastq_and_fasta_from_stdin stdout ----
[INFO] [stdout] 
[INFO] [stdout] thread 'checksum_reads_fastq_and_fasta_from_stdin' (746) panicked at crates/dino-seq/tests/cli.rs:93:14:
[INFO] [stdout] called `Result::unwrap()` on an `Err` value: Os { code: 2, kind: NotFound, message: "No such file or directory" }
[INFO] [stdout] stack backtrace:
[INFO] [stdout]    0:     0x59f14466e871 - <<std[617be2ca0a6fd877]::sys::backtrace::BacktraceLock>::print::DisplayBacktrace as core[a373ad73a504971]::fmt::Display>::fmt
[INFO] [stdout]    1:     0x59f144682cda - core[a373ad73a504971]::fmt::write
[INFO] [stdout]    2:     0x59f144672afc - <alloc[2e1b2a31b91974c5]::vec::Vec<u8> as core[a373ad73a504971]::io::write::Write>::write_fmt
[INFO] [stdout]    3:     0x59f144649c16 - std[617be2ca0a6fd877]::panicking::default_hook::{closure#0}
[INFO] [stdout]    4:     0x59f144666d29 - std[617be2ca0a6fd877]::panicking::default_hook
[INFO] [stdout]    5:     0x59f144602380 - test[aada8e7e76ba119b]::test_main_inner::{closure#0}
[INFO] [stdout]    6:     0x59f144666ee2 - std[617be2ca0a6fd877]::panicking::panic_with_hook
[INFO] [stdout]    7:     0x59f144649cc2 - std[617be2ca0a6fd877]::panicking::panic_handler::{closure#0}
[INFO] [stdout]    8:     0x59f1446428b9 - std[617be2ca0a6fd877]::sys::backtrace::__rust_end_short_backtrace::<std[617be2ca0a6fd877]::panicking::panic_handler::{closure#0}, !>
[INFO] [stdout]    9:     0x59f14464a8cd - __rustc[ea4f61d10b84890b]::rust_begin_unwind
[INFO] [stdout]   10:     0x59f14468340c - core[a373ad73a504971]::panicking::panic_fmt
[INFO] [stdout]   11:     0x59f1446831e2 - core[a373ad73a504971]::result::unwrap_failed
[INFO] [stdout]   12:     0x59f1445f4e0d - <cli[cf83b43b7cb4e8ed]::checksum_reads_fastq_and_fasta_from_stdin::{closure#0} as core[a373ad73a504971]::ops::function::FnOnce<()>>::call_once
[INFO] [stdout]   13:     0x59f1445f57cb - test[aada8e7e76ba119b]::__rust_begin_short_backtrace::<core[a373ad73a504971]::result::Result<(), alloc[2e1b2a31b91974c5]::string::String>, fn() -> core[a373ad73a504971]::result::Result<(), alloc[2e1b2a31b91974c5]::string::String>>
[INFO] [stdout]   14:     0x59f1446029a5 - test[aada8e7e76ba119b]::run_test::{closure#0}
[INFO] [stdout]   15:     0x59f1445fc294 - std[617be2ca0a6fd877]::sys::backtrace::__rust_begin_short_backtrace::<test[aada8e7e76ba119b]::run_test::{closure#1}, ()>
[INFO] [stdout]   16:     0x59f144605a32 - <std[617be2ca0a6fd877]::thread::lifecycle::spawn_unchecked<test[aada8e7e76ba119b]::run_test::{closure#1}, ()>::{closure#1} as core[a373ad73a504971]::ops::function::FnOnce<()>>::call_once::{shim:vtable#0}
[INFO] [stdout]   17:     0x59f14466deef - <std[617be2ca0a6fd877]::sys::thread::unix::Thread>::new::thread_start
[INFO] [stdout]   18:     0x706d607b6dfa - <unknown>
[INFO] [stdout]   19:     0x706d6084a3d4 - clone
[INFO] [stdout]   20:                0x0 - <unknown>
[INFO] [stdout] 
[INFO] [stdout] ---- stats_reports_fastq_and_fasta_counts stdout ----
[INFO] [stdout] 
[INFO] [stdout] thread 'stats_reports_fastq_and_fasta_counts' (754) panicked at crates/dino-seq/tests/cli.rs:35:54:
[INFO] [stdout] called `Result::unwrap()` on an `Err` value: Os { code: 2, kind: NotFound, message: "No such file or directory" }
[INFO] [stdout] stack backtrace:
[INFO] [stdout]    0:     0x59f14466e871 - <<std[617be2ca0a6fd877]::sys::backtrace::BacktraceLock>::print::DisplayBacktrace as core[a373ad73a504971]::fmt::Display>::fmt
[INFO] [stdout]    1:     0x59f144682cda - core[a373ad73a504971]::fmt::write
[INFO] [stdout]    2:     0x59f144672afc - <alloc[2e1b2a31b91974c5]::vec::Vec<u8> as core[a373ad73a504971]::io::write::Write>::write_fmt
[INFO] [stdout]    3:     0x59f144649c16 - std[617be2ca0a6fd877]::panicking::default_hook::{closure#0}
[INFO] [stdout]    4:     0x59f144666d29 - std[617be2ca0a6fd877]::panicking::default_hook
[INFO] [stdout]    5:     0x59f144602380 - test[aada8e7e76ba119b]::test_main_inner::{closure#0}
[INFO] [stdout]    6:     0x59f144666ee2 - std[617be2ca0a6fd877]::panicking::panic_with_hook
[INFO] [stdout]    7:     0x59f144649cc2 - std[617be2ca0a6fd877]::panicking::panic_handler::{closure#0}
[INFO] [stdout]    8:     0x59f1446428b9 - std[617be2ca0a6fd877]::sys::backtrace::__rust_end_short_backtrace::<std[617be2ca0a6fd877]::panicking::panic_handler::{closure#0}, !>
[INFO] [stdout]    9:     0x59f14464a8cd - __rustc[ea4f61d10b84890b]::rust_begin_unwind
[INFO] [stdout]   10:     0x59f14468340c - core[a373ad73a504971]::panicking::panic_fmt
[INFO] [stdout]   11:     0x59f1446831e2 - core[a373ad73a504971]::result::unwrap_failed
[INFO] [stdout]   12:     0x59f1445f1a91 - cli[cf83b43b7cb4e8ed]::run
[INFO] [stdout]   13:     0x59f1445f4557 - <cli[cf83b43b7cb4e8ed]::stats_reports_fastq_and_fasta_counts::{closure#0} as core[a373ad73a504971]::ops::function::FnOnce<()>>::call_once
[INFO] [stdout]   14:     0x59f1445f57cb - test[aada8e7e76ba119b]::__rust_begin_short_backtrace::<core[a373ad73a504971]::result::Result<(), alloc[2e1b2a31b91974c5]::string::String>, fn() -> core[a373ad73a504971]::result::Result<(), alloc[2e1b2a31b91974c5]::string::String>>
[INFO] [stdout]   15:     0x59f1446029a5 - test[aada8e7e76ba119b]::run_test::{closure#0}
[INFO] [stdout]   16:     0x59f1445fc294 - std[617be2ca0a6fd877]::sys::backtrace::__rust_begin_short_backtrace::<test[aada8e7e76ba119b]::run_test::{closure#1}, ()>
[INFO] [stdout]   17:     0x59f144605a32 - <std[617be2ca0a6fd877]::thread::lifecycle::spawn_unchecked<test[aada8e7e76ba119b]::run_test::{closure#1}, ()>::{closure#1} as core[a373ad73a504971]::ops::function::FnOnce<()>>::call_once::{shim:vtable#0}
[INFO] [stdout]   18:     0x59f14466deef - <std[617be2ca0a6fd877]::sys::thread::unix::Thread>::new::thread_start
[INFO] [stdout]   19:     0x706d607b6dfa - <unknown>
[INFO] [stdout]   20:     0x706d6084a3d4 - clone
[INFO] [stdout]   21:                0x0 - <unknown>
[INFO] [stdout] 
[INFO] [stdout] ---- fasta_chunks_prints_stable_tsv stdout ----
[INFO] [stdout] 
[INFO] [stdout] thread 'fasta_chunks_prints_stable_tsv' (751) panicked at crates/dino-seq/tests/cli.rs:35:54:
[INFO] [stdout] called `Result::unwrap()` on an `Err` value: Os { code: 2, kind: NotFound, message: "No such file or directory" }
[INFO] [stdout] stack backtrace:
[INFO] [stdout]    0:     0x59f14466e871 - <<std[617be2ca0a6fd877]::sys::backtrace::BacktraceLock>::print::DisplayBacktrace as core[a373ad73a504971]::fmt::Display>::fmt
[INFO] [stdout]    1:     0x59f144682cda - core[a373ad73a504971]::fmt::write
[INFO] [stdout]    2:     0x59f144672afc - <alloc[2e1b2a31b91974c5]::vec::Vec<u8> as core[a373ad73a504971]::io::write::Write>::write_fmt
[INFO] [stdout]    3:     0x59f144649c16 - std[617be2ca0a6fd877]::panicking::default_hook::{closure#0}
[INFO] [stdout]    4:     0x59f144666d29 - std[617be2ca0a6fd877]::panicking::default_hook
[INFO] [stdout]    5:     0x59f144602380 - test[aada8e7e76ba119b]::test_main_inner::{closure#0}
[INFO] [stdout]    6:     0x59f144666ee2 - std[617be2ca0a6fd877]::panicking::panic_with_hook
[INFO] [stdout]    7:     0x59f144649cc2 - std[617be2ca0a6fd877]::panicking::panic_handler::{closure#0}
[INFO] [stdout]    8:     0x59f1446428b9 - std[617be2ca0a6fd877]::sys::backtrace::__rust_end_short_backtrace::<std[617be2ca0a6fd877]::panicking::panic_handler::{closure#0}, !>
[INFO] [stdout]    9:     0x59f14464a8cd - __rustc[ea4f61d10b84890b]::rust_begin_unwind
[INFO] [stdout]   10:     0x59f14468340c - core[a373ad73a504971]::panicking::panic_fmt
[INFO] [stdout]   11:     0x59f1446831e2 - core[a373ad73a504971]::result::unwrap_failed
[INFO] [stdout]   12:     0x59f1445f1a91 - cli[cf83b43b7cb4e8ed]::run
[INFO] [stdout]   13:     0x59f1445f3b38 - <cli[cf83b43b7cb4e8ed]::fasta_chunks_prints_stable_tsv::{closure#0} as core[a373ad73a504971]::ops::function::FnOnce<()>>::call_once
[INFO] [stdout]   14:     0x59f1445f57cb - test[aada8e7e76ba119b]::__rust_begin_short_backtrace::<core[a373ad73a504971]::result::Result<(), alloc[2e1b2a31b91974c5]::string::String>, fn() -> core[a373ad73a504971]::result::Result<(), alloc[2e1b2a31b91974c5]::string::String>>
[INFO] [stdout]   15:     0x59f1446029a5 - test[aada8e7e76ba119b]::run_test::{closure#0}
[INFO] [stdout]   16:     0x59f1445fc294 - std[617be2ca0a6fd877]::sys::backtrace::__rust_begin_short_backtrace::<test[aada8e7e76ba119b]::run_test::{closure#1}, ()>
[INFO] [stdout]   17:     0x59f144605a32 - <std[617be2ca0a6fd877]::thread::lifecycle::spawn_unchecked<test[aada8e7e76ba119b]::run_test::{closure#1}, ()>::{closure#1} as core[a373ad73a504971]::ops::function::FnOnce<()>>::call_once::{shim:vtable#0}
[INFO] [stdout]   18:     0x59f14466deef - <std[617be2ca0a6fd877]::sys::thread::unix::Thread>::new::thread_start
[INFO] [stdout]   19:     0x706d607b6dfa - <unknown>
[INFO] [stdout]   20:     0x706d6084a3d4 - clone
[INFO] [stdout]   21:                0x0 - <unknown>
[INFO] [stdout] 
[INFO] [stdout] ---- cli_rejects_unsupported_format stdout ----
[INFO] [stdout] 
[INFO] [stdout] thread 'cli_rejects_unsupported_format' (750) panicked at crates/dino-seq/tests/cli.rs:35:54:
[INFO] [stdout] called `Result::unwrap()` on an `Err` value: Os { code: 2, kind: NotFound, message: "No such file or directory" }
[INFO] [stdout] stack backtrace:
[INFO] [stdout]    0:     0x59f14466e871 - <<std[617be2ca0a6fd877]::sys::backtrace::BacktraceLock>::print::DisplayBacktrace as core[a373ad73a504971]::fmt::Display>::fmt
[INFO] [stdout]    1:     0x59f144682cda - core[a373ad73a504971]::fmt::write
[INFO] [stdout]    2:     0x59f144672afc - <alloc[2e1b2a31b91974c5]::vec::Vec<u8> as core[a373ad73a504971]::io::write::Write>::write_fmt
[INFO] [stdout]    3:     0x59f144649c16 - std[617be2ca0a6fd877]::panicking::default_hook::{closure#0}
[INFO] [stdout]    4:     0x59f144666d29 - std[617be2ca0a6fd877]::panicking::default_hook
[INFO] [stdout]    5:     0x59f144602380 - test[aada8e7e76ba119b]::test_main_inner::{closure#0}
[INFO] [stdout]    6:     0x59f144666ee2 - std[617be2ca0a6fd877]::panicking::panic_with_hook
[INFO] [stdout]    7:     0x59f144649cc2 - std[617be2ca0a6fd877]::panicking::panic_handler::{closure#0}
[INFO] [stdout]    8:     0x59f1446428b9 - std[617be2ca0a6fd877]::sys::backtrace::__rust_end_short_backtrace::<std[617be2ca0a6fd877]::panicking::panic_handler::{closure#0}, !>
[INFO] [stdout]    9:     0x59f14464a8cd - __rustc[ea4f61d10b84890b]::rust_begin_unwind
[INFO] [stdout]   10:     0x59f14468340c - core[a373ad73a504971]::panicking::panic_fmt
[INFO] [stdout]   11:     0x59f1446831e2 - core[a373ad73a504971]::result::unwrap_failed
[INFO] [stdout]   12:     0x59f1445f1a91 - cli[cf83b43b7cb4e8ed]::run
[INFO] [stdout]   13:     0x59f1445f3798 - <cli[cf83b43b7cb4e8ed]::cli_rejects_unsupported_format::{closure#0} as core[a373ad73a504971]::ops::function::FnOnce<()>>::call_once
[INFO] [stdout]   14:     0x59f1445f57cb - test[aada8e7e76ba119b]::__rust_begin_short_backtrace::<core[a373ad73a504971]::result::Result<(), alloc[2e1b2a31b91974c5]::string::String>, fn() -> core[a373ad73a504971]::result::Result<(), alloc[2e1b2a31b91974c5]::string::String>>
[INFO] [stdout]   15:     0x59f1446029a5 - test[aada8e7e76ba119b]::run_test::{closure#0}
[INFO] [stdout]   16:     0x59f1445fc294 - std[617be2ca0a6fd877]::sys::backtrace::__rust_begin_short_backtrace::<test[aada8e7e76ba119b]::run_test::{closure#1}, ()>
[INFO] [stdout]   17:     0x59f144605a32 - <std[617be2ca0a6fd877]::thread::lifecycle::spawn_unchecked<test[aada8e7e76ba119b]::run_test::{closure#1}, ()>::{closure#1} as core[a373ad73a504971]::ops::function::FnOnce<()>>::call_once::{shim:vtable#0}
[INFO] [stdout]   18:     0x59f14466deef - <std[617be2ca0a6fd877]::sys::thread::unix::Thread>::new::thread_start
[INFO] [stdout]   19:     0x706d607b6dfa - <unknown>
[INFO] [stdout]   20:     0x706d6084a3d4 - clone
[INFO] [stdout]   21:                0x0 - <unknown>
[INFO] [stdout] 
[INFO] [stdout] 
[INFO] [stdout] failures:
[INFO] [stdout]     checksum_reads_fastq_and_fasta_from_stdin
[INFO] [stdout]     cli_rejects_invalid_fetch_args
[INFO] [stdout]     cli_rejects_missing_required_args_and_format
[INFO] [stdout]     cli_rejects_unknown_command
[INFO] [stdout]     cli_rejects_unsupported_format
[INFO] [stdout]     fasta_chunks_prints_stable_tsv
[INFO] [stdout]     fasta_index_and_fetch_round_trip_wrapped_range
[INFO] [stdout]     fasta_partitions_prints_stable_tsv
[INFO] [stdout]     stats_reports_fastq_and_fasta_counts
[INFO] [stdout] 
[INFO] [stdout] test result: FAILED. 0 passed; 9 failed; 0 ignored; 0 measured; 0 filtered out; finished in 0.01s
[INFO] [stdout] 
[INFO] running `Command { std: "docker" "inspect" "0fe399270d5c51727687643a6d19c5a2ae1bc32d8ca305b1d3f185f2b5b41a52", kill_on_drop: false }`
[INFO] running `Command { std: "docker" "rm" "-f" "0fe399270d5c51727687643a6d19c5a2ae1bc32d8ca305b1d3f185f2b5b41a52", kill_on_drop: false }`
[INFO] [stdout] 0fe399270d5c51727687643a6d19c5a2ae1bc32d8ca305b1d3f185f2b5b41a52
