[INFO] cloning repository https://github.com/Grapple228/rust_gen_key
[INFO] running `Command { std: "git" "-c" "credential.helper=" "-c" "credential.helper=/workspace/cargo-home/bin/git-credential-null" "clone" "--bare" "https://github.com/Grapple228/rust_gen_key" "/workspace/cache/git-repos/https%3A%2F%2Fgithub.com%2FGrapple228%2Frust_gen_key", kill_on_drop: false }`
[INFO] [stderr] Cloning into bare repository '/workspace/cache/git-repos/https%3A%2F%2Fgithub.com%2FGrapple228%2Frust_gen_key'...
[INFO] running `Command { std: "git" "rev-parse" "HEAD", kill_on_drop: false }`
[INFO] [stdout] be4844393e460a2f3e222562b5eb3af162885f44
[INFO] testing Grapple228/rust_gen_key against 1.100.0-beta.1+cargoflags=--release for beta-release-1.100-2
[INFO] running `Command { std: "git" "clone" "/workspace/cache/git-repos/https%3A%2F%2Fgithub.com%2FGrapple228%2Frust_gen_key" "/workspace/builds/worker-6-tc2/source", kill_on_drop: false }`
[INFO] [stderr] Cloning into '/workspace/builds/worker-6-tc2/source'...
[INFO] [stderr] done.
[INFO] started tweaking git repo https://github.com/Grapple228/rust_gen_key
[INFO] finished tweaking git repo https://github.com/Grapple228/rust_gen_key
[INFO] tweaked toml for git repo https://github.com/Grapple228/rust_gen_key written to /workspace/builds/worker-6-tc2/source/Cargo.toml
[INFO] validating manifest of git repo https://github.com/Grapple228/rust_gen_key on toolchain 1.100.0-beta.1
[INFO] running `Command { std: CARGO_HOME="/workspace/cargo-home" RUSTUP_HOME="/workspace/rustup-home" "/workspace/cargo-home/bin/cargo" "+1.100.0-beta.1" "metadata" "--manifest-path" "Cargo.toml" "--no-deps", kill_on_drop: false }`
[INFO] crate git repo https://github.com/Grapple228/rust_gen_key already has a lockfile, it will not be regenerated
[INFO] running `Command { std: CARGO_HOME="/workspace/cargo-home" RUSTUP_HOME="/workspace/rustup-home" "/workspace/cargo-home/bin/cargo" "+1.100.0-beta.1" "fetch" "--manifest-path" "Cargo.toml", kill_on_drop: false }`
[INFO] running `Command { std: "docker" "create" "-v" "/var/lib/crater-agent-workspace/builds/worker-6-tc2/source:/opt/rustwide/workdir:ro,Z" "-v" "/var/lib/crater-agent-workspace/builds/worker-6-tc2/target:/opt/rustwide/target:rw,Z" "-v" "/var/lib/crater-agent-workspace/cargo-home:/opt/rustwide/cargo-home:ro,Z" "-v" "/var/lib/crater-agent-workspace/rustup-home:/opt/rustwide/rustup-home:ro,Z" "-m" "1610612736" "--network" "none" "ghcr.io/rust-lang/crates-build-env/linux@sha256:77db811e55d90add9212f6832c23229e3de5f1c1f9905e8cb07319ea15df73ac" "sleep" "infinity", kill_on_drop: false }`
[INFO] [stdout] 10b1dddb9ce93e1673d7992ff6d44d6c88f3ed047f9e02398e1b00686948abd8
[INFO] running `Command { std: "docker" "start" "10b1dddb9ce93e1673d7992ff6d44d6c88f3ed047f9e02398e1b00686948abd8", kill_on_drop: false }`
[INFO] running `Command { std: "docker" "inspect" "10b1dddb9ce93e1673d7992ff6d44d6c88f3ed047f9e02398e1b00686948abd8", kill_on_drop: false }`
[INFO] running `Command { std: "docker" "exec" "-e" "SOURCE_DIR=/opt/rustwide/workdir" "-e" "CARGO_HOME=/opt/rustwide/cargo-home" "-e" "RUSTUP_HOME=/opt/rustwide/rustup-home" "-e" "CARGO_TARGET_DIR=/opt/rustwide/target" "-w" "/opt/rustwide/workdir" "--user" "0:0" "10b1dddb9ce93e1673d7992ff6d44d6c88f3ed047f9e02398e1b00686948abd8" "/opt/rustwide/cargo-home/bin/cargo" "+1.100.0-beta.1" "metadata" "--no-deps" "--format-version=1", kill_on_drop: false }`
[INFO] running `Command { std: "docker" "inspect" "10b1dddb9ce93e1673d7992ff6d44d6c88f3ed047f9e02398e1b00686948abd8", kill_on_drop: false }`
[INFO] running `Command { std: "docker" "exec" "-e" "SOURCE_DIR=/opt/rustwide/workdir" "-e" "CARGO_HOME=/opt/rustwide/cargo-home" "-e" "RUSTUP_HOME=/opt/rustwide/rustup-home" "-e" "CARGO_TARGET_DIR=/opt/rustwide/target" "-e" "CARGO_INCREMENTAL=0" "-e" "RUST_BACKTRACE=full" "-e" "RUSTFLAGS=--cap-lints=warn" "-e" "RUSTDOCFLAGS=--cap-lints=warn" "-w" "/opt/rustwide/workdir" "--user" "0:0" "10b1dddb9ce93e1673d7992ff6d44d6c88f3ed047f9e02398e1b00686948abd8" "/opt/rustwide/cargo-home/bin/cargo" "+1.100.0-beta.1" "build" "--frozen" "--message-format=json" "--release", kill_on_drop: false }`
[INFO] [stderr]    Compiling proc-macro2 v1.0.89
[INFO] [stderr]    Compiling libc v0.2.174
[INFO] [stderr]    Compiling base64ct v1.8.0
[INFO] [stderr]    Compiling num-traits v0.2.19
[INFO] [stderr]    Compiling num-bigint-dig v0.8.4
[INFO] [stderr]    Compiling lazy_static v1.5.0
[INFO] [stderr]    Compiling smallvec v1.13.2
[INFO] [stderr]    Compiling digest v0.10.7
[INFO] [stderr]    Compiling sha2 v0.10.9
[INFO] [stderr]    Compiling pem-rfc7468 v0.7.0
[INFO] [stderr]    Compiling der v0.7.10
[INFO] [stderr]    Compiling quote v1.0.37
[INFO] [stderr]    Compiling syn v2.0.87
[INFO] [stderr]    Compiling getrandom v0.2.16
[INFO] [stderr]    Compiling rand_core v0.6.4
[INFO] [stderr]    Compiling num-integer v0.1.46
[INFO] [stderr]    Compiling rand_chacha v0.3.1
[INFO] [stderr]    Compiling signature v2.2.0
[INFO] [stderr]    Compiling rand v0.8.5
[INFO] [stderr]    Compiling num-iter v0.1.45
[INFO] [stderr]    Compiling spki v0.7.3
[INFO] [stderr]    Compiling pkcs8 v0.10.2
[INFO] [stderr]    Compiling pkcs1 v0.7.5
[INFO] [stderr]    Compiling rsa v0.9.8
[INFO] [stderr]    Compiling derive_more-impl v1.0.0
[INFO] [stderr]    Compiling clap_derive v4.5.40
[INFO] [stderr]    Compiling derive_more v1.0.0
[INFO] [stderr]    Compiling grapple_utils v0.1.0
[INFO] [stderr]    Compiling clap v4.5.40
[INFO] [stderr]    Compiling gen-key v0.2.0 (/opt/rustwide/workdir)
[INFO] [stderr]     Finished `release` profile [optimized] target(s) in 20.89s
[INFO] [stderr] warning: the following packages contain code that will be rejected by a future version of Rust: num-bigint-dig v0.8.4
[INFO] [stderr] note: to see what the problems were, use the option `--future-incompat-report`, or run `cargo report future-incompatibilities --id 5`
[INFO] running `Command { std: "docker" "inspect" "10b1dddb9ce93e1673d7992ff6d44d6c88f3ed047f9e02398e1b00686948abd8", kill_on_drop: false }`
[INFO] running `Command { std: "docker" "exec" "-e" "SOURCE_DIR=/opt/rustwide/workdir" "-e" "CARGO_HOME=/opt/rustwide/cargo-home" "-e" "RUSTUP_HOME=/opt/rustwide/rustup-home" "-e" "CARGO_TARGET_DIR=/opt/rustwide/target" "-e" "CARGO_INCREMENTAL=0" "-e" "RUST_BACKTRACE=full" "-e" "RUSTFLAGS=--cap-lints=warn" "-e" "RUSTDOCFLAGS=--cap-lints=warn" "-w" "/opt/rustwide/workdir" "--user" "0:0" "10b1dddb9ce93e1673d7992ff6d44d6c88f3ed047f9e02398e1b00686948abd8" "/opt/rustwide/cargo-home/bin/cargo" "+1.100.0-beta.1" "test" "--frozen" "--no-run" "--message-format=json" "--release", kill_on_drop: false }`
[INFO] [stderr]    Compiling getrandom v0.2.16
[INFO] [stderr]    Compiling memchr v2.7.5
[INFO] [stderr]    Compiling predicates-core v1.0.9
[INFO] [stderr]    Compiling doc-comment v0.3.3
[INFO] [stderr]    Compiling float-cmp v0.10.0
[INFO] [stderr]    Compiling termtree v0.5.1
[INFO] [stderr]    Compiling normalize-line-endings v0.3.0
[INFO] [stderr]    Compiling difflib v0.4.0
[INFO] [stderr]    Compiling assert_cmd v2.0.17
[INFO] [stderr]    Compiling getrandom v0.3.3
[INFO] [stderr]    Compiling wait-timeout v0.2.1
[INFO] [stderr]    Compiling predicates-tree v1.0.12
[INFO] [stderr]    Compiling tempfile v3.20.0
[INFO] [stderr]    Compiling rand_core v0.6.4
[INFO] [stderr]    Compiling rand_chacha v0.3.1
[INFO] [stderr]    Compiling signature v2.2.0
[INFO] [stderr]    Compiling aho-corasick v1.1.3
[INFO] [stderr]    Compiling rand v0.8.5
[INFO] [stderr]    Compiling num-bigint-dig v0.8.4
[INFO] [stderr]    Compiling regex-automata v0.4.9
[INFO] [stderr]    Compiling rsa v0.9.8
[INFO] [stderr]    Compiling regex v1.11.1
[INFO] [stderr]    Compiling bstr v1.12.0
[INFO] [stderr]    Compiling predicates v3.1.3
[INFO] [stderr]    Compiling gen-key v0.2.0 (/opt/rustwide/workdir)
[INFO] [stderr]     Finished `release` profile [optimized] target(s) in 27.98s
[INFO] [stderr] warning: the following packages contain code that will be rejected by a future version of Rust: num-bigint-dig v0.8.4
[INFO] [stderr] note: to see what the problems were, use the option `--future-incompat-report`, or run `cargo report future-incompatibilities --id 5`
[INFO] running `Command { std: "docker" "inspect" "10b1dddb9ce93e1673d7992ff6d44d6c88f3ed047f9e02398e1b00686948abd8", kill_on_drop: false }`
[INFO] running `Command { std: "docker" "exec" "-e" "SOURCE_DIR=/opt/rustwide/workdir" "-e" "CARGO_HOME=/opt/rustwide/cargo-home" "-e" "RUSTUP_HOME=/opt/rustwide/rustup-home" "-e" "CARGO_TARGET_DIR=/opt/rustwide/target" "-e" "CARGO_INCREMENTAL=0" "-e" "RUST_BACKTRACE=full" "-e" "RUSTFLAGS=--cap-lints=warn" "-e" "RUSTDOCFLAGS=--cap-lints=warn" "-w" "/opt/rustwide/workdir" "--user" "0:0" "10b1dddb9ce93e1673d7992ff6d44d6c88f3ed047f9e02398e1b00686948abd8" "/opt/rustwide/cargo-home/bin/cargo" "+1.100.0-beta.1" "test" "--frozen" "--release", kill_on_drop: false }`
[INFO] [stderr]     Finished `release` profile [optimized] target(s) in 0.10s
[INFO] [stderr] warning: the following packages contain code that will be rejected by a future version of Rust: num-bigint-dig v0.8.4
[INFO] [stderr] note: to see what the problems were, use the option `--future-incompat-report`, or run `cargo report future-incompatibilities --id 5`
[INFO] [stderr]      Running unittests src/bin/gen-key.rs (/opt/rustwide/target/release/build/gen-key/efc96d5325c99428/out/gen_key-efc96d5325c99428)
[INFO] [stdout] 
[INFO] [stdout] running 14 tests
[INFO] [stdout] test tests::test_prefix_to_rsa_pem ... ok
[INFO] [stdout] test tests::test_format_der_stdout ... FAILED
[INFO] [stdout] test tests::test_prefix_to_rsa_der ... ok
[INFO] [stdout] test tests::test_rsa_key_generation_stdout ... FAILED
[INFO] [stdout] test tests::test_prefix_to_rsa_invalid_extension ... ok
[INFO] [stdout] test tests::test_hmac_key_generation_stdout ... FAILED
[INFO] [stdout] test tests::test_prefix_to_hmac ... ok
[INFO] [stdout] test tests::test_invalid_hmac_key_size ... FAILED
[INFO] [stdout] test tests::test_hmac_key_generation_to_dir ... FAILED
[INFO] [stdout] test tests::test_replace_flag_error_and_success_hmac ... FAILED
[INFO] [stdout] test tests::test_invalid_rsa_key_size ... FAILED
[INFO] [stdout] test tests::test_replace_flag_error_and_success_rsa ... FAILED
[INFO] [stdout] test tests::test_rsa_key_generation_to_dir ... FAILED
[INFO] [stdout] test tests::test_default_behavior_stdout ... FAILED
[INFO] [stdout] 
[INFO] [stdout] failures:
[INFO] [stdout] 
[INFO] [stdout] ---- tests::test_format_der_stdout stdout ----
[INFO] [stdout] 
[INFO] [stdout] thread 'tests::test_format_der_stdout' (1164) panicked at src/bin/gen-key.rs:632:53:
[INFO] [stdout] called `Result::unwrap()` on an `Err` value: CargoError { cause: Some(NotFoundError { path: "/opt/rustwide/target/release/build/gen-key/efc96d5325c99428/out/gen-key" }) }
[INFO] [stdout] stack backtrace:
[INFO] [stdout]    0:     0x5d0855d57721 - <<std[617be2ca0a6fd877]::sys::backtrace::BacktraceLock>::print::DisplayBacktrace as core[a373ad73a504971]::fmt::Display>::fmt
[INFO] [stdout]    1:     0x5d0855d6e16a - core[a373ad73a504971]::fmt::write
[INFO] [stdout]    2:     0x5d0855d5cfac - <alloc[2e1b2a31b91974c5]::vec::Vec<u8> as core[a373ad73a504971]::io::write::Write>::write_fmt
[INFO] [stdout]    3:     0x5d0855d32096 - std[617be2ca0a6fd877]::panicking::default_hook::{closure#0}
[INFO] [stdout]    4:     0x5d0855d4f599 - std[617be2ca0a6fd877]::panicking::default_hook
[INFO] [stdout]    5:     0x5d0855cd8c80 - test[aada8e7e76ba119b]::test_main_inner::{closure#0}
[INFO] [stdout]    6:     0x5d0855d4f752 - std[617be2ca0a6fd877]::panicking::panic_with_hook
[INFO] [stdout]    7:     0x5d0855d32142 - std[617be2ca0a6fd877]::panicking::panic_handler::{closure#0}
[INFO] [stdout]    8:     0x5d0855d2ad39 - std[617be2ca0a6fd877]::sys::backtrace::__rust_end_short_backtrace::<std[617be2ca0a6fd877]::panicking::panic_handler::{closure#0}, !>
[INFO] [stdout]    9:     0x5d0855d32d4d - __rustc[ea4f61d10b84890b]::rust_begin_unwind
[INFO] [stdout]   10:     0x5d0855d6e91c - core[a373ad73a504971]::panicking::panic_fmt
[INFO] [stdout]   11:     0x5d0855d6e6f2 - core[a373ad73a504971]::result::unwrap_failed
[INFO] [stdout]   12:     0x5d0855cc63b6 - <gen_key[36bc70f4088dd4ec]::tests::test_format_der_stdout::{closure#0} as core[a373ad73a504971]::ops::function::FnOnce<()>>::call_once
[INFO] [stdout]   13:     0x5d0855ccc0cb - test[aada8e7e76ba119b]::__rust_begin_short_backtrace::<core[a373ad73a504971]::result::Result<(), alloc[2e1b2a31b91974c5]::string::String>, fn() -> core[a373ad73a504971]::result::Result<(), alloc[2e1b2a31b91974c5]::string::String>>
[INFO] [stdout]   14:     0x5d0855cd92a5 - test[aada8e7e76ba119b]::run_test::{closure#0}
[INFO] [stdout]   15:     0x5d0855cd2b94 - std[617be2ca0a6fd877]::sys::backtrace::__rust_begin_short_backtrace::<test[aada8e7e76ba119b]::run_test::{closure#1}, ()>
[INFO] [stdout]   16:     0x5d0855cdc332 - <std[617be2ca0a6fd877]::thread::lifecycle::spawn_unchecked<test[aada8e7e76ba119b]::run_test::{closure#1}, ()>::{closure#1} as core[a373ad73a504971]::ops::function::FnOnce<()>>::call_once::{shim:vtable#0}
[INFO] [stdout]   17:     0x5d0855d56eff - <std[617be2ca0a6fd877]::sys::thread::unix::Thread>::new::thread_start
[INFO] [stdout]   18:     0x71a6efad2dfa - <unknown>
[INFO] [stdout]   19:     0x71a6efb663d4 - clone
[INFO] [stdout]   20:                0x0 - <unknown>
[INFO] [stdout] 
[INFO] [stdout] ---- tests::test_rsa_key_generation_stdout stdout ----
[INFO] [stdout] 
[INFO] [stdout] thread 'tests::test_rsa_key_generation_stdout' (1175) panicked at src/bin/gen-key.rs:514:53:
[INFO] [stdout] called `Result::unwrap()` on an `Err` value: CargoError { cause: Some(NotFoundError { path: "/opt/rustwide/target/release/build/gen-key/efc96d5325c99428/out/gen-key" }) }
[INFO] [stdout] stack backtrace:
[INFO] [stdout]    0:     0x5d0855d57721 - <<std[617be2ca0a6fd877]::sys::backtrace::BacktraceLock>::print::DisplayBacktrace as core[a373ad73a504971]::fmt::Display>::fmt
[INFO] [stdout]    1:     0x5d0855d6e16a - core[a373ad73a504971]::fmt::write
[INFO] [stdout]    2:     0x5d0855d5cfac - <alloc[2e1b2a31b91974c5]::vec::Vec<u8> as core[a373ad73a504971]::io::write::Write>::write_fmt
[INFO] [stdout]    3:     0x5d0855d32096 - std[617be2ca0a6fd877]::panicking::default_hook::{closure#0}
[INFO] [stdout]    4:     0x5d0855d4f599 - std[617be2ca0a6fd877]::panicking::default_hook
[INFO] [stdout]    5:     0x5d0855cd8c80 - test[aada8e7e76ba119b]::test_main_inner::{closure#0}
[INFO] [stdout]    6:     0x5d0855d4f752 - std[617be2ca0a6fd877]::panicking::panic_with_hook
[INFO] [stdout]    7:     0x5d0855d32142 - std[617be2ca0a6fd877]::panicking::panic_handler::{closure#0}
[INFO] [stdout]    8:     0x5d0855d2ad39 - std[617be2ca0a6fd877]::sys::backtrace::__rust_end_short_backtrace::<std[617be2ca0a6fd877]::panicking::panic_handler::{closure#0}, !>
[INFO] [stdout]    9:     0x5d0855d32d4d - __rustc[ea4f61d10b84890b]::rust_begin_unwind
[INFO] [stdout]   10:     0x5d0855d6e91c - core[a373ad73a504971]::panicking::panic_fmt
[INFO] [stdout]   11:     0x5d0855d6e6f2 - core[a373ad73a504971]::result::unwrap_failed
[INFO] [stdout]   12:     0x5d0855cc7dd1 - <gen_key[36bc70f4088dd4ec]::tests::test_rsa_key_generation_stdout::{closure#0} as core[a373ad73a504971]::ops::function::FnOnce<()>>::call_once
[INFO] [stdout]   13:     0x5d0855ccc0cb - test[aada8e7e76ba119b]::__rust_begin_short_backtrace::<core[a373ad73a504971]::result::Result<(), alloc[2e1b2a31b91974c5]::string::String>, fn() -> core[a373ad73a504971]::result::Result<(), alloc[2e1b2a31b91974c5]::string::String>>
[INFO] [stdout]   14:     0x5d0855cd92a5 - test[aada8e7e76ba119b]::run_test::{closure#0}
[INFO] [stdout]   15:     0x5d0855cd2b94 - std[617be2ca0a6fd877]::sys::backtrace::__rust_begin_short_backtrace::<test[aada8e7e76ba119b]::run_test::{closure#1}, ()>
[INFO] [stdout]   16:     0x5d0855cdc332 - <std[617be2ca0a6fd877]::thread::lifecycle::spawn_unchecked<test[aada8e7e76ba119b]::run_test::{closure#1}, ()>::{closure#1} as core[a373ad73a504971]::ops::function::FnOnce<()>>::call_once::{shim:vtable#0}
[INFO] [stdout]   17:     0x5d0855d56eff - <std[617be2ca0a6fd877]::sys::thread::unix::Thread>::new::thread_start
[INFO] [stdout]   18:     0x71a6efad2dfa - <unknown>
[INFO] [stdout]   19:     0x71a6efb663d4 - clone
[INFO] [stdout]   20:                0x0 - <unknown>
[INFO] [stdout] 
[INFO] [stdout] ---- tests::test_hmac_key_generation_stdout stdout ----
[INFO] [stdout] 
[INFO] [stdout] thread 'tests::test_hmac_key_generation_stdout' (1165) panicked at src/bin/gen-key.rs:531:53:
[INFO] [stdout] called `Result::unwrap()` on an `Err` value: CargoError { cause: Some(NotFoundError { path: "/opt/rustwide/target/release/build/gen-key/efc96d5325c99428/out/gen-key" }) }
[INFO] [stdout] stack backtrace:
[INFO] [stdout]    0:     0x5d0855d57721 - <<std[617be2ca0a6fd877]::sys::backtrace::BacktraceLock>::print::DisplayBacktrace as core[a373ad73a504971]::fmt::Display>::fmt
[INFO] [stdout]    1:     0x5d0855d6e16a - core[a373ad73a504971]::fmt::write
[INFO] [stdout]    2:     0x5d0855d5cfac - <alloc[2e1b2a31b91974c5]::vec::Vec<u8> as core[a373ad73a504971]::io::write::Write>::write_fmt
[INFO] [stdout]    3:     0x5d0855d32096 - std[617be2ca0a6fd877]::panicking::default_hook::{closure#0}
[INFO] [stdout]    4:     0x5d0855d4f599 - std[617be2ca0a6fd877]::panicking::default_hook
[INFO] [stdout]    5:     0x5d0855cd8c80 - test[aada8e7e76ba119b]::test_main_inner::{closure#0}
[INFO] [stdout]    6:     0x5d0855d4f752 - std[617be2ca0a6fd877]::panicking::panic_with_hook
[INFO] [stdout]    7:     0x5d0855d32142 - std[617be2ca0a6fd877]::panicking::panic_handler::{closure#0}
[INFO] [stdout]    8:     0x5d0855d2ad39 - std[617be2ca0a6fd877]::sys::backtrace::__rust_end_short_backtrace::<std[617be2ca0a6fd877]::panicking::panic_handler::{closure#0}, !>
[INFO] [stdout]    9:     0x5d0855d32d4d - __rustc[ea4f61d10b84890b]::rust_begin_unwind
[INFO] [stdout]   10:     0x5d0855d6e91c - core[a373ad73a504971]::panicking::panic_fmt
[INFO] [stdout]   11:     0x5d0855d6e6f2 - core[a373ad73a504971]::result::unwrap_failed
[INFO] [stdout]   12:     0x5d0855cc8a7d - <gen_key[36bc70f4088dd4ec]::tests::test_hmac_key_generation_stdout::{closure#0} as core[a373ad73a504971]::ops::function::FnOnce<()>>::call_once
[INFO] [stdout]   13:     0x5d0855ccc0cb - test[aada8e7e76ba119b]::__rust_begin_short_backtrace::<core[a373ad73a504971]::result::Result<(), alloc[2e1b2a31b91974c5]::string::String>, fn() -> core[a373ad73a504971]::result::Result<(), alloc[2e1b2a31b91974c5]::string::String>>
[INFO] [stdout]   14:     0x5d0855cd92a5 - test[aada8e7e76ba119b]::run_test::{closure#0}
[INFO] [stdout]   15:     0x5d0855cd2b94 - std[617be2ca0a6fd877]::sys::backtrace::__rust_begin_short_backtrace::<test[aada8e7e76ba119b]::run_test::{closure#1}, ()>
[INFO] [stdout]   16:     0x5d0855cdc332 - <std[617be2ca0a6fd877]::thread::lifecycle::spawn_unchecked<test[aada8e7e76ba119b]::run_test::{closure#1}, ()>::{closure#1} as core[a373ad73a504971]::ops::function::FnOnce<()>>::call_once::{shim:vtable#0}
[INFO] [stdout]   17:     0x5d0855d56eff - <std[617be2ca0a6fd877]::sys::thread::unix::Thread>::new::thread_start
[INFO] [stdout]   18:     0x71a6efad2dfa - <unknown>
[INFO] [stdout]   19:     0x71a6efb663d4 - clone
[INFO] [stdout]   20:                0x0 - <unknown>
[INFO] [stdout] 
[INFO] [stdout] ---- tests::test_invalid_hmac_key_size stdout ----
[INFO] [stdout] 
[INFO] [stdout] thread 'tests::test_invalid_hmac_key_size' (1167) panicked at src/bin/gen-key.rs:610:53:
[INFO] [stdout] called `Result::unwrap()` on an `Err` value: CargoError { cause: Some(NotFoundError { path: "/opt/rustwide/target/release/build/gen-key/efc96d5325c99428/out/gen-key" }) }
[INFO] [stdout] stack backtrace:
[INFO] [stdout]    0:     0x5d0855d57721 - <<std[617be2ca0a6fd877]::sys::backtrace::BacktraceLock>::print::DisplayBacktrace as core[a373ad73a504971]::fmt::Display>::fmt
[INFO] [stdout]    1:     0x5d0855d6e16a - core[a373ad73a504971]::fmt::write
[INFO] [stdout]    2:     0x5d0855d5cfac - <alloc[2e1b2a31b91974c5]::vec::Vec<u8> as core[a373ad73a504971]::io::write::Write>::write_fmt
[INFO] [stdout]    3:     0x5d0855d32096 - std[617be2ca0a6fd877]::panicking::default_hook::{closure#0}
[INFO] [stdout]    4:     0x5d0855d4f599 - std[617be2ca0a6fd877]::panicking::default_hook
[INFO] [stdout]    5:     0x5d0855cd8c80 - test[aada8e7e76ba119b]::test_main_inner::{closure#0}
[INFO] [stdout]    6:     0x5d0855d4f752 - std[617be2ca0a6fd877]::panicking::panic_with_hook
[INFO] [stdout]    7:     0x5d0855d32142 - std[617be2ca0a6fd877]::panicking::panic_handler::{closure#0}
[INFO] [stdout]    8:     0x5d0855d2ad39 - std[617be2ca0a6fd877]::sys::backtrace::__rust_end_short_backtrace::<std[617be2ca0a6fd877]::panicking::panic_handler::{closure#0}, !>
[INFO] [stdout]    9:     0x5d0855d32d4d - __rustc[ea4f61d10b84890b]::rust_begin_unwind
[INFO] [stdout]   10:     0x5d0855d6e91c - core[a373ad73a504971]::panicking::panic_fmt
[INFO] [stdout]   11:     0x5d0855d6e6f2 - core[a373ad73a504971]::result::unwrap_failed
[INFO] [stdout]   12:     0x5d0855cc7583 - <gen_key[36bc70f4088dd4ec]::tests::test_invalid_hmac_key_size::{closure#0} as core[a373ad73a504971]::ops::function::FnOnce<()>>::call_once
[INFO] [stdout]   13:     0x5d0855ccc0cb - test[aada8e7e76ba119b]::__rust_begin_short_backtrace::<core[a373ad73a504971]::result::Result<(), alloc[2e1b2a31b91974c5]::string::String>, fn() -> core[a373ad73a504971]::result::Result<(), alloc[2e1b2a31b91974c5]::string::String>>
[INFO] [stdout]   14:     0x5d0855cd92a5 - test[aada8e7e76ba119b]::run_test::{closure#0}
[INFO] [stdout]   15:     0x5d0855cd2b94 - std[617be2ca0a6fd877]::sys::backtrace::__rust_begin_short_backtrace::<test[aada8e7e76ba119b]::run_test::{closure#1}, ()>
[INFO] [stdout]   16:     0x5d0855cdc332 - <std[617be2ca0a6fd877]::thread::lifecycle::spawn_unchecked<test[aada8e7e76ba119b]::run_test::{closure#1}, ()>::{closure#1} as core[a373ad73a504971]::ops::function::FnOnce<()>>::call_once::{shim:vtable#0}
[INFO] [stdout]   17:     0x5d0855d56eff - <std[617be2ca0a6fd877]::sys::thread::unix::Thread>::new::thread_start
[INFO] [stdout]   18:     0x71a6efad2dfa - <unknown>
[INFO] [stdout]   19:     0x71a6efb663d4 - clone
[INFO] [stdout]   20:                0x0 - <unknown>
[INFO] [stdout] 
[INFO] [stdout] ---- tests::test_hmac_key_generation_to_dir stdout ----
[INFO] [stdout] 
[INFO] [stdout] thread 'tests::test_hmac_key_generation_to_dir' (1166) panicked at src/bin/gen-key.rs:550:53:
[INFO] [stdout] called `Result::unwrap()` on an `Err` value: CargoError { cause: Some(NotFoundError { path: "/opt/rustwide/target/release/build/gen-key/efc96d5325c99428/out/gen-key" }) }
[INFO] [stdout] stack backtrace:
[INFO] [stdout]    0:     0x5d0855d57721 - <<std[617be2ca0a6fd877]::sys::backtrace::BacktraceLock>::print::DisplayBacktrace as core[a373ad73a504971]::fmt::Display>::fmt
[INFO] [stdout]    1:     0x5d0855d6e16a - core[a373ad73a504971]::fmt::write
[INFO] [stdout]    2:     0x5d0855d5cfac - <alloc[2e1b2a31b91974c5]::vec::Vec<u8> as core[a373ad73a504971]::io::write::Write>::write_fmt
[INFO] [stdout]    3:     0x5d0855d32096 - std[617be2ca0a6fd877]::panicking::default_hook::{closure#0}
[INFO] [stdout]    4:     0x5d0855d4f599 - std[617be2ca0a6fd877]::panicking::default_hook
[INFO] [stdout]    5:     0x5d0855cd8c80 - test[aada8e7e76ba119b]::test_main_inner::{closure#0}
[INFO] [stdout]    6:     0x5d0855d4f752 - std[617be2ca0a6fd877]::panicking::panic_with_hook
[INFO] [stdout]    7:     0x5d0855d32142 - std[617be2ca0a6fd877]::panicking::panic_handler::{closure#0}
[INFO] [stdout]    8:     0x5d0855d2ad39 - std[617be2ca0a6fd877]::sys::backtrace::__rust_end_short_backtrace::<std[617be2ca0a6fd877]::panicking::panic_handler::{closure#0}, !>
[INFO] [stdout]    9:     0x5d0855d32d4d - __rustc[ea4f61d10b84890b]::rust_begin_unwind
[INFO] [stdout]   10:     0x5d0855d6e91c - core[a373ad73a504971]::panicking::panic_fmt
[INFO] [stdout]   11:     0x5d0855d6e6f2 - core[a373ad73a504971]::result::unwrap_failed
[INFO] [stdout]   12:     0x5d0855cc8f72 - <gen_key[36bc70f4088dd4ec]::tests::test_hmac_key_generation_to_dir::{closure#0} as core[a373ad73a504971]::ops::function::FnOnce<()>>::call_once
[INFO] [stdout]   13:     0x5d0855ccc0cb - test[aada8e7e76ba119b]::__rust_begin_short_backtrace::<core[a373ad73a504971]::result::Result<(), alloc[2e1b2a31b91974c5]::string::String>, fn() -> core[a373ad73a504971]::result::Result<(), alloc[2e1b2a31b91974c5]::string::String>>
[INFO] [stdout]   14:     0x5d0855cd92a5 - test[aada8e7e76ba119b]::run_test::{closure#0}
[INFO] [stdout]   15:     0x5d0855cd2b94 - std[617be2ca0a6fd877]::sys::backtrace::__rust_begin_short_backtrace::<test[aada8e7e76ba119b]::run_test::{closure#1}, ()>
[INFO] [stdout]   16:     0x5d0855cdc332 - <std[617be2ca0a6fd877]::thread::lifecycle::spawn_unchecked<test[aada8e7e76ba119b]::run_test::{closure#1}, ()>::{closure#1} as core[a373ad73a504971]::ops::function::FnOnce<()>>::call_once::{shim:vtable#0}
[INFO] [stdout]   17:     0x5d0855d56eff - <std[617be2ca0a6fd877]::sys::thread::unix::Thread>::new::thread_start
[INFO] [stdout]   18:     0x71a6efad2dfa - <unknown>
[INFO] [stdout]   19:     0x71a6efb663d4 - clone
[INFO] [stdout]   20:                0x0 - <unknown>
[INFO] [stdout] 
[INFO] [stdout] ---- tests::test_replace_flag_error_and_success_hmac stdout ----
[INFO] [stdout] 
[INFO] [stdout] thread 'tests::test_replace_flag_error_and_success_hmac' (1173) panicked at src/bin/gen-key.rs:698:53:
[INFO] [stdout] called `Result::unwrap()` on an `Err` value: CargoError { cause: Some(NotFoundError { path: "/opt/rustwide/target/release/build/gen-key/efc96d5325c99428/out/gen-key" }) }
[INFO] [stdout] stack backtrace:
[INFO] [stdout]    0:     0x5d0855d57721 - <<std[617be2ca0a6fd877]::sys::backtrace::BacktraceLock>::print::DisplayBacktrace as core[a373ad73a504971]::fmt::Display>::fmt
[INFO] [stdout]    1:     0x5d0855d6e16a - core[a373ad73a504971]::fmt::write
[INFO] [stdout]    2:     0x5d0855d5cfac - <alloc[2e1b2a31b91974c5]::vec::Vec<u8> as core[a373ad73a504971]::io::write::Write>::write_fmt
[INFO] [stdout]    3:     0x5d0855d32096 - std[617be2ca0a6fd877]::panicking::default_hook::{closure#0}
[INFO] [stdout]    4:     0x5d0855d4f599 - std[617be2ca0a6fd877]::panicking::default_hook
[INFO] [stdout]    5:     0x5d0855cd8c80 - test[aada8e7e76ba119b]::test_main_inner::{closure#0}
[INFO] [stdout]    6:     0x5d0855d4f752 - std[617be2ca0a6fd877]::panicking::panic_with_hook
[INFO] [stdout]    7:     0x5d0855d32142 - std[617be2ca0a6fd877]::panicking::panic_handler::{closure#0}
[INFO] [stdout]    8:     0x5d0855d2ad39 - std[617be2ca0a6fd877]::sys::backtrace::__rust_end_short_backtrace::<std[617be2ca0a6fd877]::panicking::panic_handler::{closure#0}, !>
[INFO] [stdout]    9:     0x5d0855d32d4d - __rustc[ea4f61d10b84890b]::rust_begin_unwind
[INFO] [stdout]   10:     0x5d0855d6e91c - core[a373ad73a504971]::panicking::panic_fmt
[INFO] [stdout]   11:     0x5d0855d6e6f2 - core[a373ad73a504971]::result::unwrap_failed
[INFO] [stdout]   12:     0x5d0855cca54b - <gen_key[36bc70f4088dd4ec]::tests::test_replace_flag_error_and_success_hmac::{closure#0} as core[a373ad73a504971]::ops::function::FnOnce<()>>::call_once
[INFO] [stdout]   13:     0x5d0855ccc0cb - test[aada8e7e76ba119b]::__rust_begin_short_backtrace::<core[a373ad73a504971]::result::Result<(), alloc[2e1b2a31b91974c5]::string::String>, fn() -> core[a373ad73a504971]::result::Result<(), alloc[2e1b2a31b91974c5]::string::String>>
[INFO] [stdout]   14:     0x5d0855cd92a5 - test[aada8e7e76ba119b]::run_test::{closure#0}
[INFO] [stdout]   15:     0x5d0855cd2b94 - std[617be2ca0a6fd877]::sys::backtrace::__rust_begin_short_backtrace::<test[aada8e7e76ba119b]::run_test::{closure#1}, ()>
[INFO] [stdout]   16:     0x5d0855cdc332 - <std[617be2ca0a6fd877]::thread::lifecycle::spawn_unchecked<test[aada8e7e76ba119b]::run_test::{closure#1}, ()>::{closure#1} as core[a373ad73a504971]::ops::function::FnOnce<()>>::call_once::{shim:vtable#0}
[INFO] [stdout]   17:     0x5d0855d56eff - <std[617be2ca0a6fd877]::sys::thread::unix::Thread>::new::thread_start
[INFO] [stdout]   18:     0x71a6efad2dfa - <unknown>
[INFO] [stdout]   19:     0x71a6efb663d4 - clone
[INFO] [stdout]   20:                0x0 - <unknown>
[INFO] [stdout] 
[INFO] [stdout] ---- tests::test_invalid_rsa_key_size stdout ----
[INFO] [stdout] 
[INFO] [stdout] thread 'tests::test_invalid_rsa_key_size' (1168) panicked at src/bin/gen-key.rs:597:53:
[INFO] [stdout] called `Result::unwrap()` on an `Err` value: CargoError { cause: Some(NotFoundError { path: "/opt/rustwide/target/release/build/gen-key/efc96d5325c99428/out/gen-key" }) }
[INFO] [stdout] stack backtrace:
[INFO] [stdout]    0:     0x5d0855d57721 - <<std[617be2ca0a6fd877]::sys::backtrace::BacktraceLock>::print::DisplayBacktrace as core[a373ad73a504971]::fmt::Display>::fmt
[INFO] [stdout]    1:     0x5d0855d6e16a - core[a373ad73a504971]::fmt::write
[INFO] [stdout]    2:     0x5d0855d5cfac - <alloc[2e1b2a31b91974c5]::vec::Vec<u8> as core[a373ad73a504971]::io::write::Write>::write_fmt
[INFO] [stdout]    3:     0x5d0855d32096 - std[617be2ca0a6fd877]::panicking::default_hook::{closure#0}
[INFO] [stdout]    4:     0x5d0855d4f599 - std[617be2ca0a6fd877]::panicking::default_hook
[INFO] [stdout]    5:     0x5d0855cd8c80 - test[aada8e7e76ba119b]::test_main_inner::{closure#0}
[INFO] [stdout]    6:     0x5d0855d4f752 - std[617be2ca0a6fd877]::panicking::panic_with_hook
[INFO] [stdout]    7:     0x5d0855d32142 - std[617be2ca0a6fd877]::panicking::panic_handler::{closure#0}
[INFO] [stdout]    8:     0x5d0855d2ad39 - std[617be2ca0a6fd877]::sys::backtrace::__rust_end_short_backtrace::<std[617be2ca0a6fd877]::panicking::panic_handler::{closure#0}, !>
[INFO] [stdout]    9:     0x5d0855d32d4d - __rustc[ea4f61d10b84890b]::rust_begin_unwind
[INFO] [stdout]   10:     0x5d0855d6e91c - core[a373ad73a504971]::panicking::panic_fmt
[INFO] [stdout]   11:     0x5d0855d6e6f2 - core[a373ad73a504971]::result::unwrap_failed
[INFO] [stdout]   12:     0x5d0855cc726c - <gen_key[36bc70f4088dd4ec]::tests::test_invalid_rsa_key_size::{closure#0} as core[a373ad73a504971]::ops::function::FnOnce<()>>::call_once
[INFO] [stdout]   13:     0x5d0855ccc0cb - test[aada8e7e76ba119b]::__rust_begin_short_backtrace::<core[a373ad73a504971]::result::Result<(), alloc[2e1b2a31b91974c5]::string::String>, fn() -> core[a373ad73a504971]::result::Result<(), alloc[2e1b2a31b91974c5]::string::String>>
[INFO] [stdout]   14:     0x5d0855cd92a5 - test[aada8e7e76ba119b]::run_test::{closure#0}
[INFO] [stdout]   15:     0x5d0855cd2b94 - std[617be2ca0a6fd877]::sys::backtrace::__rust_begin_short_backtrace::<test[aada8e7e76ba119b]::run_test::{closure#1}, ()>
[INFO] [stdout]   16:     0x5d0855cdc332 - <std[617be2ca0a6fd877]::thread::lifecycle::spawn_unchecked<test[aada8e7e76ba119b]::run_test::{closure#1}, ()>::{closure#1} as core[a373ad73a504971]::ops::function::FnOnce<()>>::call_once::{shim:vtable#0}
[INFO] [stdout]   17:     0x5d0855d56eff - <std[617be2ca0a6fd877]::sys::thread::unix::Thread>::new::thread_start
[INFO] [stdout]   18:     0x71a6efad2dfa - <unknown>
[INFO] [stdout]   19:     0x71a6efb663d4 - clone
[INFO] [stdout]   20:                0x0 - <unknown>
[INFO] [stdout] 
[INFO] [stdout] ---- tests::test_replace_flag_error_and_success_rsa stdout ----
[INFO] [stdout] 
[INFO] [stdout] thread 'tests::test_replace_flag_error_and_success_rsa' (1174) panicked at src/bin/gen-key.rs:658:53:
[INFO] [stdout] called `Result::unwrap()` on an `Err` value: CargoError { cause: Some(NotFoundError { path: "/opt/rustwide/target/release/build/gen-key/efc96d5325c99428/out/gen-key" }) }
[INFO] [stdout] stack backtrace:
[INFO] [stdout]    0:     0x5d0855d57721 - <<std[617be2ca0a6fd877]::sys::backtrace::BacktraceLock>::print::DisplayBacktrace as core[a373ad73a504971]::fmt::Display>::fmt
[INFO] [stdout]    1:     0x5d0855d6e16a - core[a373ad73a504971]::fmt::write
[INFO] [stdout]    2:     0x5d0855d5cfac - <alloc[2e1b2a31b91974c5]::vec::Vec<u8> as core[a373ad73a504971]::io::write::Write>::write_fmt
[INFO] [stdout]    3:     0x5d0855d32096 - std[617be2ca0a6fd877]::panicking::default_hook::{closure#0}
[INFO] [stdout]    4:     0x5d0855d4f599 - std[617be2ca0a6fd877]::panicking::default_hook
[INFO] [stdout]    5:     0x5d0855cd8c80 - test[aada8e7e76ba119b]::test_main_inner::{closure#0}
[INFO] [stdout]    6:     0x5d0855d4f752 - std[617be2ca0a6fd877]::panicking::panic_with_hook
[INFO] [stdout]    7:     0x5d0855d32142 - std[617be2ca0a6fd877]::panicking::panic_handler::{closure#0}
[INFO] [stdout]    8:     0x5d0855d2ad39 - std[617be2ca0a6fd877]::sys::backtrace::__rust_end_short_backtrace::<std[617be2ca0a6fd877]::panicking::panic_handler::{closure#0}, !>
[INFO] [stdout]    9:     0x5d0855d32d4d - __rustc[ea4f61d10b84890b]::rust_begin_unwind
[INFO] [stdout]   10:     0x5d0855d6e91c - core[a373ad73a504971]::panicking::panic_fmt
[INFO] [stdout]   11:     0x5d0855d6e6f2 - core[a373ad73a504971]::result::unwrap_failed
[INFO] [stdout]   12:     0x5d0855cc9b94 - <gen_key[36bc70f4088dd4ec]::tests::test_replace_flag_error_and_success_rsa::{closure#0} as core[a373ad73a504971]::ops::function::FnOnce<()>>::call_once
[INFO] [stdout]   13:     0x5d0855ccc0cb - test[aada8e7e76ba119b]::__rust_begin_short_backtrace::<core[a373ad73a504971]::result::Result<(), alloc[2e1b2a31b91974c5]::string::String>, fn() -> core[a373ad73a504971]::result::Result<(), alloc[2e1b2a31b91974c5]::string::String>>
[INFO] [stdout]   14:     0x5d0855cd92a5 - test[aada8e7e76ba119b]::run_test::{closure#0}
[INFO] [stdout]   15:     0x5d0855cd2b94 - std[617be2ca0a6fd877]::sys::backtrace::__rust_begin_short_backtrace::<test[aada8e7e76ba119b]::run_test::{closure#1}, ()>
[INFO] [stdout]   16:     0x5d0855cdc332 - <std[617be2ca0a6fd877]::thread::lifecycle::spawn_unchecked<test[aada8e7e76ba119b]::run_test::{closure#1}, ()>::{closure#1} as core[a373ad73a504971]::ops::function::FnOnce<()>>::call_once::{shim:vtable#0}
[INFO] [stdout]   17:     0x5d0855d56eff - <std[617be2ca0a6fd877]::sys::thread::unix::Thread>::new::thread_start
[INFO] [stdout]   18:     0x71a6efad2dfa - <unknown>
[INFO] [stdout]   19:     0x71a6efb663d4 - clone
[INFO] [stdout]   20:                0x0 - <unknown>
[INFO] [stdout] 
[INFO] [stdout] ---- tests::test_rsa_key_generation_to_dir stdout ----
[INFO] [stdout] 
[INFO] [stdout] thread 'tests::test_rsa_key_generation_to_dir' (1176) panicked at src/bin/gen-key.rs:573:53:
[INFO] [stdout] called `Result::unwrap()` on an `Err` value: CargoError { cause: Some(NotFoundError { path: "/opt/rustwide/target/release/build/gen-key/efc96d5325c99428/out/gen-key" }) }
[INFO] [stdout] stack backtrace:
[INFO] [stdout]    0:     0x5d0855d57721 - <<std[617be2ca0a6fd877]::sys::backtrace::BacktraceLock>::print::DisplayBacktrace as core[a373ad73a504971]::fmt::Display>::fmt
[INFO] [stdout]    1:     0x5d0855d6e16a - core[a373ad73a504971]::fmt::write
[INFO] [stdout]    2:     0x5d0855d5cfac - <alloc[2e1b2a31b91974c5]::vec::Vec<u8> as core[a373ad73a504971]::io::write::Write>::write_fmt
[INFO] [stdout]    3:     0x5d0855d32096 - std[617be2ca0a6fd877]::panicking::default_hook::{closure#0}
[INFO] [stdout]    4:     0x5d0855d4f599 - std[617be2ca0a6fd877]::panicking::default_hook
[INFO] [stdout]    5:     0x5d0855cd8c80 - test[aada8e7e76ba119b]::test_main_inner::{closure#0}
[INFO] [stdout]    6:     0x5d0855d4f752 - std[617be2ca0a6fd877]::panicking::panic_with_hook
[INFO] [stdout]    7:     0x5d0855d32142 - std[617be2ca0a6fd877]::panicking::panic_handler::{closure#0}
[INFO] [stdout]    8:     0x5d0855d2ad39 - std[617be2ca0a6fd877]::sys::backtrace::__rust_end_short_backtrace::<std[617be2ca0a6fd877]::panicking::panic_handler::{closure#0}, !>
[INFO] [stdout]    9:     0x5d0855d32d4d - __rustc[ea4f61d10b84890b]::rust_begin_unwind
[INFO] [stdout]   10:     0x5d0855d6e91c - core[a373ad73a504971]::panicking::panic_fmt
[INFO] [stdout]   11:     0x5d0855d6e6f2 - core[a373ad73a504971]::result::unwrap_failed
[INFO] [stdout]   12:     0x5d0855cc8488 - <gen_key[36bc70f4088dd4ec]::tests::test_rsa_key_generation_to_dir::{closure#0} as core[a373ad73a504971]::ops::function::FnOnce<()>>::call_once
[INFO] [stdout]   13:     0x5d0855ccc0cb - test[aada8e7e76ba119b]::__rust_begin_short_backtrace::<core[a373ad73a504971]::result::Result<(), alloc[2e1b2a31b91974c5]::string::String>, fn() -> core[a373ad73a504971]::result::Result<(), alloc[2e1b2a31b91974c5]::string::String>>
[INFO] [stdout]   14:     0x5d0855cd92a5 - test[aada8e7e76ba119b]::run_test::{closure#0}
[INFO] [stdout]   15:     0x5d0855cd2b94 - std[617be2ca0a6fd877]::sys::backtrace::__rust_begin_short_backtrace::<test[aada8e7e76ba119b]::run_test::{closure#1}, ()>
[INFO] [stdout]   16:     0x5d0855cdc332 - <std[617be2ca0a6fd877]::thread::lifecycle::spawn_unchecked<test[aada8e7e76ba119b]::run_test::{closure#1}, ()>::{closure#1} as core[a373ad73a504971]::ops::function::FnOnce<()>>::call_once::{shim:vtable#0}
[INFO] [stdout]   17:     0x5d0855d56eff - <std[617be2ca0a6fd877]::sys::thread::unix::Thread>::new::thread_start
[INFO] [stdout]   18:     0x71a6efad2dfa - <unknown>
[INFO] [stdout]   19:     0x71a6efb663d4 - clone
[INFO] [stdout]   20:                0x0 - <unknown>
[INFO] [stdout] 
[INFO] [stdout] ---- tests::test_default_behavior_stdout stdout ----
[INFO] [stdout] 
[INFO] [stdout] thread 'tests::test_default_behavior_stdout' (1163) panicked at src/bin/gen-key.rs:623:53:
[INFO] [stdout] called `Result::unwrap()` on an `Err` value: CargoError { cause: Some(NotFoundError { path: "/opt/rustwide/target/release/build/gen-key/efc96d5325c99428/out/gen-key" }) }
[INFO] [stdout] stack backtrace:
[INFO] [stdout]    0:     0x5d0855d57721 - <<std[617be2ca0a6fd877]::sys::backtrace::BacktraceLock>::print::DisplayBacktrace as core[a373ad73a504971]::fmt::Display>::fmt
[INFO] [stdout]    1:     0x5d0855d6e16a - core[a373ad73a504971]::fmt::write
[INFO] [stdout]    2:     0x5d0855d5cfac - <alloc[2e1b2a31b91974c5]::vec::Vec<u8> as core[a373ad73a504971]::io::write::Write>::write_fmt
[INFO] [stdout]    3:     0x5d0855d32096 - std[617be2ca0a6fd877]::panicking::default_hook::{closure#0}
[INFO] [stdout]    4:     0x5d0855d4f599 - std[617be2ca0a6fd877]::panicking::default_hook
[INFO] [stdout]    5:     0x5d0855cd8c80 - test[aada8e7e76ba119b]::test_main_inner::{closure#0}
[INFO] [stdout]    6:     0x5d0855d4f752 - std[617be2ca0a6fd877]::panicking::panic_with_hook
[INFO] [stdout]    7:     0x5d0855d32142 - std[617be2ca0a6fd877]::panicking::panic_handler::{closure#0}
[INFO] [stdout]    8:     0x5d0855d2ad39 - std[617be2ca0a6fd877]::sys::backtrace::__rust_end_short_backtrace::<std[617be2ca0a6fd877]::panicking::panic_handler::{closure#0}, !>
[INFO] [stdout]    9:     0x5d0855d32d4d - __rustc[ea4f61d10b84890b]::rust_begin_unwind
[INFO] [stdout]   10:     0x5d0855d6e91c - core[a373ad73a504971]::panicking::panic_fmt
[INFO] [stdout]   11:     0x5d0855d6e6f2 - core[a373ad73a504971]::result::unwrap_failed
[INFO] [stdout]   12:     0x5d0855cc7860 - <gen_key[36bc70f4088dd4ec]::tests::test_default_behavior_stdout::{closure#0} as core[a373ad73a504971]::ops::function::FnOnce<()>>::call_once
[INFO] [stdout]   13:     0x5d0855ccc0cb - test[aada8e7e76ba119b]::__rust_begin_short_backtrace::<core[a373ad73a504971]::result::Result<(), alloc[2e1b2a31b91974c5]::string::String>, fn() -> core[a373ad73a504971]::result::Result<(), alloc[2e1b2a31b91974c5]::string::String>>
[INFO] [stdout]   14:     0x5d0855cd92a5 - test[aada8e7e76ba119b]::run_test::{closure#0}
[INFO] [stdout]   15:     0x5d0855cd2b94 - std[617be2ca0a6fd877]::sys::backtrace::__rust_begin_short_backtrace::<test[aada8e7e76ba119b]::run_test::{closure#1}, ()>
[INFO] [stdout]   16:     0x5d0855cdc332 - <std[617be2ca0a6fd877]::thread::lifecycle::spawn_unchecked<test[aada8e7e76ba119b]::run_test::{closure#1}, ()>::{closure#1} as core[a373ad73a504971]::ops::function::FnOnce<()>>::call_once::{shim:vtable#0}
[INFO] [stdout]   17:     0x5d0855d56eff - <std[617be2ca0a6fd877]::sys::thread::unix::Thread>::new::thread_start
[INFO] [stdout]   18:     0x71a6efad2dfa - <unknown>
[INFO] [stdout]   19:     0x71a6efb663d4 - clone
[INFO] [stdout]   20:                0x0 - <unknown>
[INFO] [stdout] 
[INFO] [stdout] 
[INFO] [stdout] failures:
[INFO] [stdout]     tests::test_default_behavior_stdout
[INFO] [stdout]     tests::test_format_der_stdout
[INFO] [stdout]     tests::test_hmac_key_generation_stdout
[INFO] [stdout]     tests::test_hmac_key_generation_to_dir
[INFO] [stdout]     tests::test_invalid_hmac_key_size
[INFO] [stdout]     tests::test_invalid_rsa_key_size
[INFO] [stdout]     tests::test_replace_flag_error_and_success_hmac
[INFO] [stdout]     tests::test_replace_flag_error_and_success_rsa
[INFO] [stdout]     tests::test_rsa_key_generation_stdout
[INFO] [stdout]     tests::test_rsa_key_generation_to_dir
[INFO] [stdout] 
[INFO] [stdout] test result: FAILED. 4 passed; 10 failed; 0 ignored; 0 measured; 0 filtered out; finished in 0.01s
[INFO] [stdout] 
[INFO] [stderr] error: test failed, to rerun pass `--bin gen-key`
[INFO] running `Command { std: "docker" "inspect" "10b1dddb9ce93e1673d7992ff6d44d6c88f3ed047f9e02398e1b00686948abd8", kill_on_drop: false }`
[INFO] running `Command { std: "docker" "rm" "-f" "10b1dddb9ce93e1673d7992ff6d44d6c88f3ed047f9e02398e1b00686948abd8", kill_on_drop: false }`
[INFO] [stdout] 10b1dddb9ce93e1673d7992ff6d44d6c88f3ed047f9e02398e1b00686948abd8
