[INFO] cloning repository https://github.com/Gemelai/structmd
[INFO] running `Command { std: "git" "-c" "credential.helper=" "-c" "credential.helper=/workspace/cargo-home/bin/git-credential-null" "clone" "--bare" "https://github.com/Gemelai/structmd" "/workspace/cache/git-repos/https%3A%2F%2Fgithub.com%2FGemelai%2Fstructmd", kill_on_drop: false }`
[INFO] [stderr] Cloning into bare repository '/workspace/cache/git-repos/https%3A%2F%2Fgithub.com%2FGemelai%2Fstructmd'...
[INFO] running `Command { std: "git" "rev-parse" "HEAD", kill_on_drop: false }`
[INFO] [stdout] e9ebdd958379040a0f7c7eb4bb8bcc009df04888
[INFO] testing Gemelai/structmd against 1.100.0-beta.1+cargoflags=--release for beta-release-1.100-2
[INFO] running `Command { std: "git" "clone" "/workspace/cache/git-repos/https%3A%2F%2Fgithub.com%2FGemelai%2Fstructmd" "/workspace/builds/worker-5-tc2/source", kill_on_drop: false }`
[INFO] [stderr] Cloning into '/workspace/builds/worker-5-tc2/source'...
[INFO] [stderr] done.
[INFO] started tweaking git repo https://github.com/Gemelai/structmd
[INFO] finished tweaking git repo https://github.com/Gemelai/structmd
[INFO] tweaked toml for git repo https://github.com/Gemelai/structmd written to /workspace/builds/worker-5-tc2/source/Cargo.toml
[INFO] validating manifest of git repo https://github.com/Gemelai/structmd on toolchain 1.100.0-beta.1
[INFO] running `Command { std: CARGO_HOME="/workspace/cargo-home" RUSTUP_HOME="/workspace/rustup-home" "/workspace/cargo-home/bin/cargo" "+1.100.0-beta.1" "metadata" "--manifest-path" "Cargo.toml" "--no-deps", kill_on_drop: false }`
[INFO] crate git repo https://github.com/Gemelai/structmd already has a lockfile, it will not be regenerated
[INFO] running `Command { std: CARGO_HOME="/workspace/cargo-home" RUSTUP_HOME="/workspace/rustup-home" "/workspace/cargo-home/bin/cargo" "+1.100.0-beta.1" "fetch" "--manifest-path" "Cargo.toml", kill_on_drop: false }`
[INFO] running `Command { std: "docker" "create" "-v" "/var/lib/crater-agent-workspace/builds/worker-5-tc2/source:/opt/rustwide/workdir:ro,Z" "-v" "/var/lib/crater-agent-workspace/builds/worker-5-tc2/target:/opt/rustwide/target:rw,Z" "-v" "/var/lib/crater-agent-workspace/cargo-home:/opt/rustwide/cargo-home:ro,Z" "-v" "/var/lib/crater-agent-workspace/rustup-home:/opt/rustwide/rustup-home:ro,Z" "-m" "1610612736" "--network" "none" "ghcr.io/rust-lang/crates-build-env/linux@sha256:77db811e55d90add9212f6832c23229e3de5f1c1f9905e8cb07319ea15df73ac" "sleep" "infinity", kill_on_drop: false }`
[INFO] [stdout] 5925c1f41806331017e5e3312e5f140ad205c8708029bd023e0219725ef5ad31
[INFO] running `Command { std: "docker" "start" "5925c1f41806331017e5e3312e5f140ad205c8708029bd023e0219725ef5ad31", kill_on_drop: false }`
[INFO] running `Command { std: "docker" "inspect" "5925c1f41806331017e5e3312e5f140ad205c8708029bd023e0219725ef5ad31", kill_on_drop: false }`
[INFO] running `Command { std: "docker" "exec" "-e" "SOURCE_DIR=/opt/rustwide/workdir" "-e" "CARGO_HOME=/opt/rustwide/cargo-home" "-e" "RUSTUP_HOME=/opt/rustwide/rustup-home" "-e" "CARGO_TARGET_DIR=/opt/rustwide/target" "-w" "/opt/rustwide/workdir" "--user" "0:0" "5925c1f41806331017e5e3312e5f140ad205c8708029bd023e0219725ef5ad31" "/opt/rustwide/cargo-home/bin/cargo" "+1.100.0-beta.1" "metadata" "--no-deps" "--format-version=1", kill_on_drop: false }`
[INFO] running `Command { std: "docker" "inspect" "5925c1f41806331017e5e3312e5f140ad205c8708029bd023e0219725ef5ad31", kill_on_drop: false }`
[INFO] running `Command { std: "docker" "exec" "-e" "SOURCE_DIR=/opt/rustwide/workdir" "-e" "CARGO_HOME=/opt/rustwide/cargo-home" "-e" "RUSTUP_HOME=/opt/rustwide/rustup-home" "-e" "CARGO_TARGET_DIR=/opt/rustwide/target" "-e" "CARGO_INCREMENTAL=0" "-e" "RUST_BACKTRACE=full" "-e" "RUSTFLAGS=--cap-lints=warn" "-e" "RUSTDOCFLAGS=--cap-lints=warn" "-w" "/opt/rustwide/workdir" "--user" "0:0" "5925c1f41806331017e5e3312e5f140ad205c8708029bd023e0219725ef5ad31" "/opt/rustwide/cargo-home/bin/cargo" "+1.100.0-beta.1" "build" "--frozen" "--message-format=json" "--release", kill_on_drop: false }`
[INFO] [stderr]    Compiling structmd v0.1.0 (/opt/rustwide/workdir/structmd)
[INFO] [stderr]    Compiling syn v2.0.117
[INFO] [stderr]    Compiling structmd-codegen v0.1.0 (/opt/rustwide/workdir/structmd-codegen)
[INFO] [stderr]    Compiling structmd-integration v0.1.0 (/opt/rustwide/workdir/structmd-integration)
[INFO] [stderr]    Compiling clap_derive v4.6.0
[INFO] [stderr]    Compiling clap v4.6.0
[INFO] [stderr]    Compiling structmd-lint v0.1.0 (/opt/rustwide/workdir/structmd-lint)
[INFO] [stderr]     Finished `release` profile [optimized] target(s) in 15.79s
[INFO] running `Command { std: "docker" "inspect" "5925c1f41806331017e5e3312e5f140ad205c8708029bd023e0219725ef5ad31", kill_on_drop: false }`
[INFO] running `Command { std: "docker" "exec" "-e" "SOURCE_DIR=/opt/rustwide/workdir" "-e" "CARGO_HOME=/opt/rustwide/cargo-home" "-e" "RUSTUP_HOME=/opt/rustwide/rustup-home" "-e" "CARGO_TARGET_DIR=/opt/rustwide/target" "-e" "CARGO_INCREMENTAL=0" "-e" "RUST_BACKTRACE=full" "-e" "RUSTFLAGS=--cap-lints=warn" "-e" "RUSTDOCFLAGS=--cap-lints=warn" "-w" "/opt/rustwide/workdir" "--user" "0:0" "5925c1f41806331017e5e3312e5f140ad205c8708029bd023e0219725ef5ad31" "/opt/rustwide/cargo-home/bin/cargo" "+1.100.0-beta.1" "test" "--frozen" "--no-run" "--message-format=json" "--release", kill_on_drop: false }`
[INFO] [stderr]    Compiling libc v0.2.183
[INFO] [stderr]    Compiling fastrand v2.3.0
[INFO] [stderr]    Compiling structmd-codegen v0.1.0 (/opt/rustwide/workdir/structmd-codegen)
[INFO] [stderr]    Compiling structmd v0.1.0 (/opt/rustwide/workdir/structmd)
[INFO] [stderr]    Compiling structmd-lint v0.1.0 (/opt/rustwide/workdir/structmd-lint)
[INFO] [stderr]    Compiling getrandom v0.4.2
[INFO] [stderr]    Compiling tempfile v3.27.0
[INFO] [stderr]    Compiling structmd-integration v0.1.0 (/opt/rustwide/workdir/structmd-integration)
[INFO] [stderr]     Finished `release` profile [optimized] target(s) in 10.40s
[INFO] running `Command { std: "docker" "inspect" "5925c1f41806331017e5e3312e5f140ad205c8708029bd023e0219725ef5ad31", kill_on_drop: false }`
[INFO] running `Command { std: "docker" "exec" "-e" "SOURCE_DIR=/opt/rustwide/workdir" "-e" "CARGO_HOME=/opt/rustwide/cargo-home" "-e" "RUSTUP_HOME=/opt/rustwide/rustup-home" "-e" "CARGO_TARGET_DIR=/opt/rustwide/target" "-e" "CARGO_INCREMENTAL=0" "-e" "RUST_BACKTRACE=full" "-e" "RUSTFLAGS=--cap-lints=warn" "-e" "RUSTDOCFLAGS=--cap-lints=warn" "-w" "/opt/rustwide/workdir" "--user" "0:0" "5925c1f41806331017e5e3312e5f140ad205c8708029bd023e0219725ef5ad31" "/opt/rustwide/cargo-home/bin/cargo" "+1.100.0-beta.1" "test" "--frozen" "--release", kill_on_drop: false }`
[INFO] [stderr]     Finished `release` profile [optimized] target(s) in 0.10s
[INFO] [stderr]      Running unittests src/lib.rs (/opt/rustwide/target/release/build/structmd/831074352e271885/out/structmd-831074352e271885)
[INFO] [stdout] 
[INFO] [stdout] running 64 tests
[INFO] [stdout] test errors::tests::render_multiple_errors_table ... ok
[INFO] [stdout] test errors::tests::render_single_error_table ... ok
[INFO] [stdout] test errors::tests::fix_auto_derived_invalid_value ... ok
[INFO] [stdout] test errors::tests::fix_auto_derived_io_error ... ok
[INFO] [stdout] test errors::tests::dense_has_no_sections ... ok
[INFO] [stdout] test errors::tests::fix_auto_derived_missing_property ... ok
[INFO] [stdout] test errors::tests::fix_override ... ok
[INFO] [stdout] test errors::tests::legacy_error_struct_renders ... ok
[INFO] [stdout] test parse::tests::basic_table ... ok
[INFO] [stdout] test parse::tests::bold_property ... ok
[INFO] [stdout] test parse::tests::code_block_preserves_blank_lines ... ok
[INFO] [stdout] test parse::tests::h2_before_any_h1 ... ok
[INFO] [stdout] test parse::tests::h3_nests_under_h2 ... ok
[INFO] [stdout] test parse::tests::line_numbers_correct ... ok
[INFO] [stdout] test parse::tests::list_item_with_spaces_not_property ... ok
[INFO] [stdout] test parse::tests::multi_h1 ... ok
[INFO] [stdout] test parse::tests::multiline_prose ... ok
[INFO] [stdout] test parse::tests::multiple_code_blocks_on_same_section ... ok
[INFO] [stdout] test errors::tests::render_vec_empty ... ok
[INFO] [stdout] test errors::tests::verbose_has_sections ... ok
[INFO] [stdout] test parse::tests::no_prose ... ok
[INFO] [stdout] test parse::tests::code_block_preserves_markdown_inside ... ok
[INFO] [stdout] test parse::tests::empty_document ... ok
[INFO] [stdout] test parse::tests::no_table ... ok
[INFO] [stdout] test parse::tests::plain_property ... ok
[INFO] [stdout] test parse::tests::property_with_spaces_in_value ... ok
[INFO] [stdout] test parse::tests::prose_captured ... ok
[INFO] [stdout] test parse::tests::prose_stops_at_property ... ok
[INFO] [stdout] test parse::tests::single_h1 ... ok
[INFO] [stdout] test parse::tests::table_with_alignment_separators ... ok
[INFO] [stdout] test parse::tests::headings_inside_code_fence_ignored ... ok
[INFO] [stdout] test parse::tests::label_property_no_value ... ok
[INFO] [stdout] test parse::tests::prose_on_h1 ... ok
[INFO] [stdout] test parse::tests::sozu_structure ... ok
[INFO] [stdout] test parse::tests::table_inside_code_fence_ignored ... ok
[INFO] [stdout] test parse::tests::tagged_code_block_becomes_property ... ok
[INFO] [stdout] test schema::tests::circular_reference_detected ... ok
[INFO] [stdout] test schema::tests::global_types_fallback ... ok
[INFO] [stdout] test schema::tests::inline_comment_stripped ... ok
[INFO] [stdout] test schema::tests::kebab_case_pattern ... ok
[INFO] [stdout] test schema::tests::ident_pattern ... ok
[INFO] [stdout] test schema::tests::exact_pattern ... ok
[INFO] [stdout] test schema::tests::modifier_default ... ok
[INFO] [stdout] test schema::tests::modifier_required ... ok
[INFO] [stdout] test schema::tests::multi_h1_grammar ... ok
[INFO] [stdout] test schema::tests::no_grammar_block_errors ... ok
[INFO] [stdout] test parse::tests::untagged_code_block_not_captured ... ok
[INFO] [stdout] test schema::tests::quantifier_one_or_more ... ok
[INFO] [stdout] test schema::tests::quantifier_zero_or_more ... ok
[INFO] [stdout] test schema::tests::enum_with_required_does_not_split_enum_values ... ok
[INFO] [stdout] test schema::tests::simple_flat_grammar ... ok
[INFO] [stdout] test schema::tests::snake_case_pattern ... ok
[INFO] [stdout] test schema::tests::sozu_schema_structure ... ok
[INFO] [stdout] test schema::tests::h3_nests_under_h2_in_schema ... ok
[INFO] [stdout] test schema::tests::quantifier_optional ... ok
[INFO] [stdout] test schema::tests::modifier_default_bool ... ok
[INFO] [stderr]      Running unittests src/lib.rs (/opt/rustwide/target/release/build/structmd-codegen/f733e22fd993d92b/out/structmd_codegen-f733e22fd993d92b)
[INFO] [stdout] test schema::tests::type_string ... ok
[INFO] [stdout] test schema::tests::scoped_types_blocks ... ok
[INFO] [stdout] test schema::tests::type_unknown_errors ... ok
[INFO] [stdout] test schema::tests::tokenizer_respects_parens ... ok
[INFO] [stdout] test schema::tests::type_bool ... ok
[INFO] [stdout] test schema::tests::tokenizer_multiple_spaces ... ok
[INFO] [stdout] test schema::tests::type_enum ... ok
[INFO] [stdout] test schema::tests::type_list ... ok
[INFO] [stdout] 
[INFO] [stdout] test result: ok. 64 passed; 0 failed; 0 ignored; 0 measured; 0 filtered out; finished in 0.02s
[INFO] [stdout] 
[INFO] [stdout] 
[INFO] [stdout] running 0 tests
[INFO] [stdout] 
[INFO] [stdout] test result: ok. 0 passed; 0 failed; 0 ignored; 0 measured; 0 filtered out; finished in 0.00s
[INFO] [stdout] 
[INFO] [stderr]      Running unittests src/main.rs (/opt/rustwide/target/release/build/structmd-codegen/44756b0cad034cca/out/structmd_codegen-44756b0cad034cca)
[INFO] [stdout] 
[INFO] [stderr]      Running tests/codegen_test.rs (/opt/rustwide/target/release/build/structmd-codegen/01bd939881b9f511/out/codegen_test-01bd939881b9f511)
[INFO] [stdout] running 0 tests
[INFO] [stdout] 
[INFO] [stdout] test result: ok. 0 passed; 0 failed; 0 ignored; 0 measured; 0 filtered out; finished in 0.00s
[INFO] [stdout] 
[INFO] [stdout] 
[INFO] [stdout] running 18 tests
[INFO] [stdout] test default_field_not_option ... ok
[INFO] [stdout] test dynamic_section_has_name_field ... ok
[INFO] [stdout] test flat_schema_section_struct ... ok
[INFO] [stdout] test bool_field_type ... ok
[INFO] [stdout] test generated_walk_collects_no_errors ... ok
[INFO] [stdout] test flat_schema_root_struct ... ok
[INFO] [stdout] test default_value_in_generated_parser ... ok
[INFO] [stdout] test generated_parse_validates_before_walking ... ok
[INFO] [stdout] test generated_code_uses_structmd_parse ... ok
[INFO] [stdout] test list_type_becomes_vec ... ok
[INFO] [stdout] test required_field_not_option ... ok
[INFO] [stdout] test optional_h1_becomes_option ... ok
[INFO] [stdout] test pascal_case_struct_names ... ok
[INFO] [stdout] test generated_code_has_no_return_err ... ok
[INFO] [stdout] test tools_generated_no_duplicate_names ... ok
[INFO] [stdout] test generates_parse_fn ... ok
[INFO] [stdout] test hierarchical_schema_structs ... ok
[INFO] [stdout] test sozu_generated_code_compiles_and_parses ... ok
[INFO] [stdout] 
[INFO] [stdout] test result: ok. 18 passed; 0 failed; 0 ignored; 0 measured; 0 filtered out; finished in 0.01s
[INFO] [stdout] 
[INFO] [stderr]      Running unittests src/main.rs (/opt/rustwide/target/release/build/structmd-integration/e0769f798c10bca3/out/structmd_workflow-e0769f798c10bca3)
[INFO] [stdout] 
[INFO] [stdout] running 0 tests
[INFO] [stdout] 
[INFO] [stdout] test result: ok. 0 passed; 0 failed; 0 ignored; 0 measured; 0 filtered out; finished in 0.00s
[INFO] [stdout] 
[INFO] [stderr]      Running tests/integration.rs (/opt/rustwide/target/release/build/structmd-integration/499fe5dc08ddc5d7/out/integration-499fe5dc08ddc5d7)
[INFO] [stdout] 
[INFO] [stdout] running 8 tests
[INFO] [stdout] test valid_multi_step_runs_in_order ... FAILED
[INFO] [stdout] test invalid_no_steps_exits_nonzero ... FAILED
[INFO] [stdout] test invalid_missing_command_exits_nonzero ... FAILED
[INFO] [stdout] test invalid_missing_command_reports_error_code ... FAILED
[INFO] [stdout] test dep_on_failed_step_skips_dependent ... FAILED
[INFO] [stdout] test valid_hello_runs_steps ... FAILED
[INFO] [stdout] test invalid_error_output_is_structmd ... FAILED
[INFO] [stdout] test valid_hello_exits_zero ... FAILED
[INFO] [stdout] 
[INFO] [stdout] failures:
[INFO] [stdout] 
[INFO] [stdout] ---- valid_multi_step_runs_in_order stdout ----
[INFO] [stdout] 
[INFO] [stdout] thread 'valid_multi_step_runs_in_order' (660) panicked at structmd-integration/tests/integration.rs:21:10:
[INFO] [stdout] failed to run structmd-workflow: Os { code: 2, kind: NotFound, message: "No such file or directory" }
[INFO] [stdout] stack backtrace:
[INFO] [stdout]    0:     0x5808cb6d7a01 - <<std[617be2ca0a6fd877]::sys::backtrace::BacktraceLock>::print::DisplayBacktrace as core[a373ad73a504971]::fmt::Display>::fmt
[INFO] [stdout]    1:     0x5808cb6ebc2a - core[a373ad73a504971]::fmt::write
[INFO] [stdout]    2:     0x5808cb6dbe7c - <alloc[2e1b2a31b91974c5]::vec::Vec<u8> as core[a373ad73a504971]::io::write::Write>::write_fmt
[INFO] [stdout]    3:     0x5808cb6b28d6 - std[617be2ca0a6fd877]::panicking::default_hook::{closure#0}
[INFO] [stdout]    4:     0x5808cb6cf799 - std[617be2ca0a6fd877]::panicking::default_hook
[INFO] [stdout]    5:     0x5808cb66afc0 - test[aada8e7e76ba119b]::test_main_inner::{closure#0}
[INFO] [stdout]    6:     0x5808cb6cf952 - std[617be2ca0a6fd877]::panicking::panic_with_hook
[INFO] [stdout]    7:     0x5808cb6b2982 - std[617be2ca0a6fd877]::panicking::panic_handler::{closure#0}
[INFO] [stdout]    8:     0x5808cb6ab579 - std[617be2ca0a6fd877]::sys::backtrace::__rust_end_short_backtrace::<std[617be2ca0a6fd877]::panicking::panic_handler::{closure#0}, !>
[INFO] [stdout]    9:     0x5808cb6b358d - __rustc[ea4f61d10b84890b]::rust_begin_unwind
[INFO] [stdout]   10:     0x5808cb6ec35c - core[a373ad73a504971]::panicking::panic_fmt
[INFO] [stdout]   11:     0x5808cb6ec132 - core[a373ad73a504971]::result::unwrap_failed
[INFO] [stdout]   12:     0x5808cb65b038 - integration[bb45b62afe0d2c1b]::run
[INFO] [stdout]   13:     0x5808cb65c21a - <integration[bb45b62afe0d2c1b]::valid_multi_step_runs_in_order::{closure#0} as core[a373ad73a504971]::ops::function::FnOnce<()>>::call_once
[INFO] [stdout]   14:     0x5808cb65e40b - test[aada8e7e76ba119b]::__rust_begin_short_backtrace::<core[a373ad73a504971]::result::Result<(), alloc[2e1b2a31b91974c5]::string::String>, fn() -> core[a373ad73a504971]::result::Result<(), alloc[2e1b2a31b91974c5]::string::String>>
[INFO] [stdout]   15:     0x5808cb66b5e5 - test[aada8e7e76ba119b]::run_test::{closure#0}
[INFO] [stdout]   16:     0x5808cb664ed4 - std[617be2ca0a6fd877]::sys::backtrace::__rust_begin_short_backtrace::<test[aada8e7e76ba119b]::run_test::{closure#1}, ()>
[INFO] [stdout]   17:     0x5808cb66e672 - <std[617be2ca0a6fd877]::thread::lifecycle::spawn_unchecked<test[aada8e7e76ba119b]::run_test::{closure#1}, ()>::{closure#1} as core[a373ad73a504971]::ops::function::FnOnce<()>>::call_once::{shim:vtable#0}
[INFO] [stdout]   18:     0x5808cb6d707f - <std[617be2ca0a6fd877]::sys::thread::unix::Thread>::new::thread_start
[INFO] [stdout]   19:     0x7b15a3aacdfa - <unknown>
[INFO] [stdout]   20:     0x7b15a3b403d4 - clone
[INFO] [stdout]   21:                0x0 - <unknown>
[INFO] [stdout] 
[INFO] [stdout] ---- invalid_no_steps_exits_nonzero stdout ----
[INFO] [stdout] 
[INFO] [stdout] thread 'invalid_no_steps_exits_nonzero' (657) panicked at structmd-integration/tests/integration.rs:21:10:
[INFO] [stdout] failed to run structmd-workflow: Os { code: 2, kind: NotFound, message: "No such file or directory" }
[INFO] [stdout] stack backtrace:
[INFO] [stdout]    0:     0x5808cb6d7a01 - <<std[617be2ca0a6fd877]::sys::backtrace::BacktraceLock>::print::DisplayBacktrace as core[a373ad73a504971]::fmt::Display>::fmt
[INFO] [stdout]    1:     0x5808cb6ebc2a - core[a373ad73a504971]::fmt::write
[INFO] [stdout]    2:     0x5808cb6dbe7c - <alloc[2e1b2a31b91974c5]::vec::Vec<u8> as core[a373ad73a504971]::io::write::Write>::write_fmt
[INFO] [stdout]    3:     0x5808cb6b28d6 - std[617be2ca0a6fd877]::panicking::default_hook::{closure#0}
[INFO] [stdout]    4:     0x5808cb6cf799 - std[617be2ca0a6fd877]::panicking::default_hook
[INFO] [stdout]    5:     0x5808cb66afc0 - test[aada8e7e76ba119b]::test_main_inner::{closure#0}
[INFO] [stdout]    6:     0x5808cb6cf952 - std[617be2ca0a6fd877]::panicking::panic_with_hook
[INFO] [stdout]    7:     0x5808cb6b2982 - std[617be2ca0a6fd877]::panicking::panic_handler::{closure#0}
[INFO] [stdout]    8:     0x5808cb6ab579 - std[617be2ca0a6fd877]::sys::backtrace::__rust_end_short_backtrace::<std[617be2ca0a6fd877]::panicking::panic_handler::{closure#0}, !>
[INFO] [stdout]    9:     0x5808cb6b358d - __rustc[ea4f61d10b84890b]::rust_begin_unwind
[INFO] [stdout]   10:     0x5808cb6ec35c - core[a373ad73a504971]::panicking::panic_fmt
[INFO] [stdout]   11:     0x5808cb6ec132 - core[a373ad73a504971]::result::unwrap_failed
[INFO] [stdout]   12:     0x5808cb65b038 - integration[bb45b62afe0d2c1b]::run
[INFO] [stdout]   13:     0x5808cb65c13e - <integration[bb45b62afe0d2c1b]::invalid_no_steps_exits_nonzero::{closure#0} as core[a373ad73a504971]::ops::function::FnOnce<()>>::call_once
[INFO] [stdout]   14:     0x5808cb65e40b - test[aada8e7e76ba119b]::__rust_begin_short_backtrace::<core[a373ad73a504971]::result::Result<(), alloc[2e1b2a31b91974c5]::string::String>, fn() -> core[a373ad73a504971]::result::Result<(), alloc[2e1b2a31b91974c5]::string::String>>
[INFO] [stdout]   15:     0x5808cb66b5e5 - test[aada8e7e76ba119b]::run_test::{closure#0}
[INFO] [stdout]   16:     0x5808cb664ed4 - std[617be2ca0a6fd877]::sys::backtrace::__rust_begin_short_backtrace::<test[aada8e7e76ba119b]::run_test::{closure#1}, ()>
[INFO] [stdout]   17:     0x5808cb66e672 - <std[617be2ca0a6fd877]::thread::lifecycle::spawn_unchecked<test[aada8e7e76ba119b]::run_test::{closure#1}, ()>::{closure#1} as core[a373ad73a504971]::ops::function::FnOnce<()>>::call_once::{shim:vtable#0}
[INFO] [stdout]   18:     0x5808cb6d707f - <std[617be2ca0a6fd877]::sys::thread::unix::Thread>::new::thread_start
[INFO] [stdout]   19:     0x7b15a3aacdfa - <unknown>
[INFO] [stdout]   20:     0x7b15a3b403d4 - clone
[INFO] [stdout]   21:                0x0 - <unknown>
[INFO] [stdout] 
[INFO] [stdout] ---- invalid_missing_command_exits_nonzero stdout ----
[INFO] [stdout] 
[INFO] [stdout] thread 'invalid_missing_command_exits_nonzero' (655) panicked at structmd-integration/tests/integration.rs:21:10:
[INFO] [stdout] failed to run structmd-workflow: Os { code: 2, kind: NotFound, message: "No such file or directory" }
[INFO] [stdout] stack backtrace:
[INFO] [stdout]    0:     0x5808cb6d7a01 - <<std[617be2ca0a6fd877]::sys::backtrace::BacktraceLock>::print::DisplayBacktrace as core[a373ad73a504971]::fmt::Display>::fmt
[INFO] [stdout]    1:     0x5808cb6ebc2a - core[a373ad73a504971]::fmt::write
[INFO] [stdout]    2:     0x5808cb6dbe7c - <alloc[2e1b2a31b91974c5]::vec::Vec<u8> as core[a373ad73a504971]::io::write::Write>::write_fmt
[INFO] [stdout]    3:     0x5808cb6b28d6 - std[617be2ca0a6fd877]::panicking::default_hook::{closure#0}
[INFO] [stdout]    4:     0x5808cb6cf799 - std[617be2ca0a6fd877]::panicking::default_hook
[INFO] [stdout]    5:     0x5808cb66afc0 - test[aada8e7e76ba119b]::test_main_inner::{closure#0}
[INFO] [stdout]    6:     0x5808cb6cf952 - std[617be2ca0a6fd877]::panicking::panic_with_hook
[INFO] [stdout]    7:     0x5808cb6b2982 - std[617be2ca0a6fd877]::panicking::panic_handler::{closure#0}
[INFO] [stdout]    8:     0x5808cb6ab579 - std[617be2ca0a6fd877]::sys::backtrace::__rust_end_short_backtrace::<std[617be2ca0a6fd877]::panicking::panic_handler::{closure#0}, !>
[INFO] [stdout]    9:     0x5808cb6b358d - __rustc[ea4f61d10b84890b]::rust_begin_unwind
[INFO] [stdout]   10:     0x5808cb6ec35c - core[a373ad73a504971]::panicking::panic_fmt
[INFO] [stdout]   11:     0x5808cb6ec132 - core[a373ad73a504971]::result::unwrap_failed
[INFO] [stdout]   12:     0x5808cb65b038 - integration[bb45b62afe0d2c1b]::run
[INFO] [stdout]   13:     0x5808cb65caee - <integration[bb45b62afe0d2c1b]::invalid_missing_command_exits_nonzero::{closure#0} as core[a373ad73a504971]::ops::function::FnOnce<()>>::call_once
[INFO] [stdout]   14:     0x5808cb65e40b - test[aada8e7e76ba119b]::__rust_begin_short_backtrace::<core[a373ad73a504971]::result::Result<(), alloc[2e1b2a31b91974c5]::string::String>, fn() -> core[a373ad73a504971]::result::Result<(), alloc[2e1b2a31b91974c5]::string::String>>
[INFO] [stdout]   15:     0x5808cb66b5e5 - test[aada8e7e76ba119b]::run_test::{closure#0}
[INFO] [stdout]   16:     0x5808cb664ed4 - std[617be2ca0a6fd877]::sys::backtrace::__rust_begin_short_backtrace::<test[aada8e7e76ba119b]::run_test::{closure#1}, ()>
[INFO] [stdout]   17:     0x5808cb66e672 - <std[617be2ca0a6fd877]::thread::lifecycle::spawn_unchecked<test[aada8e7e76ba119b]::run_test::{closure#1}, ()>::{closure#1} as core[a373ad73a504971]::ops::function::FnOnce<()>>::call_once::{shim:vtable#0}
[INFO] [stdout]   18:     0x5808cb6d707f - <std[617be2ca0a6fd877]::sys::thread::unix::Thread>::new::thread_start
[INFO] [stdout]   19:     0x7b15a3aacdfa - <unknown>
[INFO] [stdout]   20:     0x7b15a3b403d4 - clone
[INFO] [stdout]   21:                0x0 - <unknown>
[INFO] [stdout] 
[INFO] [stdout] ---- invalid_missing_command_reports_error_code stdout ----
[INFO] [stdout] 
[INFO] [stdout] thread 'invalid_missing_command_reports_error_code' (656) panicked at structmd-integration/tests/integration.rs:21:10:
[INFO] [stdout] failed to run structmd-workflow: Os { code: 2, kind: NotFound, message: "No such file or directory" }
[INFO] [stdout] stack backtrace:
[INFO] [stdout]    0:     0x5808cb6d7a01 - <<std[617be2ca0a6fd877]::sys::backtrace::BacktraceLock>::print::DisplayBacktrace as core[a373ad73a504971]::fmt::Display>::fmt
[INFO] [stdout]    1:     0x5808cb6ebc2a - core[a373ad73a504971]::fmt::write
[INFO] [stdout]    2:     0x5808cb6dbe7c - <alloc[2e1b2a31b91974c5]::vec::Vec<u8> as core[a373ad73a504971]::io::write::Write>::write_fmt
[INFO] [stdout]    3:     0x5808cb6b28d6 - std[617be2ca0a6fd877]::panicking::default_hook::{closure#0}
[INFO] [stdout]    4:     0x5808cb6cf799 - std[617be2ca0a6fd877]::panicking::default_hook
[INFO] [stdout]    5:     0x5808cb66afc0 - test[aada8e7e76ba119b]::test_main_inner::{closure#0}
[INFO] [stdout]    6:     0x5808cb6cf952 - std[617be2ca0a6fd877]::panicking::panic_with_hook
[INFO] [stdout]    7:     0x5808cb6b2982 - std[617be2ca0a6fd877]::panicking::panic_handler::{closure#0}
[INFO] [stdout]    8:     0x5808cb6ab579 - std[617be2ca0a6fd877]::sys::backtrace::__rust_end_short_backtrace::<std[617be2ca0a6fd877]::panicking::panic_handler::{closure#0}, !>
[INFO] [stdout]    9:     0x5808cb6b358d - __rustc[ea4f61d10b84890b]::rust_begin_unwind
[INFO] [stdout]   10:     0x5808cb6ec35c - core[a373ad73a504971]::panicking::panic_fmt
[INFO] [stdout]   11:     0x5808cb6ec132 - core[a373ad73a504971]::result::unwrap_failed
[INFO] [stdout]   12:     0x5808cb65b038 - integration[bb45b62afe0d2c1b]::run
[INFO] [stdout]   13:     0x5808cb65cbc7 - <integration[bb45b62afe0d2c1b]::invalid_missing_command_reports_error_code::{closure#0} as core[a373ad73a504971]::ops::function::FnOnce<()>>::call_once
[INFO] [stdout]   14:     0x5808cb65e40b - test[aada8e7e76ba119b]::__rust_begin_short_backtrace::<core[a373ad73a504971]::result::Result<(), alloc[2e1b2a31b91974c5]::string::String>, fn() -> core[a373ad73a504971]::result::Result<(), alloc[2e1b2a31b91974c5]::string::String>>
[INFO] [stdout]   15:     0x5808cb66b5e5 - test[aada8e7e76ba119b]::run_test::{closure#0}
[INFO] [stdout]   16:     0x5808cb664ed4 - std[617be2ca0a6fd877]::sys::backtrace::__rust_begin_short_backtrace::<test[aada8e7e76ba119b]::run_test::{closure#1}, ()>
[INFO] [stdout]   17:     0x5808cb66e672 - <std[617be2ca0a6fd877]::thread::lifecycle::spawn_unchecked<test[aada8e7e76ba119b]::run_test::{closure#1}, ()>::{closure#1} as core[a373ad73a504971]::ops::function::FnOnce<()>>::call_once::{shim:vtable#0}
[INFO] [stdout]   18:     0x5808cb6d707f - <std[617be2ca0a6fd877]::sys::thread::unix::Thread>::new::thread_start
[INFO] [stdout]   19:     0x7b15a3aacdfa - <unknown>
[INFO] [stdout]   20:     0x7b15a3b403d4 - clone
[INFO] [stdout]   21:                0x0 - <unknown>
[INFO] [stdout] 
[INFO] [stdout] ---- dep_on_failed_step_skips_dependent stdout ----
[INFO] [stdout] 
[INFO] [stdout] thread 'dep_on_failed_step_skips_dependent' (653) panicked at structmd-integration/tests/integration.rs:108:10:
[INFO] [stdout] failed to run: Os { code: 2, kind: NotFound, message: "No such file or directory" }
[INFO] [stdout] stack backtrace:
[INFO] [stdout]    0:     0x5808cb6d7a01 - <<std[617be2ca0a6fd877]::sys::backtrace::BacktraceLock>::print::DisplayBacktrace as core[a373ad73a504971]::fmt::Display>::fmt
[INFO] [stdout]    1:     0x5808cb6ebc2a - core[a373ad73a504971]::fmt::write
[INFO] [stdout]    2:     0x5808cb6dbe7c - <alloc[2e1b2a31b91974c5]::vec::Vec<u8> as core[a373ad73a504971]::io::write::Write>::write_fmt
[INFO] [stdout]    3:     0x5808cb6b28d6 - std[617be2ca0a6fd877]::panicking::default_hook::{closure#0}
[INFO] [stdout]    4:     0x5808cb6cf799 - std[617be2ca0a6fd877]::panicking::default_hook
[INFO] [stdout]    5:     0x5808cb66afc0 - test[aada8e7e76ba119b]::test_main_inner::{closure#0}
[INFO] [stdout]    6:     0x5808cb6cf952 - std[617be2ca0a6fd877]::panicking::panic_with_hook
[INFO] [stdout]    7:     0x5808cb6b2982 - std[617be2ca0a6fd877]::panicking::panic_handler::{closure#0}
[INFO] [stdout]    8:     0x5808cb6ab579 - std[617be2ca0a6fd877]::sys::backtrace::__rust_end_short_backtrace::<std[617be2ca0a6fd877]::panicking::panic_handler::{closure#0}, !>
[INFO] [stdout]    9:     0x5808cb6b358d - __rustc[ea4f61d10b84890b]::rust_begin_unwind
[INFO] [stdout]   10:     0x5808cb6ec35c - core[a373ad73a504971]::panicking::panic_fmt
[INFO] [stdout]   11:     0x5808cb6ec132 - core[a373ad73a504971]::result::unwrap_failed
[INFO] [stdout]   12:     0x5808cb65c8f4 - <integration[bb45b62afe0d2c1b]::dep_on_failed_step_skips_dependent::{closure#0} as core[a373ad73a504971]::ops::function::FnOnce<()>>::call_once
[INFO] [stdout]   13:     0x5808cb65e40b - test[aada8e7e76ba119b]::__rust_begin_short_backtrace::<core[a373ad73a504971]::result::Result<(), alloc[2e1b2a31b91974c5]::string::String>, fn() -> core[a373ad73a504971]::result::Result<(), alloc[2e1b2a31b91974c5]::string::String>>
[INFO] [stdout]   14:     0x5808cb66b5e5 - test[aada8e7e76ba119b]::run_test::{closure#0}
[INFO] [stdout]   15:     0x5808cb664ed4 - std[617be2ca0a6fd877]::sys::backtrace::__rust_begin_short_backtrace::<test[aada8e7e76ba119b]::run_test::{closure#1}, ()>
[INFO] [stdout]   16:     0x5808cb66e672 - <std[617be2ca0a6fd877]::thread::lifecycle::spawn_unchecked<test[aada8e7e76ba119b]::run_test::{closure#1}, ()>::{closure#1} as core[a373ad73a504971]::ops::function::FnOnce<()>>::call_once::{shim:vtable#0}
[INFO] [stdout]   17:     0x5808cb6d707f - <std[617be2ca0a6fd877]::sys::thread::unix::Thread>::new::thread_start
[INFO] [stdout]   18:     0x7b15a3aacdfa - <unknown>
[INFO] [stdout]   19:     0x7b15a3b403d4 - clone
[INFO] [stdout]   20:                0x0 - <unknown>
[INFO] [stdout] 
[INFO] [stdout] ---- valid_hello_runs_steps stdout ----
[INFO] [stdout] 
[INFO] [stdout] thread 'valid_hello_runs_steps' (659) panicked at structmd-integration/tests/integration.rs:21:10:
[INFO] [stdout] failed to run structmd-workflow: Os { code: 2, kind: NotFound, message: "No such file or directory" }
[INFO] [stdout] stack backtrace:
[INFO] [stdout]    0:     0x5808cb6d7a01 - <<std[617be2ca0a6fd877]::sys::backtrace::BacktraceLock>::print::DisplayBacktrace as core[a373ad73a504971]::fmt::Display>::fmt
[INFO] [stdout]    1:     0x5808cb6ebc2a - core[a373ad73a504971]::fmt::write
[INFO] [stdout]    2:     0x5808cb6dbe7c - <alloc[2e1b2a31b91974c5]::vec::Vec<u8> as core[a373ad73a504971]::io::write::Write>::write_fmt
[INFO] [stdout]    3:     0x5808cb6b28d6 - std[617be2ca0a6fd877]::panicking::default_hook::{closure#0}
[INFO] [stdout]    4:     0x5808cb6cf799 - std[617be2ca0a6fd877]::panicking::default_hook
[INFO] [stdout]    5:     0x5808cb66afc0 - test[aada8e7e76ba119b]::test_main_inner::{closure#0}
[INFO] [stdout]    6:     0x5808cb6cf952 - std[617be2ca0a6fd877]::panicking::panic_with_hook
[INFO] [stdout]    7:     0x5808cb6b2982 - std[617be2ca0a6fd877]::panicking::panic_handler::{closure#0}
[INFO] [stdout]    8:     0x5808cb6ab579 - std[617be2ca0a6fd877]::sys::backtrace::__rust_end_short_backtrace::<std[617be2ca0a6fd877]::panicking::panic_handler::{closure#0}, !>
[INFO] [stdout]    9:     0x5808cb6b358d - __rustc[ea4f61d10b84890b]::rust_begin_unwind
[INFO] [stdout]   10:     0x5808cb6ec35c - core[a373ad73a504971]::panicking::panic_fmt
[INFO] [stdout]   11:     0x5808cb6ec132 - core[a373ad73a504971]::result::unwrap_failed
[INFO] [stdout]   12:     0x5808cb65b038 - integration[bb45b62afe0d2c1b]::run
[INFO] [stdout]   13:     0x5808cb65c047 - <integration[bb45b62afe0d2c1b]::valid_hello_runs_steps::{closure#0} as core[a373ad73a504971]::ops::function::FnOnce<()>>::call_once
[INFO] [stdout]   14:     0x5808cb65e40b - test[aada8e7e76ba119b]::__rust_begin_short_backtrace::<core[a373ad73a504971]::result::Result<(), alloc[2e1b2a31b91974c5]::string::String>, fn() -> core[a373ad73a504971]::result::Result<(), alloc[2e1b2a31b91974c5]::string::String>>
[INFO] [stdout]   15:     0x5808cb66b5e5 - test[aada8e7e76ba119b]::run_test::{closure#0}
[INFO] [stdout]   16:     0x5808cb664ed4 - std[617be2ca0a6fd877]::sys::backtrace::__rust_begin_short_backtrace::<test[aada8e7e76ba119b]::run_test::{closure#1}, ()>
[INFO] [stdout]   17:     0x5808cb66e672 - <std[617be2ca0a6fd877]::thread::lifecycle::spawn_unchecked<test[aada8e7e76ba119b]::run_test::{closure#1}, ()>::{closure#1} as core[a373ad73a504971]::ops::function::FnOnce<()>>::call_once::{shim:vtable#0}
[INFO] [stdout]   18:     0x5808cb6d707f - <std[617be2ca0a6fd877]::sys::thread::unix::Thread>::new::thread_start
[INFO] [stdout]   19:     0x7b15a3aacdfa - <unknown>
[INFO] [stdout]   20:     0x7b15a3b403d4 - clone
[INFO] [stdout]   21:                0x0 - <unknown>
[INFO] [stdout] 
[INFO] [stdout] ---- invalid_error_output_is_structmd stdout ----
[INFO] [stdout] 
[INFO] [stdout] thread 'invalid_error_output_is_structmd' (654) panicked at structmd-integration/tests/integration.rs:21:10:
[INFO] [stdout] failed to run structmd-workflow: Os { code: 2, kind: NotFound, message: "No such file or directory" }
[INFO] [stdout] stack backtrace:
[INFO] [stdout]    0:     0x5808cb6d7a01 - <<std[617be2ca0a6fd877]::sys::backtrace::BacktraceLock>::print::DisplayBacktrace as core[a373ad73a504971]::fmt::Display>::fmt
[INFO] [stdout]    1:     0x5808cb6ebc2a - core[a373ad73a504971]::fmt::write
[INFO] [stdout]    2:     0x5808cb6dbe7c - <alloc[2e1b2a31b91974c5]::vec::Vec<u8> as core[a373ad73a504971]::io::write::Write>::write_fmt
[INFO] [stdout]    3:     0x5808cb6b28d6 - std[617be2ca0a6fd877]::panicking::default_hook::{closure#0}
[INFO] [stdout]    4:     0x5808cb6cf799 - std[617be2ca0a6fd877]::panicking::default_hook
[INFO] [stdout]    5:     0x5808cb66afc0 - test[aada8e7e76ba119b]::test_main_inner::{closure#0}
[INFO] [stdout]    6:     0x5808cb6cf952 - std[617be2ca0a6fd877]::panicking::panic_with_hook
[INFO] [stdout]    7:     0x5808cb6b2982 - std[617be2ca0a6fd877]::panicking::panic_handler::{closure#0}
[INFO] [stdout]    8:     0x5808cb6ab579 - std[617be2ca0a6fd877]::sys::backtrace::__rust_end_short_backtrace::<std[617be2ca0a6fd877]::panicking::panic_handler::{closure#0}, !>
[INFO] [stdout]    9:     0x5808cb6b358d - __rustc[ea4f61d10b84890b]::rust_begin_unwind
[INFO] [stdout]   10:     0x5808cb6ec35c - core[a373ad73a504971]::panicking::panic_fmt
[INFO] [stdout]   11:     0x5808cb6ec132 - core[a373ad73a504971]::result::unwrap_failed
[INFO] [stdout]   12:     0x5808cb65b038 - integration[bb45b62afe0d2c1b]::run
[INFO] [stdout]   13:     0x5808cb65c470 - <integration[bb45b62afe0d2c1b]::invalid_error_output_is_structmd::{closure#0} as core[a373ad73a504971]::ops::function::FnOnce<()>>::call_once
[INFO] [stdout]   14:     0x5808cb65e40b - test[aada8e7e76ba119b]::__rust_begin_short_backtrace::<core[a373ad73a504971]::result::Result<(), alloc[2e1b2a31b91974c5]::string::String>, fn() -> core[a373ad73a504971]::result::Result<(), alloc[2e1b2a31b91974c5]::string::String>>
[INFO] [stdout]   15:     0x5808cb66b5e5 - test[aada8e7e76ba119b]::run_test::{closure#0}
[INFO] [stdout]   16:     0x5808cb664ed4 - std[617be2ca0a6fd877]::sys::backtrace::__rust_begin_short_backtrace::<test[aada8e7e76ba119b]::run_test::{closure#1}, ()>
[INFO] [stdout]   17:     0x5808cb66e672 - <std[617be2ca0a6fd877]::thread::lifecycle::spawn_unchecked<test[aada8e7e76ba119b]::run_test::{closure#1}, ()>::{closure#1} as core[a373ad73a504971]::ops::function::FnOnce<()>>::call_once::{shim:vtable#0}
[INFO] [stdout]   18:     0x5808cb6d707f - <std[617be2ca0a6fd877]::sys::thread::unix::Thread>::new::thread_start
[INFO] [stdout]   19:     0x7b15a3aacdfa - <unknown>
[INFO] [stdout]   20:     0x7b15a3b403d4 - clone
[INFO] [stdout]   21:                0x0 - <unknown>
[INFO] [stdout] 
[INFO] [stdout] ---- valid_hello_exits_zero stdout ----
[INFO] [stdout] 
[INFO] [stdout] thread 'valid_hello_exits_zero' (658) panicked at structmd-integration/tests/integration.rs:21:10:
[INFO] [stdout] failed to run structmd-workflow: Os { code: 2, kind: NotFound, message: "No such file or directory" }
[INFO] [stdout] stack backtrace:
[INFO] [stdout]    0:     0x5808cb6d7a01 - <<std[617be2ca0a6fd877]::sys::backtrace::BacktraceLock>::print::DisplayBacktrace as core[a373ad73a504971]::fmt::Display>::fmt
[INFO] [stdout]    1:     0x5808cb6ebc2a - core[a373ad73a504971]::fmt::write
[INFO] [stdout]    2:     0x5808cb6dbe7c - <alloc[2e1b2a31b91974c5]::vec::Vec<u8> as core[a373ad73a504971]::io::write::Write>::write_fmt
[INFO] [stdout]    3:     0x5808cb6b28d6 - std[617be2ca0a6fd877]::panicking::default_hook::{closure#0}
[INFO] [stdout]    4:     0x5808cb6cf799 - std[617be2ca0a6fd877]::panicking::default_hook
[INFO] [stdout]    5:     0x5808cb66afc0 - test[aada8e7e76ba119b]::test_main_inner::{closure#0}
[INFO] [stdout]    6:     0x5808cb6cf952 - std[617be2ca0a6fd877]::panicking::panic_with_hook
[INFO] [stdout]    7:     0x5808cb6b2982 - std[617be2ca0a6fd877]::panicking::panic_handler::{closure#0}
[INFO] [stdout]    8:     0x5808cb6ab579 - std[617be2ca0a6fd877]::sys::backtrace::__rust_end_short_backtrace::<std[617be2ca0a6fd877]::panicking::panic_handler::{closure#0}, !>
[INFO] [stdout]    9:     0x5808cb6b358d - __rustc[ea4f61d10b84890b]::rust_begin_unwind
[INFO] [stdout]   10:     0x5808cb6ec35c - core[a373ad73a504971]::panicking::panic_fmt
[INFO] [stdout]   11:     0x5808cb6ec132 - core[a373ad73a504971]::result::unwrap_failed
[INFO] [stdout]   12:     0x5808cb65b038 - integration[bb45b62afe0d2c1b]::run
[INFO] [stdout]   13:     0x5808cb65bf6e - <integration[bb45b62afe0d2c1b]::valid_hello_exits_zero::{closure#0} as core[a373ad73a504971]::ops::function::FnOnce<()>>::call_once
[INFO] [stdout]   14:     0x5808cb65e40b - test[aada8e7e76ba119b]::__rust_begin_short_backtrace::<core[a373ad73a504971]::result::Result<(), alloc[2e1b2a31b91974c5]::string::String>, fn() -> core[a373ad73a504971]::result::Result<(), alloc[2e1b2a31b91974c5]::string::String>>
[INFO] [stdout]   15:     0x5808cb66b5e5 - test[aada8e7e76ba119b]::run_test::{closure#0}
[INFO] [stdout]   16:     0x5808cb664ed4 - std[617be2ca0a6fd877]::sys::backtrace::__rust_begin_short_backtrace::<test[aada8e7e76ba119b]::run_test::{closure#1}, ()>
[INFO] [stdout]   17:     0x5808cb66e672 - <std[617be2ca0a6fd877]::thread::lifecycle::spawn_unchecked<test[aada8e7e76ba119b]::run_test::{closure#1}, ()>::{closure#1} as core[a373ad73a504971]::ops::function::FnOnce<()>>::call_once::{shim:vtable#0}
[INFO] [stdout]   18:     0x5808cb6d707f - <std[617be2ca0a6fd877]::sys::thread::unix::Thread>::new::thread_start
[INFO] [stdout]   19:     0x7b15a3aacdfa - <unknown>
[INFO] [stdout]   20:     0x7b15a3b403d4 - clone
[INFO] [stdout]   21:                0x0 - <unknown>
[INFO] [stdout] 
[INFO] [stdout] 
[INFO] [stdout] failures:
[INFO] [stdout]     dep_on_failed_step_skips_dependent
[INFO] [stdout]     invalid_error_output_is_structmd
[INFO] [stdout]     invalid_missing_command_exits_nonzero
[INFO] [stdout]     invalid_missing_command_reports_error_code
[INFO] [stdout]     invalid_no_steps_exits_nonzero
[INFO] [stdout]     valid_hello_exits_zero
[INFO] [stdout]     valid_hello_runs_steps
[INFO] [stdout]     valid_multi_step_runs_in_order
[INFO] [stdout] 
[INFO] [stdout] test result: FAILED. 0 passed; 8 failed; 0 ignored; 0 measured; 0 filtered out; finished in 0.01s
[INFO] [stdout] 
[INFO] [stderr] error: test failed, to rerun pass `-p structmd-integration --test integration`
[INFO] running `Command { std: "docker" "inspect" "5925c1f41806331017e5e3312e5f140ad205c8708029bd023e0219725ef5ad31", kill_on_drop: false }`
[INFO] running `Command { std: "docker" "rm" "-f" "5925c1f41806331017e5e3312e5f140ad205c8708029bd023e0219725ef5ad31", kill_on_drop: false }`
[INFO] [stdout] 5925c1f41806331017e5e3312e5f140ad205c8708029bd023e0219725ef5ad31
