[INFO] cloning repository https://github.com/Flaxoos/orderbook
[INFO] running `Command { std: "git" "-c" "credential.helper=" "-c" "credential.helper=/workspace/cargo-home/bin/git-credential-null" "clone" "--bare" "https://github.com/Flaxoos/orderbook" "/workspace/cache/git-repos/https%3A%2F%2Fgithub.com%2FFlaxoos%2Forderbook", kill_on_drop: false }`
[INFO] [stderr] Cloning into bare repository '/workspace/cache/git-repos/https%3A%2F%2Fgithub.com%2FFlaxoos%2Forderbook'...
[INFO] running `Command { std: "git" "rev-parse" "HEAD", kill_on_drop: false }`
[INFO] [stdout] dc25074241111f7e7f67bfe3c93bab403c939b31
[INFO] testing Flaxoos/orderbook against 1.100.0-beta.1+cargoflags=--release for beta-release-1.100-2
[INFO] running `Command { std: "git" "clone" "/workspace/cache/git-repos/https%3A%2F%2Fgithub.com%2FFlaxoos%2Forderbook" "/workspace/builds/worker-3-tc2/source", kill_on_drop: false }`
[INFO] [stderr] Cloning into '/workspace/builds/worker-3-tc2/source'...
[INFO] [stderr] done.
[INFO] started tweaking git repo https://github.com/Flaxoos/orderbook
[INFO] finished tweaking git repo https://github.com/Flaxoos/orderbook
[INFO] tweaked toml for git repo https://github.com/Flaxoos/orderbook written to /workspace/builds/worker-3-tc2/source/Cargo.toml
[INFO] validating manifest of git repo https://github.com/Flaxoos/orderbook on toolchain 1.100.0-beta.1
[INFO] running `Command { std: CARGO_HOME="/workspace/cargo-home" RUSTUP_HOME="/workspace/rustup-home" "/workspace/cargo-home/bin/cargo" "+1.100.0-beta.1" "metadata" "--manifest-path" "Cargo.toml" "--no-deps", kill_on_drop: false }`
[INFO] crate git repo https://github.com/Flaxoos/orderbook already has a lockfile, it will not be regenerated
[INFO] running `Command { std: CARGO_HOME="/workspace/cargo-home" RUSTUP_HOME="/workspace/rustup-home" "/workspace/cargo-home/bin/cargo" "+1.100.0-beta.1" "fetch" "--manifest-path" "Cargo.toml", kill_on_drop: false }`
[INFO] running `Command { std: "docker" "create" "-v" "/var/lib/crater-agent-workspace/builds/worker-3-tc2/source:/opt/rustwide/workdir:ro,Z" "-v" "/var/lib/crater-agent-workspace/builds/worker-3-tc2/target:/opt/rustwide/target:rw,Z" "-v" "/var/lib/crater-agent-workspace/cargo-home:/opt/rustwide/cargo-home:ro,Z" "-v" "/var/lib/crater-agent-workspace/rustup-home:/opt/rustwide/rustup-home:ro,Z" "-m" "1610612736" "--network" "none" "ghcr.io/rust-lang/crates-build-env/linux@sha256:77db811e55d90add9212f6832c23229e3de5f1c1f9905e8cb07319ea15df73ac" "sleep" "infinity", kill_on_drop: false }`
[INFO] [stdout] d370faf7222f16959ce0039d1d69e8990ebff8d21e33aa339a4f7bbdcd3a6ca7
[INFO] running `Command { std: "docker" "start" "d370faf7222f16959ce0039d1d69e8990ebff8d21e33aa339a4f7bbdcd3a6ca7", kill_on_drop: false }`
[INFO] running `Command { std: "docker" "inspect" "d370faf7222f16959ce0039d1d69e8990ebff8d21e33aa339a4f7bbdcd3a6ca7", kill_on_drop: false }`
[INFO] running `Command { std: "docker" "exec" "-e" "SOURCE_DIR=/opt/rustwide/workdir" "-e" "CARGO_HOME=/opt/rustwide/cargo-home" "-e" "RUSTUP_HOME=/opt/rustwide/rustup-home" "-e" "CARGO_TARGET_DIR=/opt/rustwide/target" "-w" "/opt/rustwide/workdir" "--user" "0:0" "d370faf7222f16959ce0039d1d69e8990ebff8d21e33aa339a4f7bbdcd3a6ca7" "/opt/rustwide/cargo-home/bin/cargo" "+1.100.0-beta.1" "metadata" "--no-deps" "--format-version=1", kill_on_drop: false }`
[INFO] running `Command { std: "docker" "inspect" "d370faf7222f16959ce0039d1d69e8990ebff8d21e33aa339a4f7bbdcd3a6ca7", kill_on_drop: false }`
[INFO] running `Command { std: "docker" "exec" "-e" "SOURCE_DIR=/opt/rustwide/workdir" "-e" "CARGO_HOME=/opt/rustwide/cargo-home" "-e" "RUSTUP_HOME=/opt/rustwide/rustup-home" "-e" "CARGO_TARGET_DIR=/opt/rustwide/target" "-e" "CARGO_INCREMENTAL=0" "-e" "RUST_BACKTRACE=full" "-e" "RUSTFLAGS=--cap-lints=warn" "-e" "RUSTDOCFLAGS=--cap-lints=warn" "-w" "/opt/rustwide/workdir" "--user" "0:0" "d370faf7222f16959ce0039d1d69e8990ebff8d21e33aa339a4f7bbdcd3a6ca7" "/opt/rustwide/cargo-home/bin/cargo" "+1.100.0-beta.1" "build" "--frozen" "--message-format=json" "--release", kill_on_drop: false }`
[INFO] [stderr]    Compiling proc-macro2 v1.0.101
[INFO] [stderr]    Compiling serde v1.0.219
[INFO] [stderr]    Compiling regex-syntax v0.8.5
[INFO] [stderr]    Compiling percent-encoding v2.3.1
[INFO] [stderr]    Compiling serde_json v1.0.143
[INFO] [stderr]    Compiling anstyle-query v1.1.4
[INFO] [stderr]    Compiling rust_decimal v1.37.2
[INFO] [stderr]    Compiling clap_lex v0.7.5
[INFO] [stderr]    Compiling arrayvec v0.7.6
[INFO] [stderr]    Compiling shlex v1.3.0
[INFO] [stderr]    Compiling anstream v0.6.20
[INFO] [stderr]    Compiling form_urlencoded v1.2.1
[INFO] [stderr]    Compiling clap_builder v4.5.44
[INFO] [stderr]    Compiling quote v1.0.40
[INFO] [stderr]    Compiling syn v2.0.106
[INFO] [stderr]    Compiling proc-macro-error-attr2 v2.0.0
[INFO] [stderr]    Compiling regex-automata v0.4.9
[INFO] [stderr]    Compiling regex v1.11.1
[INFO] [stderr]    Compiling synstructure v0.13.2
[INFO] [stderr]    Compiling darling_core v0.20.11
[INFO] [stderr]    Compiling proc-macro-error2 v2.0.1
[INFO] [stderr]    Compiling zerofrom-derive v0.1.6
[INFO] [stderr]    Compiling yoke-derive v0.8.0
[INFO] [stderr]    Compiling zerovec-derive v0.11.1
[INFO] [stderr]    Compiling displaydoc v0.2.5
[INFO] [stderr]    Compiling derive_more-impl v2.0.1
[INFO] [stderr]    Compiling clap_derive v4.5.45
[INFO] [stderr]    Compiling serde_derive v1.0.219
[INFO] [stderr]    Compiling zerofrom v0.1.6
[INFO] [stderr]    Compiling yoke v0.8.0
[INFO] [stderr]    Compiling derive_more v2.0.1
[INFO] [stderr]    Compiling zerovec v0.11.4
[INFO] [stderr]    Compiling zerotrie v0.2.2
[INFO] [stderr]    Compiling clap v4.5.45
[INFO] [stderr]    Compiling darling_macro v0.20.11
[INFO] [stderr]    Compiling darling v0.20.11
[INFO] [stderr]    Compiling validator_derive v0.19.0
[INFO] [stderr]    Compiling tinystr v0.8.1
[INFO] [stderr]    Compiling potential_utf v0.1.2
[INFO] [stderr]    Compiling icu_collections v2.0.0
[INFO] [stderr]    Compiling icu_locale_core v2.0.0
[INFO] [stderr]    Compiling icu_provider v2.0.0
[INFO] [stderr]    Compiling icu_properties v2.0.1
[INFO] [stderr]    Compiling icu_normalizer v2.0.0
[INFO] [stderr]    Compiling idna_adapter v1.2.1
[INFO] [stderr]    Compiling idna v1.0.3
[INFO] [stderr]    Compiling url v2.5.4
[INFO] [stderr]    Compiling validator v0.19.0
[INFO] [stderr]    Compiling order-book-core v0.1.0 (/opt/rustwide/workdir/order-book-core)
[INFO] [stderr]    Compiling order-book-cli v0.1.0 (/opt/rustwide/workdir/order-book-cli)
[INFO] [stderr]    Compiling demo v0.1.0 (/opt/rustwide/workdir/demo)
[INFO] [stderr]     Finished `release` profile [optimized] target(s) in 43.01s
[INFO] [stderr] warning: the following packages contain code that will be rejected by a future version of Rust: proc-macro-error2 v2.0.1
[INFO] [stderr] note: to see what the problems were, use the option `--future-incompat-report`, or run `cargo report future-incompatibilities --id 3`
[INFO] running `Command { std: "docker" "inspect" "d370faf7222f16959ce0039d1d69e8990ebff8d21e33aa339a4f7bbdcd3a6ca7", kill_on_drop: false }`
[INFO] running `Command { std: "docker" "exec" "-e" "SOURCE_DIR=/opt/rustwide/workdir" "-e" "CARGO_HOME=/opt/rustwide/cargo-home" "-e" "RUSTUP_HOME=/opt/rustwide/rustup-home" "-e" "CARGO_TARGET_DIR=/opt/rustwide/target" "-e" "CARGO_INCREMENTAL=0" "-e" "RUST_BACKTRACE=full" "-e" "RUSTFLAGS=--cap-lints=warn" "-e" "RUSTDOCFLAGS=--cap-lints=warn" "-w" "/opt/rustwide/workdir" "--user" "0:0" "d370faf7222f16959ce0039d1d69e8990ebff8d21e33aa339a4f7bbdcd3a6ca7" "/opt/rustwide/cargo-home/bin/cargo" "+1.100.0-beta.1" "test" "--frozen" "--no-run" "--message-format=json" "--release", kill_on_drop: false }`
[INFO] [stderr]    Compiling aho-corasick v1.1.3
[INFO] [stderr]    Compiling libc v0.2.175
[INFO] [stderr]    Compiling predicates-core v1.0.9
[INFO] [stderr]    Compiling float-cmp v0.10.0
[INFO] [stderr]    Compiling assert_cmd v2.0.17
[INFO] [stderr]    Compiling difflib v0.4.0
[INFO] [stderr]    Compiling termtree v0.5.1
[INFO] [stderr]    Compiling predicates-tree v1.0.12
[INFO] [stderr]    Compiling wait-timeout v0.2.1
[INFO] [stderr]    Compiling regex-automata v0.4.9
[INFO] [stderr]    Compiling regex v1.11.1
[INFO] [stderr]    Compiling bstr v1.12.0
[INFO] [stderr]    Compiling validator v0.19.0
[INFO] [stderr]    Compiling predicates v3.1.3
[INFO] [stderr]    Compiling order-book-core v0.1.0 (/opt/rustwide/workdir/order-book-core)
[INFO] [stderr]    Compiling demo v0.1.0 (/opt/rustwide/workdir/demo)
[INFO] [stderr]    Compiling order-book-cli v0.1.0 (/opt/rustwide/workdir/order-book-cli)
[INFO] [stderr]     Finished `release` profile [optimized] target(s) in 21.06s
[INFO] [stderr] warning: the following packages contain code that will be rejected by a future version of Rust: proc-macro-error2 v2.0.1
[INFO] [stderr] note: to see what the problems were, use the option `--future-incompat-report`, or run `cargo report future-incompatibilities --id 3`
[INFO] running `Command { std: "docker" "inspect" "d370faf7222f16959ce0039d1d69e8990ebff8d21e33aa339a4f7bbdcd3a6ca7", kill_on_drop: false }`
[INFO] running `Command { std: "docker" "exec" "-e" "SOURCE_DIR=/opt/rustwide/workdir" "-e" "CARGO_HOME=/opt/rustwide/cargo-home" "-e" "RUSTUP_HOME=/opt/rustwide/rustup-home" "-e" "CARGO_TARGET_DIR=/opt/rustwide/target" "-e" "CARGO_INCREMENTAL=0" "-e" "RUST_BACKTRACE=full" "-e" "RUSTFLAGS=--cap-lints=warn" "-e" "RUSTDOCFLAGS=--cap-lints=warn" "-w" "/opt/rustwide/workdir" "--user" "0:0" "d370faf7222f16959ce0039d1d69e8990ebff8d21e33aa339a4f7bbdcd3a6ca7" "/opt/rustwide/cargo-home/bin/cargo" "+1.100.0-beta.1" "test" "--frozen" "--release", kill_on_drop: false }`
[INFO] [stderr]     Finished `release` profile [optimized] target(s) in 0.17s
[INFO] [stderr] warning: the following packages contain code that will be rejected by a future version of Rust: proc-macro-error2 v2.0.1
[INFO] [stderr] note: to see what the problems were, use the option `--future-incompat-report`, or run `cargo report future-incompatibilities --id 3`
[INFO] [stderr]      Running unittests src/main.rs (/opt/rustwide/target/release/build/demo/607a5a2d86d7aea3/out/demo-607a5a2d86d7aea3)
[INFO] [stdout] 
[INFO] [stdout] running 0 tests
[INFO] [stdout] 
[INFO] [stdout] test result: ok. 0 passed; 0 failed; 0 ignored; 0 measured; 0 filtered out; finished in 0.00s
[INFO] [stdout] 
[INFO] [stderr]      Running unittests src/main.rs (/opt/rustwide/target/release/build/order-book-cli/9c2b4ba4239106f9/out/order_book_cli-9c2b4ba4239106f9)
[INFO] [stdout] 
[INFO] [stdout] running 20 tests
[INFO] [stdout] test tests::test_invalid_price ... FAILED
[INFO] [stdout] test tests::test_missing_arguments ... FAILED
[INFO] [stdout] test tests::test_negative_price ... FAILED
[INFO] [stdout] test tests::test_invalid_quantity ... FAILED
[INFO] [stdout] test tests::test_large_numbers ... FAILED
[INFO] [stdout] test tests::test_invalid_id ... FAILED
[INFO] [stdout] test tests::test_version_flag ... FAILED
[INFO] [stdout] test tests::test_place_order_help ... FAILED
[INFO] [stdout] test tests::test_zero_price ... FAILED
[INFO] [stdout] test tests::test_help_command ... FAILED
[INFO] [stdout] test tests::test_place_buy_order_no_match ... FAILED
[INFO] [stdout] test tests::test_negative_quantity ... FAILED
[INFO] [stdout] test tests::test_no_subcommand_starts_interactive ... FAILED
[INFO] [stdout] test tests::test_invalid_side ... FAILED
[INFO] [stdout] test tests::test_best_buy_empty_book ... FAILED
[INFO] [stdout] test tests::test_best_sell_empty_book ... FAILED
[INFO] [stdout] test tests::test_zero_quantity ... FAILED
[INFO] [stdout] test tests::test_unknown_subcommand ... FAILED
[INFO] [stdout] test tests::test_place_sell_order_no_match ... FAILED
[INFO] [stdout] test tests::test_case_sensitive_side ... FAILED
[INFO] [stdout] 
[INFO] [stdout] failures:
[INFO] [stdout] 
[INFO] [stdout] ---- tests::test_invalid_price stdout ----
[INFO] [stdout] 
[INFO] [stdout] thread 'tests::test_invalid_price' (1581) panicked at order-book-cli/src/main.rs:464:13:
[INFO] [stdout] CLI binary not found. Please run 'cargo build --bin order-book-cli' first.
[INFO] [stdout] Original error: Cause: Cargo command not found: /opt/rustwide/target/release/build/order-book-cli/9c2b4ba4239106f9/out/order-book-cli
[INFO] [stdout] 
[INFO] [stdout] 
[INFO] [stdout] stack backtrace:
[INFO] [stdout]    0:     0x62eb422764c1 - <<std[617be2ca0a6fd877]::sys::backtrace::BacktraceLock>::print::DisplayBacktrace as core[a373ad73a504971]::fmt::Display>::fmt
[INFO] [stderr] error: test failed, to rerun pass `-p order-book-cli --bin order-book-cli`
[INFO] [stdout]    1:     0x62eb4228cc5a - core[a373ad73a504971]::fmt::write
[INFO] [stdout]    2:     0x62eb4227baec - <alloc[2e1b2a31b91974c5]::vec::Vec<u8> as core[a373ad73a504971]::io::write::Write>::write_fmt
[INFO] [stdout]    3:     0x62eb42251fd6 - std[617be2ca0a6fd877]::panicking::default_hook::{closure#0}
[INFO] [stdout]    4:     0x62eb4226ead9 - std[617be2ca0a6fd877]::panicking::default_hook
[INFO] [stdout]    5:     0x62eb421fba30 - test[aada8e7e76ba119b]::test_main_inner::{closure#0}
[INFO] [stdout]    6:     0x62eb4226ec92 - std[617be2ca0a6fd877]::panicking::panic_with_hook
[INFO] [stdout]    7:     0x62eb42252082 - std[617be2ca0a6fd877]::panicking::panic_handler::{closure#0}
[INFO] [stdout]    8:     0x62eb4224ad99 - std[617be2ca0a6fd877]::sys::backtrace::__rust_end_short_backtrace::<std[617be2ca0a6fd877]::panicking::panic_handler::{closure#0}, !>
[INFO] [stdout]    9:     0x62eb42252c8d - __rustc[ea4f61d10b84890b]::rust_begin_unwind
[INFO] [stdout]   10:     0x62eb4228d40c - core[a373ad73a504971]::panicking::panic_fmt
[INFO] [stdout]   11:     0x62eb421e956f - order_book_cli[6050610df3e64732]::tests::get_cli_command::{closure#0}
[INFO] [stdout]   12:     0x62eb421e9d19 - order_book_cli[6050610df3e64732]::tests::get_cli_command
[INFO] [stdout]   13:     0x62eb421eb81d - <order_book_cli[6050610df3e64732]::tests::test_invalid_price::{closure#0} as core[a373ad73a504971]::ops::function::FnOnce<()>>::call_once
[INFO] [stdout]   14:     0x62eb421eee7b - test[aada8e7e76ba119b]::__rust_begin_short_backtrace::<core[a373ad73a504971]::result::Result<(), alloc[2e1b2a31b91974c5]::string::String>, fn() -> core[a373ad73a504971]::result::Result<(), alloc[2e1b2a31b91974c5]::string::String>>
[INFO] [stdout]   15:     0x62eb421fc055 - test[aada8e7e76ba119b]::run_test::{closure#0}
[INFO] [stdout]   16:     0x62eb421f5944 - std[617be2ca0a6fd877]::sys::backtrace::__rust_begin_short_backtrace::<test[aada8e7e76ba119b]::run_test::{closure#1}, ()>
[INFO] [stdout]   17:     0x62eb421ff0e2 - <std[617be2ca0a6fd877]::thread::lifecycle::spawn_unchecked<test[aada8e7e76ba119b]::run_test::{closure#1}, ()>::{closure#1} as core[a373ad73a504971]::ops::function::FnOnce<()>>::call_once::{shim:vtable#0}
[INFO] [stdout]   18:     0x62eb42275c9f - <std[617be2ca0a6fd877]::sys::thread::unix::Thread>::new::thread_start
[INFO] [stdout]   19:     0x7289973f9dfa - <unknown>
[INFO] [stdout]   20:     0x72899748d3d4 - clone
[INFO] [stdout]   21:                0x0 - <unknown>
[INFO] [stdout] 
[INFO] [stdout] ---- tests::test_missing_arguments stdout ----
[INFO] [stdout] 
[INFO] [stdout] thread 'tests::test_missing_arguments' (1585) panicked at order-book-cli/src/main.rs:464:13:
[INFO] [stdout] CLI binary not found. Please run 'cargo build --bin order-book-cli' first.
[INFO] [stdout] Original error: Cause: Cargo command not found: /opt/rustwide/target/release/build/order-book-cli/9c2b4ba4239106f9/out/order-book-cli
[INFO] [stdout] 
[INFO] [stdout] 
[INFO] [stdout] stack backtrace:
[INFO] [stdout]    0:     0x62eb422764c1 - <<std[617be2ca0a6fd877]::sys::backtrace::BacktraceLock>::print::DisplayBacktrace as core[a373ad73a504971]::fmt::Display>::fmt
[INFO] [stdout]    1:     0x62eb4228cc5a - core[a373ad73a504971]::fmt::write
[INFO] [stdout]    2:     0x62eb4227baec - <alloc[2e1b2a31b91974c5]::vec::Vec<u8> as core[a373ad73a504971]::io::write::Write>::write_fmt
[INFO] [stdout]    3:     0x62eb42251fd6 - std[617be2ca0a6fd877]::panicking::default_hook::{closure#0}
[INFO] [stdout]    4:     0x62eb4226ead9 - std[617be2ca0a6fd877]::panicking::default_hook
[INFO] [stdout]    5:     0x62eb421fba30 - test[aada8e7e76ba119b]::test_main_inner::{closure#0}
[INFO] [stdout]    6:     0x62eb4226ec92 - std[617be2ca0a6fd877]::panicking::panic_with_hook
[INFO] [stdout]    7:     0x62eb42252082 - std[617be2ca0a6fd877]::panicking::panic_handler::{closure#0}
[INFO] [stdout]    8:     0x62eb4224ad99 - std[617be2ca0a6fd877]::sys::backtrace::__rust_end_short_backtrace::<std[617be2ca0a6fd877]::panicking::panic_handler::{closure#0}, !>
[INFO] [stdout]    9:     0x62eb42252c8d - __rustc[ea4f61d10b84890b]::rust_begin_unwind
[INFO] [stdout]   10:     0x62eb4228d40c - core[a373ad73a504971]::panicking::panic_fmt
[INFO] [stdout]   11:     0x62eb421e956f - order_book_cli[6050610df3e64732]::tests::get_cli_command::{closure#0}
[INFO] [stdout]   12:     0x62eb421e9d19 - order_book_cli[6050610df3e64732]::tests::get_cli_command
[INFO] [stdout]   13:     0x62eb421ed03d - <order_book_cli[6050610df3e64732]::tests::test_missing_arguments::{closure#0} as core[a373ad73a504971]::ops::function::FnOnce<()>>::call_once
[INFO] [stdout]   14:     0x62eb421eee7b - test[aada8e7e76ba119b]::__rust_begin_short_backtrace::<core[a373ad73a504971]::result::Result<(), alloc[2e1b2a31b91974c5]::string::String>, fn() -> core[a373ad73a504971]::result::Result<(), alloc[2e1b2a31b91974c5]::string::String>>
[INFO] [stdout]   15:     0x62eb421fc055 - test[aada8e7e76ba119b]::run_test::{closure#0}
[INFO] [stdout]   16:     0x62eb421f5944 - std[617be2ca0a6fd877]::sys::backtrace::__rust_begin_short_backtrace::<test[aada8e7e76ba119b]::run_test::{closure#1}, ()>
[INFO] [stdout]   17:     0x62eb421ff0e2 - <std[617be2ca0a6fd877]::thread::lifecycle::spawn_unchecked<test[aada8e7e76ba119b]::run_test::{closure#1}, ()>::{closure#1} as core[a373ad73a504971]::ops::function::FnOnce<()>>::call_once::{shim:vtable#0}
[INFO] [stdout]   18:     0x62eb42275c9f - <std[617be2ca0a6fd877]::sys::thread::unix::Thread>::new::thread_start
[INFO] [stdout]   19:     0x7289973f9dfa - <unknown>
[INFO] [stdout]   20:     0x72899748d3d4 - clone
[INFO] [stdout]   21:                0x0 - <unknown>
[INFO] [stdout] 
[INFO] [stdout] ---- tests::test_negative_price stdout ----
[INFO] [stdout] 
[INFO] [stdout] thread 'tests::test_negative_price' (1586) panicked at order-book-cli/src/main.rs:464:13:
[INFO] [stdout] CLI binary not found. Please run 'cargo build --bin order-book-cli' first.
[INFO] [stdout] Original error: Cause: Cargo command not found: /opt/rustwide/target/release/build/order-book-cli/9c2b4ba4239106f9/out/order-book-cli
[INFO] [stdout] 
[INFO] [stdout] 
[INFO] [stdout] stack backtrace:
[INFO] [stdout]    0:     0x62eb422764c1 - <<std[617be2ca0a6fd877]::sys::backtrace::BacktraceLock>::print::DisplayBacktrace as core[a373ad73a504971]::fmt::Display>::fmt
[INFO] [stdout]    1:     0x62eb4228cc5a - core[a373ad73a504971]::fmt::write
[INFO] [stdout]    2:     0x62eb4227baec - <alloc[2e1b2a31b91974c5]::vec::Vec<u8> as core[a373ad73a504971]::io::write::Write>::write_fmt
[INFO] [stdout]    3:     0x62eb42251fd6 - std[617be2ca0a6fd877]::panicking::default_hook::{closure#0}
[INFO] [stdout]    4:     0x62eb4226ead9 - std[617be2ca0a6fd877]::panicking::default_hook
[INFO] [stdout]    5:     0x62eb421fba30 - test[aada8e7e76ba119b]::test_main_inner::{closure#0}
[INFO] [stdout]    6:     0x62eb4226ec92 - std[617be2ca0a6fd877]::panicking::panic_with_hook
[INFO] [stdout]    7:     0x62eb42252082 - std[617be2ca0a6fd877]::panicking::panic_handler::{closure#0}
[INFO] [stdout]    8:     0x62eb4224ad99 - std[617be2ca0a6fd877]::sys::backtrace::__rust_end_short_backtrace::<std[617be2ca0a6fd877]::panicking::panic_handler::{closure#0}, !>
[INFO] [stdout]    9:     0x62eb42252c8d - __rustc[ea4f61d10b84890b]::rust_begin_unwind
[INFO] [stdout]   10:     0x62eb4228d40c - core[a373ad73a504971]::panicking::panic_fmt
[INFO] [stdout]   11:     0x62eb421e956f - order_book_cli[6050610df3e64732]::tests::get_cli_command::{closure#0}
[INFO] [stdout]   12:     0x62eb421e9d19 - order_book_cli[6050610df3e64732]::tests::get_cli_command
[INFO] [stdout]   13:     0x62eb421ec17d - <order_book_cli[6050610df3e64732]::tests::test_negative_price::{closure#0} as core[a373ad73a504971]::ops::function::FnOnce<()>>::call_once
[INFO] [stdout]   14:     0x62eb421eee7b - test[aada8e7e76ba119b]::__rust_begin_short_backtrace::<core[a373ad73a504971]::result::Result<(), alloc[2e1b2a31b91974c5]::string::String>, fn() -> core[a373ad73a504971]::result::Result<(), alloc[2e1b2a31b91974c5]::string::String>>
[INFO] [stdout]   15:     0x62eb421fc055 - test[aada8e7e76ba119b]::run_test::{closure#0}
[INFO] [stdout]   16:     0x62eb421f5944 - std[617be2ca0a6fd877]::sys::backtrace::__rust_begin_short_backtrace::<test[aada8e7e76ba119b]::run_test::{closure#1}, ()>
[INFO] [stdout]   17:     0x62eb421ff0e2 - <std[617be2ca0a6fd877]::thread::lifecycle::spawn_unchecked<test[aada8e7e76ba119b]::run_test::{closure#1}, ()>::{closure#1} as core[a373ad73a504971]::ops::function::FnOnce<()>>::call_once::{shim:vtable#0}
[INFO] [stdout]   18:     0x62eb42275c9f - <std[617be2ca0a6fd877]::sys::thread::unix::Thread>::new::thread_start
[INFO] [stdout]   19:     0x7289973f9dfa - <unknown>
[INFO] [stdout]   20:     0x72899748d3d4 - clone
[INFO] [stdout]   21:                0x0 - <unknown>
[INFO] [stdout] 
[INFO] [stdout] ---- tests::test_invalid_quantity stdout ----
[INFO] [stdout] 
[INFO] [stdout] thread 'tests::test_invalid_quantity' (1582) panicked at order-book-cli/src/main.rs:464:13:
[INFO] [stdout] CLI binary not found. Please run 'cargo build --bin order-book-cli' first.
[INFO] [stdout] Original error: Cause: Cargo command not found: /opt/rustwide/target/release/build/order-book-cli/9c2b4ba4239106f9/out/order-book-cli
[INFO] [stdout] 
[INFO] [stdout] 
[INFO] [stdout] stack backtrace:
[INFO] [stdout]    0:     0x62eb422764c1 - <<std[617be2ca0a6fd877]::sys::backtrace::BacktraceLock>::print::DisplayBacktrace as core[a373ad73a504971]::fmt::Display>::fmt
[INFO] [stdout]    1:     0x62eb4228cc5a - core[a373ad73a504971]::fmt::write
[INFO] [stdout]    2:     0x62eb4227baec - <alloc[2e1b2a31b91974c5]::vec::Vec<u8> as core[a373ad73a504971]::io::write::Write>::write_fmt
[INFO] [stdout]    3:     0x62eb42251fd6 - std[617be2ca0a6fd877]::panicking::default_hook::{closure#0}
[INFO] [stdout]    4:     0x62eb4226ead9 - std[617be2ca0a6fd877]::panicking::default_hook
[INFO] [stdout]    5:     0x62eb421fba30 - test[aada8e7e76ba119b]::test_main_inner::{closure#0}
[INFO] [stdout]    6:     0x62eb4226ec92 - std[617be2ca0a6fd877]::panicking::panic_with_hook
[INFO] [stdout]    7:     0x62eb42252082 - std[617be2ca0a6fd877]::panicking::panic_handler::{closure#0}
[INFO] [stdout]    8:     0x62eb4224ad99 - std[617be2ca0a6fd877]::sys::backtrace::__rust_end_short_backtrace::<std[617be2ca0a6fd877]::panicking::panic_handler::{closure#0}, !>
[INFO] [stdout]    9:     0x62eb42252c8d - __rustc[ea4f61d10b84890b]::rust_begin_unwind
[INFO] [stdout]   10:     0x62eb4228d40c - core[a373ad73a504971]::panicking::panic_fmt
[INFO] [stdout]   11:     0x62eb421e956f - order_book_cli[6050610df3e64732]::tests::get_cli_command::{closure#0}
[INFO] [stdout]   12:     0x62eb421e9d19 - order_book_cli[6050610df3e64732]::tests::get_cli_command
[INFO] [stdout]   13:     0x62eb421ec48d - <order_book_cli[6050610df3e64732]::tests::test_invalid_quantity::{closure#0} as core[a373ad73a504971]::ops::function::FnOnce<()>>::call_once
[INFO] [stdout]   14:     0x62eb421eee7b - test[aada8e7e76ba119b]::__rust_begin_short_backtrace::<core[a373ad73a504971]::result::Result<(), alloc[2e1b2a31b91974c5]::string::String>, fn() -> core[a373ad73a504971]::result::Result<(), alloc[2e1b2a31b91974c5]::string::String>>
[INFO] [stdout]   15:     0x62eb421fc055 - test[aada8e7e76ba119b]::run_test::{closure#0}
[INFO] [stdout]   16:     0x62eb421f5944 - std[617be2ca0a6fd877]::sys::backtrace::__rust_begin_short_backtrace::<test[aada8e7e76ba119b]::run_test::{closure#1}, ()>
[INFO] [stdout]   17:     0x62eb421ff0e2 - <std[617be2ca0a6fd877]::thread::lifecycle::spawn_unchecked<test[aada8e7e76ba119b]::run_test::{closure#1}, ()>::{closure#1} as core[a373ad73a504971]::ops::function::FnOnce<()>>::call_once::{shim:vtable#0}
[INFO] [stdout]   18:     0x62eb42275c9f - <std[617be2ca0a6fd877]::sys::thread::unix::Thread>::new::thread_start
[INFO] [stdout]   19:     0x7289973f9dfa - <unknown>
[INFO] [stdout]   20:     0x72899748d3d4 - clone
[INFO] [stdout]   21:                0x0 - <unknown>
[INFO] [stdout] 
[INFO] [stdout] ---- tests::test_large_numbers stdout ----
[INFO] [stdout] 
[INFO] [stdout] thread 'tests::test_large_numbers' (1584) panicked at order-book-cli/src/main.rs:464:13:
[INFO] [stdout] CLI binary not found. Please run 'cargo build --bin order-book-cli' first.
[INFO] [stdout] Original error: Cause: Cargo command not found: /opt/rustwide/target/release/build/order-book-cli/9c2b4ba4239106f9/out/order-book-cli
[INFO] [stdout] 
[INFO] [stdout] 
[INFO] [stdout] stack backtrace:
[INFO] [stdout]    0:     0x62eb422764c1 - <<std[617be2ca0a6fd877]::sys::backtrace::BacktraceLock>::print::DisplayBacktrace as core[a373ad73a504971]::fmt::Display>::fmt
[INFO] [stdout]    1:     0x62eb4228cc5a - core[a373ad73a504971]::fmt::write
[INFO] [stdout]    2:     0x62eb4227baec - <alloc[2e1b2a31b91974c5]::vec::Vec<u8> as core[a373ad73a504971]::io::write::Write>::write_fmt
[INFO] [stdout]    3:     0x62eb42251fd6 - std[617be2ca0a6fd877]::panicking::default_hook::{closure#0}
[INFO] [stdout]    4:     0x62eb4226ead9 - std[617be2ca0a6fd877]::panicking::default_hook
[INFO] [stdout]    5:     0x62eb421fba30 - test[aada8e7e76ba119b]::test_main_inner::{closure#0}
[INFO] [stdout]    6:     0x62eb4226ec92 - std[617be2ca0a6fd877]::panicking::panic_with_hook
[INFO] [stdout]    7:     0x62eb42252082 - std[617be2ca0a6fd877]::panicking::panic_handler::{closure#0}
[INFO] [stdout]    8:     0x62eb4224ad99 - std[617be2ca0a6fd877]::sys::backtrace::__rust_end_short_backtrace::<std[617be2ca0a6fd877]::panicking::panic_handler::{closure#0}, !>
[INFO] [stdout]    9:     0x62eb42252c8d - __rustc[ea4f61d10b84890b]::rust_begin_unwind
[INFO] [stdout]   10:     0x62eb4228d40c - core[a373ad73a504971]::panicking::panic_fmt
[INFO] [stdout]   11:     0x62eb421e956f - order_book_cli[6050610df3e64732]::tests::get_cli_command::{closure#0}
[INFO] [stdout]   12:     0x62eb421e9d19 - order_book_cli[6050610df3e64732]::tests::get_cli_command
[INFO] [stdout]   13:     0x62eb421ebb3d - <order_book_cli[6050610df3e64732]::tests::test_large_numbers::{closure#0} as core[a373ad73a504971]::ops::function::FnOnce<()>>::call_once
[INFO] [stdout]   14:     0x62eb421eee7b - test[aada8e7e76ba119b]::__rust_begin_short_backtrace::<core[a373ad73a504971]::result::Result<(), alloc[2e1b2a31b91974c5]::string::String>, fn() -> core[a373ad73a504971]::result::Result<(), alloc[2e1b2a31b91974c5]::string::String>>
[INFO] [stdout]   15:     0x62eb421fc055 - test[aada8e7e76ba119b]::run_test::{closure#0}
[INFO] [stdout]   16:     0x62eb421f5944 - std[617be2ca0a6fd877]::sys::backtrace::__rust_begin_short_backtrace::<test[aada8e7e76ba119b]::run_test::{closure#1}, ()>
[INFO] [stdout]   17:     0x62eb421ff0e2 - <std[617be2ca0a6fd877]::thread::lifecycle::spawn_unchecked<test[aada8e7e76ba119b]::run_test::{closure#1}, ()>::{closure#1} as core[a373ad73a504971]::ops::function::FnOnce<()>>::call_once::{shim:vtable#0}
[INFO] [stdout]   18:     0x62eb42275c9f - <std[617be2ca0a6fd877]::sys::thread::unix::Thread>::new::thread_start
[INFO] [stdout]   19:     0x7289973f9dfa - <unknown>
[INFO] [stdout]   20:     0x72899748d3d4 - clone
[INFO] [stdout]   21:                0x0 - <unknown>
[INFO] [stdout] 
[INFO] [stdout] ---- tests::test_invalid_id stdout ----
[INFO] [stdout] 
[INFO] [stdout] thread 'tests::test_invalid_id' (1580) panicked at order-book-cli/src/main.rs:464:13:
[INFO] [stdout] CLI binary not found. Please run 'cargo build --bin order-book-cli' first.
[INFO] [stdout] Original error: Cause: Cargo command not found: /opt/rustwide/target/release/build/order-book-cli/9c2b4ba4239106f9/out/order-book-cli
[INFO] [stdout] 
[INFO] [stdout] 
[INFO] [stdout] stack backtrace:
[INFO] [stdout]    0:     0x62eb422764c1 - <<std[617be2ca0a6fd877]::sys::backtrace::BacktraceLock>::print::DisplayBacktrace as core[a373ad73a504971]::fmt::Display>::fmt
[INFO] [stdout]    1:     0x62eb4228cc5a - core[a373ad73a504971]::fmt::write
[INFO] [stdout]    2:     0x62eb4227baec - <alloc[2e1b2a31b91974c5]::vec::Vec<u8> as core[a373ad73a504971]::io::write::Write>::write_fmt
[INFO] [stdout]    3:     0x62eb42251fd6 - std[617be2ca0a6fd877]::panicking::default_hook::{closure#0}
[INFO] [stdout]    4:     0x62eb4226ead9 - std[617be2ca0a6fd877]::panicking::default_hook
[INFO] [stdout]    5:     0x62eb421fba30 - test[aada8e7e76ba119b]::test_main_inner::{closure#0}
[INFO] [stdout]    6:     0x62eb4226ec92 - std[617be2ca0a6fd877]::panicking::panic_with_hook
[INFO] [stdout]    7:     0x62eb42252082 - std[617be2ca0a6fd877]::panicking::panic_handler::{closure#0}
[INFO] [stdout]    8:     0x62eb4224ad99 - std[617be2ca0a6fd877]::sys::backtrace::__rust_end_short_backtrace::<std[617be2ca0a6fd877]::panicking::panic_handler::{closure#0}, !>
[INFO] [stdout]    9:     0x62eb42252c8d - __rustc[ea4f61d10b84890b]::rust_begin_unwind
[INFO] [stdout]   10:     0x62eb4228d40c - core[a373ad73a504971]::panicking::panic_fmt
[INFO] [stdout]   11:     0x62eb421e956f - order_book_cli[6050610df3e64732]::tests::get_cli_command::{closure#0}
[INFO] [stdout]   12:     0x62eb421e9d19 - order_book_cli[6050610df3e64732]::tests::get_cli_command
[INFO] [stdout]   13:     0x62eb421ea39d - <order_book_cli[6050610df3e64732]::tests::test_invalid_id::{closure#0} as core[a373ad73a504971]::ops::function::FnOnce<()>>::call_once
[INFO] [stdout]   14:     0x62eb421eee7b - test[aada8e7e76ba119b]::__rust_begin_short_backtrace::<core[a373ad73a504971]::result::Result<(), alloc[2e1b2a31b91974c5]::string::String>, fn() -> core[a373ad73a504971]::result::Result<(), alloc[2e1b2a31b91974c5]::string::String>>
[INFO] [stdout]   15:     0x62eb421fc055 - test[aada8e7e76ba119b]::run_test::{closure#0}
[INFO] [stdout]   16:     0x62eb421f5944 - std[617be2ca0a6fd877]::sys::backtrace::__rust_begin_short_backtrace::<test[aada8e7e76ba119b]::run_test::{closure#1}, ()>
[INFO] [stdout]   17:     0x62eb421ff0e2 - <std[617be2ca0a6fd877]::thread::lifecycle::spawn_unchecked<test[aada8e7e76ba119b]::run_test::{closure#1}, ()>::{closure#1} as core[a373ad73a504971]::ops::function::FnOnce<()>>::call_once::{shim:vtable#0}
[INFO] [stdout]   18:     0x62eb42275c9f - <std[617be2ca0a6fd877]::sys::thread::unix::Thread>::new::thread_start
[INFO] [stdout]   19:     0x7289973f9dfa - <unknown>
[INFO] [stdout]   20:     0x72899748d3d4 - clone
[INFO] [stdout]   21:                0x0 - <unknown>
[INFO] [stdout] 
[INFO] [stdout] ---- tests::test_version_flag stdout ----
[INFO] [stdout] 
[INFO] [stdout] thread 'tests::test_version_flag' (1593) panicked at order-book-cli/src/main.rs:464:13:
[INFO] [stdout] CLI binary not found. Please run 'cargo build --bin order-book-cli' first.
[INFO] [stdout] Original error: Cause: Cargo command not found: /opt/rustwide/target/release/build/order-book-cli/9c2b4ba4239106f9/out/order-book-cli
[INFO] [stdout] 
[INFO] [stdout] 
[INFO] [stdout] stack backtrace:
[INFO] [stdout]    0:     0x62eb422764c1 - <<std[617be2ca0a6fd877]::sys::backtrace::BacktraceLock>::print::DisplayBacktrace as core[a373ad73a504971]::fmt::Display>::fmt
[INFO] [stdout]    1:     0x62eb4228cc5a - core[a373ad73a504971]::fmt::write
[INFO] [stdout]    2:     0x62eb4227baec - <alloc[2e1b2a31b91974c5]::vec::Vec<u8> as core[a373ad73a504971]::io::write::Write>::write_fmt
[INFO] [stdout]    3:     0x62eb42251fd6 - std[617be2ca0a6fd877]::panicking::default_hook::{closure#0}
[INFO] [stdout]    4:     0x62eb4226ead9 - std[617be2ca0a6fd877]::panicking::default_hook
[INFO] [stdout]    5:     0x62eb421fba30 - test[aada8e7e76ba119b]::test_main_inner::{closure#0}
[INFO] [stdout]    6:     0x62eb4226ec92 - std[617be2ca0a6fd877]::panicking::panic_with_hook
[INFO] [stdout]    7:     0x62eb42252082 - std[617be2ca0a6fd877]::panicking::panic_handler::{closure#0}
[INFO] [stdout]    8:     0x62eb4224ad99 - std[617be2ca0a6fd877]::sys::backtrace::__rust_end_short_backtrace::<std[617be2ca0a6fd877]::panicking::panic_handler::{closure#0}, !>
[INFO] [stdout]    9:     0x62eb42252c8d - __rustc[ea4f61d10b84890b]::rust_begin_unwind
[INFO] [stdout]   10:     0x62eb4228d40c - core[a373ad73a504971]::panicking::panic_fmt
[INFO] [stdout]   11:     0x62eb421e956f - order_book_cli[6050610df3e64732]::tests::get_cli_command::{closure#0}
[INFO] [stdout]   12:     0x62eb421e9d19 - order_book_cli[6050610df3e64732]::tests::get_cli_command
[INFO] [stdout]   13:     0x62eb421eb56d - <order_book_cli[6050610df3e64732]::tests::test_version_flag::{closure#0} as core[a373ad73a504971]::ops::function::FnOnce<()>>::call_once
[INFO] [stdout]   14:     0x62eb421eee7b - test[aada8e7e76ba119b]::__rust_begin_short_backtrace::<core[a373ad73a504971]::result::Result<(), alloc[2e1b2a31b91974c5]::string::String>, fn() -> core[a373ad73a504971]::result::Result<(), alloc[2e1b2a31b91974c5]::string::String>>
[INFO] [stdout]   15:     0x62eb421fc055 - test[aada8e7e76ba119b]::run_test::{closure#0}
[INFO] [stdout]   16:     0x62eb421f5944 - std[617be2ca0a6fd877]::sys::backtrace::__rust_begin_short_backtrace::<test[aada8e7e76ba119b]::run_test::{closure#1}, ()>
[INFO] [stdout]   17:     0x62eb421ff0e2 - <std[617be2ca0a6fd877]::thread::lifecycle::spawn_unchecked<test[aada8e7e76ba119b]::run_test::{closure#1}, ()>::{closure#1} as core[a373ad73a504971]::ops::function::FnOnce<()>>::call_once::{shim:vtable#0}
[INFO] [stdout]   18:     0x62eb42275c9f - <std[617be2ca0a6fd877]::sys::thread::unix::Thread>::new::thread_start
[INFO] [stdout]   19:     0x7289973f9dfa - <unknown>
[INFO] [stdout]   20:     0x72899748d3d4 - clone
[INFO] [stdout]   21:                0x0 - <unknown>
[INFO] [stdout] 
[INFO] [stdout] ---- tests::test_place_order_help stdout ----
[INFO] [stdout] 
[INFO] [stdout] thread 'tests::test_place_order_help' (1590) panicked at order-book-cli/src/main.rs:464:13:
[INFO] [stdout] CLI binary not found. Please run 'cargo build --bin order-book-cli' first.
[INFO] [stdout] Original error: Cause: Cargo command not found: /opt/rustwide/target/release/build/order-book-cli/9c2b4ba4239106f9/out/order-book-cli
[INFO] [stdout] 
[INFO] [stdout] 
[INFO] [stdout] stack backtrace:
[INFO] [stdout]    0:     0x62eb422764c1 - <<std[617be2ca0a6fd877]::sys::backtrace::BacktraceLock>::print::DisplayBacktrace as core[a373ad73a504971]::fmt::Display>::fmt
[INFO] [stdout]    1:     0x62eb4228cc5a - core[a373ad73a504971]::fmt::write
[INFO] [stdout]    2:     0x62eb4227baec - <alloc[2e1b2a31b91974c5]::vec::Vec<u8> as core[a373ad73a504971]::io::write::Write>::write_fmt
[INFO] [stdout]    3:     0x62eb42251fd6 - std[617be2ca0a6fd877]::panicking::default_hook::{closure#0}
[INFO] [stdout]    4:     0x62eb4226ead9 - std[617be2ca0a6fd877]::panicking::default_hook
[INFO] [stdout]    5:     0x62eb421fba30 - test[aada8e7e76ba119b]::test_main_inner::{closure#0}
[INFO] [stdout]    6:     0x62eb4226ec92 - std[617be2ca0a6fd877]::panicking::panic_with_hook
[INFO] [stdout]    7:     0x62eb42252082 - std[617be2ca0a6fd877]::panicking::panic_handler::{closure#0}
[INFO] [stdout]    8:     0x62eb4224ad99 - std[617be2ca0a6fd877]::sys::backtrace::__rust_end_short_backtrace::<std[617be2ca0a6fd877]::panicking::panic_handler::{closure#0}, !>
[INFO] [stdout]    9:     0x62eb42252c8d - __rustc[ea4f61d10b84890b]::rust_begin_unwind
[INFO] [stdout]   10:     0x62eb4228d40c - core[a373ad73a504971]::panicking::panic_fmt
[INFO] [stdout]   11:     0x62eb421e956f - order_book_cli[6050610df3e64732]::tests::get_cli_command::{closure#0}
[INFO] [stdout]   12:     0x62eb421e9d19 - order_book_cli[6050610df3e64732]::tests::get_cli_command
[INFO] [stdout]   13:     0x62eb421ec7ad - <order_book_cli[6050610df3e64732]::tests::test_place_order_help::{closure#0} as core[a373ad73a504971]::ops::function::FnOnce<()>>::call_once
[INFO] [stdout]   14:     0x62eb421eee7b - test[aada8e7e76ba119b]::__rust_begin_short_backtrace::<core[a373ad73a504971]::result::Result<(), alloc[2e1b2a31b91974c5]::string::String>, fn() -> core[a373ad73a504971]::result::Result<(), alloc[2e1b2a31b91974c5]::string::String>>
[INFO] [stdout]   15:     0x62eb421fc055 - test[aada8e7e76ba119b]::run_test::{closure#0}
[INFO] [stdout]   16:     0x62eb421f5944 - std[617be2ca0a6fd877]::sys::backtrace::__rust_begin_short_backtrace::<test[aada8e7e76ba119b]::run_test::{closure#1}, ()>
[INFO] [stdout]   17:     0x62eb421ff0e2 - <std[617be2ca0a6fd877]::thread::lifecycle::spawn_unchecked<test[aada8e7e76ba119b]::run_test::{closure#1}, ()>::{closure#1} as core[a373ad73a504971]::ops::function::FnOnce<()>>::call_once::{shim:vtable#0}
[INFO] [stdout]   18:     0x62eb42275c9f - <std[617be2ca0a6fd877]::sys::thread::unix::Thread>::new::thread_start
[INFO] [stdout]   19:     0x7289973f9dfa - <unknown>
[INFO] [stdout]   20:     0x72899748d3d4 - clone
[INFO] [stdout]   21:                0x0 - <unknown>
[INFO] [stdout] 
[INFO] [stdout] ---- tests::test_zero_price stdout ----
[INFO] [stdout] 
[INFO] [stdout] thread 'tests::test_zero_price' (1594) panicked at order-book-cli/src/main.rs:464:13:
[INFO] [stdout] CLI binary not found. Please run 'cargo build --bin order-book-cli' first.
[INFO] [stdout] Original error: Cause: Cargo command not found: /opt/rustwide/target/release/build/order-book-cli/9c2b4ba4239106f9/out/order-book-cli
[INFO] [stdout] 
[INFO] [stdout] 
[INFO] [stdout] stack backtrace:
[INFO] [stdout]    0:     0x62eb422764c1 - <<std[617be2ca0a6fd877]::sys::backtrace::BacktraceLock>::print::DisplayBacktrace as core[a373ad73a504971]::fmt::Display>::fmt
[INFO] [stdout]    1:     0x62eb4228cc5a - core[a373ad73a504971]::fmt::write
[INFO] [stdout]    2:     0x62eb4227baec - <alloc[2e1b2a31b91974c5]::vec::Vec<u8> as core[a373ad73a504971]::io::write::Write>::write_fmt
[INFO] [stdout]    3:     0x62eb42251fd6 - std[617be2ca0a6fd877]::panicking::default_hook::{closure#0}
[INFO] [stdout]    4:     0x62eb4226ead9 - std[617be2ca0a6fd877]::panicking::default_hook
[INFO] [stdout]    5:     0x62eb421fba30 - test[aada8e7e76ba119b]::test_main_inner::{closure#0}
[INFO] [stdout]    6:     0x62eb4226ec92 - std[617be2ca0a6fd877]::panicking::panic_with_hook
[INFO] [stdout]    7:     0x62eb42252082 - std[617be2ca0a6fd877]::panicking::panic_handler::{closure#0}
[INFO] [stdout]    8:     0x62eb4224ad99 - std[617be2ca0a6fd877]::sys::backtrace::__rust_end_short_backtrace::<std[617be2ca0a6fd877]::panicking::panic_handler::{closure#0}, !>
[INFO] [stdout]    9:     0x62eb42252c8d - __rustc[ea4f61d10b84890b]::rust_begin_unwind
[INFO] [stdout]   10:     0x62eb4228d40c - core[a373ad73a504971]::panicking::panic_fmt
[INFO] [stdout]   11:     0x62eb421e956f - order_book_cli[6050610df3e64732]::tests::get_cli_command::{closure#0}
[INFO] [stdout]   12:     0x62eb421e9d19 - order_book_cli[6050610df3e64732]::tests::get_cli_command
[INFO] [stdout]   13:     0x62eb421ea6ad - <order_book_cli[6050610df3e64732]::tests::test_zero_price::{closure#0} as core[a373ad73a504971]::ops::function::FnOnce<()>>::call_once
[INFO] [stdout]   14:     0x62eb421eee7b - test[aada8e7e76ba119b]::__rust_begin_short_backtrace::<core[a373ad73a504971]::result::Result<(), alloc[2e1b2a31b91974c5]::string::String>, fn() -> core[a373ad73a504971]::result::Result<(), alloc[2e1b2a31b91974c5]::string::String>>
[INFO] [stdout]   15:     0x62eb421fc055 - test[aada8e7e76ba119b]::run_test::{closure#0}
[INFO] [stdout]   16:     0x62eb421f5944 - std[617be2ca0a6fd877]::sys::backtrace::__rust_begin_short_backtrace::<test[aada8e7e76ba119b]::run_test::{closure#1}, ()>
[INFO] [stdout]   17:     0x62eb421ff0e2 - <std[617be2ca0a6fd877]::thread::lifecycle::spawn_unchecked<test[aada8e7e76ba119b]::run_test::{closure#1}, ()>::{closure#1} as core[a373ad73a504971]::ops::function::FnOnce<()>>::call_once::{shim:vtable#0}
[INFO] [stdout]   18:     0x62eb42275c9f - <std[617be2ca0a6fd877]::sys::thread::unix::Thread>::new::thread_start
[INFO] [stdout]   19:     0x7289973f9dfa - <unknown>
[INFO] [stdout]   20:     0x72899748d3d4 - clone
[INFO] [stdout]   21:                0x0 - <unknown>
[INFO] [stdout] 
[INFO] [stdout] ---- tests::test_help_command stdout ----
[INFO] [stdout] 
[INFO] [stdout] thread 'tests::test_help_command' (1579) panicked at order-book-cli/src/main.rs:464:13:
[INFO] [stdout] CLI binary not found. Please run 'cargo build --bin order-book-cli' first.
[INFO] [stdout] Original error: Cause: Cargo command not found: /opt/rustwide/target/release/build/order-book-cli/9c2b4ba4239106f9/out/order-book-cli
[INFO] [stdout] 
[INFO] [stdout] 
[INFO] [stdout] stack backtrace:
[INFO] [stdout]    0:     0x62eb422764c1 - <<std[617be2ca0a6fd877]::sys::backtrace::BacktraceLock>::print::DisplayBacktrace as core[a373ad73a504971]::fmt::Display>::fmt
[INFO] [stdout]    1:     0x62eb4228cc5a - core[a373ad73a504971]::fmt::write
[INFO] [stdout]    2:     0x62eb4227baec - <alloc[2e1b2a31b91974c5]::vec::Vec<u8> as core[a373ad73a504971]::io::write::Write>::write_fmt
[INFO] [stdout]    3:     0x62eb42251fd6 - std[617be2ca0a6fd877]::panicking::default_hook::{closure#0}
[INFO] [stdout]    4:     0x62eb4226ead9 - std[617be2ca0a6fd877]::panicking::default_hook
[INFO] [stdout]    5:     0x62eb421fba30 - test[aada8e7e76ba119b]::test_main_inner::{closure#0}
[INFO] [stdout]    6:     0x62eb4226ec92 - std[617be2ca0a6fd877]::panicking::panic_with_hook
[INFO] [stdout]    7:     0x62eb42252082 - std[617be2ca0a6fd877]::panicking::panic_handler::{closure#0}
[INFO] [stdout]    8:     0x62eb4224ad99 - std[617be2ca0a6fd877]::sys::backtrace::__rust_end_short_backtrace::<std[617be2ca0a6fd877]::panicking::panic_handler::{closure#0}, !>
[INFO] [stdout]    9:     0x62eb42252c8d - __rustc[ea4f61d10b84890b]::rust_begin_unwind
[INFO] [stdout]   10:     0x62eb4228d40c - core[a373ad73a504971]::panicking::panic_fmt
[INFO] [stdout]   11:     0x62eb421e956f - order_book_cli[6050610df3e64732]::tests::get_cli_command::{closure#0}
[INFO] [stdout]   12:     0x62eb421e9d19 - order_book_cli[6050610df3e64732]::tests::get_cli_command
[INFO] [stdout]   13:     0x62eb421ea9cd - <order_book_cli[6050610df3e64732]::tests::test_help_command::{closure#0} as core[a373ad73a504971]::ops::function::FnOnce<()>>::call_once
[INFO] [stdout]   14:     0x62eb421eee7b - test[aada8e7e76ba119b]::__rust_begin_short_backtrace::<core[a373ad73a504971]::result::Result<(), alloc[2e1b2a31b91974c5]::string::String>, fn() -> core[a373ad73a504971]::result::Result<(), alloc[2e1b2a31b91974c5]::string::String>>
[INFO] [stdout]   15:     0x62eb421fc055 - test[aada8e7e76ba119b]::run_test::{closure#0}
[INFO] [stdout]   16:     0x62eb421f5944 - std[617be2ca0a6fd877]::sys::backtrace::__rust_begin_short_backtrace::<test[aada8e7e76ba119b]::run_test::{closure#1}, ()>
[INFO] [stdout]   17:     0x62eb421ff0e2 - <std[617be2ca0a6fd877]::thread::lifecycle::spawn_unchecked<test[aada8e7e76ba119b]::run_test::{closure#1}, ()>::{closure#1} as core[a373ad73a504971]::ops::function::FnOnce<()>>::call_once::{shim:vtable#0}
[INFO] [stdout]   18:     0x62eb42275c9f - <std[617be2ca0a6fd877]::sys::thread::unix::Thread>::new::thread_start
[INFO] [stdout]   19:     0x7289973f9dfa - <unknown>
[INFO] [stdout]   20:     0x72899748d3d4 - clone
[INFO] [stdout]   21:                0x0 - <unknown>
[INFO] [stdout] 
[INFO] [stdout] ---- tests::test_place_buy_order_no_match stdout ----
[INFO] [stdout] 
[INFO] [stdout] thread 'tests::test_place_buy_order_no_match' (1589) panicked at order-book-cli/src/main.rs:464:13:
[INFO] [stdout] CLI binary not found. Please run 'cargo build --bin order-book-cli' first.
[INFO] [stdout] Original error: Cause: Cargo command not found: /opt/rustwide/target/release/build/order-book-cli/9c2b4ba4239106f9/out/order-book-cli
[INFO] [stdout] 
[INFO] [stdout] 
[INFO] [stdout] stack backtrace:
[INFO] [stdout]    0:     0x62eb422764c1 - <<std[617be2ca0a6fd877]::sys::backtrace::BacktraceLock>::print::DisplayBacktrace as core[a373ad73a504971]::fmt::Display>::fmt
[INFO] [stdout]    1:     0x62eb4228cc5a - core[a373ad73a504971]::fmt::write
[INFO] [stdout]    2:     0x62eb4227baec - <alloc[2e1b2a31b91974c5]::vec::Vec<u8> as core[a373ad73a504971]::io::write::Write>::write_fmt
[INFO] [stdout]    3:     0x62eb42251fd6 - std[617be2ca0a6fd877]::panicking::default_hook::{closure#0}
[INFO] [stdout]    4:     0x62eb4226ead9 - std[617be2ca0a6fd877]::panicking::default_hook
[INFO] [stdout]    5:     0x62eb421fba30 - test[aada8e7e76ba119b]::test_main_inner::{closure#0}
[INFO] [stdout]    6:     0x62eb4226ec92 - std[617be2ca0a6fd877]::panicking::panic_with_hook
[INFO] [stdout]    7:     0x62eb42252082 - std[617be2ca0a6fd877]::panicking::panic_handler::{closure#0}
[INFO] [stdout]    8:     0x62eb4224ad99 - std[617be2ca0a6fd877]::sys::backtrace::__rust_end_short_backtrace::<std[617be2ca0a6fd877]::panicking::panic_handler::{closure#0}, !>
[INFO] [stdout]    9:     0x62eb42252c8d - __rustc[ea4f61d10b84890b]::rust_begin_unwind
[INFO] [stdout]   10:     0x62eb4228d40c - core[a373ad73a504971]::panicking::panic_fmt
[INFO] [stdout]   11:     0x62eb421e956f - order_book_cli[6050610df3e64732]::tests::get_cli_command::{closure#0}
[INFO] [stdout]   12:     0x62eb421e9d19 - order_book_cli[6050610df3e64732]::tests::get_cli_command
[INFO] [stdout]   13:     0x62eb421ee46d - <order_book_cli[6050610df3e64732]::tests::test_place_buy_order_no_match::{closure#0} as core[a373ad73a504971]::ops::function::FnOnce<()>>::call_once
[INFO] [stdout]   14:     0x62eb421eee7b - test[aada8e7e76ba119b]::__rust_begin_short_backtrace::<core[a373ad73a504971]::result::Result<(), alloc[2e1b2a31b91974c5]::string::String>, fn() -> core[a373ad73a504971]::result::Result<(), alloc[2e1b2a31b91974c5]::string::String>>
[INFO] [stdout]   15:     0x62eb421fc055 - test[aada8e7e76ba119b]::run_test::{closure#0}
[INFO] [stdout]   16:     0x62eb421f5944 - std[617be2ca0a6fd877]::sys::backtrace::__rust_begin_short_backtrace::<test[aada8e7e76ba119b]::run_test::{closure#1}, ()>
[INFO] [stdout]   17:     0x62eb421ff0e2 - <std[617be2ca0a6fd877]::thread::lifecycle::spawn_unchecked<test[aada8e7e76ba119b]::run_test::{closure#1}, ()>::{closure#1} as core[a373ad73a504971]::ops::function::FnOnce<()>>::call_once::{shim:vtable#0}
[INFO] [stdout]   18:     0x62eb42275c9f - <std[617be2ca0a6fd877]::sys::thread::unix::Thread>::new::thread_start
[INFO] [stdout]   19:     0x7289973f9dfa - <unknown>
[INFO] [stdout]   20:     0x72899748d3d4 - clone
[INFO] [stdout]   21:                0x0 - <unknown>
[INFO] [stdout] 
[INFO] [stdout] ---- tests::test_negative_quantity stdout ----
[INFO] [stdout] 
[INFO] [stdout] thread 'tests::test_negative_quantity' (1587) panicked at order-book-cli/src/main.rs:464:13:
[INFO] [stdout] CLI binary not found. Please run 'cargo build --bin order-book-cli' first.
[INFO] [stdout] Original error: Cause: Cargo command not found: /opt/rustwide/target/release/build/order-book-cli/9c2b4ba4239106f9/out/order-book-cli
[INFO] [stdout] 
[INFO] [stdout] 
[INFO] [stdout] stack backtrace:
[INFO] [stdout]    0:     0x62eb422764c1 - <<std[617be2ca0a6fd877]::sys::backtrace::BacktraceLock>::print::DisplayBacktrace as core[a373ad73a504971]::fmt::Display>::fmt
[INFO] [stdout]    1:     0x62eb4228cc5a - core[a373ad73a504971]::fmt::write
[INFO] [stdout]    2:     0x62eb4227baec - <alloc[2e1b2a31b91974c5]::vec::Vec<u8> as core[a373ad73a504971]::io::write::Write>::write_fmt
[INFO] [stdout]    3:     0x62eb42251fd6 - std[617be2ca0a6fd877]::panicking::default_hook::{closure#0}
[INFO] [stdout]    4:     0x62eb4226ead9 - std[617be2ca0a6fd877]::panicking::default_hook
[INFO] [stdout]    5:     0x62eb421fba30 - test[aada8e7e76ba119b]::test_main_inner::{closure#0}
[INFO] [stdout]    6:     0x62eb4226ec92 - std[617be2ca0a6fd877]::panicking::panic_with_hook
[INFO] [stdout]    7:     0x62eb42252082 - std[617be2ca0a6fd877]::panicking::panic_handler::{closure#0}
[INFO] [stdout]    8:     0x62eb4224ad99 - std[617be2ca0a6fd877]::sys::backtrace::__rust_end_short_backtrace::<std[617be2ca0a6fd877]::panicking::panic_handler::{closure#0}, !>
[INFO] [stdout]    9:     0x62eb42252c8d - __rustc[ea4f61d10b84890b]::rust_begin_unwind
[INFO] [stdout]   10:     0x62eb4228d40c - core[a373ad73a504971]::panicking::panic_fmt
[INFO] [stdout]   11:     0x62eb421e956f - order_book_cli[6050610df3e64732]::tests::get_cli_command::{closure#0}
[INFO] [stdout]   12:     0x62eb421e9d19 - order_book_cli[6050610df3e64732]::tests::get_cli_command
[INFO] [stdout]   13:     0x62eb421ed30d - <order_book_cli[6050610df3e64732]::tests::test_negative_quantity::{closure#0} as core[a373ad73a504971]::ops::function::FnOnce<()>>::call_once
[INFO] [stdout]   14:     0x62eb421eee7b - test[aada8e7e76ba119b]::__rust_begin_short_backtrace::<core[a373ad73a504971]::result::Result<(), alloc[2e1b2a31b91974c5]::string::String>, fn() -> core[a373ad73a504971]::result::Result<(), alloc[2e1b2a31b91974c5]::string::String>>
[INFO] [stdout]   15:     0x62eb421fc055 - test[aada8e7e76ba119b]::run_test::{closure#0}
[INFO] [stdout]   16:     0x62eb421f5944 - std[617be2ca0a6fd877]::sys::backtrace::__rust_begin_short_backtrace::<test[aada8e7e76ba119b]::run_test::{closure#1}, ()>
[INFO] [stdout]   17:     0x62eb421ff0e2 - <std[617be2ca0a6fd877]::thread::lifecycle::spawn_unchecked<test[aada8e7e76ba119b]::run_test::{closure#1}, ()>::{closure#1} as core[a373ad73a504971]::ops::function::FnOnce<()>>::call_once::{shim:vtable#0}
[INFO] [stdout]   18:     0x62eb42275c9f - <std[617be2ca0a6fd877]::sys::thread::unix::Thread>::new::thread_start
[INFO] [stdout]   19:     0x7289973f9dfa - <unknown>
[INFO] [stdout]   20:     0x72899748d3d4 - clone
[INFO] [stdout]   21:                0x0 - <unknown>
[INFO] [stdout] 
[INFO] [stdout] ---- tests::test_no_subcommand_starts_interactive stdout ----
[INFO] [stdout] 
[INFO] [stdout] thread 'tests::test_no_subcommand_starts_interactive' (1588) panicked at order-book-cli/src/main.rs:464:13:
[INFO] [stdout] CLI binary not found. Please run 'cargo build --bin order-book-cli' first.
[INFO] [stdout] Original error: Cause: Cargo command not found: /opt/rustwide/target/release/build/order-book-cli/9c2b4ba4239106f9/out/order-book-cli
[INFO] [stdout] 
[INFO] [stdout] 
[INFO] [stdout] stack backtrace:
[INFO] [stdout]    0:     0x62eb422764c1 - <<std[617be2ca0a6fd877]::sys::backtrace::BacktraceLock>::print::DisplayBacktrace as core[a373ad73a504971]::fmt::Display>::fmt
[INFO] [stdout]    1:     0x62eb4228cc5a - core[a373ad73a504971]::fmt::write
[INFO] [stdout]    2:     0x62eb4227baec - <alloc[2e1b2a31b91974c5]::vec::Vec<u8> as core[a373ad73a504971]::io::write::Write>::write_fmt
[INFO] [stdout]    3:     0x62eb42251fd6 - std[617be2ca0a6fd877]::panicking::default_hook::{closure#0}
[INFO] [stdout]    4:     0x62eb4226ead9 - std[617be2ca0a6fd877]::panicking::default_hook
[INFO] [stdout]    5:     0x62eb421fba30 - test[aada8e7e76ba119b]::test_main_inner::{closure#0}
[INFO] [stdout]    6:     0x62eb4226ec92 - std[617be2ca0a6fd877]::panicking::panic_with_hook
[INFO] [stdout]    7:     0x62eb42252082 - std[617be2ca0a6fd877]::panicking::panic_handler::{closure#0}
[INFO] [stdout]    8:     0x62eb4224ad99 - std[617be2ca0a6fd877]::sys::backtrace::__rust_end_short_backtrace::<std[617be2ca0a6fd877]::panicking::panic_handler::{closure#0}, !>
[INFO] [stdout]    9:     0x62eb42252c8d - __rustc[ea4f61d10b84890b]::rust_begin_unwind
[INFO] [stdout]   10:     0x62eb4228d40c - core[a373ad73a504971]::panicking::panic_fmt
[INFO] [stdout]   11:     0x62eb421e956f - order_book_cli[6050610df3e64732]::tests::get_cli_command::{closure#0}
[INFO] [stdout]   12:     0x62eb421e9d19 - order_book_cli[6050610df3e64732]::tests::get_cli_command
[INFO] [stdout]   13:     0x62eb421eeaaa - <order_book_cli[6050610df3e64732]::tests::test_no_subcommand_starts_interactive::{closure#0} as core[a373ad73a504971]::ops::function::FnOnce<()>>::call_once
[INFO] [stdout]   14:     0x62eb421eee7b - test[aada8e7e76ba119b]::__rust_begin_short_backtrace::<core[a373ad73a504971]::result::Result<(), alloc[2e1b2a31b91974c5]::string::String>, fn() -> core[a373ad73a504971]::result::Result<(), alloc[2e1b2a31b91974c5]::string::String>>
[INFO] [stdout]   15:     0x62eb421fc055 - test[aada8e7e76ba119b]::run_test::{closure#0}
[INFO] [stdout]   16:     0x62eb421f5944 - std[617be2ca0a6fd877]::sys::backtrace::__rust_begin_short_backtrace::<test[aada8e7e76ba119b]::run_test::{closure#1}, ()>
[INFO] [stdout]   17:     0x62eb421ff0e2 - <std[617be2ca0a6fd877]::thread::lifecycle::spawn_unchecked<test[aada8e7e76ba119b]::run_test::{closure#1}, ()>::{closure#1} as core[a373ad73a504971]::ops::function::FnOnce<()>>::call_once::{shim:vtable#0}
[INFO] [stdout]   18:     0x62eb42275c9f - <std[617be2ca0a6fd877]::sys::thread::unix::Thread>::new::thread_start
[INFO] [stdout]   19:     0x7289973f9dfa - <unknown>
[INFO] [stdout]   20:     0x72899748d3d4 - clone
[INFO] [stdout]   21:                0x0 - <unknown>
[INFO] [stdout] 
[INFO] [stdout] ---- tests::test_invalid_side stdout ----
[INFO] [stdout] 
[INFO] [stdout] thread 'tests::test_invalid_side' (1583) panicked at order-book-cli/src/main.rs:464:13:
[INFO] [stdout] CLI binary not found. Please run 'cargo build --bin order-book-cli' first.
[INFO] [stdout] Original error: Cause: Cargo command not found: /opt/rustwide/target/release/build/order-book-cli/9c2b4ba4239106f9/out/order-book-cli
[INFO] [stdout] 
[INFO] [stdout] 
[INFO] [stdout] stack backtrace:
[INFO] [stdout]    0:     0x62eb422764c1 - <<std[617be2ca0a6fd877]::sys::backtrace::BacktraceLock>::print::DisplayBacktrace as core[a373ad73a504971]::fmt::Display>::fmt
[INFO] [stdout]    1:     0x62eb4228cc5a - core[a373ad73a504971]::fmt::write
[INFO] [stdout]    2:     0x62eb4227baec - <alloc[2e1b2a31b91974c5]::vec::Vec<u8> as core[a373ad73a504971]::io::write::Write>::write_fmt
[INFO] [stdout]    3:     0x62eb42251fd6 - std[617be2ca0a6fd877]::panicking::default_hook::{closure#0}
[INFO] [stdout]    4:     0x62eb4226ead9 - std[617be2ca0a6fd877]::panicking::default_hook
[INFO] [stdout]    5:     0x62eb421fba30 - test[aada8e7e76ba119b]::test_main_inner::{closure#0}
[INFO] [stdout]    6:     0x62eb4226ec92 - std[617be2ca0a6fd877]::panicking::panic_with_hook
[INFO] [stdout]    7:     0x62eb42252082 - std[617be2ca0a6fd877]::panicking::panic_handler::{closure#0}
[INFO] [stdout]    8:     0x62eb4224ad99 - std[617be2ca0a6fd877]::sys::backtrace::__rust_end_short_backtrace::<std[617be2ca0a6fd877]::panicking::panic_handler::{closure#0}, !>
[INFO] [stdout]    9:     0x62eb42252c8d - __rustc[ea4f61d10b84890b]::rust_begin_unwind
[INFO] [stdout]   10:     0x62eb4228d40c - core[a373ad73a504971]::panicking::panic_fmt
[INFO] [stdout]   11:     0x62eb421e956f - order_book_cli[6050610df3e64732]::tests::get_cli_command::{closure#0}
[INFO] [stdout]   12:     0x62eb421e9d19 - order_book_cli[6050610df3e64732]::tests::get_cli_command
[INFO] [stdout]   13:     0x62eb421eb25d - <order_book_cli[6050610df3e64732]::tests::test_invalid_side::{closure#0} as core[a373ad73a504971]::ops::function::FnOnce<()>>::call_once
[INFO] [stdout]   14:     0x62eb421eee7b - test[aada8e7e76ba119b]::__rust_begin_short_backtrace::<core[a373ad73a504971]::result::Result<(), alloc[2e1b2a31b91974c5]::string::String>, fn() -> core[a373ad73a504971]::result::Result<(), alloc[2e1b2a31b91974c5]::string::String>>
[INFO] [stdout]   15:     0x62eb421fc055 - test[aada8e7e76ba119b]::run_test::{closure#0}
[INFO] [stdout]   16:     0x62eb421f5944 - std[617be2ca0a6fd877]::sys::backtrace::__rust_begin_short_backtrace::<test[aada8e7e76ba119b]::run_test::{closure#1}, ()>
[INFO] [stdout]   17:     0x62eb421ff0e2 - <std[617be2ca0a6fd877]::thread::lifecycle::spawn_unchecked<test[aada8e7e76ba119b]::run_test::{closure#1}, ()>::{closure#1} as core[a373ad73a504971]::ops::function::FnOnce<()>>::call_once::{shim:vtable#0}
[INFO] [stdout]   18:     0x62eb42275c9f - <std[617be2ca0a6fd877]::sys::thread::unix::Thread>::new::thread_start
[INFO] [stdout]   19:     0x7289973f9dfa - <unknown>
[INFO] [stdout]   20:     0x72899748d3d4 - clone
[INFO] [stdout]   21:                0x0 - <unknown>
[INFO] [stdout] 
[INFO] [stdout] ---- tests::test_best_buy_empty_book stdout ----
[INFO] [stdout] 
[INFO] [stdout] thread 'tests::test_best_buy_empty_book' (1576) panicked at order-book-cli/src/main.rs:464:13:
[INFO] [stdout] CLI binary not found. Please run 'cargo build --bin order-book-cli' first.
[INFO] [stdout] Original error: Cause: Cargo command not found: /opt/rustwide/target/release/build/order-book-cli/9c2b4ba4239106f9/out/order-book-cli
[INFO] [stdout] 
[INFO] [stdout] 
[INFO] [stdout] stack backtrace:
[INFO] [stdout]    0:     0x62eb422764c1 - <<std[617be2ca0a6fd877]::sys::backtrace::BacktraceLock>::print::DisplayBacktrace as core[a373ad73a504971]::fmt::Display>::fmt
[INFO] [stdout]    1:     0x62eb4228cc5a - core[a373ad73a504971]::fmt::write
[INFO] [stdout]    2:     0x62eb4227baec - <alloc[2e1b2a31b91974c5]::vec::Vec<u8> as core[a373ad73a504971]::io::write::Write>::write_fmt
[INFO] [stdout]    3:     0x62eb42251fd6 - std[617be2ca0a6fd877]::panicking::default_hook::{closure#0}
[INFO] [stdout]    4:     0x62eb4226ead9 - std[617be2ca0a6fd877]::panicking::default_hook
[INFO] [stdout]    5:     0x62eb421fba30 - test[aada8e7e76ba119b]::test_main_inner::{closure#0}
[INFO] [stdout]    6:     0x62eb4226ec92 - std[617be2ca0a6fd877]::panicking::panic_with_hook
[INFO] [stdout]    7:     0x62eb42252082 - std[617be2ca0a6fd877]::panicking::panic_handler::{closure#0}
[INFO] [stdout]    8:     0x62eb4224ad99 - std[617be2ca0a6fd877]::sys::backtrace::__rust_end_short_backtrace::<std[617be2ca0a6fd877]::panicking::panic_handler::{closure#0}, !>
[INFO] [stdout]    9:     0x62eb42252c8d - __rustc[ea4f61d10b84890b]::rust_begin_unwind
[INFO] [stdout]   10:     0x62eb4228d40c - core[a373ad73a504971]::panicking::panic_fmt
[INFO] [stdout]   11:     0x62eb421e956f - order_book_cli[6050610df3e64732]::tests::get_cli_command::{closure#0}
[INFO] [stdout]   12:     0x62eb421e9d19 - order_book_cli[6050610df3e64732]::tests::get_cli_command
[INFO] [stdout]   13:     0x62eb421ed8cd - <order_book_cli[6050610df3e64732]::tests::test_best_buy_empty_book::{closure#0} as core[a373ad73a504971]::ops::function::FnOnce<()>>::call_once
[INFO] [stdout]   14:     0x62eb421eee7b - test[aada8e7e76ba119b]::__rust_begin_short_backtrace::<core[a373ad73a504971]::result::Result<(), alloc[2e1b2a31b91974c5]::string::String>, fn() -> core[a373ad73a504971]::result::Result<(), alloc[2e1b2a31b91974c5]::string::String>>
[INFO] [stdout]   15:     0x62eb421fc055 - test[aada8e7e76ba119b]::run_test::{closure#0}
[INFO] [stdout]   16:     0x62eb421f5944 - std[617be2ca0a6fd877]::sys::backtrace::__rust_begin_short_backtrace::<test[aada8e7e76ba119b]::run_test::{closure#1}, ()>
[INFO] [stdout]   17:     0x62eb421ff0e2 - <std[617be2ca0a6fd877]::thread::lifecycle::spawn_unchecked<test[aada8e7e76ba119b]::run_test::{closure#1}, ()>::{closure#1} as core[a373ad73a504971]::ops::function::FnOnce<()>>::call_once::{shim:vtable#0}
[INFO] [stdout]   18:     0x62eb42275c9f - <std[617be2ca0a6fd877]::sys::thread::unix::Thread>::new::thread_start
[INFO] [stdout]   19:     0x7289973f9dfa - <unknown>
[INFO] [stdout]   20:     0x72899748d3d4 - clone
[INFO] [stdout]   21:                0x0 - <unknown>
[INFO] [stdout] 
[INFO] [stdout] ---- tests::test_best_sell_empty_book stdout ----
[INFO] [stdout] 
[INFO] [stdout] thread 'tests::test_best_sell_empty_book' (1577) panicked at order-book-cli/src/main.rs:464:13:
[INFO] [stdout] CLI binary not found. Please run 'cargo build --bin order-book-cli' first.
[INFO] [stdout] Original error: Cause: Cargo command not found: /opt/rustwide/target/release/build/order-book-cli/9c2b4ba4239106f9/out/order-book-cli
[INFO] [stdout] 
[INFO] [stdout] 
[INFO] [stdout] stack backtrace:
[INFO] [stdout]    0:     0x62eb422764c1 - <<std[617be2ca0a6fd877]::sys::backtrace::BacktraceLock>::print::DisplayBacktrace as core[a373ad73a504971]::fmt::Display>::fmt
[INFO] [stdout]    1:     0x62eb4228cc5a - core[a373ad73a504971]::fmt::write
[INFO] [stdout]    2:     0x62eb4227baec - <alloc[2e1b2a31b91974c5]::vec::Vec<u8> as core[a373ad73a504971]::io::write::Write>::write_fmt
[INFO] [stdout]    3:     0x62eb42251fd6 - std[617be2ca0a6fd877]::panicking::default_hook::{closure#0}
[INFO] [stdout]    4:     0x62eb4226ead9 - std[617be2ca0a6fd877]::panicking::default_hook
[INFO] [stdout]    5:     0x62eb421fba30 - test[aada8e7e76ba119b]::test_main_inner::{closure#0}
[INFO] [stdout]    6:     0x62eb4226ec92 - std[617be2ca0a6fd877]::panicking::panic_with_hook
[INFO] [stdout]    7:     0x62eb42252082 - std[617be2ca0a6fd877]::panicking::panic_handler::{closure#0}
[INFO] [stdout]    8:     0x62eb4224ad99 - std[617be2ca0a6fd877]::sys::backtrace::__rust_end_short_backtrace::<std[617be2ca0a6fd877]::panicking::panic_handler::{closure#0}, !>
[INFO] [stdout]    9:     0x62eb42252c8d - __rustc[ea4f61d10b84890b]::rust_begin_unwind
[INFO] [stdout]   10:     0x62eb4228d40c - core[a373ad73a504971]::panicking::panic_fmt
[INFO] [stdout]   11:     0x62eb421e956f - order_book_cli[6050610df3e64732]::tests::get_cli_command::{closure#0}
[INFO] [stdout]   12:     0x62eb421e9d19 - order_book_cli[6050610df3e64732]::tests::get_cli_command
[INFO] [stdout]   13:     0x62eb421ee1ad - <order_book_cli[6050610df3e64732]::tests::test_best_sell_empty_book::{closure#0} as core[a373ad73a504971]::ops::function::FnOnce<()>>::call_once
[INFO] [stdout]   14:     0x62eb421eee7b - test[aada8e7e76ba119b]::__rust_begin_short_backtrace::<core[a373ad73a504971]::result::Result<(), alloc[2e1b2a31b91974c5]::string::String>, fn() -> core[a373ad73a504971]::result::Result<(), alloc[2e1b2a31b91974c5]::string::String>>
[INFO] [stdout]   15:     0x62eb421fc055 - test[aada8e7e76ba119b]::run_test::{closure#0}
[INFO] [stdout]   16:     0x62eb421f5944 - std[617be2ca0a6fd877]::sys::backtrace::__rust_begin_short_backtrace::<test[aada8e7e76ba119b]::run_test::{closure#1}, ()>
[INFO] [stdout]   17:     0x62eb421ff0e2 - <std[617be2ca0a6fd877]::thread::lifecycle::spawn_unchecked<test[aada8e7e76ba119b]::run_test::{closure#1}, ()>::{closure#1} as core[a373ad73a504971]::ops::function::FnOnce<()>>::call_once::{shim:vtable#0}
[INFO] [stdout]   18:     0x62eb42275c9f - <std[617be2ca0a6fd877]::sys::thread::unix::Thread>::new::thread_start
[INFO] [stdout]   19:     0x7289973f9dfa - <unknown>
[INFO] [stdout]   20:     0x72899748d3d4 - clone
[INFO] [stdout]   21:                0x0 - <unknown>
[INFO] [stdout] 
[INFO] [stdout] ---- tests::test_zero_quantity stdout ----
[INFO] [stdout] 
[INFO] [stdout] thread 'tests::test_zero_quantity' (1595) panicked at order-book-cli/src/main.rs:464:13:
[INFO] [stdout] CLI binary not found. Please run 'cargo build --bin order-book-cli' first.
[INFO] [stdout] Original error: Cause: Cargo command not found: /opt/rustwide/target/release/build/order-book-cli/9c2b4ba4239106f9/out/order-book-cli
[INFO] [stdout] 
[INFO] [stdout] 
[INFO] [stdout] stack backtrace:
[INFO] [stdout]    0:     0x62eb422764c1 - <<std[617be2ca0a6fd877]::sys::backtrace::BacktraceLock>::print::DisplayBacktrace as core[a373ad73a504971]::fmt::Display>::fmt
[INFO] [stdout]    1:     0x62eb4228cc5a - core[a373ad73a504971]::fmt::write
[INFO] [stdout]    2:     0x62eb4227baec - <alloc[2e1b2a31b91974c5]::vec::Vec<u8> as core[a373ad73a504971]::io::write::Write>::write_fmt
[INFO] [stdout]    3:     0x62eb42251fd6 - std[617be2ca0a6fd877]::panicking::default_hook::{closure#0}
[INFO] [stdout]    4:     0x62eb4226ead9 - std[617be2ca0a6fd877]::panicking::default_hook
[INFO] [stdout]    5:     0x62eb421fba30 - test[aada8e7e76ba119b]::test_main_inner::{closure#0}
[INFO] [stdout]    6:     0x62eb4226ec92 - std[617be2ca0a6fd877]::panicking::panic_with_hook
[INFO] [stdout]    7:     0x62eb42252082 - std[617be2ca0a6fd877]::panicking::panic_handler::{closure#0}
[INFO] [stdout]    8:     0x62eb4224ad99 - std[617be2ca0a6fd877]::sys::backtrace::__rust_end_short_backtrace::<std[617be2ca0a6fd877]::panicking::panic_handler::{closure#0}, !>
[INFO] [stdout]    9:     0x62eb42252c8d - __rustc[ea4f61d10b84890b]::rust_begin_unwind
[INFO] [stdout]   10:     0x62eb4228d40c - core[a373ad73a504971]::panicking::panic_fmt
[INFO] [stdout]   11:     0x62eb421e956f - order_book_cli[6050610df3e64732]::tests::get_cli_command::{closure#0}
[INFO] [stdout]   12:     0x62eb421e9d19 - order_book_cli[6050610df3e64732]::tests::get_cli_command
[INFO] [stdout]   13:     0x62eb421ebe5d - <order_book_cli[6050610df3e64732]::tests::test_zero_quantity::{closure#0} as core[a373ad73a504971]::ops::function::FnOnce<()>>::call_once
[INFO] [stdout]   14:     0x62eb421eee7b - test[aada8e7e76ba119b]::__rust_begin_short_backtrace::<core[a373ad73a504971]::result::Result<(), alloc[2e1b2a31b91974c5]::string::String>, fn() -> core[a373ad73a504971]::result::Result<(), alloc[2e1b2a31b91974c5]::string::String>>
[INFO] [stdout]   15:     0x62eb421fc055 - test[aada8e7e76ba119b]::run_test::{closure#0}
[INFO] [stdout]   16:     0x62eb421f5944 - std[617be2ca0a6fd877]::sys::backtrace::__rust_begin_short_backtrace::<test[aada8e7e76ba119b]::run_test::{closure#1}, ()>
[INFO] [stdout]   17:     0x62eb421ff0e2 - <std[617be2ca0a6fd877]::thread::lifecycle::spawn_unchecked<test[aada8e7e76ba119b]::run_test::{closure#1}, ()>::{closure#1} as core[a373ad73a504971]::ops::function::FnOnce<()>>::call_once::{shim:vtable#0}
[INFO] [stdout]   18:     0x62eb42275c9f - <std[617be2ca0a6fd877]::sys::thread::unix::Thread>::new::thread_start
[INFO] [stdout]   19:     0x7289973f9dfa - <unknown>
[INFO] [stdout]   20:     0x72899748d3d4 - clone
[INFO] [stdout]   21:                0x0 - <unknown>
[INFO] [stdout] 
[INFO] [stdout] ---- tests::test_unknown_subcommand stdout ----
[INFO] [stdout] 
[INFO] [stdout] thread 'tests::test_unknown_subcommand' (1592) panicked at order-book-cli/src/main.rs:464:13:
[INFO] [stdout] CLI binary not found. Please run 'cargo build --bin order-book-cli' first.
[INFO] [stdout] Original error: Cause: Cargo command not found: /opt/rustwide/target/release/build/order-book-cli/9c2b4ba4239106f9/out/order-book-cli
[INFO] [stdout] 
[INFO] [stdout] 
[INFO] [stdout] stack backtrace:
[INFO] [stdout]    0:     0x62eb422764c1 - <<std[617be2ca0a6fd877]::sys::backtrace::BacktraceLock>::print::DisplayBacktrace as core[a373ad73a504971]::fmt::Display>::fmt
[INFO] [stdout]    1:     0x62eb4228cc5a - core[a373ad73a504971]::fmt::write
[INFO] [stdout]    2:     0x62eb4227baec - <alloc[2e1b2a31b91974c5]::vec::Vec<u8> as core[a373ad73a504971]::io::write::Write>::write_fmt
[INFO] [stdout]    3:     0x62eb42251fd6 - std[617be2ca0a6fd877]::panicking::default_hook::{closure#0}
[INFO] [stdout]    4:     0x62eb4226ead9 - std[617be2ca0a6fd877]::panicking::default_hook
[INFO] [stdout]    5:     0x62eb421fba30 - test[aada8e7e76ba119b]::test_main_inner::{closure#0}
[INFO] [stdout]    6:     0x62eb4226ec92 - std[617be2ca0a6fd877]::panicking::panic_with_hook
[INFO] [stdout]    7:     0x62eb42252082 - std[617be2ca0a6fd877]::panicking::panic_handler::{closure#0}
[INFO] [stdout]    8:     0x62eb4224ad99 - std[617be2ca0a6fd877]::sys::backtrace::__rust_end_short_backtrace::<std[617be2ca0a6fd877]::panicking::panic_handler::{closure#0}, !>
[INFO] [stdout]    9:     0x62eb42252c8d - __rustc[ea4f61d10b84890b]::rust_begin_unwind
[INFO] [stdout]   10:     0x62eb4228d40c - core[a373ad73a504971]::panicking::panic_fmt
[INFO] [stdout]   11:     0x62eb421e956f - order_book_cli[6050610df3e64732]::tests::get_cli_command::{closure#0}
[INFO] [stdout]   12:     0x62eb421e9d19 - order_book_cli[6050610df3e64732]::tests::get_cli_command
[INFO] [stdout]   13:     0x62eb421ed61d - <order_book_cli[6050610df3e64732]::tests::test_unknown_subcommand::{closure#0} as core[a373ad73a504971]::ops::function::FnOnce<()>>::call_once
[INFO] [stdout]   14:     0x62eb421eee7b - test[aada8e7e76ba119b]::__rust_begin_short_backtrace::<core[a373ad73a504971]::result::Result<(), alloc[2e1b2a31b91974c5]::string::String>, fn() -> core[a373ad73a504971]::result::Result<(), alloc[2e1b2a31b91974c5]::string::String>>
[INFO] [stdout]   15:     0x62eb421fc055 - test[aada8e7e76ba119b]::run_test::{closure#0}
[INFO] [stdout]   16:     0x62eb421f5944 - std[617be2ca0a6fd877]::sys::backtrace::__rust_begin_short_backtrace::<test[aada8e7e76ba119b]::run_test::{closure#1}, ()>
[INFO] [stdout]   17:     0x62eb421ff0e2 - <std[617be2ca0a6fd877]::thread::lifecycle::spawn_unchecked<test[aada8e7e76ba119b]::run_test::{closure#1}, ()>::{closure#1} as core[a373ad73a504971]::ops::function::FnOnce<()>>::call_once::{shim:vtable#0}
[INFO] [stdout]   18:     0x62eb42275c9f - <std[617be2ca0a6fd877]::sys::thread::unix::Thread>::new::thread_start
[INFO] [stdout]   19:     0x7289973f9dfa - <unknown>
[INFO] [stdout]   20:     0x72899748d3d4 - clone
[INFO] [stdout]   21:                0x0 - <unknown>
[INFO] [stdout] 
[INFO] [stdout] ---- tests::test_place_sell_order_no_match stdout ----
[INFO] [stdout] 
[INFO] [stdout] thread 'tests::test_place_sell_order_no_match' (1591) panicked at order-book-cli/src/main.rs:464:13:
[INFO] [stdout] CLI binary not found. Please run 'cargo build --bin order-book-cli' first.
[INFO] [stdout] Original error: Cause: Cargo command not found: /opt/rustwide/target/release/build/order-book-cli/9c2b4ba4239106f9/out/order-book-cli
[INFO] [stdout] 
[INFO] [stdout] 
[INFO] [stdout] stack backtrace:
[INFO] [stdout]    0:     0x62eb422764c1 - <<std[617be2ca0a6fd877]::sys::backtrace::BacktraceLock>::print::DisplayBacktrace as core[a373ad73a504971]::fmt::Display>::fmt
[INFO] [stdout]    1:     0x62eb4228cc5a - core[a373ad73a504971]::fmt::write
[INFO] [stdout]    2:     0x62eb4227baec - <alloc[2e1b2a31b91974c5]::vec::Vec<u8> as core[a373ad73a504971]::io::write::Write>::write_fmt
[INFO] [stdout]    3:     0x62eb42251fd6 - std[617be2ca0a6fd877]::panicking::default_hook::{closure#0}
[INFO] [stdout]    4:     0x62eb4226ead9 - std[617be2ca0a6fd877]::panicking::default_hook
[INFO] [stdout]    5:     0x62eb421fba30 - test[aada8e7e76ba119b]::test_main_inner::{closure#0}
[INFO] [stdout]    6:     0x62eb4226ec92 - std[617be2ca0a6fd877]::panicking::panic_with_hook
[INFO] [stdout]    7:     0x62eb42252082 - std[617be2ca0a6fd877]::panicking::panic_handler::{closure#0}
[INFO] [stdout]    8:     0x62eb4224ad99 - std[617be2ca0a6fd877]::sys::backtrace::__rust_end_short_backtrace::<std[617be2ca0a6fd877]::panicking::panic_handler::{closure#0}, !>
[INFO] [stdout]    9:     0x62eb42252c8d - __rustc[ea4f61d10b84890b]::rust_begin_unwind
[INFO] [stdout]   10:     0x62eb4228d40c - core[a373ad73a504971]::panicking::panic_fmt
[INFO] [stdout]   11:     0x62eb421e956f - order_book_cli[6050610df3e64732]::tests::get_cli_command::{closure#0}
[INFO] [stdout]   12:     0x62eb421e9d19 - order_book_cli[6050610df3e64732]::tests::get_cli_command
[INFO] [stdout]   13:     0x62eb421ee78d - <order_book_cli[6050610df3e64732]::tests::test_place_sell_order_no_match::{closure#0} as core[a373ad73a504971]::ops::function::FnOnce<()>>::call_once
[INFO] [stdout]   14:     0x62eb421eee7b - test[aada8e7e76ba119b]::__rust_begin_short_backtrace::<core[a373ad73a504971]::result::Result<(), alloc[2e1b2a31b91974c5]::string::String>, fn() -> core[a373ad73a504971]::result::Result<(), alloc[2e1b2a31b91974c5]::string::String>>
[INFO] [stdout]   15:     0x62eb421fc055 - test[aada8e7e76ba119b]::run_test::{closure#0}
[INFO] [stdout]   16:     0x62eb421f5944 - std[617be2ca0a6fd877]::sys::backtrace::__rust_begin_short_backtrace::<test[aada8e7e76ba119b]::run_test::{closure#1}, ()>
[INFO] [stdout]   17:     0x62eb421ff0e2 - <std[617be2ca0a6fd877]::thread::lifecycle::spawn_unchecked<test[aada8e7e76ba119b]::run_test::{closure#1}, ()>::{closure#1} as core[a373ad73a504971]::ops::function::FnOnce<()>>::call_once::{shim:vtable#0}
[INFO] [stdout]   18:     0x62eb42275c9f - <std[617be2ca0a6fd877]::sys::thread::unix::Thread>::new::thread_start
[INFO] [stdout]   19:     0x7289973f9dfa - <unknown>
[INFO] [stdout]   20:     0x72899748d3d4 - clone
[INFO] [stdout]   21:                0x0 - <unknown>
[INFO] [stdout] 
[INFO] [stdout] ---- tests::test_case_sensitive_side stdout ----
[INFO] [stdout] 
[INFO] [stdout] thread 'tests::test_case_sensitive_side' (1578) panicked at order-book-cli/src/main.rs:464:13:
[INFO] [stdout] CLI binary not found. Please run 'cargo build --bin order-book-cli' first.
[INFO] [stdout] Original error: Cause: Cargo command not found: /opt/rustwide/target/release/build/order-book-cli/9c2b4ba4239106f9/out/order-book-cli
[INFO] [stdout] 
[INFO] [stdout] 
[INFO] [stdout] stack backtrace:
[INFO] [stdout]    0:     0x62eb422764c1 - <<std[617be2ca0a6fd877]::sys::backtrace::BacktraceLock>::print::DisplayBacktrace as core[a373ad73a504971]::fmt::Display>::fmt
[INFO] [stdout]    1:     0x62eb4228cc5a - core[a373ad73a504971]::fmt::write
[INFO] [stdout]    2:     0x62eb4227baec - <alloc[2e1b2a31b91974c5]::vec::Vec<u8> as core[a373ad73a504971]::io::write::Write>::write_fmt
[INFO] [stdout]    3:     0x62eb42251fd6 - std[617be2ca0a6fd877]::panicking::default_hook::{closure#0}
[INFO] [stdout]    4:     0x62eb4226ead9 - std[617be2ca0a6fd877]::panicking::default_hook
[INFO] [stdout]    5:     0x62eb421fba30 - test[aada8e7e76ba119b]::test_main_inner::{closure#0}
[INFO] [stdout]    6:     0x62eb4226ec92 - std[617be2ca0a6fd877]::panicking::panic_with_hook
[INFO] [stdout]    7:     0x62eb42252082 - std[617be2ca0a6fd877]::panicking::panic_handler::{closure#0}
[INFO] [stdout]    8:     0x62eb4224ad99 - std[617be2ca0a6fd877]::sys::backtrace::__rust_end_short_backtrace::<std[617be2ca0a6fd877]::panicking::panic_handler::{closure#0}, !>
[INFO] [stdout]    9:     0x62eb42252c8d - __rustc[ea4f61d10b84890b]::rust_begin_unwind
[INFO] [stdout]   10:     0x62eb4228d40c - core[a373ad73a504971]::panicking::panic_fmt
[INFO] [stdout]   11:     0x62eb421e956f - order_book_cli[6050610df3e64732]::tests::get_cli_command::{closure#0}
[INFO] [stdout]   12:     0x62eb421e9d19 - order_book_cli[6050610df3e64732]::tests::get_cli_command
[INFO] [stdout]   13:     0x62eb421edb8f - <order_book_cli[6050610df3e64732]::tests::test_case_sensitive_side::{closure#0} as core[a373ad73a504971]::ops::function::FnOnce<()>>::call_once
[INFO] [stdout]   14:     0x62eb421eee7b - test[aada8e7e76ba119b]::__rust_begin_short_backtrace::<core[a373ad73a504971]::result::Result<(), alloc[2e1b2a31b91974c5]::string::String>, fn() -> core[a373ad73a504971]::result::Result<(), alloc[2e1b2a31b91974c5]::string::String>>
[INFO] [stdout]   15:     0x62eb421fc055 - test[aada8e7e76ba119b]::run_test::{closure#0}
[INFO] [stdout]   16:     0x62eb421f5944 - std[617be2ca0a6fd877]::sys::backtrace::__rust_begin_short_backtrace::<test[aada8e7e76ba119b]::run_test::{closure#1}, ()>
[INFO] [stdout]   17:     0x62eb421ff0e2 - <std[617be2ca0a6fd877]::thread::lifecycle::spawn_unchecked<test[aada8e7e76ba119b]::run_test::{closure#1}, ()>::{closure#1} as core[a373ad73a504971]::ops::function::FnOnce<()>>::call_once::{shim:vtable#0}
[INFO] [stdout]   18:     0x62eb42275c9f - <std[617be2ca0a6fd877]::sys::thread::unix::Thread>::new::thread_start
[INFO] [stdout]   19:     0x7289973f9dfa - <unknown>
[INFO] [stdout]   20:     0x72899748d3d4 - clone
[INFO] [stdout]   21:                0x0 - <unknown>
[INFO] [stdout] 
[INFO] [stdout] 
[INFO] [stdout] failures:
[INFO] [stdout]     tests::test_best_buy_empty_book
[INFO] [stdout]     tests::test_best_sell_empty_book
[INFO] [stdout]     tests::test_case_sensitive_side
[INFO] [stdout]     tests::test_help_command
[INFO] [stdout]     tests::test_invalid_id
[INFO] [stdout]     tests::test_invalid_price
[INFO] [stdout]     tests::test_invalid_quantity
[INFO] [stdout]     tests::test_invalid_side
[INFO] [stdout]     tests::test_large_numbers
[INFO] [stdout]     tests::test_missing_arguments
[INFO] [stdout]     tests::test_negative_price
[INFO] [stdout]     tests::test_negative_quantity
[INFO] [stdout]     tests::test_no_subcommand_starts_interactive
[INFO] [stdout]     tests::test_place_buy_order_no_match
[INFO] [stdout]     tests::test_place_order_help
[INFO] [stdout]     tests::test_place_sell_order_no_match
[INFO] [stdout]     tests::test_unknown_subcommand
[INFO] [stdout]     tests::test_version_flag
[INFO] [stdout]     tests::test_zero_price
[INFO] [stdout]     tests::test_zero_quantity
[INFO] [stdout] 
[INFO] [stdout] test result: FAILED. 0 passed; 20 failed; 0 ignored; 0 measured; 0 filtered out; finished in 0.02s
[INFO] [stdout] 
[INFO] running `Command { std: "docker" "inspect" "d370faf7222f16959ce0039d1d69e8990ebff8d21e33aa339a4f7bbdcd3a6ca7", kill_on_drop: false }`
[INFO] running `Command { std: "docker" "rm" "-f" "d370faf7222f16959ce0039d1d69e8990ebff8d21e33aa339a4f7bbdcd3a6ca7", kill_on_drop: false }`
[INFO] [stdout] d370faf7222f16959ce0039d1d69e8990ebff8d21e33aa339a4f7bbdcd3a6ca7
