[INFO] cloning repository https://github.com/DustInTheWoods/rapid_net
[INFO] running `Command { std: "git" "-c" "credential.helper=" "-c" "credential.helper=/workspace/cargo-home/bin/git-credential-null" "clone" "--bare" "https://github.com/DustInTheWoods/rapid_net" "/workspace/cache/git-repos/https%3A%2F%2Fgithub.com%2FDustInTheWoods%2Frapid_net", kill_on_drop: false }`
[INFO] [stderr] Cloning into bare repository '/workspace/cache/git-repos/https%3A%2F%2Fgithub.com%2FDustInTheWoods%2Frapid_net'...
[INFO] running `Command { std: "git" "rev-parse" "HEAD", kill_on_drop: false }`
[INFO] [stdout] b56732fe2c0d85c69425ad5b9ab3f753acfe50d6
[INFO] testing DustInTheWoods/rapid_net against 1.100.0-beta.1+cargoflags=--release for beta-release-1.100-2
[INFO] running `Command { std: "git" "clone" "/workspace/cache/git-repos/https%3A%2F%2Fgithub.com%2FDustInTheWoods%2Frapid_net" "/workspace/builds/worker-1-tc2/source", kill_on_drop: false }`
[INFO] [stderr] Cloning into '/workspace/builds/worker-1-tc2/source'...
[INFO] [stderr] done.
[INFO] started tweaking git repo https://github.com/DustInTheWoods/rapid_net
[INFO] finished tweaking git repo https://github.com/DustInTheWoods/rapid_net
[INFO] tweaked toml for git repo https://github.com/DustInTheWoods/rapid_net written to /workspace/builds/worker-1-tc2/source/Cargo.toml
[INFO] validating manifest of git repo https://github.com/DustInTheWoods/rapid_net on toolchain 1.100.0-beta.1
[INFO] running `Command { std: CARGO_HOME="/workspace/cargo-home" RUSTUP_HOME="/workspace/rustup-home" "/workspace/cargo-home/bin/cargo" "+1.100.0-beta.1" "metadata" "--manifest-path" "Cargo.toml" "--no-deps", kill_on_drop: false }`
[INFO] crate git repo https://github.com/DustInTheWoods/rapid_net already has a lockfile, it will not be regenerated
[INFO] running `Command { std: CARGO_HOME="/workspace/cargo-home" RUSTUP_HOME="/workspace/rustup-home" "/workspace/cargo-home/bin/cargo" "+1.100.0-beta.1" "fetch" "--manifest-path" "Cargo.toml", kill_on_drop: false }`
[INFO] running `Command { std: "docker" "create" "-v" "/var/lib/crater-agent-workspace/builds/worker-1-tc2/source:/opt/rustwide/workdir:ro,Z" "-v" "/var/lib/crater-agent-workspace/builds/worker-1-tc2/target:/opt/rustwide/target:rw,Z" "-v" "/var/lib/crater-agent-workspace/cargo-home:/opt/rustwide/cargo-home:ro,Z" "-v" "/var/lib/crater-agent-workspace/rustup-home:/opt/rustwide/rustup-home:ro,Z" "-m" "1610612736" "--network" "none" "ghcr.io/rust-lang/crates-build-env/linux@sha256:77db811e55d90add9212f6832c23229e3de5f1c1f9905e8cb07319ea15df73ac" "sleep" "infinity", kill_on_drop: false }`
[INFO] [stdout] 075160b302bb658372eb3216b1180a785bf4d8155c898be43910d04472fc6051
[INFO] running `Command { std: "docker" "start" "075160b302bb658372eb3216b1180a785bf4d8155c898be43910d04472fc6051", kill_on_drop: false }`
[INFO] running `Command { std: "docker" "inspect" "075160b302bb658372eb3216b1180a785bf4d8155c898be43910d04472fc6051", kill_on_drop: false }`
[INFO] running `Command { std: "docker" "exec" "-e" "SOURCE_DIR=/opt/rustwide/workdir" "-e" "CARGO_HOME=/opt/rustwide/cargo-home" "-e" "RUSTUP_HOME=/opt/rustwide/rustup-home" "-e" "CARGO_TARGET_DIR=/opt/rustwide/target" "-w" "/opt/rustwide/workdir" "--user" "0:0" "075160b302bb658372eb3216b1180a785bf4d8155c898be43910d04472fc6051" "/opt/rustwide/cargo-home/bin/cargo" "+1.100.0-beta.1" "metadata" "--no-deps" "--format-version=1", kill_on_drop: false }`
[INFO] running `Command { std: "docker" "inspect" "075160b302bb658372eb3216b1180a785bf4d8155c898be43910d04472fc6051", kill_on_drop: false }`
[INFO] running `Command { std: "docker" "exec" "-e" "SOURCE_DIR=/opt/rustwide/workdir" "-e" "CARGO_HOME=/opt/rustwide/cargo-home" "-e" "RUSTUP_HOME=/opt/rustwide/rustup-home" "-e" "CARGO_TARGET_DIR=/opt/rustwide/target" "-e" "CARGO_INCREMENTAL=0" "-e" "RUST_BACKTRACE=full" "-e" "RUSTFLAGS=--cap-lints=warn" "-e" "RUSTDOCFLAGS=--cap-lints=warn" "-w" "/opt/rustwide/workdir" "--user" "0:0" "075160b302bb658372eb3216b1180a785bf4d8155c898be43910d04472fc6051" "/opt/rustwide/cargo-home/bin/cargo" "+1.100.0-beta.1" "build" "--frozen" "--message-format=json" "--release", kill_on_drop: false }`
[INFO] [stderr]    Compiling proc-macro2 v1.0.95
[INFO] [stderr]    Compiling unicode-ident v1.0.18
[INFO] [stderr]    Compiling memchr v2.7.5
[INFO] [stderr]    Compiling futures-core v0.3.31
[INFO] [stderr]    Compiling cfg-if v1.0.1
[INFO] [stderr]    Compiling regex-syntax v0.8.5
[INFO] [stderr]    Compiling pin-project-lite v0.2.16
[INFO] [stderr]    Compiling futures-sink v0.3.31
[INFO] [stderr]    Compiling log v0.4.27
[INFO] [stderr]    Compiling getrandom v0.3.3
[INFO] [stderr]    Compiling slab v0.4.10
[INFO] [stderr]    Compiling futures-channel v0.3.31
[INFO] [stderr]    Compiling anstyle-parse v0.2.7
[INFO] [stderr]    Compiling anstyle v1.0.11
[INFO] [stderr]    Compiling smallvec v1.15.1
[INFO] [stderr]    Compiling thiserror v2.0.12
[INFO] [stderr]    Compiling serde v1.0.219
[INFO] [stderr]    Compiling anstyle-query v1.1.3
[INFO] [stderr]    Compiling parking_lot_core v0.9.11
[INFO] [stderr]    Compiling anstream v0.6.19
[INFO] [stderr]    Compiling socket2 v0.5.10
[INFO] [stderr]    Compiling mio v1.0.4
[INFO] [stderr]    Compiling hashbrown v0.15.4
[INFO] [stderr]    Compiling quote v1.0.40
[INFO] [stderr]    Compiling aho-corasick v1.1.3
[INFO] [stderr]    Compiling syn v2.0.104
[INFO] [stderr]    Compiling jiff v0.2.15
[INFO] [stderr]    Compiling uuid v1.17.0
[INFO] [stderr]    Compiling rapid_tlv v0.1.1 (https://github.com/DustInTheWoods/rapid_tlv#2fc8b68f)
[INFO] [stderr]    Compiling dashmap v7.0.0-rc2
[INFO] [stderr]    Compiling regex-automata v0.4.9
[INFO] [stderr]    Compiling futures-macro v0.3.31
[INFO] [stderr]    Compiling thiserror-impl v2.0.12
[INFO] [stderr]    Compiling tokio-macros v2.5.0
[INFO] [stderr]    Compiling serde_derive v1.0.219
[INFO] [stderr]    Compiling tokio v1.46.1
[INFO] [stderr]    Compiling futures-util v0.3.31
[INFO] [stderr]    Compiling regex v1.11.1
[INFO] [stderr]    Compiling env_filter v0.1.3
[INFO] [stderr]    Compiling env_logger v0.11.8
[INFO] [stderr]    Compiling futures-executor v0.3.31
[INFO] [stderr]    Compiling futures v0.3.31
[INFO] [stderr]    Compiling rapid_net v0.1.1 (/opt/rustwide/workdir)
[INFO] [stdout] warning: unused import: `std::path::Path`
[INFO] [stdout]   --> src/client/io_core.rs:17:5
[INFO] [stdout]    |
[INFO] [stdout] 17 | use std::path::Path;
[INFO] [stdout]    |     ^^^^^^^^^^^^^^^
[INFO] [stdout]    |
[INFO] [stdout]    = note: `#[warn(unused_imports)]` (part of `#[warn(unused)]`) on by default
[INFO] [stdout] 
[INFO] [stdout] 
[INFO] [stdout] warning: unused import: `std::path::Path`
[INFO] [stdout]   --> src/client/inbound.rs:11:5
[INFO] [stdout]    |
[INFO] [stdout] 11 | use std::path::Path;
[INFO] [stdout]    |     ^^^^^^^^^^^^^^^
[INFO] [stdout] 
[INFO] [stdout] 
[INFO] [stdout] warning: unused import: `std::path::Path`
[INFO] [stdout]   --> src/client/outbound.rs:17:5
[INFO] [stdout]    |
[INFO] [stdout] 17 | use std::path::Path;
[INFO] [stdout]    |     ^^^^^^^^^^^^^^^
[INFO] [stdout] 
[INFO] [stdout] 
[INFO] [stdout] warning: unused import: `log`
[INFO] [stdout]  --> src/rapid_log.rs:1:5
[INFO] [stdout]   |
[INFO] [stdout] 1 | use log;
[INFO] [stdout]   |     ^^^
[INFO] [stdout] 
[INFO] [stdout] 
[INFO] [stdout] warning: unused import: `tokio::net::unix::SocketAddr as UnixSocketAddr`
[INFO] [stdout]   --> src/server.rs:11:5
[INFO] [stdout]    |
[INFO] [stdout] 11 | use tokio::net::unix::SocketAddr as UnixSocketAddr;
[INFO] [stdout]    |     ^^^^^^^^^^^^^^^^^^^^^^^^^^^^^^^^^^^^^^^^^^^^^^
[INFO] [stdout] 
[INFO] [stdout] 
[INFO] [stderr] warning: unused dependency `env_logger`
[INFO] [stderr]  --> Cargo.toml:4:1
[INFO] [stderr]   |
[INFO] [stderr] 4 | env_logger = "0.11"
[INFO] [stderr]   | ^^^^^^^^^^^^^^^^^^^
[INFO] [stderr]   |
[INFO] [stderr]   = note: `cargo::unused_dependencies` is set to `warn` by default
[INFO] [stderr] help: consider removing the dependency on `env_logger`
[INFO] [stderr] warning: `rapid_net` (manifest) generated 1 warning
[INFO] [stderr]     Finished `release` profile [optimized] target(s) in 1m 23s
[INFO] running `Command { std: "docker" "inspect" "075160b302bb658372eb3216b1180a785bf4d8155c898be43910d04472fc6051", kill_on_drop: false }`
[INFO] running `Command { std: "docker" "exec" "-e" "SOURCE_DIR=/opt/rustwide/workdir" "-e" "CARGO_HOME=/opt/rustwide/cargo-home" "-e" "RUSTUP_HOME=/opt/rustwide/rustup-home" "-e" "CARGO_TARGET_DIR=/opt/rustwide/target" "-e" "CARGO_INCREMENTAL=0" "-e" "RUST_BACKTRACE=full" "-e" "RUSTFLAGS=--cap-lints=warn" "-e" "RUSTDOCFLAGS=--cap-lints=warn" "-w" "/opt/rustwide/workdir" "--user" "0:0" "075160b302bb658372eb3216b1180a785bf4d8155c898be43910d04472fc6051" "/opt/rustwide/cargo-home/bin/cargo" "+1.100.0-beta.1" "test" "--frozen" "--no-run" "--message-format=json" "--release", kill_on_drop: false }`
[INFO] [stderr]    Compiling rapid_net v0.1.1 (/opt/rustwide/workdir)
[INFO] [stdout] warning: unused import: `std::path::Path`
[INFO] [stdout]   --> src/client/io_core.rs:17:5
[INFO] [stdout]    |
[INFO] [stdout] 17 | use std::path::Path;
[INFO] [stdout]    |     ^^^^^^^^^^^^^^^
[INFO] [stdout]    |
[INFO] [stdout]    = note: `#[warn(unused_imports)]` (part of `#[warn(unused)]`) on by default
[INFO] [stdout] 
[INFO] [stdout] 
[INFO] [stdout] warning: unused import: `std::path::Path`
[INFO] [stdout]   --> src/client/inbound.rs:11:5
[INFO] [stdout]    |
[INFO] [stdout] 11 | use std::path::Path;
[INFO] [stdout]    |     ^^^^^^^^^^^^^^^
[INFO] [stdout] 
[INFO] [stdout] 
[INFO] [stdout] warning: unused import: `std::path::Path`
[INFO] [stdout]   --> src/client/outbound.rs:17:5
[INFO] [stdout]    |
[INFO] [stdout] 17 | use std::path::Path;
[INFO] [stdout]    |     ^^^^^^^^^^^^^^^
[INFO] [stdout] 
[INFO] [stdout] 
[INFO] [stdout] warning: unused import: `log`
[INFO] [stdout]  --> src/rapid_log.rs:1:5
[INFO] [stdout]   |
[INFO] [stdout] 1 | use log;
[INFO] [stdout]   |     ^^^
[INFO] [stdout] 
[INFO] [stdout] 
[INFO] [stdout] warning: unused import: `tokio::net::unix::SocketAddr as UnixSocketAddr`
[INFO] [stdout]   --> src/server.rs:11:5
[INFO] [stdout]    |
[INFO] [stdout] 11 | use tokio::net::unix::SocketAddr as UnixSocketAddr;
[INFO] [stdout]    |     ^^^^^^^^^^^^^^^^^^^^^^^^^^^^^^^^^^^^^^^^^^^^^^
[INFO] [stdout] 
[INFO] [stdout] 
[INFO] [stdout] warning: struct `MockWriter` is never constructed
[INFO] [stdout]   --> tests/fragmentation_tests.rs:79:8
[INFO] [stdout]    |
[INFO] [stdout] 79 | struct MockWriter;
[INFO] [stdout]    |        ^^^^^^^^^^
[INFO] [stdout]    |
[INFO] [stdout]    = note: `#[warn(dead_code)]` (part of `#[warn(unused)]`) on by default
[INFO] [stdout] 
[INFO] [stdout] 
[INFO] [stdout] warning: unused import: `std::path::Path`
[INFO] [stdout]   --> src/client/io_core.rs:17:5
[INFO] [stdout]    |
[INFO] [stdout] 17 | use std::path::Path;
[INFO] [stdout]    |     ^^^^^^^^^^^^^^^
[INFO] [stdout]    |
[INFO] [stdout]    = note: `#[warn(unused_imports)]` (part of `#[warn(unused)]`) on by default
[INFO] [stdout] 
[INFO] [stdout] 
[INFO] [stdout] warning: unused import: `std::path::Path`
[INFO] [stdout]   --> src/client/inbound.rs:11:5
[INFO] [stdout]    |
[INFO] [stdout] 11 | use std::path::Path;
[INFO] [stdout]    |     ^^^^^^^^^^^^^^^
[INFO] [stdout] 
[INFO] [stdout] 
[INFO] [stdout] warning: unused import: `std::path::Path`
[INFO] [stdout]   --> src/client/outbound.rs:17:5
[INFO] [stdout]    |
[INFO] [stdout] 17 | use std::path::Path;
[INFO] [stdout]    |     ^^^^^^^^^^^^^^^
[INFO] [stdout] 
[INFO] [stdout] 
[INFO] [stdout] warning: unused import: `log`
[INFO] [stdout]  --> src/rapid_log.rs:1:5
[INFO] [stdout]   |
[INFO] [stdout] 1 | use log;
[INFO] [stdout]   |     ^^^
[INFO] [stdout] 
[INFO] [stdout] 
[INFO] [stdout] warning: unused import: `tokio::net::unix::SocketAddr as UnixSocketAddr`
[INFO] [stdout]   --> src/server.rs:11:5
[INFO] [stdout]    |
[INFO] [stdout] 11 | use tokio::net::unix::SocketAddr as UnixSocketAddr;
[INFO] [stdout]    |     ^^^^^^^^^^^^^^^^^^^^^^^^^^^^^^^^^^^^^^^^^^^^^^
[INFO] [stdout] 
[INFO] [stdout] 
[INFO] [stdout] warning: variable does not need to be mutable
[INFO] [stdout]    --> tests/unix_socket_tests.rs:182:13
[INFO] [stdout]     |
[INFO] [stdout] 182 |         let mut unix_client = RapidClient::connect(&unix_cli_cfg).await.expect("unix connect");
[INFO] [stdout]     |             ----^^^^^^^^^^^
[INFO] [stdout]     |             |
[INFO] [stdout]     |             help: remove this `mut`
[INFO] [stdout]     |
[INFO] [stdout]     = note: `#[warn(unused_mut)]` (part of `#[warn(unused)]`) on by default
[INFO] [stdout] 
[INFO] [stdout] 
[INFO] [stdout] warning: variable does not need to be mutable
[INFO] [stdout]    --> tests/unix_socket_tests.rs:211:13
[INFO] [stdout]     |
[INFO] [stdout] 211 |         let mut tcp_client = RapidClient::connect(&tcp_cli_cfg).await.expect("tcp connect");
[INFO] [stdout]     |             ----^^^^^^^^^^
[INFO] [stdout]     |             |
[INFO] [stdout]     |             help: remove this `mut`
[INFO] [stdout] 
[INFO] [stdout] 
[INFO] [stderr] warning: unused dependency `env_logger`
[INFO] [stderr]  --> Cargo.toml:4:1
[INFO] [stderr]   |
[INFO] [stderr] 4 | env_logger = "0.11"
[INFO] [stderr]   | ^^^^^^^^^^^^^^^^^^^
[INFO] [stderr]   |
[INFO] [stderr]   = note: `cargo::unused_dependencies` is set to `warn` by default
[INFO] [stderr] help: consider removing the dependency on `env_logger`
[INFO] [stderr] help: to still use for development builds, move to `dev-dependencies`
[INFO] [stderr] warning: `rapid_net` (manifest) generated 1 warning
[INFO] [stderr]     Finished `release` profile [optimized] target(s) in 21.80s
[INFO] running `Command { std: "docker" "inspect" "075160b302bb658372eb3216b1180a785bf4d8155c898be43910d04472fc6051", kill_on_drop: false }`
[INFO] running `Command { std: "docker" "exec" "-e" "SOURCE_DIR=/opt/rustwide/workdir" "-e" "CARGO_HOME=/opt/rustwide/cargo-home" "-e" "RUSTUP_HOME=/opt/rustwide/rustup-home" "-e" "CARGO_TARGET_DIR=/opt/rustwide/target" "-e" "CARGO_INCREMENTAL=0" "-e" "RUST_BACKTRACE=full" "-e" "RUSTFLAGS=--cap-lints=warn" "-e" "RUSTDOCFLAGS=--cap-lints=warn" "-w" "/opt/rustwide/workdir" "--user" "0:0" "075160b302bb658372eb3216b1180a785bf4d8155c898be43910d04472fc6051" "/opt/rustwide/cargo-home/bin/cargo" "+1.100.0-beta.1" "test" "--frozen" "--release", kill_on_drop: false }`
[INFO] [stderr] warning: unused import: `std::path::Path`
[INFO] [stderr]   --> src/client/io_core.rs:17:5
[INFO] [stderr]    |
[INFO] [stderr] 17 | use std::path::Path;
[INFO] [stderr]    |     ^^^^^^^^^^^^^^^
[INFO] [stderr]    |
[INFO] [stderr]    = note: `#[warn(unused_imports)]` (part of `#[warn(unused)]`) on by default
[INFO] [stderr] 
[INFO] [stderr] warning: unused import: `std::path::Path`
[INFO] [stderr]   --> src/client/inbound.rs:11:5
[INFO] [stderr]    |
[INFO] [stderr] 11 | use std::path::Path;
[INFO] [stderr]    |     ^^^^^^^^^^^^^^^
[INFO] [stderr] 
[INFO] [stderr] warning: unused import: `std::path::Path`
[INFO] [stderr]   --> src/client/outbound.rs:17:5
[INFO] [stderr]    |
[INFO] [stderr] 17 | use std::path::Path;
[INFO] [stderr]    |     ^^^^^^^^^^^^^^^
[INFO] [stderr] 
[INFO] [stderr] warning: unused import: `log`
[INFO] [stderr]  --> src/rapid_log.rs:1:5
[INFO] [stderr]   |
[INFO] [stderr] 1 | use log;
[INFO] [stderr]   |     ^^^
[INFO] [stderr] 
[INFO] [stderr] warning: unused import: `tokio::net::unix::SocketAddr as UnixSocketAddr`
[INFO] [stderr]   --> src/server.rs:11:5
[INFO] [stderr]    |
[INFO] [stderr] 11 | use tokio::net::unix::SocketAddr as UnixSocketAddr;
[INFO] [stderr]    |     ^^^^^^^^^^^^^^^^^^^^^^^^^^^^^^^^^^^^^^^^^^^^^^
[INFO] [stderr] 
[INFO] [stderr] warning: `rapid_net` (lib) generated 5 warnings (run `cargo fix --lib -p rapid_net` to apply 5 suggestions)
[INFO] [stderr] warning: `rapid_net` (lib test) generated 5 warnings (5 duplicates)
[INFO] [stderr] warning: variable does not need to be mutable
[INFO] [stderr]    --> tests/unix_socket_tests.rs:182:13
[INFO] [stderr]     |
[INFO] [stderr] 182 |         let mut unix_client = RapidClient::connect(&unix_cli_cfg).await.expect("unix connect");
[INFO] [stderr]     |             ----^^^^^^^^^^^
[INFO] [stderr]     |             |
[INFO] [stderr]     |             help: remove this `mut`
[INFO] [stderr]     |
[INFO] [stderr]     = note: `#[warn(unused_mut)]` (part of `#[warn(unused)]`) on by default
[INFO] [stderr] 
[INFO] [stderr] warning: variable does not need to be mutable
[INFO] [stderr]    --> tests/unix_socket_tests.rs:211:13
[INFO] [stderr]     |
[INFO] [stderr] 211 |         let mut tcp_client = RapidClient::connect(&tcp_cli_cfg).await.expect("tcp connect");
[INFO] [stderr]     |             ----^^^^^^^^^^
[INFO] [stderr]     |             |
[INFO] [stderr]     |             help: remove this `mut`
[INFO] [stderr] 
[INFO] [stderr] warning: struct `MockWriter` is never constructed
[INFO] [stderr]   --> tests/fragmentation_tests.rs:79:8
[INFO] [stderr]    |
[INFO] [stderr] 79 | struct MockWriter;
[INFO] [stderr]    |        ^^^^^^^^^^
[INFO] [stderr]    |
[INFO] [stderr]    = note: `#[warn(dead_code)]` (part of `#[warn(unused)]`) on by default
[INFO] [stderr] 
[INFO] [stderr] warning: `rapid_net` (test "unix_socket_tests") generated 2 warnings (run `cargo fix --test "unix_socket_tests" -p rapid_net` to apply 2 suggestions)
[INFO] [stderr] warning: `rapid_net` (test "fragmentation_tests") generated 1 warning
[INFO] [stderr] warning: unused dependency `env_logger`
[INFO] [stderr]  --> Cargo.toml:4:1
[INFO] [stderr]   |
[INFO] [stderr] 4 | env_logger = "0.11"
[INFO] [stderr]   | ^^^^^^^^^^^^^^^^^^^
[INFO] [stderr]   |
[INFO] [stderr]   = note: `cargo::unused_dependencies` is set to `warn` by default
[INFO] [stderr] help: consider removing the dependency on `env_logger`
[INFO] [stderr] help: to still use for development builds, move to `dev-dependencies`
[INFO] [stderr] warning: `rapid_net` (manifest) generated 1 warning
[INFO] [stderr]     Finished `release` profile [optimized] target(s) in 0.15s
[INFO] [stderr]      Running unittests src/lib.rs (/opt/rustwide/target/release/build/rapid_net/97d1dc5633f5a1c5/out/rapid_net-97d1dc5633f5a1c5)
[INFO] [stdout] 
[INFO] [stdout] running 0 tests
[INFO] [stdout] 
[INFO] [stdout] test result: ok. 0 passed; 0 failed; 0 ignored; 0 measured; 0 filtered out; finished in 0.00s
[INFO] [stdout] 
[INFO] [stderr]      Running tests/client_tests.rs (/opt/rustwide/target/release/build/rapid_net/f554bad3ccdb7996/out/client_tests-f554bad3ccdb7996)
[INFO] [stdout] 
[INFO] [stdout] running 4 tests
[INFO] [stdout] test message_parse_error ... ok
[INFO] [stdout] test message_encode_decode ... ok
[INFO] [stdout] test client_connect_timeout ... ok
[INFO] [stdout] test client_reconnect ... FAILED
[INFO] [stdout] 
[INFO] [stdout] failures:
[INFO] [stdout] 
[INFO] [stdout] ---- client_reconnect stdout ----
[INFO] [stdout] 
[INFO] [stdout] thread 'client_reconnect' (1132) panicked at tests/client_tests.rs:67:5:
[INFO] [stdout] assertion failed: client.is_alive()
[INFO] [stdout] stack backtrace:
[INFO] [stdout]    0:     0x588400b18401 - <<std[617be2ca0a6fd877]::sys::backtrace::BacktraceLock>::print::DisplayBacktrace as core[a373ad73a504971]::fmt::Display>::fmt
[INFO] [stdout]    1:     0x588400b2d2aa - core[a373ad73a504971]::fmt::write
[INFO] [stdout]    2:     0x588400b1cc0c - <alloc[2e1b2a31b91974c5]::vec::Vec<u8> as core[a373ad73a504971]::io::write::Write>::write_fmt
[INFO] [stdout]    3:     0x588400af3826 - std[617be2ca0a6fd877]::panicking::default_hook::{closure#0}
[INFO] [stdout]    4:     0x588400b10449 - std[617be2ca0a6fd877]::panicking::default_hook
[INFO] [stdout]    5:     0x588400a759d0 - test[aada8e7e76ba119b]::test_main_inner::{closure#0}
[INFO] [stdout]    6:     0x588400b10772 - std[617be2ca0a6fd877]::panicking::panic_with_hook
[INFO] [stdout]    7:     0x588400af3904 - std[617be2ca0a6fd877]::panicking::panic_handler::{closure#0}
[INFO] [stdout]    8:     0x588400aec539 - std[617be2ca0a6fd877]::sys::backtrace::__rust_end_short_backtrace::<std[617be2ca0a6fd877]::panicking::panic_handler::{closure#0}, !>
[INFO] [stdout]    9:     0x588400af46cd - __rustc[ea4f61d10b84890b]::rust_begin_unwind
[INFO] [stdout]   10:     0x588400b2da0c - core[a373ad73a504971]::panicking::panic_fmt
[INFO] [stdout]   11:     0x588400b2d9d2 - core[a373ad73a504971]::panicking::panic
[INFO] [stdout]   12:     0x588400a5e9e1 - client_tests[443ddadaffd93035]::client_reconnect::{closure#0}
[INFO] [stdout]   13:     0x588400a5bc9a - <tokio[e69bd02a71662a17]::runtime::park::CachedParkThread>::block_on::<core[a373ad73a504971]::pin::Pin<&mut dyn core[a373ad73a504971]::future::future::Future<Output = ()>>>
[INFO] [stdout]   14:     0x588400a62829 - <tokio[e69bd02a71662a17]::runtime::runtime::Runtime>::block_on::<core[a373ad73a504971]::pin::Pin<&mut dyn core[a373ad73a504971]::future::future::Future<Output = ()>>>
[INFO] [stdout]   15:     0x588400a60bc2 - <client_tests[443ddadaffd93035]::client_reconnect::{closure#0} as core[a373ad73a504971]::ops::function::FnOnce<()>>::call_once
[INFO] [stdout]   16:     0x588400a68e1b - test[aada8e7e76ba119b]::__rust_begin_short_backtrace::<core[a373ad73a504971]::result::Result<(), alloc[2e1b2a31b91974c5]::string::String>, fn() -> core[a373ad73a504971]::result::Result<(), alloc[2e1b2a31b91974c5]::string::String>>
[INFO] [stdout]   17:     0x588400a75ff5 - test[aada8e7e76ba119b]::run_test::{closure#0}
[INFO] [stdout]   18:     0x588400a6f8e4 - std[617be2ca0a6fd877]::sys::backtrace::__rust_begin_short_backtrace::<test[aada8e7e76ba119b]::run_test::{closure#1}, ()>
[INFO] [stdout]   19:     0x588400a79082 - <std[617be2ca0a6fd877]::thread::lifecycle::spawn_unchecked<test[aada8e7e76ba119b]::run_test::{closure#1}, ()>::{closure#1} as core[a373ad73a504971]::ops::function::FnOnce<()>>::call_once::{shim:vtable#0}
[INFO] [stdout]   20:     0x588400b178df - <std[617be2ca0a6fd877]::sys::thread::unix::Thread>::new::thread_start
[INFO] [stdout]   21:     0x7e78c73f6dfa - <unknown>
[INFO] [stdout]   22:     0x7e78c748a3d4 - clone
[INFO] [stdout]   23:                0x0 - <unknown>
[INFO] [stdout] 
[INFO] [stdout] 
[INFO] [stdout] failures:
[INFO] [stdout]     client_reconnect
[INFO] [stdout] 
[INFO] [stdout] test result: FAILED. 3 passed; 1 failed; 0 ignored; 0 measured; 0 filtered out; finished in 0.00s
[INFO] [stdout] 
[INFO] [stderr] error: test failed, to rerun pass `--test client_tests`
[INFO] running `Command { std: "docker" "inspect" "075160b302bb658372eb3216b1180a785bf4d8155c898be43910d04472fc6051", kill_on_drop: false }`
[INFO] running `Command { std: "docker" "rm" "-f" "075160b302bb658372eb3216b1180a785bf4d8155c898be43910d04472fc6051", kill_on_drop: false }`
[INFO] [stdout] 075160b302bb658372eb3216b1180a785bf4d8155c898be43910d04472fc6051
