[INFO] cloning repository https://github.com/Darian-Frey/Amiga-Disk-Engine
[INFO] running `Command { std: "git" "-c" "credential.helper=" "-c" "credential.helper=/workspace/cargo-home/bin/git-credential-null" "clone" "--bare" "https://github.com/Darian-Frey/Amiga-Disk-Engine" "/workspace/cache/git-repos/https%3A%2F%2Fgithub.com%2FDarian-Frey%2FAmiga-Disk-Engine", kill_on_drop: false }`
[INFO] [stderr] Cloning into bare repository '/workspace/cache/git-repos/https%3A%2F%2Fgithub.com%2FDarian-Frey%2FAmiga-Disk-Engine'...
[INFO] running `Command { std: "git" "rev-parse" "HEAD", kill_on_drop: false }`
[INFO] [stdout] b0fb2e1bfb84ed254fca3ff285942abe79fd8210
[INFO] testing Darian-Frey/Amiga-Disk-Engine against 1.100.0-beta.1+cargoflags=--release for beta-release-1.100-2
[INFO] running `Command { std: "git" "clone" "/workspace/cache/git-repos/https%3A%2F%2Fgithub.com%2FDarian-Frey%2FAmiga-Disk-Engine" "/workspace/builds/worker-3-tc2/source", kill_on_drop: false }`
[INFO] [stderr] Cloning into '/workspace/builds/worker-3-tc2/source'...
[INFO] [stderr] done.
[INFO] removed /workspace/builds/worker-3-tc2/source/rust-toolchain.toml
[INFO] started tweaking git repo https://github.com/Darian-Frey/Amiga-Disk-Engine
[INFO] finished tweaking git repo https://github.com/Darian-Frey/Amiga-Disk-Engine
[INFO] tweaked toml for git repo https://github.com/Darian-Frey/Amiga-Disk-Engine written to /workspace/builds/worker-3-tc2/source/Cargo.toml
[INFO] validating manifest of git repo https://github.com/Darian-Frey/Amiga-Disk-Engine on toolchain 1.100.0-beta.1
[INFO] running `Command { std: CARGO_HOME="/workspace/cargo-home" RUSTUP_HOME="/workspace/rustup-home" "/workspace/cargo-home/bin/cargo" "+1.100.0-beta.1" "metadata" "--manifest-path" "Cargo.toml" "--no-deps", kill_on_drop: false }`
[INFO] crate git repo https://github.com/Darian-Frey/Amiga-Disk-Engine already has a lockfile, it will not be regenerated
[INFO] running `Command { std: CARGO_HOME="/workspace/cargo-home" RUSTUP_HOME="/workspace/rustup-home" "/workspace/cargo-home/bin/cargo" "+1.100.0-beta.1" "fetch" "--manifest-path" "Cargo.toml", kill_on_drop: false }`
[INFO] [stderr] warning: unused field `description` in `workspace.package`
[INFO] [stderr]   --> Cargo.toml:70:1
[INFO] [stderr]    |
[INFO] [stderr] 70 | description = "Forensic-grade toolkit for Amiga floppy and hard-disk images"
[INFO] [stderr]    | ^^^^^^^^^^^
[INFO] [stderr]    |
[INFO] [stderr]    = note: `cargo::unused_workspace_package_fields` is set to `warn` by default
[INFO] [stderr] help: consider removing the field `workspace.package.description`
[INFO] [stderr] warning: workspace (manifest) generated 1 warning
[INFO] running `Command { std: "docker" "create" "-v" "/var/lib/crater-agent-workspace/builds/worker-3-tc2/source:/opt/rustwide/workdir:ro,Z" "-v" "/var/lib/crater-agent-workspace/builds/worker-3-tc2/target:/opt/rustwide/target:rw,Z" "-v" "/var/lib/crater-agent-workspace/cargo-home:/opt/rustwide/cargo-home:ro,Z" "-v" "/var/lib/crater-agent-workspace/rustup-home:/opt/rustwide/rustup-home:ro,Z" "-m" "1610612736" "--network" "none" "ghcr.io/rust-lang/crates-build-env/linux@sha256:77db811e55d90add9212f6832c23229e3de5f1c1f9905e8cb07319ea15df73ac" "sleep" "infinity", kill_on_drop: false }`
[INFO] [stdout] 4512c1964124271e324aadc0514114c33fb117154e1ec6a8c4515e7334b93cda
[INFO] running `Command { std: "docker" "start" "4512c1964124271e324aadc0514114c33fb117154e1ec6a8c4515e7334b93cda", kill_on_drop: false }`
[INFO] running `Command { std: "docker" "inspect" "4512c1964124271e324aadc0514114c33fb117154e1ec6a8c4515e7334b93cda", kill_on_drop: false }`
[INFO] running `Command { std: "docker" "exec" "-e" "SOURCE_DIR=/opt/rustwide/workdir" "-e" "CARGO_HOME=/opt/rustwide/cargo-home" "-e" "RUSTUP_HOME=/opt/rustwide/rustup-home" "-e" "CARGO_TARGET_DIR=/opt/rustwide/target" "-w" "/opt/rustwide/workdir" "--user" "0:0" "4512c1964124271e324aadc0514114c33fb117154e1ec6a8c4515e7334b93cda" "/opt/rustwide/cargo-home/bin/cargo" "+1.100.0-beta.1" "metadata" "--no-deps" "--format-version=1", kill_on_drop: false }`
[INFO] running `Command { std: "docker" "inspect" "4512c1964124271e324aadc0514114c33fb117154e1ec6a8c4515e7334b93cda", kill_on_drop: false }`
[INFO] running `Command { std: "docker" "exec" "-e" "SOURCE_DIR=/opt/rustwide/workdir" "-e" "CARGO_HOME=/opt/rustwide/cargo-home" "-e" "RUSTUP_HOME=/opt/rustwide/rustup-home" "-e" "CARGO_TARGET_DIR=/opt/rustwide/target" "-e" "CARGO_INCREMENTAL=0" "-e" "RUST_BACKTRACE=full" "-e" "RUSTFLAGS=--cap-lints=warn" "-e" "RUSTDOCFLAGS=--cap-lints=warn" "-w" "/opt/rustwide/workdir" "--user" "0:0" "4512c1964124271e324aadc0514114c33fb117154e1ec6a8c4515e7334b93cda" "/opt/rustwide/cargo-home/bin/cargo" "+1.100.0-beta.1" "build" "--frozen" "--message-format=json" "--release", kill_on_drop: false }`
[INFO] [stderr] warning: unused field `description` in `workspace.package`
[INFO] [stderr]   --> Cargo.toml:70:1
[INFO] [stderr]    |
[INFO] [stderr] 70 | description = "Forensic-grade toolkit for Amiga floppy and hard-disk images"
[INFO] [stderr]    | ^^^^^^^^^^^
[INFO] [stderr]    |
[INFO] [stderr]    = note: `cargo::unused_workspace_package_fields` is set to `warn` by default
[INFO] [stderr] help: consider removing the field `workspace.package.description`
[INFO] [stderr] warning: workspace (manifest) generated 1 warning
[INFO] [stderr]    Compiling ade-endian v0.0.0 (/opt/rustwide/workdir/src/endian)
[INFO] [stderr]    Compiling ade-fixtures v0.0.0 (/opt/rustwide/workdir/tools/fixtures)
[INFO] [stderr]    Compiling ade-block v0.0.0 (/opt/rustwide/workdir/src/block)
[INFO] [stderr]    Compiling ade-filesystem v0.0.0 (/opt/rustwide/workdir/src/filesystem)
[INFO] [stderr]    Compiling ade-track v0.0.0 (/opt/rustwide/workdir/src/track)
[INFO] [stderr]    Compiling ade-container v0.0.0 (/opt/rustwide/workdir/src/container)
[INFO] [stderr]    Compiling ade-flux v0.0.0 (/opt/rustwide/workdir/src/flux)
[INFO] [stderr]    Compiling ade-object v0.0.0 (/opt/rustwide/workdir/src/object)
[INFO] [stderr]    Compiling ade-catalogue v0.0.0 (/opt/rustwide/workdir/src/catalogue)
[INFO] [stderr]    Compiling ade-core v0.0.0 (/opt/rustwide/workdir/src/api)
[INFO] [stderr]    Compiling ade-bridge v0.0.0 (/opt/rustwide/workdir/bridge)
[INFO] [stderr]    Compiling ade-cli v0.0.0 (/opt/rustwide/workdir/cli)
[INFO] [stderr] warning: unused dependency `ade-object`
[INFO] [stderr]   --> src/catalogue/Cargo.toml:13:1
[INFO] [stderr]    |
[INFO] [stderr] 13 | ade-object = { workspace = true }
[INFO] [stderr]    | ^^^^^^^^^^^^^^^^^^^^^^^^^^^^^^^^^
[INFO] [stderr]    |
[INFO] [stderr]    = note: `cargo::unused_dependencies` is set to `warn` by default
[INFO] [stderr] help: consider removing the dependency on `ade-object`
[INFO] [stderr] warning: `ade-catalogue` (manifest) generated 1 warning
[INFO] [stderr] warning: unused dependency `ade-track`
[INFO] [stderr]   --> src/flux/Cargo.toml:12:1
[INFO] [stderr]    |
[INFO] [stderr] 12 | ade-track = { workspace = true }
[INFO] [stderr]    | ^^^^^^^^^^^^^^^^^^^^^^^^^^^^^^^^
[INFO] [stderr]    |
[INFO] [stderr]    = note: `cargo::unused_dependencies` is set to `warn` by default
[INFO] [stderr] help: consider removing the dependency on `ade-track`
[INFO] [stderr] warning: `ade-flux` (manifest) generated 1 warning
[INFO] [stderr] warning: unused dependency `ade-filesystem`
[INFO] [stderr]   --> src/object/Cargo.toml:12:1
[INFO] [stderr]    |
[INFO] [stderr] 12 | ade-filesystem = { workspace = true }
[INFO] [stderr]    | ^^^^^^^^^^^^^^^^^^^^^^^^^^^^^^^^^^^^^
[INFO] [stderr]    |
[INFO] [stderr]    = note: `cargo::unused_dependencies` is set to `warn` by default
[INFO] [stderr] help: consider removing the dependency on `ade-filesystem`
[INFO] [stderr] warning: `ade-object` (manifest) generated 1 warning
[INFO] [stderr] warning: unused dependency `ade-block`
[INFO] [stderr]   --> src/track/Cargo.toml:12:1
[INFO] [stderr]    |
[INFO] [stderr] 12 | ade-block = { workspace = true }
[INFO] [stderr]    | ^^^^^^^^^^^^^^^^^^^^^^^^^^^^^^^^
[INFO] [stderr]    |
[INFO] [stderr]    = note: `cargo::unused_dependencies` is set to `warn` by default
[INFO] [stderr] help: consider removing the dependency on `ade-block`
[INFO] [stderr] warning: `ade-track` (manifest) generated 1 warning
[INFO] [stderr]     Finished `release` profile [optimized] target(s) in 14.24s
[INFO] running `Command { std: "docker" "inspect" "4512c1964124271e324aadc0514114c33fb117154e1ec6a8c4515e7334b93cda", kill_on_drop: false }`
[INFO] running `Command { std: "docker" "exec" "-e" "SOURCE_DIR=/opt/rustwide/workdir" "-e" "CARGO_HOME=/opt/rustwide/cargo-home" "-e" "RUSTUP_HOME=/opt/rustwide/rustup-home" "-e" "CARGO_TARGET_DIR=/opt/rustwide/target" "-e" "CARGO_INCREMENTAL=0" "-e" "RUST_BACKTRACE=full" "-e" "RUSTFLAGS=--cap-lints=warn" "-e" "RUSTDOCFLAGS=--cap-lints=warn" "-w" "/opt/rustwide/workdir" "--user" "0:0" "4512c1964124271e324aadc0514114c33fb117154e1ec6a8c4515e7334b93cda" "/opt/rustwide/cargo-home/bin/cargo" "+1.100.0-beta.1" "test" "--frozen" "--no-run" "--message-format=json" "--release", kill_on_drop: false }`
[INFO] [stderr] warning: unused field `description` in `workspace.package`
[INFO] [stderr]   --> Cargo.toml:70:1
[INFO] [stderr]    |
[INFO] [stderr] 70 | description = "Forensic-grade toolkit for Amiga floppy and hard-disk images"
[INFO] [stderr]    | ^^^^^^^^^^^
[INFO] [stderr]    |
[INFO] [stderr]    = note: `cargo::unused_workspace_package_fields` is set to `warn` by default
[INFO] [stderr] help: consider removing the field `workspace.package.description`
[INFO] [stderr] warning: workspace (manifest) generated 1 warning
[INFO] [stderr]    Compiling ade-bridge v0.0.0 (/opt/rustwide/workdir/bridge)
[INFO] [stderr]    Compiling ade-core v0.0.0 (/opt/rustwide/workdir/src/api)
[INFO] [stderr]    Compiling ade-cli v0.0.0 (/opt/rustwide/workdir/cli)
[INFO] [stderr]    Compiling ade-catalogue v0.0.0 (/opt/rustwide/workdir/src/catalogue)
[INFO] [stderr]    Compiling ade-flux v0.0.0 (/opt/rustwide/workdir/src/flux)
[INFO] [stderr]    Compiling ade-object v0.0.0 (/opt/rustwide/workdir/src/object)
[INFO] [stderr]    Compiling ade-fixtures v0.0.0 (/opt/rustwide/workdir/tools/fixtures)
[INFO] [stderr]    Compiling ade-filesystem v0.0.0 (/opt/rustwide/workdir/src/filesystem)
[INFO] [stderr]    Compiling ade-track v0.0.0 (/opt/rustwide/workdir/src/track)
[INFO] [stderr]    Compiling ade-container v0.0.0 (/opt/rustwide/workdir/src/container)
[INFO] [stderr]    Compiling ade-block v0.0.0 (/opt/rustwide/workdir/src/block)
[INFO] [stderr]    Compiling ade-endian v0.0.0 (/opt/rustwide/workdir/src/endian)
[INFO] [stderr] warning: unused dependency `ade-object`
[INFO] [stderr]   --> src/catalogue/Cargo.toml:13:1
[INFO] [stderr]    |
[INFO] [stderr] 13 | ade-object = { workspace = true }
[INFO] [stderr]    | ^^^^^^^^^^^^^^^^^^^^^^^^^^^^^^^^^
[INFO] [stderr]    |
[INFO] [stderr]    = note: `cargo::unused_dependencies` is set to `warn` by default
[INFO] [stderr] help: consider removing the dependency on `ade-object`
[INFO] [stderr] warning: `ade-catalogue` (manifest) generated 1 warning
[INFO] [stderr] warning: unused dependency `ade-track`
[INFO] [stderr]   --> src/flux/Cargo.toml:12:1
[INFO] [stderr]    |
[INFO] [stderr] 12 | ade-track = { workspace = true }
[INFO] [stderr]    | ^^^^^^^^^^^^^^^^^^^^^^^^^^^^^^^^
[INFO] [stderr]    |
[INFO] [stderr]    = note: `cargo::unused_dependencies` is set to `warn` by default
[INFO] [stderr] help: consider removing the dependency on `ade-track`
[INFO] [stderr] help: to still use for development builds, move to `dev-dependencies`
[INFO] [stderr] warning: `ade-flux` (manifest) generated 1 warning
[INFO] [stderr] warning: unused dependency `ade-filesystem`
[INFO] [stderr]   --> src/object/Cargo.toml:12:1
[INFO] [stderr]    |
[INFO] [stderr] 12 | ade-filesystem = { workspace = true }
[INFO] [stderr]    | ^^^^^^^^^^^^^^^^^^^^^^^^^^^^^^^^^^^^^
[INFO] [stderr]    |
[INFO] [stderr]    = note: `cargo::unused_dependencies` is set to `warn` by default
[INFO] [stderr] help: consider removing the dependency on `ade-filesystem`
[INFO] [stderr] warning: `ade-object` (manifest) generated 1 warning
[INFO] [stderr] warning: unused dependency `ade-block`
[INFO] [stderr]   --> src/track/Cargo.toml:12:1
[INFO] [stderr]    |
[INFO] [stderr] 12 | ade-block = { workspace = true }
[INFO] [stderr]    | ^^^^^^^^^^^^^^^^^^^^^^^^^^^^^^^^
[INFO] [stderr]    |
[INFO] [stderr]    = note: `cargo::unused_dependencies` is set to `warn` by default
[INFO] [stderr] help: consider removing the dependency on `ade-block`
[INFO] [stderr] warning: `ade-track` (manifest) generated 1 warning
[INFO] [stderr]     Finished `release` profile [optimized] target(s) in 29.17s
[INFO] running `Command { std: "docker" "inspect" "4512c1964124271e324aadc0514114c33fb117154e1ec6a8c4515e7334b93cda", kill_on_drop: false }`
[INFO] running `Command { std: "docker" "exec" "-e" "SOURCE_DIR=/opt/rustwide/workdir" "-e" "CARGO_HOME=/opt/rustwide/cargo-home" "-e" "RUSTUP_HOME=/opt/rustwide/rustup-home" "-e" "CARGO_TARGET_DIR=/opt/rustwide/target" "-e" "CARGO_INCREMENTAL=0" "-e" "RUST_BACKTRACE=full" "-e" "RUSTFLAGS=--cap-lints=warn" "-e" "RUSTDOCFLAGS=--cap-lints=warn" "-w" "/opt/rustwide/workdir" "--user" "0:0" "4512c1964124271e324aadc0514114c33fb117154e1ec6a8c4515e7334b93cda" "/opt/rustwide/cargo-home/bin/cargo" "+1.100.0-beta.1" "test" "--frozen" "--release", kill_on_drop: false }`
[INFO] [stderr] warning: unused field `description` in `workspace.package`
[INFO] [stderr]   --> Cargo.toml:70:1
[INFO] [stderr]    |
[INFO] [stderr] 70 | description = "Forensic-grade toolkit for Amiga floppy and hard-disk images"
[INFO] [stderr]    | ^^^^^^^^^^^
[INFO] [stderr]    |
[INFO] [stderr]    = note: `cargo::unused_workspace_package_fields` is set to `warn` by default
[INFO] [stderr] help: consider removing the field `workspace.package.description`
[INFO] [stderr] warning: workspace (manifest) generated 1 warning
[INFO] [stderr] warning: unused dependency `ade-object`
[INFO] [stderr]   --> src/catalogue/Cargo.toml:13:1
[INFO] [stderr]    |
[INFO] [stderr] 13 | ade-object = { workspace = true }
[INFO] [stderr]    | ^^^^^^^^^^^^^^^^^^^^^^^^^^^^^^^^^
[INFO] [stderr]    |
[INFO] [stderr]    = note: `cargo::unused_dependencies` is set to `warn` by default
[INFO] [stderr] help: consider removing the dependency on `ade-object`
[INFO] [stderr] warning: `ade-catalogue` (manifest) generated 1 warning
[INFO] [stderr] warning: unused dependency `ade-track`
[INFO] [stderr]   --> src/flux/Cargo.toml:12:1
[INFO] [stderr]    |
[INFO] [stderr] 12 | ade-track = { workspace = true }
[INFO] [stderr]    | ^^^^^^^^^^^^^^^^^^^^^^^^^^^^^^^^
[INFO] [stderr]    |
[INFO] [stderr]    = note: `cargo::unused_dependencies` is set to `warn` by default
[INFO] [stderr] help: consider removing the dependency on `ade-track`
[INFO] [stderr] help: to still use for development builds, move to `dev-dependencies`
[INFO] [stderr] warning: `ade-flux` (manifest) generated 1 warning
[INFO] [stderr] warning: unused dependency `ade-filesystem`
[INFO] [stderr]   --> src/object/Cargo.toml:12:1
[INFO] [stderr]    |
[INFO] [stderr] 12 | ade-filesystem = { workspace = true }
[INFO] [stderr]    | ^^^^^^^^^^^^^^^^^^^^^^^^^^^^^^^^^^^^^
[INFO] [stderr]    |
[INFO] [stderr]    = note: `cargo::unused_dependencies` is set to `warn` by default
[INFO] [stderr] help: consider removing the dependency on `ade-filesystem`
[INFO] [stderr] warning: `ade-object` (manifest) generated 1 warning
[INFO] [stderr] warning: unused dependency `ade-block`
[INFO] [stderr]   --> src/track/Cargo.toml:12:1
[INFO] [stderr]    |
[INFO] [stderr] 12 | ade-block = { workspace = true }
[INFO] [stderr]    | ^^^^^^^^^^^^^^^^^^^^^^^^^^^^^^^^
[INFO] [stderr]    |
[INFO] [stderr]    = note: `cargo::unused_dependencies` is set to `warn` by default
[INFO] [stderr] help: consider removing the dependency on `ade-block`
[INFO] [stderr] warning: `ade-track` (manifest) generated 1 warning
[INFO] [stderr]     Finished `release` profile [optimized] target(s) in 0.06s
[INFO] [stderr]      Running unittests src/lib.rs (/opt/rustwide/target/release/build/ade-block/401610c1a9e838f9/out/ade_block-401610c1a9e838f9)
[INFO] [stdout] 
[INFO] [stdout] running 13 tests
[INFO] [stdout] test checksum::tests::the_algorithms_differ ... ok
[INFO] [stdout] test checksum::tests::a_written_checksum_validates ... ok
[INFO] [stdout] test tests::read_at_rejects_a_mis_sized_buffer ... ok
[INFO] [stdout] test checksum::tests::boot_ignores_the_stored_field ... ok
[INFO] [stdout] test tests::hd_floppy_is_1760k ... ok
[INFO] [stdout] test tests::root_block_follows_the_documented_formula_not_the_midpoint ... ok
[INFO] [stdout] test checksum::tests::the_boot_carry_actually_carries ... ok
[INFO] [stdout] test tests::dd_floppy_is_880k ... ok
[INFO] [stdout] test checksum::tests::rejects_lengths_that_are_not_whole_longs ... ok
[INFO] [stdout] test tests::rejects_degenerate_geometry ... ok
[INFO] [stdout] test checksum::tests::normal_ignores_the_stored_field ... ok
[INFO] [stdout] test tests::validate_admits_only_in_range_blocks ... ok
[INFO] [stderr]      Running unittests src/lib.rs (/opt/rustwide/target/release/build/ade-bridge/4f941f80731147f6/out/ade-4f941f80731147f6)
[INFO] [stdout] test tests::read_at_checks_bounds_before_dispatching ... ok
[INFO] [stdout] 
[INFO] [stdout] test result: ok. 13 passed; 0 failed; 0 ignored; 0 measured; 0 filtered out; finished in 0.01s
[INFO] [stdout] 
[INFO] [stdout] 
[INFO] [stdout] running 0 tests
[INFO] [stdout] 
[INFO] [stdout] test result: ok. 0 passed; 0 failed; 0 ignored; 0 measured; 0 filtered out; finished in 0.00s
[INFO] [stdout] 
[INFO] [stderr]      Running tests/abi.rs (/opt/rustwide/target/release/build/ade-bridge/9f62a6d66d13f79e/out/abi-9f62a6d66d13f79e)
[INFO] [stdout] 
[INFO] [stdout] running 36 tests
[INFO] [stdout] test a_missing_file_reports_io_rather_than_panicking ... ok
[INFO] [stdout] test a_container_with_no_usable_geometry_still_opens ... ok
[INFO] [stdout] test a_latin1_name_keeps_its_exact_bytes ... ok
[INFO] [stdout] test a_layout_tiles_the_whole_image_and_tolerates_null ... ok
[INFO] [stdout] test a_walk_returns_every_entry_with_its_path ... ok
[INFO] [stdout] test a_file_reads_back_its_contents ... ok
[INFO] [stdout] test an_unknown_region_code_is_empty_rather_than_wrong ... ok
[INFO] [stdout] test carving_tolerates_null_like_everything_else ... ok
[INFO] [stdout] test an_image_with_no_volume_says_why_rather_than_failing_to_open ... ok
[INFO] [stdout] test a_directory_lists_and_entries_come_back ... ok
[INFO] [stdout] test null_is_tolerated_everywhere ... ok
[INFO] [stdout] test the_create_type_strings_match_the_engines ... ok
[INFO] [stdout] test the_catalogue_calls_tolerate_null_like_everything_else ... ok
[INFO] [stdout] test a_floppy_has_no_partition_table ... ok
[INFO] [stdout] test partition_calls_tolerate_null_like_everything_else ... ok
[INFO] [stdout] test the_region_strings_match_the_engines ... ok
[INFO] [stdout] test the_edit_calls_tolerate_null ... ok
[INFO] [stdout] test an_image_is_identified_at_open_when_a_dataset_is_given ... ok
[INFO] [stdout] test the_evidence_codes_match_the_engine ... ok
[INFO] [stdout] test the_version_is_a_valid_c_string ... ok
[INFO] [stdout] test walking_a_volumeless_image_is_null_not_a_crash ... ok
[INFO] [stdout] test the_finding_count_is_the_health_check_not_the_inspection ... ok
[INFO] [stdout] test a_plain_listing_carries_no_path ... ok
[INFO] [stdout] test a_file_that_is_not_a_disk_image_says_so ... ok
[INFO] [stdout] test without_a_dataset_an_image_is_simply_unnamed ... ok
[INFO] [stdout] test the_surface_comes_across_or_says_there_is_none ... ok
[INFO] [stdout] test an_edit_shows_in_the_next_listing_and_saves_only_to_a_new_file ... ok
[INFO] [stdout] test an_image_opens_and_reports_itself ... ok
[INFO] [stdout] test a_carve_comes_back_graded_and_writes_itself_out ... ok
[INFO] [stdout] test the_specs_come_across_with_their_evidence ... ok
[INFO] [stdout] test a_partition_index_that_does_not_exist_is_null_not_a_crash ... ok
[INFO] [stdout] test a_device_reports_each_partition_with_its_own_geometry ... ok
[INFO] [stdout] test a_refused_pattern_is_not_a_search_that_found_nothing ... ok
[INFO] [stdout] test a_content_search_finds_and_attributes_its_hits ... ok
[INFO] [stdout] test a_partition_lists_extracts_and_walks_like_any_volume ... ok
[INFO] [stdout] test creating_a_disk_across_the_abi_makes_one_ade_can_read ... ok
[INFO] [stdout] 
[INFO] [stdout] test result: ok. 36 passed; 0 failed; 0 ignored; 0 measured; 0 filtered out; finished in 0.20s
[INFO] [stdout] 
[INFO] [stderr]      Running unittests src/lib.rs (/opt/rustwide/target/release/build/ade-catalogue/87e697cc73e5a5c8/out/ade_catalogue-87e697cc73e5a5c8)
[INFO] [stderr]      Running tests/collisions.rs (/opt/rustwide/target/release/build/ade-catalogue/9e31c4d3d83bd181/out/collisions-9e31c4d3d83bd181)
[INFO] [stdout] 
[INFO] [stdout] running 0 tests
[INFO] [stdout] 
[INFO] [stdout] test result: ok. 0 passed; 0 failed; 0 ignored; 0 measured; 0 filtered out; finished in 0.00s
[INFO] [stdout] 
[INFO] [stdout] 
[INFO] [stdout] running 7 tests
[INFO] [stdout] test a_wrong_size_still_rules_an_entry_out_before_any_of_this ... ok
[INFO] [stdout] test identical_content_under_two_names_is_a_duplicate_not_an_ambiguity ... ok
[INFO] [stdout] test two_different_files_claiming_one_crc_is_reported_as_a_collision ... ok
[INFO] [stdout] test it_is_the_bytes_that_decide_which_entry_wins ... ok
[INFO] [stderr]      Running tests/sha1.rs (/opt/rustwide/target/release/build/ade-catalogue/63e122827c2bb2cf/out/sha1-63e122827c2bb2cf)
[INFO] [stdout] test a_single_match_is_returned_without_consulting_sha1 ... ok
[INFO] [stdout] test sha1_separates_two_entries_that_share_a_crc32 ... ok
[INFO] [stdout] test a_tie_with_no_sha1_to_check_is_still_reported_rather_than_dropped ... ok
[INFO] [stdout] 
[INFO] [stdout] test result: ok. 7 passed; 0 failed; 0 ignored; 0 measured; 0 filtered out; finished in 0.00s
[INFO] [stdout] 
[INFO] [stdout] 
[INFO] [stdout] running 4 tests
[INFO] [stdout] test the_empty_input ... ok
[INFO] [stdout] test the_rfc_3174_test_vectors ... ok
[INFO] [stdout] test a_disk_sized_input_agrees_with_the_oracle ... ok
[INFO] [stdout] test every_length_across_the_block_and_padding_boundaries ... ok
[INFO] [stdout] 
[INFO] [stdout] test result: ok. 4 passed; 0 failed; 0 ignored; 0 measured; 0 filtered out; finished in 1.43s
[INFO] [stdout] 
[INFO] [stdout] 
[INFO] [stderr]      Running unittests src/main.rs (/opt/rustwide/target/release/build/ade-cli/2b707ca78cfdfb9f/out/ade-2b707ca78cfdfb9f)
[INFO] [stdout] running 3 tests
[INFO] [stdout] test tests::output_that_fits_is_written_in_full ... ok
[INFO] [stderr]      Running tests/bulk_convert.rs (/opt/rustwide/target/release/build/ade-cli/5232913fe232f102/out/bulk_convert-5232913fe232f102)
[INFO] [stdout] test tests::a_closed_pipe_stops_the_output_rather_than_failing ... ok
[INFO] [stdout] test tests::emit_lines_stops_at_the_line_the_pipe_closed_on ... ok
[INFO] [stdout] 
[INFO] [stdout] test result: ok. 3 passed; 0 failed; 0 ignored; 0 measured; 0 filtered out; finished in 0.00s
[INFO] [stdout] 
[INFO] [stdout] 
[INFO] [stdout] running 7 tests
[INFO] [stdout] test a_refusal_is_reported_and_the_run_continues ... FAILED
[INFO] [stdout] test the_machine_surface_carries_the_outcome_per_image ... FAILED
[INFO] [stdout] test a_target_without_a_destination_is_a_usage_error ... FAILED
[INFO] [stdout] test a_container_ade_cannot_write_is_a_usage_error_not_a_silent_skip ... FAILED
[INFO] [stdout] test nothing_is_ever_overwritten ... FAILED
[INFO] [stdout] test a_directory_of_images_converts_in_one_run ... FAILED
[INFO] [stdout] test bulk_and_single_conversion_produce_the_same_bytes ... FAILED
[INFO] [stdout] 
[INFO] [stdout] failures:
[INFO] [stdout] 
[INFO] [stdout] ---- a_refusal_is_reported_and_the_run_continues stdout ----
[INFO] [stdout] 
[INFO] [stdout] thread 'a_refusal_is_reported_and_the_run_continues' (3035) panicked at cli/tests/bulk_convert.rs:33:55:
[INFO] [stdout] ade runs: Os { code: 2, kind: NotFound, message: "No such file or directory" }
[INFO] [stdout] stack backtrace:
[INFO] [stdout]    0:     0x5a1c2042d0e1 - <<std[617be2ca0a6fd877]::sys::backtrace::BacktraceLock>::print::DisplayBacktrace as core[a373ad73a504971]::fmt::Display>::fmt
[INFO] [stdout]    1:     0x5a1c2044125a - core[a373ad73a504971]::fmt::write
[INFO] [stdout]    2:     0x5a1c2043157c - <alloc[2e1b2a31b91974c5]::vec::Vec<u8> as core[a373ad73a504971]::io::write::Write>::write_fmt
[INFO] [stdout]    3:     0x5a1c20407b96 - std[617be2ca0a6fd877]::panicking::default_hook::{closure#0}
[INFO] [stdout]    4:     0x5a1c20424ba9 - std[617be2ca0a6fd877]::panicking::default_hook
[INFO] [stdout]    5:     0x5a1c203bc810 - test[aada8e7e76ba119b]::test_main_inner::{closure#0}
[INFO] [stdout]    6:     0x5a1c20424d62 - std[617be2ca0a6fd877]::panicking::panic_with_hook
[INFO] [stdout]    7:     0x5a1c20407c42 - std[617be2ca0a6fd877]::panicking::panic_handler::{closure#0}
[INFO] [stdout]    8:     0x5a1c204006a9 - std[617be2ca0a6fd877]::sys::backtrace::__rust_end_short_backtrace::<std[617be2ca0a6fd877]::panicking::panic_handler::{closure#0}, !>
[INFO] [stdout]    9:     0x5a1c2040884d - __rustc[ea4f61d10b84890b]::rust_begin_unwind
[INFO] [stdout]   10:     0x5a1c2044198c - core[a373ad73a504971]::panicking::panic_fmt
[INFO] [stdout]   11:     0x5a1c20441762 - core[a373ad73a504971]::result::unwrap_failed
[INFO] [stdout]   12:     0x5a1c203ab5f8 - bulk_convert[eb29dc27c2e27797]::run
[INFO] [stdout]   13:     0x5a1c203add35 - <bulk_convert[eb29dc27c2e27797]::a_refusal_is_reported_and_the_run_continues::{closure#0} as core[a373ad73a504971]::ops::function::FnOnce<()>>::call_once
[INFO] [stdout]   14:     0x5a1c203afc5b - test[aada8e7e76ba119b]::__rust_begin_short_backtrace::<core[a373ad73a504971]::result::Result<(), alloc[2e1b2a31b91974c5]::string::String>, fn() -> core[a373ad73a504971]::result::Result<(), alloc[2e1b2a31b91974c5]::string::String>>
[INFO] [stdout]   15:     0x5a1c203bce35 - test[aada8e7e76ba119b]::run_test::{closure#0}
[INFO] [stdout]   16:     0x5a1c203b6724 - std[617be2ca0a6fd877]::sys::backtrace::__rust_begin_short_backtrace::<test[aada8e7e76ba119b]::run_test::{closure#1}, ()>
[INFO] [stdout]   17:     0x5a1c203bfec2 - <std[617be2ca0a6fd877]::thread::lifecycle::spawn_unchecked<test[aada8e7e76ba119b]::run_test::{closure#1}, ()>::{closure#1} as core[a373ad73a504971]::ops::function::FnOnce<()>>::call_once::{shim:vtable#0}
[INFO] [stdout]   18:     0x5a1c2042c44f - <std[617be2ca0a6fd877]::sys::thread::unix::Thread>::new::thread_start
[INFO] [stdout]   19:     0x7059267d3dfa - <unknown>
[INFO] [stdout]   20:     0x7059268673d4 - clone
[INFO] [stdout]   21:                0x0 - <unknown>
[INFO] [stdout] 
[INFO] [stdout] ---- the_machine_surface_carries_the_outcome_per_image stdout ----
[INFO] [stdout] 
[INFO] [stdout] thread 'the_machine_surface_carries_the_outcome_per_image' (3039) panicked at cli/tests/bulk_convert.rs:33:55:
[INFO] [stdout] ade runs: Os { code: 2, kind: NotFound, message: "No such file or directory" }
[INFO] [stdout] stack backtrace:
[INFO] [stdout]    0:     0x5a1c2042d0e1 - <<std[617be2ca0a6fd877]::sys::backtrace::BacktraceLock>::print::DisplayBacktrace as core[a373ad73a504971]::fmt::Display>::fmt
[INFO] [stdout]    1:     0x5a1c2044125a - core[a373ad73a504971]::fmt::write
[INFO] [stdout]    2:     0x5a1c2043157c - <alloc[2e1b2a31b91974c5]::vec::Vec<u8> as core[a373ad73a504971]::io::write::Write>::write_fmt
[INFO] [stdout]    3:     0x5a1c20407b96 - std[617be2ca0a6fd877]::panicking::default_hook::{closure#0}
[INFO] [stdout]    4:     0x5a1c20424ba9 - std[617be2ca0a6fd877]::panicking::default_hook
[INFO] [stdout]    5:     0x5a1c203bc810 - test[aada8e7e76ba119b]::test_main_inner::{closure#0}
[INFO] [stdout]    6:     0x5a1c20424d62 - std[617be2ca0a6fd877]::panicking::panic_with_hook
[INFO] [stdout]    7:     0x5a1c20407c42 - std[617be2ca0a6fd877]::panicking::panic_handler::{closure#0}
[INFO] [stdout]    8:     0x5a1c204006a9 - std[617be2ca0a6fd877]::sys::backtrace::__rust_end_short_backtrace::<std[617be2ca0a6fd877]::panicking::panic_handler::{closure#0}, !>
[INFO] [stdout]    9:     0x5a1c2040884d - __rustc[ea4f61d10b84890b]::rust_begin_unwind
[INFO] [stdout]   10:     0x5a1c2044198c - core[a373ad73a504971]::panicking::panic_fmt
[INFO] [stdout]   11:     0x5a1c20441762 - core[a373ad73a504971]::result::unwrap_failed
[INFO] [stdout]   12:     0x5a1c203ab5f8 - bulk_convert[eb29dc27c2e27797]::run
[INFO] [stdout]   13:     0x5a1c203af2b0 - <bulk_convert[eb29dc27c2e27797]::the_machine_surface_carries_the_outcome_per_image::{closure#0} as core[a373ad73a504971]::ops::function::FnOnce<()>>::call_once
[INFO] [stdout]   14:     0x5a1c203afc5b - test[aada8e7e76ba119b]::__rust_begin_short_backtrace::<core[a373ad73a504971]::result::Result<(), alloc[2e1b2a31b91974c5]::string::String>, fn() -> core[a373ad73a504971]::result::Result<(), alloc[2e1b2a31b91974c5]::string::String>>
[INFO] [stdout]   15:     0x5a1c203bce35 - test[aada8e7e76ba119b]::run_test::{closure#0}
[INFO] [stdout]   16:     0x5a1c203b6724 - std[617be2ca0a6fd877]::sys::backtrace::__rust_begin_short_backtrace::<test[aada8e7e76ba119b]::run_test::{closure#1}, ()>
[INFO] [stdout]   17:     0x5a1c203bfec2 - <std[617be2ca0a6fd877]::thread::lifecycle::spawn_unchecked<test[aada8e7e76ba119b]::run_test::{closure#1}, ()>::{closure#1} as core[a373ad73a504971]::ops::function::FnOnce<()>>::call_once::{shim:vtable#0}
[INFO] [stdout]   18:     0x5a1c2042c44f - <std[617be2ca0a6fd877]::sys::thread::unix::Thread>::new::thread_start
[INFO] [stdout]   19:     0x7059267d3dfa - <unknown>
[INFO] [stdout]   20:     0x7059268673d4 - clone
[INFO] [stdout]   21:                0x0 - <unknown>
[INFO] [stdout] 
[INFO] [stdout] ---- a_target_without_a_destination_is_a_usage_error stdout ----
[INFO] [stdout] 
[INFO] [stdout] thread 'a_target_without_a_destination_is_a_usage_error' (3036) panicked at cli/tests/bulk_convert.rs:33:55:
[INFO] [stdout] ade runs: Os { code: 2, kind: NotFound, message: "No such file or directory" }
[INFO] [stdout] stack backtrace:
[INFO] [stdout]    0:     0x5a1c2042d0e1 - <<std[617be2ca0a6fd877]::sys::backtrace::BacktraceLock>::print::DisplayBacktrace as core[a373ad73a504971]::fmt::Display>::fmt
[INFO] [stdout]    1:     0x5a1c2044125a - core[a373ad73a504971]::fmt::write
[INFO] [stdout]    2:     0x5a1c2043157c - <alloc[2e1b2a31b91974c5]::vec::Vec<u8> as core[a373ad73a504971]::io::write::Write>::write_fmt
[INFO] [stdout]    3:     0x5a1c20407b96 - std[617be2ca0a6fd877]::panicking::default_hook::{closure#0}
[INFO] [stdout]    4:     0x5a1c20424ba9 - std[617be2ca0a6fd877]::panicking::default_hook
[INFO] [stdout]    5:     0x5a1c203bc810 - test[aada8e7e76ba119b]::test_main_inner::{closure#0}
[INFO] [stdout]    6:     0x5a1c20424d62 - std[617be2ca0a6fd877]::panicking::panic_with_hook
[INFO] [stdout]    7:     0x5a1c20407c42 - std[617be2ca0a6fd877]::panicking::panic_handler::{closure#0}
[INFO] [stdout]    8:     0x5a1c204006a9 - std[617be2ca0a6fd877]::sys::backtrace::__rust_end_short_backtrace::<std[617be2ca0a6fd877]::panicking::panic_handler::{closure#0}, !>
[INFO] [stdout]    9:     0x5a1c2040884d - __rustc[ea4f61d10b84890b]::rust_begin_unwind
[INFO] [stdout]   10:     0x5a1c2044198c - core[a373ad73a504971]::panicking::panic_fmt
[INFO] [stdout]   11:     0x5a1c20441762 - core[a373ad73a504971]::result::unwrap_failed
[INFO] [stdout]   12:     0x5a1c203ab5f8 - bulk_convert[eb29dc27c2e27797]::run
[INFO] [stdout]   13:     0x5a1c203ae670 - <bulk_convert[eb29dc27c2e27797]::a_target_without_a_destination_is_a_usage_error::{closure#0} as core[a373ad73a504971]::ops::function::FnOnce<()>>::call_once
[INFO] [stdout]   14:     0x5a1c203afc5b - test[aada8e7e76ba119b]::__rust_begin_short_backtrace::<core[a373ad73a504971]::result::Result<(), alloc[2e1b2a31b91974c5]::string::String>, fn() -> core[a373ad73a504971]::result::Result<(), alloc[2e1b2a31b91974c5]::string::String>>
[INFO] [stdout]   15:     0x5a1c203bce35 - test[aada8e7e76ba119b]::run_test::{closure#0}
[INFO] [stdout]   16:     0x5a1c203b6724 - std[617be2ca0a6fd877]::sys::backtrace::__rust_begin_short_backtrace::<test[aada8e7e76ba119b]::run_test::{closure#1}, ()>
[INFO] [stdout]   17:     0x5a1c203bfec2 - <std[617be2ca0a6fd877]::thread::lifecycle::spawn_unchecked<test[aada8e7e76ba119b]::run_test::{closure#1}, ()>::{closure#1} as core[a373ad73a504971]::ops::function::FnOnce<()>>::call_once::{shim:vtable#0}
[INFO] [stdout]   18:     0x5a1c2042c44f - <std[617be2ca0a6fd877]::sys::thread::unix::Thread>::new::thread_start
[INFO] [stdout]   19:     0x7059267d3dfa - <unknown>
[INFO] [stdout]   20:     0x7059268673d4 - clone
[INFO] [stdout]   21:                0x0 - <unknown>
[INFO] [stdout] 
[INFO] [stdout] ---- a_container_ade_cannot_write_is_a_usage_error_not_a_silent_skip stdout ----
[INFO] [stdout] 
[INFO] [stdout] thread 'a_container_ade_cannot_write_is_a_usage_error_not_a_silent_skip' (3033) panicked at cli/tests/bulk_convert.rs:33:55:
[INFO] [stdout] ade runs: Os { code: 2, kind: NotFound, message: "No such file or directory" }
[INFO] [stdout] stack backtrace:
[INFO] [stdout]    0:     0x5a1c2042d0e1 - <<std[617be2ca0a6fd877]::sys::backtrace::BacktraceLock>::print::DisplayBacktrace as core[a373ad73a504971]::fmt::Display>::fmt
[INFO] [stdout]    1:     0x5a1c2044125a - core[a373ad73a504971]::fmt::write
[INFO] [stdout]    2:     0x5a1c2043157c - <alloc[2e1b2a31b91974c5]::vec::Vec<u8> as core[a373ad73a504971]::io::write::Write>::write_fmt
[INFO] [stdout]    3:     0x5a1c20407b96 - std[617be2ca0a6fd877]::panicking::default_hook::{closure#0}
[INFO] [stdout]    4:     0x5a1c20424ba9 - std[617be2ca0a6fd877]::panicking::default_hook
[INFO] [stdout]    5:     0x5a1c203bc810 - test[aada8e7e76ba119b]::test_main_inner::{closure#0}
[INFO] [stdout]    6:     0x5a1c20424d62 - std[617be2ca0a6fd877]::panicking::panic_with_hook
[INFO] [stdout]    7:     0x5a1c20407c42 - std[617be2ca0a6fd877]::panicking::panic_handler::{closure#0}
[INFO] [stdout]    8:     0x5a1c204006a9 - std[617be2ca0a6fd877]::sys::backtrace::__rust_end_short_backtrace::<std[617be2ca0a6fd877]::panicking::panic_handler::{closure#0}, !>
[INFO] [stdout]    9:     0x5a1c2040884d - __rustc[ea4f61d10b84890b]::rust_begin_unwind
[INFO] [stdout]   10:     0x5a1c2044198c - core[a373ad73a504971]::panicking::panic_fmt
[INFO] [stdout]   11:     0x5a1c20441762 - core[a373ad73a504971]::result::unwrap_failed
[INFO] [stdout]   12:     0x5a1c203ab5f8 - bulk_convert[eb29dc27c2e27797]::run
[INFO] [stdout]   13:     0x5a1c203af974 - <bulk_convert[eb29dc27c2e27797]::a_container_ade_cannot_write_is_a_usage_error_not_a_silent_skip::{closure#0} as core[a373ad73a504971]::ops::function::FnOnce<()>>::call_once
[INFO] [stdout]   14:     0x5a1c203afc5b - test[aada8e7e76ba119b]::__rust_begin_short_backtrace::<core[a373ad73a504971]::result::Result<(), alloc[2e1b2a31b91974c5]::string::String>, fn() -> core[a373ad73a504971]::result::Result<(), alloc[2e1b2a31b91974c5]::string::String>>
[INFO] [stdout]   15:     0x5a1c203bce35 - test[aada8e7e76ba119b]::run_test::{closure#0}
[INFO] [stdout]   16:     0x5a1c203b6724 - std[617be2ca0a6fd877]::sys::backtrace::__rust_begin_short_backtrace::<test[aada8e7e76ba119b]::run_test::{closure#1}, ()>
[INFO] [stdout]   17:     0x5a1c203bfec2 - <std[617be2ca0a6fd877]::thread::lifecycle::spawn_unchecked<test[aada8e7e76ba119b]::run_test::{closure#1}, ()>::{closure#1} as core[a373ad73a504971]::ops::function::FnOnce<()>>::call_once::{shim:vtable#0}
[INFO] [stdout]   18:     0x5a1c2042c44f - <std[617be2ca0a6fd877]::sys::thread::unix::Thread>::new::thread_start
[INFO] [stdout]   19:     0x7059267d3dfa - <unknown>
[INFO] [stdout]   20:     0x7059268673d4 - clone
[INFO] [stdout]   21:                0x0 - <unknown>
[INFO] [stdout] 
[INFO] [stdout] ---- nothing_is_ever_overwritten stdout ----
[INFO] [stdout] 
[INFO] [stdout] thread 'nothing_is_ever_overwritten' (3038) panicked at cli/tests/bulk_convert.rs:33:55:
[INFO] [stdout] ade runs: Os { code: 2, kind: NotFound, message: "No such file or directory" }
[INFO] [stdout] stack backtrace:
[INFO] [stdout]    0:     0x5a1c2042d0e1 - <<std[617be2ca0a6fd877]::sys::backtrace::BacktraceLock>::print::DisplayBacktrace as core[a373ad73a504971]::fmt::Display>::fmt
[INFO] [stdout]    1:     0x5a1c2044125a - core[a373ad73a504971]::fmt::write
[INFO] [stdout]    2:     0x5a1c2043157c - <alloc[2e1b2a31b91974c5]::vec::Vec<u8> as core[a373ad73a504971]::io::write::Write>::write_fmt
[INFO] [stdout]    3:     0x5a1c20407b96 - std[617be2ca0a6fd877]::panicking::default_hook::{closure#0}
[INFO] [stdout]    4:     0x5a1c20424ba9 - std[617be2ca0a6fd877]::panicking::default_hook
[INFO] [stdout]    5:     0x5a1c203bc810 - test[aada8e7e76ba119b]::test_main_inner::{closure#0}
[INFO] [stdout]    6:     0x5a1c20424d62 - std[617be2ca0a6fd877]::panicking::panic_with_hook
[INFO] [stdout]    7:     0x5a1c20407c42 - std[617be2ca0a6fd877]::panicking::panic_handler::{closure#0}
[INFO] [stdout]    8:     0x5a1c204006a9 - std[617be2ca0a6fd877]::sys::backtrace::__rust_end_short_backtrace::<std[617be2ca0a6fd877]::panicking::panic_handler::{closure#0}, !>
[INFO] [stdout]    9:     0x5a1c2040884d - __rustc[ea4f61d10b84890b]::rust_begin_unwind
[INFO] [stdout]   10:     0x5a1c2044198c - core[a373ad73a504971]::panicking::panic_fmt
[INFO] [stdout]   11:     0x5a1c20441762 - core[a373ad73a504971]::result::unwrap_failed
[INFO] [stdout]   12:     0x5a1c203ab5f8 - bulk_convert[eb29dc27c2e27797]::run
[INFO] [stdout]   13:     0x5a1c203accbf - <bulk_convert[eb29dc27c2e27797]::nothing_is_ever_overwritten::{closure#0} as core[a373ad73a504971]::ops::function::FnOnce<()>>::call_once
[INFO] [stdout]   14:     0x5a1c203afc5b - test[aada8e7e76ba119b]::__rust_begin_short_backtrace::<core[a373ad73a504971]::result::Result<(), alloc[2e1b2a31b91974c5]::string::String>, fn() -> core[a373ad73a504971]::result::Result<(), alloc[2e1b2a31b91974c5]::string::String>>
[INFO] [stdout]   15:     0x5a1c203bce35 - test[aada8e7e76ba119b]::run_test::{closure#0}
[INFO] [stdout]   16:     0x5a1c203b6724 - std[617be2ca0a6fd877]::sys::backtrace::__rust_begin_short_backtrace::<test[aada8e7e76ba119b]::run_test::{closure#1}, ()>
[INFO] [stdout]   17:     0x5a1c203bfec2 - <std[617be2ca0a6fd877]::thread::lifecycle::spawn_unchecked<test[aada8e7e76ba119b]::run_test::{closure#1}, ()>::{closure#1} as core[a373ad73a504971]::ops::function::FnOnce<()>>::call_once::{shim:vtable#0}
[INFO] [stdout]   18:     0x5a1c2042c44f - <std[617be2ca0a6fd877]::sys::thread::unix::Thread>::new::thread_start
[INFO] [stdout]   19:     0x7059267d3dfa - <unknown>
[INFO] [stdout]   20:     0x7059268673d4 - clone
[INFO] [stdout]   21:                0x0 - <unknown>
[INFO] [stdout] 
[INFO] [stdout] ---- a_directory_of_images_converts_in_one_run stdout ----
[INFO] [stdout] 
[INFO] [stdout] thread 'a_directory_of_images_converts_in_one_run' (3034) panicked at cli/tests/bulk_convert.rs:33:55:
[INFO] [stdout] ade runs: Os { code: 2, kind: NotFound, message: "No such file or directory" }
[INFO] [stdout] stack backtrace:
[INFO] [stdout]    0:     0x5a1c2042d0e1 - <<std[617be2ca0a6fd877]::sys::backtrace::BacktraceLock>::print::DisplayBacktrace as core[a373ad73a504971]::fmt::Display>::fmt
[INFO] [stdout]    1:     0x5a1c2044125a - core[a373ad73a504971]::fmt::write
[INFO] [stdout]    2:     0x5a1c2043157c - <alloc[2e1b2a31b91974c5]::vec::Vec<u8> as core[a373ad73a504971]::io::write::Write>::write_fmt
[INFO] [stdout]    3:     0x5a1c20407b96 - std[617be2ca0a6fd877]::panicking::default_hook::{closure#0}
[INFO] [stdout]    4:     0x5a1c20424ba9 - std[617be2ca0a6fd877]::panicking::default_hook
[INFO] [stdout]    5:     0x5a1c203bc810 - test[aada8e7e76ba119b]::test_main_inner::{closure#0}
[INFO] [stdout]    6:     0x5a1c20424d62 - std[617be2ca0a6fd877]::panicking::panic_with_hook
[INFO] [stdout]    7:     0x5a1c20407c42 - std[617be2ca0a6fd877]::panicking::panic_handler::{closure#0}
[INFO] [stdout]    8:     0x5a1c204006a9 - std[617be2ca0a6fd877]::sys::backtrace::__rust_end_short_backtrace::<std[617be2ca0a6fd877]::panicking::panic_handler::{closure#0}, !>
[INFO] [stdout]    9:     0x5a1c2040884d - __rustc[ea4f61d10b84890b]::rust_begin_unwind
[INFO] [stdout]   10:     0x5a1c2044198c - core[a373ad73a504971]::panicking::panic_fmt
[INFO] [stdout]   11:     0x5a1c20441762 - core[a373ad73a504971]::result::unwrap_failed
[INFO] [stdout]   12:     0x5a1c203ab5f8 - bulk_convert[eb29dc27c2e27797]::run
[INFO] [stdout]   13:     0x5a1c203ad560 - <bulk_convert[eb29dc27c2e27797]::a_directory_of_images_converts_in_one_run::{closure#0} as core[a373ad73a504971]::ops::function::FnOnce<()>>::call_once
[INFO] [stdout]   14:     0x5a1c203afc5b - test[aada8e7e76ba119b]::__rust_begin_short_backtrace::<core[a373ad73a504971]::result::Result<(), alloc[2e1b2a31b91974c5]::string::String>, fn() -> core[a373ad73a504971]::result::Result<(), alloc[2e1b2a31b91974c5]::string::String>>
[INFO] [stdout]   15:     0x5a1c203bce35 - test[aada8e7e76ba119b]::run_test::{closure#0}
[INFO] [stdout]   16:     0x5a1c203b6724 - std[617be2ca0a6fd877]::sys::backtrace::__rust_begin_short_backtrace::<test[aada8e7e76ba119b]::run_test::{closure#1}, ()>
[INFO] [stdout]   17:     0x5a1c203bfec2 - <std[617be2ca0a6fd877]::thread::lifecycle::spawn_unchecked<test[aada8e7e76ba119b]::run_test::{closure#1}, ()>::{closure#1} as core[a373ad73a504971]::ops::function::FnOnce<()>>::call_once::{shim:vtable#0}
[INFO] [stdout]   18:     0x5a1c2042c44f - <std[617be2ca0a6fd877]::sys::thread::unix::Thread>::new::thread_start
[INFO] [stdout]   19:     0x7059267d3dfa - <unknown>
[INFO] [stdout]   20:     0x7059268673d4 - clone
[INFO] [stdout]   21:                0x0 - <unknown>
[INFO] [stdout] 
[INFO] [stdout] ---- bulk_and_single_conversion_produce_the_same_bytes stdout ----
[INFO] [stdout] 
[INFO] [stdout] thread 'bulk_and_single_conversion_produce_the_same_bytes' (3037) panicked at cli/tests/bulk_convert.rs:33:55:
[INFO] [stdout] ade runs: Os { code: 2, kind: NotFound, message: "No such file or directory" }
[INFO] [stdout] stack backtrace:
[INFO] [stdout]    0:     0x5a1c2042d0e1 - <<std[617be2ca0a6fd877]::sys::backtrace::BacktraceLock>::print::DisplayBacktrace as core[a373ad73a504971]::fmt::Display>::fmt
[INFO] [stdout]    1:     0x5a1c2044125a - core[a373ad73a504971]::fmt::write
[INFO] [stdout]    2:     0x5a1c2043157c - <alloc[2e1b2a31b91974c5]::vec::Vec<u8> as core[a373ad73a504971]::io::write::Write>::write_fmt
[INFO] [stdout]    3:     0x5a1c20407b96 - std[617be2ca0a6fd877]::panicking::default_hook::{closure#0}
[INFO] [stdout]    4:     0x5a1c20424ba9 - std[617be2ca0a6fd877]::panicking::default_hook
[INFO] [stdout]    5:     0x5a1c203bc810 - test[aada8e7e76ba119b]::test_main_inner::{closure#0}
[INFO] [stdout]    6:     0x5a1c20424d62 - std[617be2ca0a6fd877]::panicking::panic_with_hook
[INFO] [stdout]    7:     0x5a1c20407c42 - std[617be2ca0a6fd877]::panicking::panic_handler::{closure#0}
[INFO] [stdout]    8:     0x5a1c204006a9 - std[617be2ca0a6fd877]::sys::backtrace::__rust_end_short_backtrace::<std[617be2ca0a6fd877]::panicking::panic_handler::{closure#0}, !>
[INFO] [stdout]    9:     0x5a1c2040884d - __rustc[ea4f61d10b84890b]::rust_begin_unwind
[INFO] [stdout]   10:     0x5a1c2044198c - core[a373ad73a504971]::panicking::panic_fmt
[INFO] [stdout]   11:     0x5a1c20441762 - core[a373ad73a504971]::result::unwrap_failed
[INFO] [stdout]   12:     0x5a1c203ab5f8 - bulk_convert[eb29dc27c2e27797]::run
[INFO] [stdout]   13:     0x5a1c203aea96 - <bulk_convert[eb29dc27c2e27797]::bulk_and_single_conversion_produce_the_same_bytes::{closure#0} as core[a373ad73a504971]::ops::function::FnOnce<()>>::call_once
[INFO] [stdout]   14:     0x5a1c203afc5b - test[aada8e7e76ba119b]::__rust_begin_short_backtrace::<core[a373ad73a504971]::result::Result<(), alloc[2e1b2a31b91974c5]::string::String>, fn() -> core[a373ad73a504971]::result::Result<(), alloc[2e1b2a31b91974c5]::string::String>>
[INFO] [stdout]   15:     0x5a1c203bce35 - test[aada8e7e76ba119b]::run_test::{closure#0}
[INFO] [stdout]   16:     0x5a1c203b6724 - std[617be2ca0a6fd877]::sys::backtrace::__rust_begin_short_backtrace::<test[aada8e7e76ba119b]::run_test::{closure#1}, ()>
[INFO] [stdout]   17:     0x5a1c203bfec2 - <std[617be2ca0a6fd877]::thread::lifecycle::spawn_unchecked<test[aada8e7e76ba119b]::run_test::{closure#1}, ()>::{closure#1} as core[a373ad73a504971]::ops::function::FnOnce<()>>::call_once::{shim:vtable#0}
[INFO] [stdout]   18:     0x5a1c2042c44f - <std[617be2ca0a6fd877]::sys::thread::unix::Thread>::new::thread_start
[INFO] [stdout]   19:     0x7059267d3dfa - <unknown>
[INFO] [stdout]   20:     0x7059268673d4 - clone
[INFO] [stdout]   21:                0x0 - <unknown>
[INFO] [stdout] 
[INFO] [stdout] 
[INFO] [stdout] failures:
[INFO] [stdout]     a_container_ade_cannot_write_is_a_usage_error_not_a_silent_skip
[INFO] [stdout]     a_directory_of_images_converts_in_one_run
[INFO] [stdout]     a_refusal_is_reported_and_the_run_continues
[INFO] [stdout]     a_target_without_a_destination_is_a_usage_error
[INFO] [stdout]     bulk_and_single_conversion_produce_the_same_bytes
[INFO] [stdout]     nothing_is_ever_overwritten
[INFO] [stdout]     the_machine_surface_carries_the_outcome_per_image
[INFO] [stdout] 
[INFO] [stdout] test result: FAILED. 0 passed; 7 failed; 0 ignored; 0 measured; 0 filtered out; finished in 0.03s
[INFO] [stdout] 
[INFO] [stderr] error: test failed, to rerun pass `-p ade-cli --test bulk_convert`
[INFO] running `Command { std: "docker" "inspect" "4512c1964124271e324aadc0514114c33fb117154e1ec6a8c4515e7334b93cda", kill_on_drop: false }`
[INFO] running `Command { std: "docker" "rm" "-f" "4512c1964124271e324aadc0514114c33fb117154e1ec6a8c4515e7334b93cda", kill_on_drop: false }`
[INFO] [stdout] 4512c1964124271e324aadc0514114c33fb117154e1ec6a8c4515e7334b93cda
