[INFO] cloning repository https://github.com/ChocolateLoverRaj/cros-fp-pam
[INFO] running `Command { std: "git" "-c" "credential.helper=" "-c" "credential.helper=/workspace/cargo-home/bin/git-credential-null" "clone" "--bare" "https://github.com/ChocolateLoverRaj/cros-fp-pam" "/workspace/cache/git-repos/https%3A%2F%2Fgithub.com%2FChocolateLoverRaj%2Fcros-fp-pam", kill_on_drop: false }`
[INFO] [stderr] Cloning into bare repository '/workspace/cache/git-repos/https%3A%2F%2Fgithub.com%2FChocolateLoverRaj%2Fcros-fp-pam'...
[INFO] running `Command { std: "git" "rev-parse" "HEAD", kill_on_drop: false }`
[INFO] [stdout] 2d0b547e8800eea66d06fb52ed946f52cab30e37
[INFO] testing ChocolateLoverRaj/cros-fp-pam against 1.100.0-beta.1+cargoflags=--release for beta-release-1.100-2
[INFO] running `Command { std: "git" "clone" "/workspace/cache/git-repos/https%3A%2F%2Fgithub.com%2FChocolateLoverRaj%2Fcros-fp-pam" "/workspace/builds/worker-1-tc2/source", kill_on_drop: false }`
[INFO] [stderr] Cloning into '/workspace/builds/worker-1-tc2/source'...
[INFO] [stderr] done.
[INFO] started tweaking git repo https://github.com/ChocolateLoverRaj/cros-fp-pam
[INFO] finished tweaking git repo https://github.com/ChocolateLoverRaj/cros-fp-pam
[INFO] tweaked toml for git repo https://github.com/ChocolateLoverRaj/cros-fp-pam written to /workspace/builds/worker-1-tc2/source/Cargo.toml
[INFO] validating manifest of git repo https://github.com/ChocolateLoverRaj/cros-fp-pam on toolchain 1.100.0-beta.1
[INFO] running `Command { std: CARGO_HOME="/workspace/cargo-home" RUSTUP_HOME="/workspace/rustup-home" "/workspace/cargo-home/bin/cargo" "+1.100.0-beta.1" "metadata" "--manifest-path" "Cargo.toml" "--no-deps", kill_on_drop: false }`
[INFO] crate git repo https://github.com/ChocolateLoverRaj/cros-fp-pam already has a lockfile, it will not be regenerated
[INFO] running `Command { std: CARGO_HOME="/workspace/cargo-home" RUSTUP_HOME="/workspace/rustup-home" "/workspace/cargo-home/bin/cargo" "+1.100.0-beta.1" "fetch" "--manifest-path" "Cargo.toml", kill_on_drop: false }`
[INFO] running `Command { std: "docker" "create" "-v" "/var/lib/crater-agent-workspace/builds/worker-1-tc2/source:/opt/rustwide/workdir:ro,Z" "-v" "/var/lib/crater-agent-workspace/builds/worker-1-tc2/target:/opt/rustwide/target:rw,Z" "-v" "/var/lib/crater-agent-workspace/cargo-home:/opt/rustwide/cargo-home:ro,Z" "-v" "/var/lib/crater-agent-workspace/rustup-home:/opt/rustwide/rustup-home:ro,Z" "-m" "1610612736" "--network" "none" "ghcr.io/rust-lang/crates-build-env/linux@sha256:77db811e55d90add9212f6832c23229e3de5f1c1f9905e8cb07319ea15df73ac" "sleep" "infinity", kill_on_drop: false }`
[INFO] [stdout] 4753014b4390997917c3b6c810795763662f6192e6ed63a2493625f0001f3fbf
[INFO] running `Command { std: "docker" "start" "4753014b4390997917c3b6c810795763662f6192e6ed63a2493625f0001f3fbf", kill_on_drop: false }`
[INFO] running `Command { std: "docker" "inspect" "4753014b4390997917c3b6c810795763662f6192e6ed63a2493625f0001f3fbf", kill_on_drop: false }`
[INFO] running `Command { std: "docker" "exec" "-e" "SOURCE_DIR=/opt/rustwide/workdir" "-e" "CARGO_HOME=/opt/rustwide/cargo-home" "-e" "RUSTUP_HOME=/opt/rustwide/rustup-home" "-e" "CARGO_TARGET_DIR=/opt/rustwide/target" "-w" "/opt/rustwide/workdir" "--user" "0:0" "4753014b4390997917c3b6c810795763662f6192e6ed63a2493625f0001f3fbf" "/opt/rustwide/cargo-home/bin/cargo" "+1.100.0-beta.1" "metadata" "--no-deps" "--format-version=1", kill_on_drop: false }`
[INFO] running `Command { std: "docker" "inspect" "4753014b4390997917c3b6c810795763662f6192e6ed63a2493625f0001f3fbf", kill_on_drop: false }`
[INFO] running `Command { std: "docker" "exec" "-e" "SOURCE_DIR=/opt/rustwide/workdir" "-e" "CARGO_HOME=/opt/rustwide/cargo-home" "-e" "RUSTUP_HOME=/opt/rustwide/rustup-home" "-e" "CARGO_TARGET_DIR=/opt/rustwide/target" "-e" "CARGO_INCREMENTAL=0" "-e" "RUST_BACKTRACE=full" "-e" "RUSTFLAGS=--cap-lints=warn" "-e" "RUSTDOCFLAGS=--cap-lints=warn" "-w" "/opt/rustwide/workdir" "--user" "0:0" "4753014b4390997917c3b6c810795763662f6192e6ed63a2493625f0001f3fbf" "/opt/rustwide/cargo-home/bin/cargo" "+1.100.0-beta.1" "build" "--frozen" "--message-format=json" "--release", kill_on_drop: false }`
[INFO] [stderr]    Compiling proc-macro2 v1.0.86
[INFO] [stderr]    Compiling crossbeam-utils v0.8.20
[INFO] [stderr]    Compiling parking v2.2.0
[INFO] [stderr]    Compiling futures-io v0.3.30
[INFO] [stderr]    Compiling num-traits v0.2.19
[INFO] [stderr]    Compiling bitflags v2.6.0
[INFO] [stderr]    Compiling fastrand v2.1.0
[INFO] [stderr]    Compiling serde v1.0.203
[INFO] [stderr]    Compiling rustix v0.38.34
[INFO] [stderr]    Compiling memchr v2.7.4
[INFO] [stderr]    Compiling once_cell v1.19.0
[INFO] [stderr]    Compiling hashbrown v0.14.5
[INFO] [stderr]    Compiling value-bag v1.9.0
[INFO] [stderr]    Compiling async-task v4.7.1
[INFO] [stderr]    Compiling linux-raw-sys v0.4.14
[INFO] [stderr]    Compiling toml_datetime v0.6.6
[INFO] [stderr]    Compiling tracing-core v0.1.32
[INFO] [stderr]    Compiling io-lifetimes v1.0.11
[INFO] [stderr]    Compiling semver v1.0.23
[INFO] [stderr]    Compiling winnow v0.5.40
[INFO] [stderr]    Compiling polling v2.8.0
[INFO] [stderr]    Compiling futures-lite v2.3.0
[INFO] [stderr]    Compiling piper v0.2.3
[INFO] [stderr]    Compiling syn v1.0.109
[INFO] [stderr]    Compiling futures-sink v0.3.30
[INFO] [stderr]    Compiling rustix v0.37.27
[INFO] [stderr]    Compiling futures-channel v0.3.30
[INFO] [stderr]    Compiling async-io v1.13.0
[INFO] [stderr]    Compiling heck v0.5.0
[INFO] [stderr]    Compiling waker-fn v1.2.0
[INFO] [stderr]    Compiling log v0.4.22
[INFO] [stderr]    Compiling linux-raw-sys v0.3.8
[INFO] [stderr]    Compiling fastrand v1.9.0
[INFO] [stderr]    Compiling concurrent-queue v2.5.0
[INFO] [stderr]    Compiling rustversion v1.0.18
[INFO] [stderr]    Compiling byteorder v1.5.0
[INFO] [stderr]    Compiling event-listener v5.3.1
[INFO] [stderr]    Compiling async-executor v1.12.0
[INFO] [stderr]    Compiling futures-lite v1.13.0
[INFO] [stderr]    Compiling rustc_version v0.4.0
[INFO] [stderr]    Compiling quote v1.0.36
[INFO] [stderr]    Compiling async-lock v2.8.0
[INFO] [stderr]    Compiling socket2 v0.4.10
[INFO] [stderr]    Compiling event-listener-strategy v0.5.2
[INFO] [stderr]    Compiling indexmap v2.2.6
[INFO] [stderr]    Compiling memoffset v0.9.1
[INFO] [stderr]    Compiling async-lock v3.4.0
[INFO] [stderr]    Compiling async-channel v2.3.1
[INFO] [stderr]    Compiling thiserror v1.0.65
[INFO] [stderr]    Compiling cfg_aliases v0.2.1
[INFO] [stderr]    Compiling syn v2.0.68
[INFO] [stderr]    Compiling nix v0.29.0
[INFO] [stderr]    Compiling blocking v1.6.1
[INFO] [stderr]    Compiling heapless v0.7.17
[INFO] [stderr]    Compiling num-integer v0.1.46
[INFO] [stderr]    Compiling num-complex v0.4.6
[INFO] [stderr]    Compiling async-channel v1.9.0
[INFO] [stderr]    Compiling kv-log-macro v1.0.7
[INFO] [stderr]    Compiling crypto-common v0.1.6
[INFO] [stderr]    Compiling endi v1.1.0
[INFO] [stderr]    Compiling anyhow v1.0.86
[INFO] [stderr]    Compiling static_assertions v1.1.0
[INFO] [stderr]    Compiling digest v0.10.7
[INFO] [stderr]    Compiling uom v0.36.0
[INFO] [stderr]    Compiling spin v0.9.8
[INFO] [stderr]    Compiling hash32 v0.2.1
[INFO] [stderr]    Compiling nix v0.27.1
[INFO] [stderr]    Compiling stable_deref_trait v1.2.0
[INFO] [stderr]    Compiling cpufeatures v0.2.12
[INFO] [stderr]    Compiling strum v0.26.3
[INFO] [stderr]    Compiling num-bigint v0.4.6
[INFO] [stderr]    Compiling num-iter v0.1.45
[INFO] [stderr]    Compiling sha1 v0.10.6
[INFO] [stderr]    Compiling async-fs v2.1.2
[INFO] [stderr]    Compiling rmp v0.8.14
[INFO] [stderr]    Compiling async-broadcast v0.7.1
[INFO] [stderr]    Compiling xdg-home v1.2.0
[INFO] [stderr]    Compiling ordered-stream v0.2.0
[INFO] [stderr]    Compiling utf8parse v0.2.2
[INFO] [stderr]    Compiling cobs v0.2.3
[INFO] [stderr]    Compiling embedded-io v0.4.0
[INFO] [stderr]    Compiling cfg_aliases v0.1.1
[INFO] [stderr]    Compiling nix v0.28.0
[INFO] [stderr]    Compiling anstyle-parse v0.2.4
[INFO] [stderr]    Compiling home v0.5.9
[INFO] [stderr]    Compiling anstyle v1.0.7
[INFO] [stderr]    Compiling num-conv v0.1.0
[INFO] [stderr]    Compiling time-core v0.1.2
[INFO] [stderr]    Compiling anstyle-query v1.1.0
[INFO] [stderr]    Compiling colorchoice v1.0.1
[INFO] [stderr]    Compiling is_terminal_polyfill v1.70.0
[INFO] [stderr]    Compiling deranged v0.3.11
[INFO] [stderr]    Compiling lazy_static v1.5.0
[INFO] [stderr]    Compiling time-macros v0.2.18
[INFO] [stderr]    Compiling anstream v0.6.14
[INFO] [stderr]    Compiling num_threads v0.1.7
[INFO] [stderr]    Compiling clap_lex v0.7.1
[INFO] [stderr]    Compiling strsim v0.11.1
[INFO] [stderr]    Compiling toml_edit v0.21.1
[INFO] [stderr]    Compiling colored v2.1.0
[INFO] [stderr]    Compiling pam-bindings v0.1.1
[INFO] [stderr]    Compiling pollster v0.3.0
[INFO] [stderr]    Compiling clap_builder v4.5.8
[INFO] [stderr]    Compiling time v0.3.36
[INFO] [stderr]    Compiling num-rational v0.4.2
[INFO] [stderr]    Compiling num v0.4.3
[INFO] [stderr]    Compiling ctrlc v3.4.4
[INFO] [stderr]    Compiling proc-macro-crate v3.1.0
[INFO] [stderr]    Compiling async-attributes v1.1.2
[INFO] [stderr]    Compiling simple_logger v5.0.0
[INFO] [stderr]    Compiling zvariant_utils v2.0.0
[INFO] [stderr]    Compiling serde_derive v1.0.203
[INFO] [stderr]    Compiling tracing-attributes v0.1.27
[INFO] [stderr]    Compiling futures-macro v0.3.30
[INFO] [stderr]    Compiling enumflags2_derive v0.7.10
[INFO] [stderr]    Compiling bytemuck_derive v1.8.0
[INFO] [stderr]    Compiling zvariant_derive v4.1.2
[INFO] [stderr]    Compiling thiserror-impl v1.0.65
[INFO] [stderr]    Compiling strum_macros v0.26.4
[INFO] [stderr]    Compiling num-derive v0.4.2
[INFO] [stderr]    Compiling zbus_macros v4.3.1
[INFO] [stderr]    Compiling serde_repr v0.1.19
[INFO] [stderr]    Compiling async-trait v0.1.80
[INFO] [stderr]    Compiling clap_derive v4.5.8
[INFO] [stderr]    Compiling futures-util v0.3.30
[INFO] [stderr]    Compiling tracing v0.1.40
[INFO] [stderr]    Compiling bytemuck v1.20.0
[INFO] [stderr]    Compiling clap v4.5.8
[INFO] [stderr]    Compiling polling v3.7.2
[INFO] [stderr]    Compiling async-io v2.3.3
[INFO] [stderr]    Compiling async-global-executor v2.4.1
[INFO] [stderr]    Compiling async-std v1.12.0
[INFO] [stderr]    Compiling futures-executor v0.3.30
[INFO] [stderr]    Compiling futures v0.3.30
[INFO] [stderr]    Compiling enumflags2 v0.7.10
[INFO] [stderr]    Compiling rmp-serde v1.3.0
[INFO] [stderr]    Compiling zvariant v4.1.2
[INFO] [stderr]    Compiling postcard v1.0.8
[INFO] [stderr]    Compiling zbus_names v3.0.0
[INFO] [stderr]    Compiling zbus v4.3.1
[INFO] [stderr]    Compiling crosec v0.1.0 (https://github.com/ChocolateLoverRaj/crosec-rs/?branch=main#b67daa7f)
[INFO] [stdout] error[E0277]: the trait bound `!: AnyBitPattern` is not satisfied
[INFO] [stdout]   --> /opt/rustwide/cargo-home/git/checkouts/crosec-rs-1fce3b2702098ae9/b67daa7/crosec/src/commands/charge_control.rs:51:5
[INFO] [stdout]    |
[INFO] [stdout] 51 | /     ec_command_bytemuck(
[INFO] [stdout] 52 | |         CrosEcCmd::ChargeControl,
[INFO] [stdout] 53 | |         {
[INFO] [stdout] 54 | |             let version = ec_cmd_get_cmd_versions(file, CrosEcCmd::ChargeControl)?;
[INFO] [stdout] ...  |
[INFO] [stdout] 73 | |         file.as_raw_fd(),
[INFO] [stdout] 74 | |     )?;
[INFO] [stdout]    | |_____^ the trait `Pod` is not implemented for `!`
[INFO] [stdout]    |
[INFO] [stdout]    = help: the following other types implement trait `Pod`:
[INFO] [stdout]              ()
[INFO] [stdout]              ApResetLogEntry
[INFO] [stdout]              EcMkbpEventFingerprint
[INFO] [stdout]              EcMkbpEventHostEvent
[INFO] [stdout]              EcParamsChargeControl
[INFO] [stdout]              EcParamsChargeCurrentLimit
[INFO] [stdout]              EcResponseFpGetEncryptionStatus
[INFO] [stdout]              EcResponseFpInfo
[INFO] [stdout]            and 74 others
[INFO] [stdout]    = note: this error might have been caused by changes to Rust's type-inference algorithm (see issue #148922 <https://github.com/rust-lang/rust/issues/148922> for more information)
[INFO] [stdout]    = help: you might have intended to use the type `()` here instead
[INFO] [stdout]    = note: required for `!` to implement `AnyBitPattern`
[INFO] [stdout] note: required by a bound in `ec_command_bytemuck`
[INFO] [stdout]   --> /opt/rustwide/cargo-home/git/checkouts/crosec-rs-1fce3b2702098ae9/b67daa7/crosec/src/ec_command.rs:62:57
[INFO] [stdout]    |
[INFO] [stdout] 62 | pub fn ec_command_bytemuck<Request: NoUninit, Response: AnyBitPattern>(
[INFO] [stdout]    |                                                         ^^^^^^^^^^^^^ required by this bound in `ec_command_bytemuck`
[INFO] [stdout] 
[INFO] [stdout] 
[INFO] [stdout] error[E0277]: the trait bound `!: AnyBitPattern` is not satisfied
[INFO] [stdout]   --> /opt/rustwide/cargo-home/git/checkouts/crosec-rs-1fce3b2702098ae9/b67daa7/crosec/src/commands/fp_set_context.rs:34:5
[INFO] [stdout]    |
[INFO] [stdout] 34 | /     ec_command_bytemuck(
[INFO] [stdout] 35 | |         CrosEcCmd::FpContext,
[INFO] [stdout] 36 | |         1,
[INFO] [stdout] 37 | |         &EcParamsFpContextV1 {
[INFO] [stdout] ...  |
[INFO] [stdout] 42 | |         file.as_raw_fd(),
[INFO] [stdout] 43 | |     )?;
[INFO] [stdout]    | |_____^ the trait `Pod` is not implemented for `!`
[INFO] [stdout]    |
[INFO] [stdout]    = help: the following other types implement trait `Pod`:
[INFO] [stdout]              ()
[INFO] [stdout]              ApResetLogEntry
[INFO] [stdout]              EcMkbpEventFingerprint
[INFO] [stdout]              EcMkbpEventHostEvent
[INFO] [stdout]              EcParamsChargeControl
[INFO] [stdout]              EcParamsChargeCurrentLimit
[INFO] [stdout]              EcParamsFpContextV1
[INFO] [stdout]              EcResponseFpGetEncryptionStatus
[INFO] [stdout]            and 75 others
[INFO] [stdout]    = note: this error might have been caused by changes to Rust's type-inference algorithm (see issue #148922 <https://github.com/rust-lang/rust/issues/148922> for more information)
[INFO] [stdout]    = help: you might have intended to use the type `()` here instead
[INFO] [stdout]    = note: required for `!` to implement `AnyBitPattern`
[INFO] [stdout] note: required by a bound in `ec_command_bytemuck`
[INFO] [stdout]   --> /opt/rustwide/cargo-home/git/checkouts/crosec-rs-1fce3b2702098ae9/b67daa7/crosec/src/ec_command.rs:62:57
[INFO] [stdout]    |
[INFO] [stdout] 62 | pub fn ec_command_bytemuck<Request: NoUninit, Response: AnyBitPattern>(
[INFO] [stdout]    |                                                         ^^^^^^^^^^^^^ required by this bound in `ec_command_bytemuck`
[INFO] [stdout] 
[INFO] [stdout] 
[INFO] [stdout] error[E0277]: the trait bound `!: AnyBitPattern` is not satisfied
[INFO] [stdout]   --> /opt/rustwide/cargo-home/git/checkouts/crosec-rs-1fce3b2702098ae9/b67daa7/crosec/src/commands/set_fan_target_rpm.rs:45:13
[INFO] [stdout]    |
[INFO] [stdout] 45 | /             ec_command_bytemuck(
[INFO] [stdout] 46 | |                 CrosEcCmd::SetFanTargetRpm,
[INFO] [stdout] 47 | |                 1,
[INFO] [stdout] 48 | |                 &EcParamsSetFanTargetRpmV1 {
[INFO] [stdout] ...  |
[INFO] [stdout] 53 | |                 file.as_raw_fd(),
[INFO] [stdout] 54 | |             )?;
[INFO] [stdout]    | |_____________^ the trait `Pod` is not implemented for `!`
[INFO] [stdout]    |
[INFO] [stdout]    = help: the following other types implement trait `Pod`:
[INFO] [stdout]              ()
[INFO] [stdout]              ApResetLogEntry
[INFO] [stdout]              EcMkbpEventFingerprint
[INFO] [stdout]              EcMkbpEventHostEvent
[INFO] [stdout]              EcParamsChargeControl
[INFO] [stdout]              EcParamsChargeCurrentLimit
[INFO] [stdout]              EcParamsSetFanTargetRpmV0
[INFO] [stdout]              EcResponseFpGetEncryptionStatus
[INFO] [stdout]            and 75 others
[INFO] [stdout]    = note: this error might have been caused by changes to Rust's type-inference algorithm (see issue #148922 <https://github.com/rust-lang/rust/issues/148922> for more information)
[INFO] [stdout]    = help: you might have intended to use the type `()` here instead
[INFO] [stdout]    = note: required for `!` to implement `AnyBitPattern`
[INFO] [stdout] note: required by a bound in `ec_command_bytemuck`
[INFO] [stdout]   --> /opt/rustwide/cargo-home/git/checkouts/crosec-rs-1fce3b2702098ae9/b67daa7/crosec/src/ec_command.rs:62:57
[INFO] [stdout]    |
[INFO] [stdout] 62 | pub fn ec_command_bytemuck<Request: NoUninit, Response: AnyBitPattern>(
[INFO] [stdout]    |                                                         ^^^^^^^^^^^^^ required by this bound in `ec_command_bytemuck`
[INFO] [stdout] 
[INFO] [stdout] 
[INFO] [stdout] error[E0277]: the trait bound `!: AnyBitPattern` is not satisfied
[INFO] [stdout]   --> /opt/rustwide/cargo-home/git/checkouts/crosec-rs-1fce3b2702098ae9/b67daa7/crosec/src/console.rs:10:5
[INFO] [stdout]    |
[INFO] [stdout] 10 |     ec_command_bytemuck(CrosEcCmd::ConsoleSnapshot, 0, &(), file.as_raw_fd())?;
[INFO] [stdout]    |     ^^^^^^^^^^^^^^^^^^^^^^^^^^^^^^^^^^^^^^^^^^^^^^^^^^^^^^^^^^^^^^^^^^^^^^^^^ the trait `Pod` is not implemented for `!`
[INFO] [stdout]    |
[INFO] [stdout]    = help: the following other types implement trait `Pod`:
[INFO] [stdout]              ()
[INFO] [stdout]              ApResetLogEntry
[INFO] [stdout]              EcMkbpEventFingerprint
[INFO] [stdout]              EcMkbpEventHostEvent
[INFO] [stdout]              EcParamsChargeControl
[INFO] [stdout]              EcParamsChargeCurrentLimit
[INFO] [stdout]              EcResponseFpGetEncryptionStatus
[INFO] [stdout]              EcResponseFpInfo
[INFO] [stdout]            and 74 others
[INFO] [stdout]    = note: this error might have been caused by changes to Rust's type-inference algorithm (see issue #148922 <https://github.com/rust-lang/rust/issues/148922> for more information)
[INFO] [stdout]    = help: you might have intended to use the type `()` here instead
[INFO] [stdout]    = note: required for `!` to implement `AnyBitPattern`
[INFO] [stdout] note: required by a bound in `ec_command_bytemuck`
[INFO] [stdout]   --> /opt/rustwide/cargo-home/git/checkouts/crosec-rs-1fce3b2702098ae9/b67daa7/crosec/src/ec_command.rs:62:57
[INFO] [stdout]    |
[INFO] [stdout] 62 | pub fn ec_command_bytemuck<Request: NoUninit, Response: AnyBitPattern>(
[INFO] [stdout]    |                                                         ^^^^^^^^^^^^^ required by this bound in `ec_command_bytemuck`
[INFO] [stdout] 
[INFO] [stdout] 
[INFO] [stdout] For more information about this error, try `rustc --explain E0277`.
[INFO] [stdout] 
[INFO] [stderr] error: could not compile `crosec` (lib) due to 4 previous errors
[INFO] [stderr] warning: build failed, waiting for other jobs to finish...
[INFO] running `Command { std: "docker" "inspect" "4753014b4390997917c3b6c810795763662f6192e6ed63a2493625f0001f3fbf", kill_on_drop: false }`
[INFO] running `Command { std: "docker" "rm" "-f" "4753014b4390997917c3b6c810795763662f6192e6ed63a2493625f0001f3fbf", kill_on_drop: false }`
[INFO] [stdout] 4753014b4390997917c3b6c810795763662f6192e6ed63a2493625f0001f3fbf
