[INFO] cloning repository https://github.com/CarlSchader/cococrawl
[INFO] running `Command { std: "git" "-c" "credential.helper=" "-c" "credential.helper=/workspace/cargo-home/bin/git-credential-null" "clone" "--bare" "https://github.com/CarlSchader/cococrawl" "/workspace/cache/git-repos/https%3A%2F%2Fgithub.com%2FCarlSchader%2Fcococrawl", kill_on_drop: false }`
[INFO] [stderr] Cloning into bare repository '/workspace/cache/git-repos/https%3A%2F%2Fgithub.com%2FCarlSchader%2Fcococrawl'...
[INFO] running `Command { std: "git" "rev-parse" "HEAD", kill_on_drop: false }`
[INFO] [stdout] c68470adb72a493ab91d89f663e07d5fc5de7377
[INFO] testing CarlSchader/cococrawl against 1.100.0-beta.1+cargoflags=--release for beta-release-1.100-2
[INFO] running `Command { std: "git" "clone" "/workspace/cache/git-repos/https%3A%2F%2Fgithub.com%2FCarlSchader%2Fcococrawl" "/workspace/builds/worker-7-tc2/source", kill_on_drop: false }`
[INFO] [stderr] Cloning into '/workspace/builds/worker-7-tc2/source'...
[INFO] [stderr] done.
[INFO] started tweaking git repo https://github.com/CarlSchader/cococrawl
[INFO] finished tweaking git repo https://github.com/CarlSchader/cococrawl
[INFO] tweaked toml for git repo https://github.com/CarlSchader/cococrawl written to /workspace/builds/worker-7-tc2/source/Cargo.toml
[INFO] validating manifest of git repo https://github.com/CarlSchader/cococrawl on toolchain 1.100.0-beta.1
[INFO] running `Command { std: CARGO_HOME="/workspace/cargo-home" RUSTUP_HOME="/workspace/rustup-home" "/workspace/cargo-home/bin/cargo" "+1.100.0-beta.1" "metadata" "--manifest-path" "Cargo.toml" "--no-deps", kill_on_drop: false }`
[INFO] crate git repo https://github.com/CarlSchader/cococrawl already has a lockfile, it will not be regenerated
[INFO] running `Command { std: CARGO_HOME="/workspace/cargo-home" RUSTUP_HOME="/workspace/rustup-home" "/workspace/cargo-home/bin/cargo" "+1.100.0-beta.1" "fetch" "--manifest-path" "Cargo.toml", kill_on_drop: false }`
[INFO] running `Command { std: "docker" "create" "-v" "/var/lib/crater-agent-workspace/builds/worker-7-tc2/source:/opt/rustwide/workdir:ro,Z" "-v" "/var/lib/crater-agent-workspace/builds/worker-7-tc2/target:/opt/rustwide/target:rw,Z" "-v" "/var/lib/crater-agent-workspace/cargo-home:/opt/rustwide/cargo-home:ro,Z" "-v" "/var/lib/crater-agent-workspace/rustup-home:/opt/rustwide/rustup-home:ro,Z" "-m" "1610612736" "--network" "none" "ghcr.io/rust-lang/crates-build-env/linux@sha256:77db811e55d90add9212f6832c23229e3de5f1c1f9905e8cb07319ea15df73ac" "sleep" "infinity", kill_on_drop: false }`
[INFO] [stdout] 96b37296a0f6d6beb0cb9eba00876896eaf15c57acdd6195c230ad5ccdba8627
[INFO] running `Command { std: "docker" "start" "96b37296a0f6d6beb0cb9eba00876896eaf15c57acdd6195c230ad5ccdba8627", kill_on_drop: false }`
[INFO] running `Command { std: "docker" "inspect" "96b37296a0f6d6beb0cb9eba00876896eaf15c57acdd6195c230ad5ccdba8627", kill_on_drop: false }`
[INFO] running `Command { std: "docker" "exec" "-e" "SOURCE_DIR=/opt/rustwide/workdir" "-e" "CARGO_HOME=/opt/rustwide/cargo-home" "-e" "RUSTUP_HOME=/opt/rustwide/rustup-home" "-e" "CARGO_TARGET_DIR=/opt/rustwide/target" "-w" "/opt/rustwide/workdir" "--user" "0:0" "96b37296a0f6d6beb0cb9eba00876896eaf15c57acdd6195c230ad5ccdba8627" "/opt/rustwide/cargo-home/bin/cargo" "+1.100.0-beta.1" "metadata" "--no-deps" "--format-version=1", kill_on_drop: false }`
[INFO] running `Command { std: "docker" "inspect" "96b37296a0f6d6beb0cb9eba00876896eaf15c57acdd6195c230ad5ccdba8627", kill_on_drop: false }`
[INFO] running `Command { std: "docker" "exec" "-e" "SOURCE_DIR=/opt/rustwide/workdir" "-e" "CARGO_HOME=/opt/rustwide/cargo-home" "-e" "RUSTUP_HOME=/opt/rustwide/rustup-home" "-e" "CARGO_TARGET_DIR=/opt/rustwide/target" "-e" "CARGO_INCREMENTAL=0" "-e" "RUST_BACKTRACE=full" "-e" "RUSTFLAGS=--cap-lints=warn" "-e" "RUSTDOCFLAGS=--cap-lints=warn" "-w" "/opt/rustwide/workdir" "--user" "0:0" "96b37296a0f6d6beb0cb9eba00876896eaf15c57acdd6195c230ad5ccdba8627" "/opt/rustwide/cargo-home/bin/cargo" "+1.100.0-beta.1" "build" "--frozen" "--message-format=json" "--release", kill_on_drop: false }`
[INFO] [stderr]    Compiling crossbeam-utils v0.8.21
[INFO] [stderr]    Compiling libc v0.2.177
[INFO] [stderr]    Compiling rayon-core v1.13.0
[INFO] [stderr]    Compiling zerocopy v0.8.27
[INFO] [stderr]    Compiling memchr v2.7.6
[INFO] [stderr]    Compiling crc32fast v1.5.0
[INFO] [stderr]    Compiling arrayvec v0.7.6
[INFO] [stderr]    Compiling thiserror v2.0.17
[INFO] [stderr]    Compiling num-traits v0.2.19
[INFO] [stderr]    Compiling stable_deref_trait v1.2.1
[INFO] [stderr]    Compiling miniz_oxide v0.8.9
[INFO] [stderr]    Compiling built v0.8.0
[INFO] [stderr]    Compiling av-scenechange v0.14.1
[INFO] [stderr]    Compiling getrandom v0.3.4
[INFO] [stderr]    Compiling syn v2.0.110
[INFO] [stderr]    Compiling log v0.4.28
[INFO] [stderr]    Compiling as-slice v0.2.1
[INFO] [stderr]    Compiling aligned v0.4.2
[INFO] [stderr]    Compiling pastey v0.1.1
[INFO] [stderr]    Compiling quick-error v2.0.1
[INFO] [stderr]    Compiling y4m v0.8.0
[INFO] [stderr]    Compiling simd_helpers v0.1.0
[INFO] [stderr]    Compiling itertools v0.14.0
[INFO] [stderr]    Compiling imgref v1.12.0
[INFO] [stderr]    Compiling portable-atomic v1.11.1
[INFO] [stderr]    Compiling weezl v0.1.12
[INFO] [stderr]    Compiling zune-core v0.4.12
[INFO] [stderr]    Compiling noop_proc_macro v0.3.0
[INFO] [stderr]    Compiling avif-serialize v0.8.6
[INFO] [stderr]    Compiling loop9 v0.1.5
[INFO] [stderr]    Compiling zune-inflate v0.2.54
[INFO] [stderr]    Compiling fdeflate v0.3.7
[INFO] [stderr]    Compiling rgb v0.8.52
[INFO] [stderr]    Compiling zune-jpeg v0.4.21
[INFO] [stderr]    Compiling unicode-width v0.2.2
[INFO] [stderr]    Compiling lebe v0.5.3
[INFO] [stderr]    Compiling rav1e v0.8.1
[INFO] [stderr]    Compiling byteorder-lite v0.1.0
[INFO] [stderr]    Compiling bytemuck v1.24.0
[INFO] [stderr]    Compiling nom v8.0.0
[INFO] [stderr]    Compiling core2 v0.4.0
[INFO] [stderr]    Compiling bitstream-io v4.9.0
[INFO] [stderr]    Compiling crossbeam-epoch v0.9.18
[INFO] [stderr]    Compiling flate2 v1.1.5
[INFO] [stderr]    Compiling serde_json v1.0.145
[INFO] [stderr]    Compiling bit_field v0.10.3
[INFO] [stderr]    Compiling num-integer v0.1.46
[INFO] [stderr]    Compiling pxfm v0.1.25
[INFO] [stderr]    Compiling color_quant v1.1.0
[INFO] [stderr]    Compiling num-bigint v0.4.6
[INFO] [stderr]    Compiling crossbeam-deque v0.8.6
[INFO] [stderr]    Compiling zune-core v0.5.0
[INFO] [stderr]    Compiling clap_lex v0.7.6
[INFO] [stderr]    Compiling bitflags v2.10.0
[INFO] [stderr]    Compiling gif v0.14.0
[INFO] [stderr]    Compiling qoi v0.4.1
[INFO] [stderr]    Compiling png v0.18.0
[INFO] [stderr]    Compiling rand_core v0.9.3
[INFO] [stderr]    Compiling zune-jpeg v0.5.5
[INFO] [stderr]    Compiling clap_builder v4.5.51
[INFO] [stderr]    Compiling console v0.16.1
[INFO] [stderr]    Compiling image-webp v0.2.4
[INFO] [stderr]    Compiling iana-time-zone v0.1.64
[INFO] [stderr]    Compiling unit-prefix v0.5.1
[INFO] [stderr]    Compiling rayon v1.11.0
[INFO] [stderr]    Compiling num-rational v0.4.2
[INFO] [stderr]    Compiling moxcms v0.7.9
[INFO] [stderr]    Compiling zerocopy-derive v0.8.27
[INFO] [stderr]    Compiling equator-macro v0.4.2
[INFO] [stderr]    Compiling thiserror-impl v2.0.17
[INFO] [stderr]    Compiling arg_enum_proc_macro v0.3.4
[INFO] [stderr]    Compiling profiling-procmacros v1.0.17
[INFO] [stderr]    Compiling fax_derive v0.2.0
[INFO] [stderr]    Compiling num-derive v0.4.2
[INFO] [stderr]    Compiling serde_derive v1.0.228
[INFO] [stderr]    Compiling profiling v1.0.17
[INFO] [stderr]    Compiling clap_derive v4.5.49
[INFO] [stderr]    Compiling equator v0.4.2
[INFO] [stderr]    Compiling fax v0.2.6
[INFO] [stderr]    Compiling aligned-vec v0.6.4
[INFO] [stderr]    Compiling v_frame v0.3.9
[INFO] [stderr]    Compiling av1-grain v0.2.5
[INFO] [stderr]    Compiling maybe-rayon v0.1.1
[INFO] [stderr]    Compiling indicatif v0.18.3
[INFO] [stderr]    Compiling clap v4.5.51
[INFO] [stderr]    Compiling serde v1.0.228
[INFO] [stderr]    Compiling half v2.7.1
[INFO] [stderr]    Compiling ppv-lite86 v0.2.21
[INFO] [stderr]    Compiling exr v1.74.0
[INFO] [stderr]    Compiling tiff v0.10.3
[INFO] [stderr]    Compiling chrono v0.4.42
[INFO] [stderr]    Compiling rand_chacha v0.9.0
[INFO] [stderr]    Compiling rand v0.9.2
[INFO] [stderr]    Compiling ravif v0.12.0
[INFO] [stderr]    Compiling image v0.25.9
[INFO] [stderr]    Compiling cococrawl v0.2.1 (/opt/rustwide/workdir)
[INFO] [stderr]     Finished `release` profile [optimized] target(s) in 2m 38s
[INFO] running `Command { std: "docker" "inspect" "96b37296a0f6d6beb0cb9eba00876896eaf15c57acdd6195c230ad5ccdba8627", kill_on_drop: false }`
[INFO] running `Command { std: "docker" "exec" "-e" "SOURCE_DIR=/opt/rustwide/workdir" "-e" "CARGO_HOME=/opt/rustwide/cargo-home" "-e" "RUSTUP_HOME=/opt/rustwide/rustup-home" "-e" "CARGO_TARGET_DIR=/opt/rustwide/target" "-e" "CARGO_INCREMENTAL=0" "-e" "RUST_BACKTRACE=full" "-e" "RUSTFLAGS=--cap-lints=warn" "-e" "RUSTDOCFLAGS=--cap-lints=warn" "-w" "/opt/rustwide/workdir" "--user" "0:0" "96b37296a0f6d6beb0cb9eba00876896eaf15c57acdd6195c230ad5ccdba8627" "/opt/rustwide/cargo-home/bin/cargo" "+1.100.0-beta.1" "test" "--frozen" "--no-run" "--message-format=json" "--release", kill_on_drop: false }`
[INFO] [stderr]    Compiling png v0.18.0
[INFO] [stderr]    Compiling rustix v1.1.2
[INFO] [stderr]    Compiling linux-raw-sys v0.11.0
[INFO] [stderr]    Compiling image v0.25.9
[INFO] [stderr]    Compiling tempfile v3.23.0
[INFO] [stderr]    Compiling cococrawl v0.2.1 (/opt/rustwide/workdir)
[INFO] [stderr]     Finished `release` profile [optimized] target(s) in 2m 12s
[INFO] running `Command { std: "docker" "inspect" "96b37296a0f6d6beb0cb9eba00876896eaf15c57acdd6195c230ad5ccdba8627", kill_on_drop: false }`
[INFO] running `Command { std: "docker" "exec" "-e" "SOURCE_DIR=/opt/rustwide/workdir" "-e" "CARGO_HOME=/opt/rustwide/cargo-home" "-e" "RUSTUP_HOME=/opt/rustwide/rustup-home" "-e" "CARGO_TARGET_DIR=/opt/rustwide/target" "-e" "CARGO_INCREMENTAL=0" "-e" "RUST_BACKTRACE=full" "-e" "RUSTFLAGS=--cap-lints=warn" "-e" "RUSTDOCFLAGS=--cap-lints=warn" "-w" "/opt/rustwide/workdir" "--user" "0:0" "96b37296a0f6d6beb0cb9eba00876896eaf15c57acdd6195c230ad5ccdba8627" "/opt/rustwide/cargo-home/bin/cargo" "+1.100.0-beta.1" "test" "--frozen" "--release", kill_on_drop: false }`
[INFO] [stderr]     Finished `release` profile [optimized] target(s) in 0.16s
[INFO] [stderr]      Running unittests src/lib.rs (/opt/rustwide/target/release/build/cococrawl/10f625428618335c/out/cococrawl-10f625428618335c)
[INFO] [stdout] 
[INFO] [stdout] running 62 tests
[INFO] [stdout] test tests::test_bool_from_int_zero ... ok
[INFO] [stdout] test tests::test_coco_file_roundtrip ... ok
[INFO] [stdout] test tests::test_bool_from_int_invalid ... ok
[INFO] [stdout] test tests::test_coco_image_serde ... ok
[INFO] [stdout] test tests::test_bool_to_int ... ok
[INFO] [stdout] test tests::test_coco_image_optional_fields_none ... ok
[INFO] [stdout] test tests::test_coco_info_serde ... ok
[INFO] [stdout] test tests::test_annotation_set_image_id_all_types ... ok
[INFO] [stdout] test tests::test_coco_image_optional_fields_present ... ok
[INFO] [stdout] test tests::test_bbox_with_zeros ... ok
[INFO] [stdout] test tests::test_coco_file_without_categories ... ok
[INFO] [stdout] test tests::test_category_enum_set_id ... ok
[INFO] [stdout] test tests::test_coco_file_optional_fields_none ... ok
[INFO] [stdout] test tests::test_coco_license_equality ... ok
[INFO] [stdout] test tests::test_coco_image_set_id ... ok
[INFO] [stdout] test tests::test_densepose_annotation_roundtrip ... ok
[INFO] [stdout] test tests::test_category_enum_all_variants_id_methods ... ok
[INFO] [stdout] test tests::test_coco_license_set_id ... ok
[INFO] [stdout] test tests::test_densepose_annotation_image_id ... ok
[INFO] [stdout] test tests::test_empty_polygon_segmentation ... ok
[INFO] [stdout] test tests::test_empty_rle_counts ... ok
[INFO] [stdout] test tests::test_keypoint_detection_annotation ... ok
[INFO] [stdout] test tests::test_image_captioning_annotation ... ok
[INFO] [stdout] test tests::test_image_captioning_annotation_set_id ... ok
[INFO] [stdout] test tests::test_keypoint_detection_annotation_roundtrip ... ok
[INFO] [stdout] test tests::test_bool_from_int_one ... ok
[INFO] [stdout] test tests::test_annotation_image_id ... ok
[INFO] [stdout] test tests::test_empty_category_strings ... ok
[INFO] [stdout] test tests::test_densepose_annotation_serde ... ok
[INFO] [stdout] test tests::test_densepose_has_category_id ... ok
[INFO] [stdout] test tests::test_densepose_has_id ... ok
[INFO] [stdout] test tests::test_keypoint_detection_category_equality ... ok
[INFO] [stdout] test tests::test_empty_keypoints ... ok
[INFO] [stdout] test tests::test_keypoint_detection_annotation_setters ... ok
[INFO] [stdout] test tests::test_keypoint_detection_category_set_id ... ok
[INFO] [stdout] test tests::test_empty_caption ... ok
[INFO] [stdout] test tests::test_keypoint_detection_category ... ok
[INFO] [stdout] test tests::test_coco_rle ... ok
[INFO] [stdout] test tests::test_minimal_coco_file ... ok
[INFO] [stdout] test tests::test_make_id_map_empty_dataset ... ok
[INFO] [stdout] test tests::test_multiple_polygons_segmentation ... ok
[INFO] [stdout] test tests::test_coco_license_serde ... ok
[INFO] [stdout] test tests::test_large_image_dimensions ... ok
[INFO] [stdout] test tests::test_panoptic_segment_info_set_id ... ok
[INFO] [stdout] test tests::test_object_detection_annotation ... ok
[INFO] [stdout] test tests::test_negative_bbox_values ... ok
[INFO] [stdout] test tests::test_make_id_map_with_mixed_annotation_types ... ok
[INFO] [stdout] test tests::test_object_detection_category_equality ... ok
[INFO] [stdout] test tests::test_panoptic_segment_info ... ok
[INFO] [stdout] test tests::test_make_id_map_with_no_annotations ... ok
[INFO] [stdout] test tests::test_make_id_map ... ok
[INFO] [stdout] test tests::test_object_detection_category_set_id ... ok
[INFO] [stdout] test tests::test_object_detection_annotation_roundtrip ... ok
[INFO] [stdout] test tests::test_panoptic_segmentation_category ... ok
[INFO] [stdout] test tests::test_panoptic_segmentation_category_set_id ... ok
[INFO] [stdout] test tests::test_rle_segmentation ... ok
[INFO] [stdout] test tests::test_object_detection_category ... ok
[INFO] [stdout] test tests::test_object_detection_annotation_setters ... ok
[INFO] [stdout] test tests::test_panoptic_segmentation_annotation ... ok
[INFO] [stdout] test tests::test_panoptic_segmentation_empty_segments_info ... ok
[INFO] [stdout] test tests::test_polygon_segmentation ... ok
[INFO] [stdout] test tests::test_panoptic_segmentation_category_equality ... ok
[INFO] [stdout] 
[INFO] [stdout] test result: ok. 62 passed; 0 failed; 0 ignored; 0 measured; 0 filtered out; finished in 0.02s
[INFO] [stdout] 
[INFO] [stderr]      Running unittests src/bin/cococount.rs (/opt/rustwide/target/release/build/cococrawl/b40e42cfa341c151/out/cococount-b40e42cfa341c151)
[INFO] [stderr]      Running unittests src/bin/cococp.rs (/opt/rustwide/target/release/build/cococrawl/98bac313a6cc1009/out/cococp-98bac313a6cc1009)
[INFO] [stdout] 
[INFO] [stdout] running 0 tests
[INFO] [stdout] 
[INFO] [stdout] test result: ok. 0 passed; 0 failed; 0 ignored; 0 measured; 0 filtered out; finished in 0.00s
[INFO] [stdout] 
[INFO] [stdout] 
[INFO] [stdout] running 0 tests
[INFO] [stdout] 
[INFO] [stdout] test result: ok. 0 passed; 0 failed; 0 ignored; 0 measured; 0 filtered out; finished in 0.00s
[INFO] [stdout] 
[INFO] [stdout] 
[INFO] [stdout] running 0 tests
[INFO] [stdout] 
[INFO] [stdout] test result: ok. 0 passed; 0 failed; 0 ignored; 0 measured; 0 filtered out; finished in 0.00s
[INFO] [stdout] 
[INFO] [stderr]      Running unittests src/bin/cococrawl.rs (/opt/rustwide/target/release/build/cococrawl/06091cf9964e8f7c/out/cococrawl-06091cf9964e8f7c)
[INFO] [stderr]      Running unittests src/bin/cocomerge.rs (/opt/rustwide/target/release/build/cococrawl/5eefc86e98ef7461/out/cocomerge-5eefc86e98ef7461)
[INFO] [stderr]      Running unittests src/bin/cocosplit.rs (/opt/rustwide/target/release/build/cococrawl/ba1b7bf43913e13b/out/cocosplit-ba1b7bf43913e13b)
[INFO] [stdout] 
[INFO] [stdout] running 0 tests
[INFO] [stdout] 
[INFO] [stdout] test result: ok. 0 passed; 0 failed; 0 ignored; 0 measured; 0 filtered out; finished in 0.00s
[INFO] [stdout] 
[INFO] [stdout] 
[INFO] [stdout] running 0 tests
[INFO] [stdout] 
[INFO] [stdout] test result: ok. 0 passed; 0 failed; 0 ignored; 0 measured; 0 filtered out; finished in 0.00s
[INFO] [stdout] 
[INFO] [stderr]      Running tests/cococp_test.rs (/opt/rustwide/target/release/build/cococrawl/4917f7ac5354a141/out/cococp_test-4917f7ac5354a141)
[INFO] [stdout] 
[INFO] [stdout] running 10 tests
[INFO] [stdout] test test_cococp_absolute_paths ... FAILED
[INFO] [stdout] test test_cococp_copies_images ... FAILED
[INFO] [stdout] test test_cococp_preserves_extension ... FAILED
[INFO] [stdout] test test_cococp_custom_output_dir ... FAILED
[INFO] [stdout] test test_cococp_missing_source_image ... FAILED
[INFO] [stdout] test test_cococp_updates_paths ... FAILED
[INFO] [stdout] test test_cococp_default_output_dir ... FAILED
[INFO] [stdout] test test_cococp_preserves_metadata ... FAILED
[INFO] [stdout] test test_cococp_basic ... FAILED
[INFO] [stdout] test test_cococp_preserves_many_filenames ... FAILED
[INFO] [stdout] 
[INFO] [stdout] failures:
[INFO] [stdout] 
[INFO] [stdout] ---- test_cococp_absolute_paths stdout ----
[INFO] [stdout] 
[INFO] [stdout] thread 'test_cococp_absolute_paths' (3133) panicked at tests/cococp_test.rs:261:10:
[INFO] [stdout] Failed to execute cococp: Os { code: 2, kind: NotFound, message: "No such file or directory" }
[INFO] [stdout] stack backtrace:
[INFO] [stdout]    0:     0x5e8659381111 - <<std[617be2ca0a6fd877]::sys::backtrace::BacktraceLock>::print::DisplayBacktrace as core[a373ad73a504971]::fmt::Display>::fmt
[INFO] [stdout]    1:     0x5e86593962fa - core[a373ad73a504971]::fmt::write
[INFO] [stdout]    2:     0x5e86593859cc - <alloc[2e1b2a31b91974c5]::vec::Vec<u8> as core[a373ad73a504971]::io::write::Write>::write_fmt
[INFO] [stdout]    3:     0x5e865935b7a6 - std[617be2ca0a6fd877]::panicking::default_hook::{closure#0}
[INFO] [stdout]    4:     0x5e8659378929 - std[617be2ca0a6fd877]::panicking::default_hook
[INFO] [stdout]    5:     0x5e8659145090 - test[aada8e7e76ba119b]::test_main_inner::{closure#0}
[INFO] [stdout]    6:     0x5e8659378c52 - std[617be2ca0a6fd877]::panicking::panic_with_hook
[INFO] [stdout]    7:     0x5e865935b852 - std[617be2ca0a6fd877]::panicking::panic_handler::{closure#0}
[INFO] [stdout]    8:     0x5e8659354289 - std[617be2ca0a6fd877]::sys::backtrace::__rust_end_short_backtrace::<std[617be2ca0a6fd877]::panicking::panic_handler::{closure#0}, !>
[INFO] [stdout]    9:     0x5e865935c45d - __rustc[ea4f61d10b84890b]::rust_begin_unwind
[INFO] [stdout]   10:     0x5e8659396a2c - core[a373ad73a504971]::panicking::panic_fmt
[INFO] [stdout]   11:     0x5e8659396802 - core[a373ad73a504971]::result::unwrap_failed
[INFO] [stdout]   12:     0x5e865905da83 - <cococp_test[e23ce1c7484b5479]::test_cococp_absolute_paths::{closure#0} as core[a373ad73a504971]::ops::function::FnOnce<()>>::call_once
[INFO] [stdout]   13:     0x5e86591384db - test[aada8e7e76ba119b]::__rust_begin_short_backtrace::<core[a373ad73a504971]::result::Result<(), alloc[2e1b2a31b91974c5]::string::String>, fn() -> core[a373ad73a504971]::result::Result<(), alloc[2e1b2a31b91974c5]::string::String>>
[INFO] [stdout]   14:     0x5e86591456b5 - test[aada8e7e76ba119b]::run_test::{closure#0}
[INFO] [stdout]   15:     0x5e865913efa4 - std[617be2ca0a6fd877]::sys::backtrace::__rust_begin_short_backtrace::<test[aada8e7e76ba119b]::run_test::{closure#1}, ()>
[INFO] [stdout]   16:     0x5e8659148742 - <std[617be2ca0a6fd877]::thread::lifecycle::spawn_unchecked<test[aada8e7e76ba119b]::run_test::{closure#1}, ()>::{closure#1} as core[a373ad73a504971]::ops::function::FnOnce<()>>::call_once::{shim:vtable#0}
[INFO] [stdout]   17:     0x5e865938041f - <std[617be2ca0a6fd877]::sys::thread::unix::Thread>::new::thread_start
[INFO] [stdout]   18:     0x70fb2d21edfa - <unknown>
[INFO] [stdout]   19:     0x70fb2d2b23d4 - clone
[INFO] [stdout]   20:                0x0 - <unknown>
[INFO] [stdout] 
[INFO] [stdout] ---- test_cococp_copies_images stdout ----
[INFO] [stdout] 
[INFO] [stdout] thread 'test_cococp_copies_images' (3135) panicked at tests/cococp_test.rs:81:10:
[INFO] [stdout] Failed to execute cococp: Os { code: 2, kind: NotFound, message: "No such file or directory" }
[INFO] [stdout] stack backtrace:
[INFO] [stdout]    0:     0x5e8659381111 - <<std[617be2ca0a6fd877]::sys::backtrace::BacktraceLock>::print::DisplayBacktrace as core[a373ad73a504971]::fmt::Display>::fmt
[INFO] [stdout]    1:     0x5e86593962fa - core[a373ad73a504971]::fmt::write
[INFO] [stdout]    2:     0x5e86593859cc - <alloc[2e1b2a31b91974c5]::vec::Vec<u8> as core[a373ad73a504971]::io::write::Write>::write_fmt
[INFO] [stdout]    3:     0x5e865935b7a6 - std[617be2ca0a6fd877]::panicking::default_hook::{closure#0}
[INFO] [stdout]    4:     0x5e8659378929 - std[617be2ca0a6fd877]::panicking::default_hook
[INFO] [stdout]    5:     0x5e8659145090 - test[aada8e7e76ba119b]::test_main_inner::{closure#0}
[INFO] [stdout]    6:     0x5e8659378c52 - std[617be2ca0a6fd877]::panicking::panic_with_hook
[INFO] [stdout]    7:     0x5e865935b852 - std[617be2ca0a6fd877]::panicking::panic_handler::{closure#0}
[INFO] [stdout]    8:     0x5e8659354289 - std[617be2ca0a6fd877]::sys::backtrace::__rust_end_short_backtrace::<std[617be2ca0a6fd877]::panicking::panic_handler::{closure#0}, !>
[INFO] [stdout]    9:     0x5e865935c45d - __rustc[ea4f61d10b84890b]::rust_begin_unwind
[INFO] [stdout]   10:     0x5e8659396a2c - core[a373ad73a504971]::panicking::panic_fmt
[INFO] [stdout]   11:     0x5e8659396802 - core[a373ad73a504971]::result::unwrap_failed
[INFO] [stdout]   12:     0x5e865905c397 - <cococp_test[e23ce1c7484b5479]::test_cococp_copies_images::{closure#0} as core[a373ad73a504971]::ops::function::FnOnce<()>>::call_once
[INFO] [stdout]   13:     0x5e86591384db - test[aada8e7e76ba119b]::__rust_begin_short_backtrace::<core[a373ad73a504971]::result::Result<(), alloc[2e1b2a31b91974c5]::string::String>, fn() -> core[a373ad73a504971]::result::Result<(), alloc[2e1b2a31b91974c5]::string::String>>
[INFO] [stdout]   14:     0x5e86591456b5 - test[aada8e7e76ba119b]::run_test::{closure#0}
[INFO] [stdout]   15:     0x5e865913efa4 - std[617be2ca0a6fd877]::sys::backtrace::__rust_begin_short_backtrace::<test[aada8e7e76ba119b]::run_test::{closure#1}, ()>
[INFO] [stdout]   16:     0x5e8659148742 - <std[617be2ca0a6fd877]::thread::lifecycle::spawn_unchecked<test[aada8e7e76ba119b]::run_test::{closure#1}, ()>::{closure#1} as core[a373ad73a504971]::ops::function::FnOnce<()>>::call_once::{shim:vtable#0}
[INFO] [stdout]   17:     0x5e865938041f - <std[617be2ca0a6fd877]::sys::thread::unix::Thread>::new::thread_start
[INFO] [stdout]   18:     0x70fb2d21edfa - <unknown>
[INFO] [stdout]   19:     0x70fb2d2b23d4 - clone
[INFO] [stdout]   20:                0x0 - <unknown>
[INFO] [stdout] 
[INFO] [stdout] ---- test_cococp_preserves_extension stdout ----
[INFO] [stdout] 
[INFO] [stdout] thread 'test_cococp_preserves_extension' (3139) panicked at tests/cococp_test.rs:367:10:
[INFO] [stdout] Failed to execute cococp: Os { code: 2, kind: NotFound, message: "No such file or directory" }
[INFO] [stdout] stack backtrace:
[INFO] [stdout]    0:     0x5e8659381111 - <<std[617be2ca0a6fd877]::sys::backtrace::BacktraceLock>::print::DisplayBacktrace as core[a373ad73a504971]::fmt::Display>::fmt
[INFO] [stdout]    1:     0x5e86593962fa - core[a373ad73a504971]::fmt::write
[INFO] [stdout]    2:     0x5e86593859cc - <alloc[2e1b2a31b91974c5]::vec::Vec<u8> as core[a373ad73a504971]::io::write::Write>::write_fmt
[INFO] [stdout]    3:     0x5e865935b7a6 - std[617be2ca0a6fd877]::panicking::default_hook::{closure#0}
[INFO] [stdout]    4:     0x5e8659378929 - std[617be2ca0a6fd877]::panicking::default_hook
[INFO] [stdout]    5:     0x5e8659145090 - test[aada8e7e76ba119b]::test_main_inner::{closure#0}
[INFO] [stdout]    6:     0x5e8659378c52 - std[617be2ca0a6fd877]::panicking::panic_with_hook
[INFO] [stdout]    7:     0x5e865935b852 - std[617be2ca0a6fd877]::panicking::panic_handler::{closure#0}
[INFO] [stdout]    8:     0x5e8659354289 - std[617be2ca0a6fd877]::sys::backtrace::__rust_end_short_backtrace::<std[617be2ca0a6fd877]::panicking::panic_handler::{closure#0}, !>
[INFO] [stdout]    9:     0x5e865935c45d - __rustc[ea4f61d10b84890b]::rust_begin_unwind
[INFO] [stdout]   10:     0x5e8659396a2c - core[a373ad73a504971]::panicking::panic_fmt
[INFO] [stdout]   11:     0x5e8659396802 - core[a373ad73a504971]::result::unwrap_failed
[INFO] [stdout]   12:     0x5e865905f768 - <cococp_test[e23ce1c7484b5479]::test_cococp_preserves_extension::{closure#0} as core[a373ad73a504971]::ops::function::FnOnce<()>>::call_once
[INFO] [stdout]   13:     0x5e86591384db - test[aada8e7e76ba119b]::__rust_begin_short_backtrace::<core[a373ad73a504971]::result::Result<(), alloc[2e1b2a31b91974c5]::string::String>, fn() -> core[a373ad73a504971]::result::Result<(), alloc[2e1b2a31b91974c5]::string::String>>
[INFO] [stdout]   14:     0x5e86591456b5 - test[aada8e7e76ba119b]::run_test::{closure#0}
[INFO] [stdout]   15:     0x5e865913efa4 - std[617be2ca0a6fd877]::sys::backtrace::__rust_begin_short_backtrace::<test[aada8e7e76ba119b]::run_test::{closure#1}, ()>
[INFO] [stdout]   16:     0x5e8659148742 - <std[617be2ca0a6fd877]::thread::lifecycle::spawn_unchecked<test[aada8e7e76ba119b]::run_test::{closure#1}, ()>::{closure#1} as core[a373ad73a504971]::ops::function::FnOnce<()>>::call_once::{shim:vtable#0}
[INFO] [stdout]   17:     0x5e865938041f - <std[617be2ca0a6fd877]::sys::thread::unix::Thread>::new::thread_start
[INFO] [stdout]   18:     0x70fb2d21edfa - <unknown>
[INFO] [stdout]   19:     0x70fb2d2b23d4 - clone
[INFO] [stdout]   20:                0x0 - <unknown>
[INFO] [stdout] 
[INFO] [stdout] ---- test_cococp_custom_output_dir stdout ----
[INFO] [stdout] 
[INFO] [stdout] thread 'test_cococp_custom_output_dir' (3136) panicked at tests/cococp_test.rs:312:10:
[INFO] [stdout] Failed to execute cococp: Os { code: 2, kind: NotFound, message: "No such file or directory" }
[INFO] [stdout] stack backtrace:
[INFO] [stdout]    0:     0x5e8659381111 - <<std[617be2ca0a6fd877]::sys::backtrace::BacktraceLock>::print::DisplayBacktrace as core[a373ad73a504971]::fmt::Display>::fmt
[INFO] [stdout]    1:     0x5e86593962fa - core[a373ad73a504971]::fmt::write
[INFO] [stdout]    2:     0x5e86593859cc - <alloc[2e1b2a31b91974c5]::vec::Vec<u8> as core[a373ad73a504971]::io::write::Write>::write_fmt
[INFO] [stdout]    3:     0x5e865935b7a6 - std[617be2ca0a6fd877]::panicking::default_hook::{closure#0}
[INFO] [stdout]    4:     0x5e8659378929 - std[617be2ca0a6fd877]::panicking::default_hook
[INFO] [stdout]    5:     0x5e8659145090 - test[aada8e7e76ba119b]::test_main_inner::{closure#0}
[INFO] [stdout]    6:     0x5e8659378c52 - std[617be2ca0a6fd877]::panicking::panic_with_hook
[INFO] [stdout]    7:     0x5e865935b852 - std[617be2ca0a6fd877]::panicking::panic_handler::{closure#0}
[INFO] [stdout]    8:     0x5e8659354289 - std[617be2ca0a6fd877]::sys::backtrace::__rust_end_short_backtrace::<std[617be2ca0a6fd877]::panicking::panic_handler::{closure#0}, !>
[INFO] [stdout]    9:     0x5e865935c45d - __rustc[ea4f61d10b84890b]::rust_begin_unwind
[INFO] [stdout]   10:     0x5e8659396a2c - core[a373ad73a504971]::panicking::panic_fmt
[INFO] [stdout]   11:     0x5e8659396802 - core[a373ad73a504971]::result::unwrap_failed
[INFO] [stdout]   12:     0x5e865905e1cd - <cococp_test[e23ce1c7484b5479]::test_cococp_custom_output_dir::{closure#0} as core[a373ad73a504971]::ops::function::FnOnce<()>>::call_once
[INFO] [stdout]   13:     0x5e86591384db - test[aada8e7e76ba119b]::__rust_begin_short_backtrace::<core[a373ad73a504971]::result::Result<(), alloc[2e1b2a31b91974c5]::string::String>, fn() -> core[a373ad73a504971]::result::Result<(), alloc[2e1b2a31b91974c5]::string::String>>
[INFO] [stdout]   14:     0x5e86591456b5 - test[aada8e7e76ba119b]::run_test::{closure#0}
[INFO] [stdout]   15:     0x5e865913efa4 - std[617be2ca0a6fd877]::sys::backtrace::__rust_begin_short_backtrace::<test[aada8e7e76ba119b]::run_test::{closure#1}, ()>
[INFO] [stdout]   16:     0x5e8659148742 - <std[617be2ca0a6fd877]::thread::lifecycle::spawn_unchecked<test[aada8e7e76ba119b]::run_test::{closure#1}, ()>::{closure#1} as core[a373ad73a504971]::ops::function::FnOnce<()>>::call_once::{shim:vtable#0}
[INFO] [stdout]   17:     0x5e865938041f - <std[617be2ca0a6fd877]::sys::thread::unix::Thread>::new::thread_start
[INFO] [stdout]   18:     0x70fb2d21edfa - <unknown>
[INFO] [stdout]   19:     0x70fb2d2b23d4 - clone
[INFO] [stdout]   20:                0x0 - <unknown>
[INFO] [stdout] 
[INFO] [stdout] ---- test_cococp_missing_source_image stdout ----
[INFO] [stdout] 
[INFO] [stdout] thread 'test_cococp_missing_source_image' (3138) panicked at tests/cococp_test.rs:293:10:
[INFO] [stdout] Failed to execute cococp: Os { code: 2, kind: NotFound, message: "No such file or directory" }
[INFO] [stdout] stack backtrace:
[INFO] [stdout]    0:     0x5e8659381111 - <<std[617be2ca0a6fd877]::sys::backtrace::BacktraceLock>::print::DisplayBacktrace as core[a373ad73a504971]::fmt::Display>::fmt
[INFO] [stdout]    1:     0x5e86593962fa - core[a373ad73a504971]::fmt::write
[INFO] [stdout]    2:     0x5e86593859cc - <alloc[2e1b2a31b91974c5]::vec::Vec<u8> as core[a373ad73a504971]::io::write::Write>::write_fmt
[INFO] [stdout]    3:     0x5e865935b7a6 - std[617be2ca0a6fd877]::panicking::default_hook::{closure#0}
[INFO] [stdout]    4:     0x5e8659378929 - std[617be2ca0a6fd877]::panicking::default_hook
[INFO] [stdout]    5:     0x5e8659145090 - test[aada8e7e76ba119b]::test_main_inner::{closure#0}
[INFO] [stdout]    6:     0x5e8659378c52 - std[617be2ca0a6fd877]::panicking::panic_with_hook
[INFO] [stdout]    7:     0x5e865935b852 - std[617be2ca0a6fd877]::panicking::panic_handler::{closure#0}
[INFO] [stdout]    8:     0x5e8659354289 - std[617be2ca0a6fd877]::sys::backtrace::__rust_end_short_backtrace::<std[617be2ca0a6fd877]::panicking::panic_handler::{closure#0}, !>
[INFO] [stdout]    9:     0x5e865935c45d - __rustc[ea4f61d10b84890b]::rust_begin_unwind
[INFO] [stdout]   10:     0x5e8659396a2c - core[a373ad73a504971]::panicking::panic_fmt
[INFO] [stdout]   11:     0x5e8659396802 - core[a373ad73a504971]::result::unwrap_failed
[INFO] [stdout]   12:     0x5e86590601d5 - <cococp_test[e23ce1c7484b5479]::test_cococp_missing_source_image::{closure#0} as core[a373ad73a504971]::ops::function::FnOnce<()>>::call_once
[INFO] [stdout]   13:     0x5e86591384db - test[aada8e7e76ba119b]::__rust_begin_short_backtrace::<core[a373ad73a504971]::result::Result<(), alloc[2e1b2a31b91974c5]::string::String>, fn() -> core[a373ad73a504971]::result::Result<(), alloc[2e1b2a31b91974c5]::string::String>>
[INFO] [stdout]   14:     0x5e86591456b5 - test[aada8e7e76ba119b]::run_test::{closure#0}
[INFO] [stdout]   15:     0x5e865913efa4 - std[617be2ca0a6fd877]::sys::backtrace::__rust_begin_short_backtrace::<test[aada8e7e76ba119b]::run_test::{closure#1}, ()>
[INFO] [stdout]   16:     0x5e8659148742 - <std[617be2ca0a6fd877]::thread::lifecycle::spawn_unchecked<test[aada8e7e76ba119b]::run_test::{closure#1}, ()>::{closure#1} as core[a373ad73a504971]::ops::function::FnOnce<()>>::call_once::{shim:vtable#0}
[INFO] [stdout]   17:     0x5e865938041f - <std[617be2ca0a6fd877]::sys::thread::unix::Thread>::new::thread_start
[INFO] [stdout]   18:     0x70fb2d21edfa - <unknown>
[INFO] [stdout]   19:     0x70fb2d2b23d4 - clone
[INFO] [stdout]   20:                0x0 - <unknown>
[INFO] [stdout] 
[INFO] [stdout] ---- test_cococp_updates_paths stdout ----
[INFO] [stdout] 
[INFO] [stdout] thread 'test_cococp_updates_paths' (3142) panicked at tests/cococp_test.rs:100:10:
[INFO] [stdout] Failed to execute cococp: Os { code: 2, kind: NotFound, message: "No such file or directory" }
[INFO] [stdout] stack backtrace:
[INFO] [stdout]    0:     0x5e8659381111 - <<std[617be2ca0a6fd877]::sys::backtrace::BacktraceLock>::print::DisplayBacktrace as core[a373ad73a504971]::fmt::Display>::fmt
[INFO] [stdout]    1:     0x5e86593962fa - core[a373ad73a504971]::fmt::write
[INFO] [stdout]    2:     0x5e86593859cc - <alloc[2e1b2a31b91974c5]::vec::Vec<u8> as core[a373ad73a504971]::io::write::Write>::write_fmt
[INFO] [stdout]    3:     0x5e865935b7a6 - std[617be2ca0a6fd877]::panicking::default_hook::{closure#0}
[INFO] [stdout]    4:     0x5e8659378929 - std[617be2ca0a6fd877]::panicking::default_hook
[INFO] [stdout]    5:     0x5e8659145090 - test[aada8e7e76ba119b]::test_main_inner::{closure#0}
[INFO] [stdout]    6:     0x5e8659378c52 - std[617be2ca0a6fd877]::panicking::panic_with_hook
[INFO] [stdout]    7:     0x5e865935b852 - std[617be2ca0a6fd877]::panicking::panic_handler::{closure#0}
[INFO] [stdout]    8:     0x5e8659354289 - std[617be2ca0a6fd877]::sys::backtrace::__rust_end_short_backtrace::<std[617be2ca0a6fd877]::panicking::panic_handler::{closure#0}, !>
[INFO] [stdout]    9:     0x5e865935c45d - __rustc[ea4f61d10b84890b]::rust_begin_unwind
[INFO] [stdout]   10:     0x5e8659396a2c - core[a373ad73a504971]::panicking::panic_fmt
[INFO] [stdout]   11:     0x5e8659396802 - core[a373ad73a504971]::result::unwrap_failed
[INFO] [stdout]   12:     0x5e865905ca74 - <cococp_test[e23ce1c7484b5479]::test_cococp_updates_paths::{closure#0} as core[a373ad73a504971]::ops::function::FnOnce<()>>::call_once
[INFO] [stdout]   13:     0x5e86591384db - test[aada8e7e76ba119b]::__rust_begin_short_backtrace::<core[a373ad73a504971]::result::Result<(), alloc[2e1b2a31b91974c5]::string::String>, fn() -> core[a373ad73a504971]::result::Result<(), alloc[2e1b2a31b91974c5]::string::String>>
[INFO] [stdout]   14:     0x5e86591456b5 - test[aada8e7e76ba119b]::run_test::{closure#0}
[INFO] [stdout]   15:     0x5e865913efa4 - std[617be2ca0a6fd877]::sys::backtrace::__rust_begin_short_backtrace::<test[aada8e7e76ba119b]::run_test::{closure#1}, ()>
[INFO] [stdout]   16:     0x5e8659148742 - <std[617be2ca0a6fd877]::thread::lifecycle::spawn_unchecked<test[aada8e7e76ba119b]::run_test::{closure#1}, ()>::{closure#1} as core[a373ad73a504971]::ops::function::FnOnce<()>>::call_once::{shim:vtable#0}
[INFO] [stdout]   17:     0x5e865938041f - <std[617be2ca0a6fd877]::sys::thread::unix::Thread>::new::thread_start
[INFO] [stdout]   18:     0x70fb2d21edfa - <unknown>
[INFO] [stdout]   19:     0x70fb2d2b23d4 - clone
[INFO] [stdout]   20:                0x0 - <unknown>
[INFO] [stdout] 
[INFO] [stdout] ---- test_cococp_default_output_dir stdout ----
[INFO] [stdout] 
[INFO] [stdout] thread 'test_cococp_default_output_dir' (3137) panicked at tests/cococp_test.rs:329:10:
[INFO] [stdout] Failed to execute cococp: Os { code: 2, kind: NotFound, message: "No such file or directory" }
[INFO] [stdout] stack backtrace:
[INFO] [stdout]    0:     0x5e8659381111 - <<std[617be2ca0a6fd877]::sys::backtrace::BacktraceLock>::print::DisplayBacktrace as core[a373ad73a504971]::fmt::Display>::fmt
[INFO] [stdout]    1:     0x5e86593962fa - core[a373ad73a504971]::fmt::write
[INFO] [stdout]    2:     0x5e86593859cc - <alloc[2e1b2a31b91974c5]::vec::Vec<u8> as core[a373ad73a504971]::io::write::Write>::write_fmt
[INFO] [stdout]    3:     0x5e865935b7a6 - std[617be2ca0a6fd877]::panicking::default_hook::{closure#0}
[INFO] [stdout]    4:     0x5e8659378929 - std[617be2ca0a6fd877]::panicking::default_hook
[INFO] [stdout]    5:     0x5e8659145090 - test[aada8e7e76ba119b]::test_main_inner::{closure#0}
[INFO] [stdout]    6:     0x5e8659378c52 - std[617be2ca0a6fd877]::panicking::panic_with_hook
[INFO] [stdout]    7:     0x5e865935b852 - std[617be2ca0a6fd877]::panicking::panic_handler::{closure#0}
[INFO] [stdout]    8:     0x5e8659354289 - std[617be2ca0a6fd877]::sys::backtrace::__rust_end_short_backtrace::<std[617be2ca0a6fd877]::panicking::panic_handler::{closure#0}, !>
[INFO] [stdout]    9:     0x5e865935c45d - __rustc[ea4f61d10b84890b]::rust_begin_unwind
[INFO] [stdout]   10:     0x5e8659396a2c - core[a373ad73a504971]::panicking::panic_fmt
[INFO] [stdout]   11:     0x5e8659396802 - core[a373ad73a504971]::result::unwrap_failed
[INFO] [stdout]   12:     0x5e865905e72d - <cococp_test[e23ce1c7484b5479]::test_cococp_default_output_dir::{closure#0} as core[a373ad73a504971]::ops::function::FnOnce<()>>::call_once
[INFO] [stdout]   13:     0x5e86591384db - test[aada8e7e76ba119b]::__rust_begin_short_backtrace::<core[a373ad73a504971]::result::Result<(), alloc[2e1b2a31b91974c5]::string::String>, fn() -> core[a373ad73a504971]::result::Result<(), alloc[2e1b2a31b91974c5]::string::String>>
[INFO] [stdout]   14:     0x5e86591456b5 - test[aada8e7e76ba119b]::run_test::{closure#0}
[INFO] [stdout]   15:     0x5e865913efa4 - std[617be2ca0a6fd877]::sys::backtrace::__rust_begin_short_backtrace::<test[aada8e7e76ba119b]::run_test::{closure#1}, ()>
[INFO] [stdout]   16:     0x5e8659148742 - <std[617be2ca0a6fd877]::thread::lifecycle::spawn_unchecked<test[aada8e7e76ba119b]::run_test::{closure#1}, ()>::{closure#1} as core[a373ad73a504971]::ops::function::FnOnce<()>>::call_once::{shim:vtable#0}
[INFO] [stdout]   17:     0x5e865938041f - <std[617be2ca0a6fd877]::sys::thread::unix::Thread>::new::thread_start
[INFO] [stdout]   18:     0x70fb2d21edfa - <unknown>
[INFO] [stdout]   19:     0x70fb2d2b23d4 - clone
[INFO] [stdout]   20:                0x0 - <unknown>
[INFO] [stdout] 
[INFO] [stdout] ---- test_cococp_preserves_metadata stdout ----
[INFO] [stdout] 
[INFO] [stdout] thread 'test_cococp_preserves_metadata' (3141) panicked at tests/cococp_test.rs:172:10:
[INFO] [stdout] Failed to execute cococp: Os { code: 2, kind: NotFound, message: "No such file or directory" }
[INFO] [stdout] stack backtrace:
[INFO] [stdout]    0:     0x5e8659381111 - <<std[617be2ca0a6fd877]::sys::backtrace::BacktraceLock>::print::DisplayBacktrace as core[a373ad73a504971]::fmt::Display>::fmt
[INFO] [stdout]    1:     0x5e86593962fa - core[a373ad73a504971]::fmt::write
[INFO] [stdout]    2:     0x5e86593859cc - <alloc[2e1b2a31b91974c5]::vec::Vec<u8> as core[a373ad73a504971]::io::write::Write>::write_fmt
[INFO] [stdout]    3:     0x5e865935b7a6 - std[617be2ca0a6fd877]::panicking::default_hook::{closure#0}
[INFO] [stdout]    4:     0x5e8659378929 - std[617be2ca0a6fd877]::panicking::default_hook
[INFO] [stdout]    5:     0x5e8659145090 - test[aada8e7e76ba119b]::test_main_inner::{closure#0}
[INFO] [stdout]    6:     0x5e8659378c52 - std[617be2ca0a6fd877]::panicking::panic_with_hook
[INFO] [stdout]    7:     0x5e865935b852 - std[617be2ca0a6fd877]::panicking::panic_handler::{closure#0}
[INFO] [stdout]    8:     0x5e8659354289 - std[617be2ca0a6fd877]::sys::backtrace::__rust_end_short_backtrace::<std[617be2ca0a6fd877]::panicking::panic_handler::{closure#0}, !>
[INFO] [stdout]    9:     0x5e865935c45d - __rustc[ea4f61d10b84890b]::rust_begin_unwind
[INFO] [stdout]   10:     0x5e8659396a2c - core[a373ad73a504971]::panicking::panic_fmt
[INFO] [stdout]   11:     0x5e8659396802 - core[a373ad73a504971]::result::unwrap_failed
[INFO] [stdout]   12:     0x5e865905eef0 - <cococp_test[e23ce1c7484b5479]::test_cococp_preserves_metadata::{closure#0} as core[a373ad73a504971]::ops::function::FnOnce<()>>::call_once
[INFO] [stdout]   13:     0x5e86591384db - test[aada8e7e76ba119b]::__rust_begin_short_backtrace::<core[a373ad73a504971]::result::Result<(), alloc[2e1b2a31b91974c5]::string::String>, fn() -> core[a373ad73a504971]::result::Result<(), alloc[2e1b2a31b91974c5]::string::String>>
[INFO] [stdout]   14:     0x5e86591456b5 - test[aada8e7e76ba119b]::run_test::{closure#0}
[INFO] [stdout]   15:     0x5e865913efa4 - std[617be2ca0a6fd877]::sys::backtrace::__rust_begin_short_backtrace::<test[aada8e7e76ba119b]::run_test::{closure#1}, ()>
[INFO] [stdout]   16:     0x5e8659148742 - <std[617be2ca0a6fd877]::thread::lifecycle::spawn_unchecked<test[aada8e7e76ba119b]::run_test::{closure#1}, ()>::{closure#1} as core[a373ad73a504971]::ops::function::FnOnce<()>>::call_once::{shim:vtable#0}
[INFO] [stdout]   17:     0x5e865938041f - <std[617be2ca0a6fd877]::sys::thread::unix::Thread>::new::thread_start
[INFO] [stdout]   18:     0x70fb2d21edfa - <unknown>
[INFO] [stdout]   19:     0x70fb2d2b23d4 - clone
[INFO] [stdout]   20:                0x0 - <unknown>
[INFO] [stdout] 
[INFO] [stdout] ---- test_cococp_basic stdout ----
[INFO] [stdout] 
[INFO] [stdout] thread 'test_cococp_basic' (3134) panicked at tests/cococp_test.rs:62:10:
[INFO] [stdout] Failed to execute cococp: Os { code: 2, kind: NotFound, message: "No such file or directory" }
[INFO] [stdout] stack backtrace:
[INFO] [stdout]    0:     0x5e8659381111 - <<std[617be2ca0a6fd877]::sys::backtrace::BacktraceLock>::print::DisplayBacktrace as core[a373ad73a504971]::fmt::Display>::fmt
[INFO] [stdout]    1:     0x5e86593962fa - core[a373ad73a504971]::fmt::write
[INFO] [stdout]    2:     0x5e86593859cc - <alloc[2e1b2a31b91974c5]::vec::Vec<u8> as core[a373ad73a504971]::io::write::Write>::write_fmt
[INFO] [stdout]    3:     0x5e865935b7a6 - std[617be2ca0a6fd877]::panicking::default_hook::{closure#0}
[INFO] [stdout]    4:     0x5e8659378929 - std[617be2ca0a6fd877]::panicking::default_hook
[INFO] [stdout]    5:     0x5e8659145090 - test[aada8e7e76ba119b]::test_main_inner::{closure#0}
[INFO] [stdout]    6:     0x5e8659378c52 - std[617be2ca0a6fd877]::panicking::panic_with_hook
[INFO] [stdout]    7:     0x5e865935b852 - std[617be2ca0a6fd877]::panicking::panic_handler::{closure#0}
[INFO] [stdout]    8:     0x5e8659354289 - std[617be2ca0a6fd877]::sys::backtrace::__rust_end_short_backtrace::<std[617be2ca0a6fd877]::panicking::panic_handler::{closure#0}, !>
[INFO] [stdout]    9:     0x5e865935c45d - __rustc[ea4f61d10b84890b]::rust_begin_unwind
[INFO] [stdout]   10:     0x5e8659396a2c - core[a373ad73a504971]::panicking::panic_fmt
[INFO] [stdout]   11:     0x5e8659396802 - core[a373ad73a504971]::result::unwrap_failed
[INFO] [stdout]   12:     0x5e865905bd89 - <cococp_test[e23ce1c7484b5479]::test_cococp_basic::{closure#0} as core[a373ad73a504971]::ops::function::FnOnce<()>>::call_once
[INFO] [stdout]   13:     0x5e86591384db - test[aada8e7e76ba119b]::__rust_begin_short_backtrace::<core[a373ad73a504971]::result::Result<(), alloc[2e1b2a31b91974c5]::string::String>, fn() -> core[a373ad73a504971]::result::Result<(), alloc[2e1b2a31b91974c5]::string::String>>
[INFO] [stdout]   14:     0x5e86591456b5 - test[aada8e7e76ba119b]::run_test::{closure#0}
[INFO] [stdout]   15:     0x5e865913efa4 - std[617be2ca0a6fd877]::sys::backtrace::__rust_begin_short_backtrace::<test[aada8e7e76ba119b]::run_test::{closure#1}, ()>
[INFO] [stdout]   16:     0x5e8659148742 - <std[617be2ca0a6fd877]::thread::lifecycle::spawn_unchecked<test[aada8e7e76ba119b]::run_test::{closure#1}, ()>::{closure#1} as core[a373ad73a504971]::ops::function::FnOnce<()>>::call_once::{shim:vtable#0}
[INFO] [stdout]   17:     0x5e865938041f - <std[617be2ca0a6fd877]::sys::thread::unix::Thread>::new::thread_start
[INFO] [stdout]   18:     0x70fb2d21edfa - <unknown>
[INFO] [stdout]   19:     0x70fb2d2b23d4 - clone
[INFO] [stdout]   20:                0x0 - <unknown>
[INFO] [stdout] 
[INFO] [stdout] ---- test_cococp_preserves_many_filenames stdout ----
[INFO] [stdout] 
[INFO] [stdout] thread 'test_cococp_preserves_many_filenames' (3140) panicked at tests/cococp_test.rs:217:10:
[INFO] [stdout] Failed to execute cococp: Os { code: 2, kind: NotFound, message: "No such file or directory" }
[INFO] [stdout] stack backtrace:
[INFO] [stdout]    0:     0x5e8659381111 - <<std[617be2ca0a6fd877]::sys::backtrace::BacktraceLock>::print::DisplayBacktrace as core[a373ad73a504971]::fmt::Display>::fmt
[INFO] [stdout]    1:     0x5e86593962fa - core[a373ad73a504971]::fmt::write
[INFO] [stdout]    2:     0x5e86593859cc - <alloc[2e1b2a31b91974c5]::vec::Vec<u8> as core[a373ad73a504971]::io::write::Write>::write_fmt
[INFO] [stdout]    3:     0x5e865935b7a6 - std[617be2ca0a6fd877]::panicking::default_hook::{closure#0}
[INFO] [stdout]    4:     0x5e8659378929 - std[617be2ca0a6fd877]::panicking::default_hook
[INFO] [stdout]    5:     0x5e8659145090 - test[aada8e7e76ba119b]::test_main_inner::{closure#0}
[INFO] [stdout]    6:     0x5e8659378c52 - std[617be2ca0a6fd877]::panicking::panic_with_hook
[INFO] [stdout]    7:     0x5e865935b852 - std[617be2ca0a6fd877]::panicking::panic_handler::{closure#0}
[INFO] [stdout]    8:     0x5e8659354289 - std[617be2ca0a6fd877]::sys::backtrace::__rust_end_short_backtrace::<std[617be2ca0a6fd877]::panicking::panic_handler::{closure#0}, !>
[INFO] [stdout]    9:     0x5e865935c45d - __rustc[ea4f61d10b84890b]::rust_begin_unwind
[INFO] [stdout]   10:     0x5e8659396a2c - core[a373ad73a504971]::panicking::panic_fmt
[INFO] [stdout]   11:     0x5e8659396802 - core[a373ad73a504971]::result::unwrap_failed
[INFO] [stdout]   12:     0x5e8659060ab1 - <cococp_test[e23ce1c7484b5479]::test_cococp_preserves_many_filenames::{closure#0} as core[a373ad73a504971]::ops::function::FnOnce<()>>::call_once
[INFO] [stdout]   13:     0x5e86591384db - test[aada8e7e76ba119b]::__rust_begin_short_backtrace::<core[a373ad73a504971]::result::Result<(), alloc[2e1b2a31b91974c5]::string::String>, fn() -> core[a373ad73a504971]::result::Result<(), alloc[2e1b2a31b91974c5]::string::String>>
[INFO] [stdout]   14:     0x5e86591456b5 - test[aada8e7e76ba119b]::run_test::{closure#0}
[INFO] [stdout]   15:     0x5e865913efa4 - std[617be2ca0a6fd877]::sys::backtrace::__rust_begin_short_backtrace::<test[aada8e7e76ba119b]::run_test::{closure#1}, ()>
[INFO] [stdout]   16:     0x5e8659148742 - <std[617be2ca0a6fd877]::thread::lifecycle::spawn_unchecked<test[aada8e7e76ba119b]::run_test::{closure#1}, ()>::{closure#1} as core[a373ad73a504971]::ops::function::FnOnce<()>>::call_once::{shim:vtable#0}
[INFO] [stdout]   17:     0x5e865938041f - <std[617be2ca0a6fd877]::sys::thread::unix::Thread>::new::thread_start
[INFO] [stdout]   18:     0x70fb2d21edfa - <unknown>
[INFO] [stdout]   19:     0x70fb2d2b23d4 - clone
[INFO] [stdout]   20:                0x0 - <unknown>
[INFO] [stdout] 
[INFO] [stdout] 
[INFO] [stdout] failures:
[INFO] [stdout]     test_cococp_absolute_paths
[INFO] [stdout]     test_cococp_basic
[INFO] [stdout]     test_cococp_copies_images
[INFO] [stdout]     test_cococp_custom_output_dir
[INFO] [stdout]     test_cococp_default_output_dir
[INFO] [stdout]     test_cococp_missing_source_image
[INFO] [stdout]     test_cococp_preserves_extension
[INFO] [stdout]     test_cococp_preserves_many_filenames
[INFO] [stdout]     test_cococp_preserves_metadata
[INFO] [stdout]     test_cococp_updates_paths
[INFO] [stdout] 
[INFO] [stdout] test result: FAILED. 0 passed; 10 failed; 0 ignored; 0 measured; 0 filtered out; finished in 0.03s
[INFO] [stdout] 
[INFO] [stderr] error: test failed, to rerun pass `--test cococp_test`
[INFO] running `Command { std: "docker" "inspect" "96b37296a0f6d6beb0cb9eba00876896eaf15c57acdd6195c230ad5ccdba8627", kill_on_drop: false }`
[INFO] running `Command { std: "docker" "rm" "-f" "96b37296a0f6d6beb0cb9eba00876896eaf15c57acdd6195c230ad5ccdba8627", kill_on_drop: false }`
[INFO] [stdout] 96b37296a0f6d6beb0cb9eba00876896eaf15c57acdd6195c230ad5ccdba8627
