[INFO] cloning repository https://github.com/ByHeads/commerceos-api-client
[INFO] running `Command { std: "git" "-c" "credential.helper=" "-c" "credential.helper=/workspace/cargo-home/bin/git-credential-null" "clone" "--bare" "https://github.com/ByHeads/commerceos-api-client" "/workspace/cache/git-repos/https%3A%2F%2Fgithub.com%2FByHeads%2Fcommerceos-api-client", kill_on_drop: false }`
[INFO] [stderr] Cloning into bare repository '/workspace/cache/git-repos/https%3A%2F%2Fgithub.com%2FByHeads%2Fcommerceos-api-client'...
[INFO] running `Command { std: "git" "rev-parse" "HEAD", kill_on_drop: false }`
[INFO] [stdout] cff961f2d60016e9a43a5db1caf5b0ce0629d4d3
[INFO] testing ByHeads/commerceos-api-client against 1.99.0-beta.8+cargoflags=--release for beta-release-1.100-2
[INFO] running `Command { std: "git" "clone" "/workspace/cache/git-repos/https%3A%2F%2Fgithub.com%2FByHeads%2Fcommerceos-api-client" "/workspace/builds/worker-0-tc1/source", kill_on_drop: false }`
[INFO] [stderr] Cloning into '/workspace/builds/worker-0-tc1/source'...
[INFO] [stderr] done.
[INFO] removed /workspace/builds/worker-0-tc1/source/.cargo/config.toml
[INFO] removed /workspace/builds/worker-0-tc1/source/rust-toolchain.toml
[INFO] started tweaking git repo https://github.com/ByHeads/commerceos-api-client
[INFO] finished tweaking git repo https://github.com/ByHeads/commerceos-api-client
[INFO] tweaked toml for git repo https://github.com/ByHeads/commerceos-api-client written to /workspace/builds/worker-0-tc1/source/Cargo.toml
[INFO] validating manifest of git repo https://github.com/ByHeads/commerceos-api-client on toolchain 1.99.0-beta.8
[INFO] running `Command { std: CARGO_HOME="/workspace/cargo-home" RUSTUP_HOME="/workspace/rustup-home" "/workspace/cargo-home/bin/cargo" "+1.99.0-beta.8" "metadata" "--manifest-path" "Cargo.toml" "--no-deps", kill_on_drop: false }`
[INFO] crate git repo https://github.com/ByHeads/commerceos-api-client already has a lockfile, it will not be regenerated
[INFO] running `Command { std: CARGO_HOME="/workspace/cargo-home" RUSTUP_HOME="/workspace/rustup-home" "/workspace/cargo-home/bin/cargo" "+1.99.0-beta.8" "fetch" "--manifest-path" "Cargo.toml", kill_on_drop: false }`
[INFO] [stderr]     Updating crates.io index
[INFO] [stderr]  Downloading crates ...
[INFO] [stderr]   Downloaded slab v0.4.11
[INFO] [stderr]   Downloaded zmij v1.0.15
[INFO] [stderr]   Downloaded quote v1.0.43
[INFO] [stderr]   Downloaded socket2 v0.6.1
[INFO] [stderr]   Downloaded proc-macro2 v1.0.105
[INFO] [stderr]   Downloaded x11-clipboard v0.7.1
[INFO] [stderr]   Downloaded find-msvc-tools v0.1.8
[INFO] [stderr]   Downloaded linux-keyutils v0.2.4
[INFO] [stderr]   Downloaded cli-clipboard v0.4.0
[INFO] [stderr]   Downloaded cc v1.2.53
[INFO] [stderr]   Downloaded winapi-wsapoll v0.1.2
[INFO] [stderr]   Downloaded bytes v1.11.0
[INFO] [stderr]   Downloaded security-framework v3.5.1
[INFO] [stderr]   Downloaded crossterm v0.27.0
[INFO] [stderr]   Downloaded mio v0.8.11
[INFO] [stderr]   Downloaded clap_derive v4.5.49
[INFO] [stderr]   Downloaded clap_builder v4.5.54
[INFO] [stderr]   Downloaded clap v4.5.54
[INFO] [stderr]   Downloaded clap_lex v0.7.7
[INFO] running `Command { std: "docker" "create" "-v" "/var/lib/crater-agent-workspace/builds/worker-0-tc1/source:/opt/rustwide/workdir:ro,Z" "-v" "/var/lib/crater-agent-workspace/builds/worker-0-tc1/target:/opt/rustwide/target:rw,Z" "-v" "/var/lib/crater-agent-workspace/cargo-home:/opt/rustwide/cargo-home:ro,Z" "-v" "/var/lib/crater-agent-workspace/rustup-home:/opt/rustwide/rustup-home:ro,Z" "-m" "1610612736" "--network" "none" "ghcr.io/rust-lang/crates-build-env/linux@sha256:77db811e55d90add9212f6832c23229e3de5f1c1f9905e8cb07319ea15df73ac" "sleep" "infinity", kill_on_drop: false }`
[INFO] [stdout] b5ceb2c5314d6c666c348865ee7b196e99cbe63528c360219ca653d2a9254902
[INFO] running `Command { std: "docker" "start" "b5ceb2c5314d6c666c348865ee7b196e99cbe63528c360219ca653d2a9254902", kill_on_drop: false }`
[INFO] running `Command { std: "docker" "inspect" "b5ceb2c5314d6c666c348865ee7b196e99cbe63528c360219ca653d2a9254902", kill_on_drop: false }`
[INFO] running `Command { std: "docker" "exec" "-e" "SOURCE_DIR=/opt/rustwide/workdir" "-e" "CARGO_HOME=/opt/rustwide/cargo-home" "-e" "RUSTUP_HOME=/opt/rustwide/rustup-home" "-e" "CARGO_TARGET_DIR=/opt/rustwide/target" "-w" "/opt/rustwide/workdir" "--user" "0:0" "b5ceb2c5314d6c666c348865ee7b196e99cbe63528c360219ca653d2a9254902" "/opt/rustwide/cargo-home/bin/cargo" "+1.99.0-beta.8" "metadata" "--no-deps" "--format-version=1", kill_on_drop: false }`
[INFO] running `Command { std: "docker" "inspect" "b5ceb2c5314d6c666c348865ee7b196e99cbe63528c360219ca653d2a9254902", kill_on_drop: false }`
[INFO] running `Command { std: "docker" "exec" "-e" "SOURCE_DIR=/opt/rustwide/workdir" "-e" "CARGO_HOME=/opt/rustwide/cargo-home" "-e" "RUSTUP_HOME=/opt/rustwide/rustup-home" "-e" "CARGO_TARGET_DIR=/opt/rustwide/target" "-e" "CARGO_INCREMENTAL=0" "-e" "RUST_BACKTRACE=full" "-e" "RUSTFLAGS=--cap-lints=warn" "-e" "RUSTDOCFLAGS=--cap-lints=warn" "-w" "/opt/rustwide/workdir" "--user" "0:0" "b5ceb2c5314d6c666c348865ee7b196e99cbe63528c360219ca653d2a9254902" "/opt/rustwide/cargo-home/bin/cargo" "+1.99.0-beta.8" "build" "--frozen" "--message-format=json" "--release", kill_on_drop: false }`
[INFO] [stderr]    Compiling libc v0.2.180
[INFO] [stderr]    Compiling proc-macro2 v1.0.105
[INFO] [stderr]    Compiling unicode-ident v1.0.22
[INFO] [stderr]    Compiling quote v1.0.43
[INFO] [stderr]    Compiling cfg-if v1.0.4
[INFO] [stderr]    Compiling stable_deref_trait v1.2.1
[INFO] [stderr]    Compiling smallvec v1.15.1
[INFO] [stderr]    Compiling once_cell v1.21.3
[INFO] [stderr]    Compiling autocfg v1.5.0
[INFO] [stderr]    Compiling shlex v1.3.0
[INFO] [stderr]    Compiling find-msvc-tools v0.1.8
[INFO] [stderr]    Compiling hashbrown v0.16.1
[INFO] [stderr]    Compiling equivalent v1.0.2
[INFO] [stderr]    Compiling memchr v2.7.6
[INFO] [stderr]    Compiling pin-project-lite v0.2.16
[INFO] [stderr]    Compiling log v0.4.29
[INFO] [stderr]    Compiling cc v1.2.53
[INFO] [stderr]    Compiling xml-rs v0.8.28
[INFO] [stderr]    Compiling bitflags v1.3.2
[INFO] [stderr]    Compiling bytes v1.11.0
[INFO] [stderr]    Compiling memoffset v0.6.5
[INFO] [stderr]    Compiling itoa v1.0.17
[INFO] [stderr]    Compiling writeable v0.6.2
[INFO] [stderr]    Compiling litemap v0.8.1
[INFO] [stderr]    Compiling syn v2.0.114
[INFO] [stderr]    Compiling indexmap v2.13.0
[INFO] [stderr]    Compiling wayland-scanner v0.29.5
[INFO] [stderr]    Compiling pkg-config v0.3.32
[INFO] [stderr]    Compiling icu_normalizer_data v2.1.1
[INFO] [stderr]    Compiling untrusted v0.9.0
[INFO] [stderr]    Compiling futures-core v0.3.31
[INFO] [stderr]    Compiling icu_properties_data v2.1.2
[INFO] [stderr]    Compiling bitflags v2.10.0
[INFO] [stderr]    Compiling serde_core v1.0.228
[INFO] [stderr]    Compiling fnv v1.0.7
[INFO] [stderr]    Compiling http v0.2.12
[INFO] [stderr]    Compiling wayland-sys v0.29.5
[INFO] [stderr]    Compiling tracing-core v0.1.36
[INFO] [stderr]    Compiling ring v0.17.14
[INFO] [stderr]    Compiling futures-sink v0.3.31
[INFO] [stderr]    Compiling pin-utils v0.1.0
[INFO] [stderr]    Compiling httparse v1.10.1
[INFO] [stderr]    Compiling rustix v1.1.3
[INFO] [stderr]    Compiling futures-task v0.3.31
[INFO] [stderr]    Compiling nix v0.24.3
[INFO] [stderr]    Compiling socket2 v0.6.1
[INFO] [stderr]    Compiling mio v1.1.1
[INFO] [stderr]    Compiling getrandom v0.2.17
[INFO] [stderr]    Compiling wayland-client v0.29.5
[INFO] [stderr]    Compiling slab v0.4.11
[INFO] [stderr]    Compiling tokio v1.49.0
[INFO] [stderr]    Compiling syn v1.0.109
[INFO] [stderr]    Compiling rustls v0.21.12
[INFO] [stderr]    Compiling foldhash v0.1.5
[INFO] [stderr]    Compiling futures-io v0.3.31
[INFO] [stderr]    Compiling getrandom v0.3.4
[INFO] [stderr]    Compiling futures-util v0.3.31
[INFO] [stderr]    Compiling hashbrown v0.15.5
[INFO] [stderr]    Compiling wayland-protocols v0.29.5
[INFO] [stderr]    Compiling tracing v0.1.44
[INFO] [stderr]    Compiling errno v0.3.14
[INFO] [stderr]    Compiling zmij v1.0.15
[INFO] [stderr]    Compiling utf8parse v0.2.2
[INFO] [stderr]    Compiling parking_lot_core v0.9.12
[INFO] [stderr]    Compiling linux-raw-sys v0.11.0
[INFO] [stderr]    Compiling try-lock v0.2.5
[INFO] [stderr]    Compiling fixedbitset v0.5.7
[INFO] [stderr]    Compiling signal-hook v0.3.18
[INFO] [stderr]    Compiling downcast-rs v1.2.1
[INFO] [stderr]    Compiling thiserror v1.0.69
[INFO] [stderr]    Compiling serde v1.0.228
[INFO] [stderr]    Compiling percent-encoding v2.3.2
[INFO] [stderr]    Compiling form_urlencoded v1.2.2
[INFO] [stderr]    Compiling petgraph v0.8.3
[INFO] [stderr]    Compiling synstructure v0.13.2
[INFO] [stderr]    Compiling wayland-commons v0.29.5
[INFO] [stderr]    Compiling x11rb-protocol v0.10.0
[INFO] [stderr]    Compiling want v0.3.1
[INFO] [stderr]    Compiling anstyle-parse v0.2.7
[INFO] [stderr]    Compiling signal-hook-registry v1.4.8
[INFO] [stderr]    Compiling zerofrom-derive v0.1.6
[INFO] [stderr]    Compiling yoke-derive v0.8.1
[INFO] [stderr]    Compiling zerovec-derive v0.11.2
[INFO] [stderr]    Compiling displaydoc v0.2.5
[INFO] [stderr]    Compiling tokio-util v0.7.18
[INFO] [stderr]    Compiling zerofrom v0.1.6
[INFO] [stderr]    Compiling serde_derive v1.0.228
[INFO] [stderr]    Compiling yoke v0.8.1
[INFO] [stderr]    Compiling zerovec v0.11.5
[INFO] [stderr]    Compiling zerotrie v0.2.3
[INFO] [stderr]    Compiling tinystr v0.8.2
[INFO] [stderr]    Compiling potential_utf v0.1.4
[INFO] [stderr]    Compiling h2 v0.3.27
[INFO] [stderr]    Compiling icu_locale_core v2.1.1
[INFO] [stderr]    Compiling icu_collections v2.1.1
[INFO] [stderr]    Compiling thiserror-impl v1.0.69
[INFO] [stderr]    Compiling icu_provider v2.1.1
[INFO] [stderr]    Compiling icu_properties v2.1.2
[INFO] [stderr]    Compiling icu_normalizer v2.1.1
[INFO] [stderr]    Compiling rustls-webpki v0.101.7
[INFO] [stderr]    Compiling sct v0.7.1
[INFO] [stderr]    Compiling http-body v0.4.6
[INFO] [stderr]    Compiling gethostname v0.2.3
[INFO] [stderr]    Compiling socket2 v0.5.10
[INFO] [stderr]    Compiling idna_adapter v1.2.1
[INFO] [stderr]    Compiling futures-channel v0.3.31
[INFO] [stderr]    Compiling nom v8.0.0
[INFO] [stderr]    Compiling anstyle-query v1.1.5
[INFO] [stderr]    Compiling fastrand v2.3.0
[INFO] [stderr]    Compiling colorchoice v1.0.4
[INFO] [stderr]    Compiling utf8_iter v1.0.4
[INFO] [stderr]    Compiling anstyle v1.0.13
[INFO] [stderr]    Compiling httpdate v1.0.3
[INFO] [stderr]    Compiling scopeguard v1.2.0
[INFO] [stderr]    Compiling tower-service v0.3.3
[INFO] [stderr]    Compiling serde_json v1.0.149
[INFO] [stderr]    Compiling is_terminal_polyfill v1.70.2
[INFO] [stderr]    Compiling lock_api v0.4.14
[INFO] [stderr]    Compiling anstream v0.6.21
[INFO] [stderr]    Compiling idna v1.1.0
[INFO] [stderr]    Compiling hyper v0.14.32
[INFO] [stderr]    Compiling tempfile v3.24.0
[INFO] [stderr]    Compiling derive-new v0.5.9
[INFO] [stderr]    Compiling tokio-rustls v0.24.1
[INFO] [stderr]    Compiling os_pipe v1.2.3
[INFO] [stderr]    Compiling mio v0.8.11
[INFO] [stderr]    Compiling heck v0.5.0
[INFO] [stderr]    Compiling ryu v1.0.22
[INFO] [stderr]    Compiling strsim v0.11.1
[INFO] [stderr]    Compiling base64 v0.21.7
[INFO] [stderr]    Compiling option-ext v0.2.0
[INFO] [stderr]    Compiling clap_lex v0.7.7
[INFO] [stderr]    Compiling clap_builder v4.5.54
[INFO] [stderr]    Compiling x11rb v0.10.1
[INFO] [stderr]    Compiling rustls-pemfile v1.0.4
[INFO] [stderr]    Compiling dirs-sys v0.4.1
[INFO] [stderr]    Compiling tree_magic_mini v3.2.2
[INFO] [stderr]    Compiling hyper-rustls v0.24.2
[INFO] [stderr]    Compiling signal-hook-mio v0.2.5
[INFO] [stderr]    Compiling serde_urlencoded v0.7.1
[INFO] [stderr]    Compiling clap_derive v4.5.49
[INFO] [stderr]    Compiling parking_lot v0.12.5
[INFO] [stderr]    Compiling x11-clipboard v0.7.1
[INFO] [stderr]    Compiling url v2.5.8
[INFO] [stderr]    Compiling linux-keyutils v0.2.4
[INFO] [stderr]    Compiling encoding_rs v0.8.35
[INFO] [stderr]    Compiling ipnet v2.11.0
[INFO] [stderr]    Compiling lazy_static v1.5.0
[INFO] [stderr]    Compiling mime v0.3.17
[INFO] [stderr]    Compiling sync_wrapper v0.1.2
[INFO] [stderr]    Compiling webpki-roots v0.25.4
[INFO] [stderr]    Compiling colored v2.2.0
[INFO] [stderr]    Compiling clap v4.5.54
[INFO] [stderr]    Compiling keyring v3.6.3
[INFO] [stderr]    Compiling crossterm v0.27.0
[INFO] [stderr]    Compiling dirs v5.0.1
[INFO] [stderr]    Compiling reqwest v0.11.27
[INFO] [stderr]    Compiling atty v0.2.14
[INFO] [stderr]    Compiling glob v0.3.3
[INFO] [stderr]    Compiling wl-clipboard-rs v0.7.0
[INFO] [stderr]    Compiling cli-clipboard v0.4.0
[INFO] [stderr]    Compiling api-rust v3.2.2 (/opt/rustwide/workdir)
[INFO] [stderr]     Finished `release` profile [optimized] target(s) in 4m 46s
[INFO] [stderr] warning: the following packages contain code that will be rejected by a future version of Rust: wl-clipboard-rs v0.7.0
[INFO] [stderr] note: to see what the problems were, use the option `--future-incompat-report`, or run `cargo report future-incompatibilities --id 2`
[INFO] running `Command { std: "docker" "inspect" "b5ceb2c5314d6c666c348865ee7b196e99cbe63528c360219ca653d2a9254902", kill_on_drop: false }`
[INFO] running `Command { std: "docker" "exec" "-e" "SOURCE_DIR=/opt/rustwide/workdir" "-e" "CARGO_HOME=/opt/rustwide/cargo-home" "-e" "RUSTUP_HOME=/opt/rustwide/rustup-home" "-e" "CARGO_TARGET_DIR=/opt/rustwide/target" "-e" "CARGO_INCREMENTAL=0" "-e" "RUST_BACKTRACE=full" "-e" "RUSTFLAGS=--cap-lints=warn" "-e" "RUSTDOCFLAGS=--cap-lints=warn" "-w" "/opt/rustwide/workdir" "--user" "0:0" "b5ceb2c5314d6c666c348865ee7b196e99cbe63528c360219ca653d2a9254902" "/opt/rustwide/cargo-home/bin/cargo" "+1.99.0-beta.8" "test" "--frozen" "--no-run" "--message-format=json" "--release", kill_on_drop: false }`
[INFO] [stderr]    Compiling num-traits v0.2.19
[INFO] [stderr]    Compiling aho-corasick v1.1.4
[INFO] [stderr]    Compiling regex-syntax v0.8.10
[INFO] [stderr]    Compiling predicates-core v1.0.10
[INFO] [stderr]    Compiling difflib v0.4.0
[INFO] [stderr]    Compiling assert_cmd v2.2.1
[INFO] [stderr]    Compiling termtree v0.5.1
[INFO] [stderr]    Compiling normalize-line-endings v0.3.0
[INFO] [stderr]    Compiling wait-timeout v0.2.1
[INFO] [stderr]    Compiling predicates-tree v1.0.13
[INFO] [stderr]    Compiling float-cmp v0.10.0
[INFO] [stderr]    Compiling regex-automata v0.4.14
[INFO] [stderr]    Compiling regex v1.12.3
[INFO] [stderr]    Compiling bstr v1.12.1
[INFO] [stderr]    Compiling predicates v3.1.4
[INFO] [stderr]    Compiling api-rust v3.2.2 (/opt/rustwide/workdir)
[INFO] [stdout] warning: unused import: `RequestOutcome::*`
[INFO] [stdout]      --> src/main.rs:16481:13
[INFO] [stdout]       |
[INFO] [stdout] 16481 |         use RequestOutcome::*;
[INFO] [stdout]       |             ^^^^^^^^^^^^^^^^^
[INFO] [stdout]       |
[INFO] [stdout]       = note: `#[warn(unused_imports)]` (part of `#[warn(unused)]`) on by default
[INFO] [stdout] 
[INFO] [stdout] 
[INFO] [stderr]     Finished `release` profile [optimized] target(s) in 1m 37s
[INFO] [stderr] warning: the following packages contain code that will be rejected by a future version of Rust: wl-clipboard-rs v0.7.0
[INFO] [stderr] note: to see what the problems were, use the option `--future-incompat-report`, or run `cargo report future-incompatibilities --id 2`
[INFO] running `Command { std: "docker" "inspect" "b5ceb2c5314d6c666c348865ee7b196e99cbe63528c360219ca653d2a9254902", kill_on_drop: false }`
[INFO] running `Command { std: "docker" "exec" "-e" "SOURCE_DIR=/opt/rustwide/workdir" "-e" "CARGO_HOME=/opt/rustwide/cargo-home" "-e" "RUSTUP_HOME=/opt/rustwide/rustup-home" "-e" "CARGO_TARGET_DIR=/opt/rustwide/target" "-e" "CARGO_INCREMENTAL=0" "-e" "RUST_BACKTRACE=full" "-e" "RUSTFLAGS=--cap-lints=warn" "-e" "RUSTDOCFLAGS=--cap-lints=warn" "-w" "/opt/rustwide/workdir" "--user" "0:0" "b5ceb2c5314d6c666c348865ee7b196e99cbe63528c360219ca653d2a9254902" "/opt/rustwide/cargo-home/bin/cargo" "+1.99.0-beta.8" "test" "--frozen" "--release", kill_on_drop: false }`
[INFO] [stderr] warning: unused import: `RequestOutcome::*`
[INFO] [stderr]      --> src/main.rs:16481:13
[INFO] [stderr]       |
[INFO] [stderr] 16481 |         use RequestOutcome::*;
[INFO] [stderr]       |             ^^^^^^^^^^^^^^^^^
[INFO] [stderr]       |
[INFO] [stderr]       = note: `#[warn(unused_imports)]` (part of `#[warn(unused)]`) on by default
[INFO] [stderr] 
[INFO] [stderr] warning: `api-rust` (bin "api" test) generated 1 warning (run `cargo fix --bin "api" -p api-rust --tests` to apply 1 suggestion)
[INFO] [stderr]     Finished `release` profile [optimized] target(s) in 0.29s
[INFO] [stderr] warning: the following packages contain code that will be rejected by a future version of Rust: wl-clipboard-rs v0.7.0
[INFO] [stderr] note: to see what the problems were, use the option `--future-incompat-report`, or run `cargo report future-incompatibilities --id 2`
[INFO] [stderr]      Running unittests src/main.rs (/opt/rustwide/target/release/deps/api-1d62ad6d40d4bb80)
[INFO] [stdout] 
[INFO] [stdout] running 186 tests
[INFO] [stdout] test tests::a_tilde_in_an_include_is_the_home_directory_not_a_map_operator ... ok
[INFO] [stdout] test tests::a_chain_segment_must_be_a_request ... ok
[INFO] [stdout] test tests::apply_identifier_index_preserves_operator_segments ... ok
[INFO] [stdout] test tests::apply_identifier_index_without_slash_adds_separator ... ok
[INFO] [stdout] test tests::append_to_outfile_wraps_two_json_values_into_an_array ... ok
[INFO] [stdout] test tests::apply_identifier_index_replace_or_append ... ok
[INFO] [stdout] test tests::a_disabled_ticker_starts_no_thread ... ok
[INFO] [stdout] test tests::append_to_outfile_is_format_aware_for_ndjson_and_csv ... ok
[INFO] [stdout] test tests::append_to_outfile_text_appends_without_touching_existing_bytes ... ok
[INFO] [stdout] test tests::append_to_outfile_splices_without_reserializing ... ok
[INFO] [stdout] test tests::append_to_outfile_merges_json_arrays ... ok
[INFO] [stdout] test tests::auto_revert_on_body_clear ... ok
[INFO] [stdout] test tests::array_wrap_is_scoped_to_the_last_segment ... ok
[INFO] [stdout] test tests::auto_promote_arms_cycle_window ... ok
[INFO] [stdout] test tests::auto_promote_then_wrap_chain_on_uri_only ... ok
[INFO] [stdout] test tests::auto_promote_fires_on_at_infile_prefix ... ok
[INFO] [stdout] test tests::auto_promote_uri_only_prepends_put ... ok
[INFO] [stdout] test tests::auto_promote_only_fires_on_a_body_start ... ok
[INFO] [stdout] test tests::auto_revert_flag_hygiene ... ok
[INFO] [stdout] test tests::auto_wrap_array_body_follows_the_endpoint_shape ... ok
[INFO] [stdout] test tests::auto_wrap_array_body_guards ... ok
[INFO] [stdout] test tests::body_block_spacing_ignores_the_payloads_trailing_newline ... ok
[INFO] [stdout] test tests::bulk_program_splits_chained_lines_into_chain_steps ... ok
[INFO] [stdout] test tests::charset_of_reads_the_content_type_parameter ... ok
[INFO] [stdout] test tests::clamp_input_viewport_marks_clipped_regions ... ok
[INFO] [stdout] test tests::chain_segment_should_run_implements_shell_rules ... ok
[INFO] [stdout] test tests::clamp_input_viewport_never_exceeds_cap ... ok
[INFO] [stdout] test tests::clamp_input_viewport_short_input_unchanged ... ok
[INFO] [stdout] test tests::classify_prompt_line_keeps_one_request_or_chain_apart_from_programs ... ok
[INFO] [stdout] test tests::classify_response_follows_js_truthiness_on_2xx ... ok
[INFO] [stdout] test tests::classify_response_separates_no_from_could_not_answer ... ok
[INFO] [stdout] test tests::classify_streamed_matches_buffered_within_the_prefix ... ok
[INFO] [stdout] test tests::auto_wrap_array_body_only_expands_on_a_json_value_start ... ok
[INFO] [stdout] test tests::classify_streamed_treats_overflow_as_truthy ... ok
[INFO] [stdout] test tests::collapse_newlines_for_log_only_touches_newline_runs ... ok
[INFO] [stdout] test tests::clearing_streaming_info_leaves_other_messages_alone ... ok
[INFO] [stdout] test tests::auto_wrap_array_body_skips_at_infile_prefix ... ok
[INFO] [stdout] test tests::cycle_method_stale_resets_to_get ... ok
[INFO] [stdout] test tests::cycle_method_uri_only_keeps_uri ... ok
[INFO] [stdout] test tests::decode_body_matches_what_reqwest_text_would_give ... ok
[INFO] [stdout] test tests::directive_output_block_renders_verbatim_with_a_blank_line ... ok
[INFO] [stdout] test tests::env_streaming_accepts_only_truthy_words ... ok
[INFO] [stdout] test tests::confirm_prompt_text_adds_a_question_mark_once ... ok
[INFO] [stdout] test tests::evaluate_url_gate_or_allowlist ... ok
[INFO] [stdout] test tests::extract_identifier_pairs_empty_identifiers_falls_through ... ok
[INFO] [stdout] test tests::evaluate_url_gate_reports_empty_base_url ... ok
[INFO] [stdout] test tests::expected_body_shape_reads_the_spec ... ok
[INFO] [stdout] test tests::extract_identifier_pairs_accepts_bare_property_wrapper ... ok
[INFO] [stdout] test tests::cycle_method_clears_flag_and_handles_other_methods ... ok
[INFO] [stdout] test tests::cycle_method_preserves_multiline_body ... ok
[INFO] [stdout] test tests::describe_program_error_names_the_typo ... ok
[INFO] [stdout] test tests::extract_identifier_pairs_nested_identifiers_multiple ... ok
[INFO] [stdout] test tests::extract_identifier_pairs_nested_takes_precedence ... ok
[INFO] [stdout] test tests::extract_identifier_pairs_only_unwraps_the_identifiers_key ... ok
[INFO] [stdout] test tests::extract_identifier_pairs_rejects_other_arrays ... ok
[INFO] [stdout] test tests::extract_identifier_pairs_flat_object_multiple ... ok
[INFO] [stdout] test tests::counting_reader_counts_what_it_passes_through ... ok
[INFO] [stdout] test tests::extract_identifier_pairs_handles_surrounding_whitespace ... ok
[INFO] [stdout] test tests::extract_identifier_pairs_nested_identifiers ... ok
[INFO] [stdout] test tests::extract_identifier_pairs_rejects_unrecoverable_fragments ... ok
[INFO] [stdout] test tests::extract_identifier_pairs_skips_at_type ... ok
[INFO] [stdout] test tests::file_completion_in_first_segment_preserves_the_chain_tail ... ok
[INFO] [stdout] test tests::extract_identifier_pairs_tolerates_trailing_comma ... ok
[INFO] [stdout] test tests::extract_identifier_pairs_unwraps_single_element_array ... ok
[INFO] [stdout] test tests::extract_identifier_pairs_flat_object ... ok
[INFO] [stdout] test tests::extract_identifier_pairs_non_json_returns_empty ... ok
[INFO] [stdout] test tests::extract_identifier_pairs_skips_non_string_values_in_flat ... ok
[INFO] [stdout] test tests::file_path_context_is_scoped_to_the_cursor_segment ... ok
[INFO] [stdout] test tests::find_body_start_basics ... ok
[INFO] [stdout] test tests::format_assert_and_describe_check_response ... ok
[INFO] [stdout] test tests::format_confirm_lines ... ok
[INFO] [stdout] test tests::file_len_is_zero_for_a_missing_file ... ok
[INFO] [stdout] test tests::fit_body_to_width_fits_within_budget ... ok
[INFO] [stdout] test tests::format_byte_size_picks_short_units ... ok
[INFO] [stdout] test tests::file_context_and_log_line_understand_append ... ok
[INFO] [stdout] test tests::format_sleep_while_and_elapsed ... ok
[INFO] [stdout] test tests::format_duration_keeps_fractional_seconds ... ok
[INFO] [stdout] test tests::format_latency_matches_progress_line_past_a_minute ... ok
[INFO] [stdout] test tests::format_status_keeps_the_text_whatever_the_tone ... ok
[INFO] [stdout] test tests::format_request_log_line_body_absorbs_the_shortfall ... ok
[INFO] [stdout] test tests::format_request_log_line_composition_and_styling ... ok
[INFO] [stdout] test tests::handle_paste_array_wrap_multiline_and_trailing_ws ... ok
[INFO] [stdout] test tests::get_outfile_completions_adds_virtual_clipboard ... ok
[INFO] [stdout] test tests::ghost_text_is_computed_per_segment ... ok
[INFO] [stdout] test tests::handle_paste_method_line_replaces_uppercase_and_clears_flag ... ok
[INFO] [stdout] test tests::handle_paste_multiline_body_is_still_inserted ... ok
[INFO] [stdout] test tests::handle_paste_reads_carriage_returns_as_line_breaks ... ok
[INFO] [stdout] test tests::handle_paste_single_element_array_indexes_uri_and_keeps_body ... ok
[INFO] [stdout] test tests::handle_paste_identifier_cycle_window ... ok
[INFO] [stdout] test tests::handle_paste_body_paste_promotes_get ... ok
[INFO] [stdout] test tests::handle_paste_directive_replaces_the_line ... ok
[INFO] [stdout] test tests::handle_paste_double_slash_guard ... ok
[INFO] [stdout] test tests::handle_paste_array_wrap_guards ... ok
[INFO] [stdout] test tests::handle_paste_wraps_array_body_on_array_endpoint ... ok
[INFO] [stdout] test tests::hard_wrap_preserves_ansi_and_zero_width ... ok
[INFO] [stdout] test tests::format_request_log_line_fits_one_row_at_any_width ... ok
[INFO] [stdout] test tests::hard_wrap_respects_existing_newlines ... ok
[INFO] [stdout] test tests::is_clipboard_target_rejects_anything_path_like ... ok
[INFO] [stdout] test tests::get_outfile_completions_keeps_real_files_named_clip ... ok
[INFO] [stdout] test tests::is_os_junk_recognizes_windows_junk_case_insensitively ... ok
[INFO] [stdout] test tests::is_outfile_context_distinguishes_redirect_from_body ... ok
[INFO] [stdout] test tests::is_program_line_only_for_non_request_first_words ... ok
[INFO] [stdout] test tests::is_clipboard_target_matches_case_insensitive_bare_token ... ok
[INFO] [stdout] test tests::include_context_is_a_line_that_can_only_be_a_path ... ok
[INFO] [stdout] test tests::last_chain_segment_start_finds_the_final_separator ... ok
[INFO] [stdout] test tests::no_include_is_suggested_while_a_keyword_is_still_possible ... ok
[INFO] [stdout] test tests::normalize_request_text_matches_the_file_parser ... ok
[INFO] [stdout] test tests::hard_wrap_row_count_matches_visual_line_count ... ok
[INFO] [stdout] test tests::help_block_height_tracks_the_streaming_section ... ok
[INFO] [stdout] test tests::include_completions_are_directories_and_api_files ... ok
[INFO] [stdout] test tests::io_error_is_timeout_recognises_a_timed_out_read ... ok
[INFO] [stdout] test tests::output_block_note_sits_under_the_status_line ... ok
[INFO] [stdout] test tests::output_block_strip_body_keeps_the_status_line ... ok
[INFO] [stdout] test tests::one_shot_program_line_routes_only_what_the_one_shot_path_cannot_send ... ok
[INFO] [stdout] test tests::op_stderr_detail_appends_only_real_output ... ok
[INFO] [stdout] test tests::outfile_marker_shows_size_and_append_delta ... ok
[INFO] [stdout] test tests::output_block_outfile_response_keeps_its_status_line ... ok
[INFO] [stdout] test tests::output_block_prefix_leads_the_request_line_within_the_width ... ok
[INFO] [stdout] test tests::output_block_refits_request_line_per_width ... ok
[INFO] [stdout] test tests::parse_assert_step_rejects_bad_conditions ... ok
[INFO] [stdout] test tests::parse_input_detects_append_redirect ... ok
[INFO] [stdout] test tests::parse_request_line_preserves_the_append_marker ... ok
[INFO] [stdout] test tests::parse_request_line_reads_an_absolute_api_path_as_no_request ... ok
[INFO] [stdout] test tests::or_separator_composes_with_segment_features ... ok
[INFO] [stdout] test tests::parse_assert_step_forms ... ok
[INFO] [stdout] test tests::parse_confirm_step_forms ... ok
[INFO] [stdout] test tests::parse_sleep_step_while_rejects_bad_conditions ... ok
[INFO] [stdout] test tests::parse_url_condition_forms ... ok
[INFO] [stdout] test tests::paste_in_index_mode_requires_cursor_on_uri_token ... ok
[INFO] [stdout] test tests::paste_is_api_text_detection ... ok
[INFO] [stdout] test tests::paste_promotion_is_scoped_to_the_last_segment ... ok
[INFO] [stdout] test tests::parse_sleep_directive_forms ... ok
[INFO] [stdout] test tests::paste_starts_with_method_detection ... ok
[INFO] [stdout] test tests::pasting_a_chain_tail_never_promotes_get ... ok
[INFO] [stdout] test tests::parse_sleep_step_plain_sleep_is_unchanged ... ok
[INFO] [stdout] test tests::parse_sleep_step_while_forms ... ok
[INFO] [stdout] test tests::progress_text_survives_odd_lengths_and_statuses ... ok
[INFO] [stdout] test tests::promote_method_prefix_edge_cases ... ok
[INFO] [stdout] test tests::progress_text_counts_the_wait_until_headers_arrive ... ok
[INFO] [stdout] test tests::progress_text_shows_bytes_and_a_percentage_only_with_a_length ... ok
[INFO] [stdout] test tests::output_with_timeout_reports_spawn_failure ... ok
[INFO] [stdout] test tests::promote_method_prefix_for_paste_positions ... ok
[INFO] [stdout] test tests::resolve_request_path_default_prefix ... ok
[INFO] [stdout] test tests::promotion_fires_only_in_the_last_segment ... ok
[INFO] [stdout] test tests::resolve_at_file_body_glob_skips_os_junk ... ok
[INFO] [stdout] test tests::resolve_request_path_explicit_api_prefix ... ok
[INFO] [stdout] test tests::resolve_request_path_versionlike_is_not_a_version ... ok
[INFO] [stdout] test tests::resolve_request_path_version_prefix ... ok
[INFO] [stdout] test tests::resolve_request_path_without_leading_slash ... ok
[INFO] [stdout] test tests::resolve_request_path_me_skipped_with_explicit_version ... ok
[INFO] [stdout] test tests::restore_input_after_send_is_chain_aware ... ok
[INFO] [stdout] test tests::revert_fires_only_on_the_promoted_segment_uri ... ok
[INFO] [stdout] test tests::split_bulk_requests_collects_steps_and_conditions ... ok
[INFO] [stdout] test tests::split_bulk_requests_keeps_sleep_while_in_order ... ok
[INFO] [stdout] test tests::split_bulk_requests_recognises_assert ... ok
[INFO] [stdout] test tests::split_bulk_requests_recognises_confirm ... ok
[INFO] [stdout] test tests::push_output_block_evicts_oldest_past_the_limit ... ok
[INFO] [stdout] test tests::render_input_line_count_stable_across_cursor_on_blank_lines ... ok
[INFO] [stdout] test tests::split_request_chain_splits_on_top_level_separators ... ok
[INFO] [stdout] test tests::split_request_chain_records_operators ... ok
[INFO] [stdout] test tests::split_request_chain_drops_empty_segments ... ok
[INFO] [stdout] test tests::starts_a_request_tells_a_uri_from_an_absolute_include ... ok
[INFO] [stdout] test tests::split_request_chain_handles_multiline_bodies ... ok
[INFO] [stdout] test tests::split_request_chain_ignores_separators_inside_bodies_and_strings ... ok
[INFO] [stdout] test tests::stream_pulse_shade_swings_dim_white_dim_each_period ... ok
[INFO] [stdout] test tests::stream_pulse_runs_only_while_bytes_keep_arriving ... ok
[INFO] [stdout] test tests::stream_to_sink_reports_overflow_only_past_the_prefix ... ok
[INFO] [stdout] test tests::status_tone_is_orange_only_for_an_expected_no ... ok
[INFO] [stdout] test tests::stream_to_sink_counts_every_byte_past_the_prefix ... ok
[INFO] [stdout] test tests::streaming_help_lines_fit_without_wrapping ... ok
[INFO] [stdout] test tests::streaming_help_links_to_the_connections_own_docs ... ok
[INFO] [stdout] test tests::stream_to_sink_reports_the_last_byte_for_newline_matching ... ok
[INFO] [stdout] test tests::streaming_indicator_is_right_aligned_and_drops_when_cramped ... ok
[INFO] [stdout] test tests::tab_completes_and_cycles_an_include ... ok
[INFO] [stdout] test tests::transfer_progress_starts_out_waiting_with_no_length ... ok
[INFO] [stdout] test tests::streaming_indicator_pulses_bright_then_settles ... ok
[INFO] [stdout] test tests::streaming_info_shows_on_every_activation ... ok
[INFO] [stdout] test tests::uri_tab_completion_targets_the_cursor_segment ... ok
[INFO] [stdout] test tests::with_chain_segment_view_presents_one_segment_and_splices_back ... ok
[INFO] [stdout] test tests::transient_hint_line_keeps_the_streaming_marker_in_place ... ok
[INFO] [stdout] test tests::typing_a_chain_separator_never_promotes_get ... ok
[INFO] [stdout] test tests::uppercase_method_token_normalizes ... ok
[INFO] [stdout] test tests::wrap_pasted_array_body_requires_an_object_on_an_object_array ... ok
[INFO] [stdout] test tests::output_with_timeout_returns_fast_command_output ... ok
[INFO] [stdout] test tests::output_with_timeout_survives_output_larger_than_the_pipe_buffer ... ok
[INFO] [stderr]      Running tests/cli.rs (/opt/rustwide/target/release/deps/cli-8fc950ff7b98e617)
[INFO] [stdout] test tests::output_with_timeout_kills_an_overrunning_command ... ok
[INFO] [stdout] 
[INFO] [stdout] test result: ok. 186 passed; 0 failed; 0 ignored; 0 measured; 0 filtered out; finished in 0.37s
[INFO] [stdout] 
[INFO] [stdout] 
[INFO] [stdout] running 86 tests
[INFO] [stdout] test append_outfile_merges_arrays_across_bulk_runs ... FAILED
[INFO] [stdout] test append_outfile_wraps_repeated_object_responses_into_an_array ... FAILED
[INFO] [stdout] test append_to_clipboard_is_rejected ... FAILED
[INFO] [stdout] test array_body_echoes_back_as_array ... FAILED
[INFO] [stdout] test array_file_body_round_trips ... FAILED
[INFO] [stdout] test assert_failure_stops_the_batch_with_a_reason ... FAILED
[INFO] [stdout] test api_streaming_env_var_enables_streaming ... ok
[INFO] [stdout] test an_error_status_is_red_even_under_assert_not ... ok
[INFO] [stdout] test assert_passes_and_continues_without_printing_the_body ... FAILED
[INFO] [stdout] test bulk_mode_escapes_raw_newlines_in_strings ... FAILED
[INFO] [stdout] test bulk_mode_handles_commented_brackets_correctly ... FAILED
[INFO] [stdout] test bulk_mode_include_loop_detected ... FAILED
[INFO] [stdout] test bulk_mode_include_not_found ... FAILED
[INFO] [stdout] test bulk_mode_reads_from_stdin_when_no_value ... FAILED
[INFO] [stdout] test a_chain_condition_prints_its_404_in_orange_but_the_last_segment_in_red ... ok
[INFO] [stdout] test bulk_mode_reads_from_stdin_when_value_is_dash ... FAILED
[INFO] [stdout] test bulk_mode_skips_comments_and_blank_lines ... FAILED
[INFO] [stdout] test bulk_mode_runs_each_line_as_request ... FAILED
[INFO] [stdout] test bulk_mode_strips_jsonc_comments_in_bodies ... FAILED
[INFO] [stdout] test bulk_mode_supports_at_file_per_line ... FAILED
[INFO] [stdout] test bulk_mode_supports_include_directives ... FAILED
[INFO] [stdout] test bulk_mode_supports_multiline_bodies ... FAILED
[INFO] [stdout] test bulk_mode_supports_outfile_per_line ... FAILED
[INFO] [stdout] test bulk_sleep_directive_delays_execution ... FAILED
[INFO] [stdout] test clipboard_marker_reports_bytes_copied ... FAILED
[INFO] [stdout] test clipboard_outfile_is_case_insensitive ... FAILED
[INFO] [stdout] test clipboard_outfile_suppresses_stdout_and_logs_target ... FAILED
[INFO] [stdout] test delete_returns_response ... FAILED
[INFO] [stdout] test bulk_sleep_invalid_value_errors ... ok
[INFO] [stdout] test assert_not_prints_its_expected_404_in_orange ... ok
[INFO] [stdout] test assert_not_inverts_and_reports_the_falsy_body ... ok
[INFO] [stdout] test a_404_nobody_asked_for_stays_red ... ok
[INFO] [stdout] test get_echo_all_returns_200 ... FAILED
[INFO] [stdout] test file_body_is_uploaded_via_at_prefix ... FAILED
[INFO] [stdout] test glob_at_file_combines_json_files_into_array ... FAILED
[INFO] [stdout] test glob_at_file_combines_ndjson_streams ... FAILED
[INFO] [stdout] test explicit_api_prefix_is_used_as_is ... FAILED
[INFO] [stdout] test ndjson_returns_line_delimited ... FAILED
[INFO] [stdout] test glob_with_no_matches_errors ... FAILED
[INFO] [stdout] test mixed_chain_behaves_as_if_then_else ... FAILED
[INFO] [stdout] test glob_at_file_skips_os_junk_files ... FAILED
[INFO] [stdout] test multi_space_between_uri_and_at_file_is_handled ... FAILED
[INFO] [stdout] test nonexistent_endpoint_returns_404 ... FAILED
[INFO] [stdout] test one_shot_chain_stops_on_a_falsy_first_segment ... FAILED
[INFO] [stdout] test no_streaming_beats_stream_and_env_var ... ok
[INFO] [stdout] test or_chain_does_not_catch_errors ... FAILED
[INFO] [stdout] test or_chain_runs_fallback_on_falsy_and_skips_on_truthy ... FAILED
[INFO] [stdout] test outfile_csv_extension_sets_csv_accept ... FAILED
[INFO] [stdout] test outfile_marker_reports_bytes_written ... FAILED
[INFO] [stdout] test outfile_writes_response_to_file ... FAILED
[INFO] [stdout] test patch_inline_body_echoes_back ... FAILED
[INFO] [stdout] test post_inline_body_echoes_back ... FAILED
[INFO] [stdout] test put_inline_body_echoes_back ... FAILED
[INFO] [stdout] test raw_disables_pretty_printing ... FAILED
[INFO] [stdout] test silent_bulk_mode_prints_request_and_compact_status_only ... FAILED
[INFO] [stdout] test silent_suppresses_status_line ... FAILED
[INFO] [stdout] test sleep_while_aborts_on_error_status ... FAILED
[INFO] [stdout] test a_slow_batch_run_logs_only_request_and_status_lines ... ok
[INFO] [stdout] test one_shot_runs_an_api_file_named_as_the_argument ... ok
[INFO] [stdout] test one_shot_assert_exits_one_on_failure_and_zero_on_success ... ok
[INFO] [stdout] test stdin_body_is_used_when_no_inline_body ... FAILED
[INFO] [stdout] test one_shot_unknown_word_is_an_error_not_a_request ... ok
[INFO] [stdout] test one_shot_chain_runs_both_segments_split_or_quoted ... ok
[INFO] [stdout] test streamed_stdout_matches_buffered_stdout ... FAILED
[INFO] [stdout] test sleep_while_is_silent_outside_silent_bulk_mode ... ok
[INFO] [stdout] test streaming_still_writes_an_outfile_for_a_chain ... FAILED
[INFO] [stdout] test stream_flag_enables_streaming ... ok
[INFO] [stdout] test streaming_is_off_unless_asked_for ... ok
[INFO] [stdout] test timeout_flag_accepts_seconds_value ... FAILED
[INFO] [stdout] test timeout_flag_appears_in_help ... ok
[INFO] [stdout] test timeout_zero_disables_the_timeout ... FAILED
[INFO] [stdout] test timeout_help_states_the_default_and_the_disable_value ... ok
[INFO] [stdout] test url_gate_allows_matching_base ... FAILED
[INFO] [stdout] test url_gate_blocks_non_matching_base ... ok
[INFO] [stdout] test url_with_negation_operator_succeeds ... FAILED
[INFO] [stdout] test url_with_operators_succeeds ... FAILED
[INFO] [stdout] test version_flag_prints_version ... ok
[INFO] [stdout] test version_like_prefix_that_is_not_a_version_uses_default ... FAILED
[INFO] [stdout] test version_prefix_v1_resolves_to_full_path ... FAILED
[INFO] [stdout] test timeout_expiry_reports_the_timeout_not_a_dead_server ... ok
[INFO] [stdout] test a_slow_streamed_outfile_is_complete_and_prints_no_progress_when_piped ... ok
[INFO] [stdout] test a_slow_body_arrives_whole_and_prints_no_progress_when_piped ... ok
[INFO] [stdout] test streamed_outfile_matches_buffered_outfile ... ok
[INFO] [stdout] test sleep_while_not_polls_until_truthy ... ok
[INFO] [stdout] test sleep_while_polls_until_falsy_and_logs_once ... ok
[INFO] [stdout] test uri_without_leading_slash_does_not_duplicate_the_api_prefix ... ok
[INFO] [stdout] 
[INFO] [stdout] failures:
[INFO] [stdout] 
[INFO] [stdout] ---- append_outfile_merges_arrays_across_bulk_runs stdout ----
[INFO] [stdout] 
[INFO] [stdout] thread 'append_outfile_merges_arrays_across_bulk_runs' (10380) panicked at tests/cli.rs:54:5:
[INFO] [stdout] No test credentials found.
[INFO] [stdout] 
[INFO] [stdout] Create /opt/rustwide/workdir/.api-credentials.json pointing at your local CommerceOS (http://localhost:5000)
[INFO] [stdout] and its API key. Copy the sample and fill in the key:
[INFO] [stdout] 
[INFO] [stdout]     cp .api-credentials-sample.json .api-credentials.json
[INFO] [stdout] 
[INFO] [stdout] then edit the `credential` field for localhost:5000.
[INFO] [stdout] (Alternatively, set the API_TEST_BASE_URI and API_TEST_KEY env vars.)
[INFO] [stdout] stack backtrace:
[INFO] [stdout]    0:     0x63e07fb15f76 - <unknown>
[INFO] [stdout]    1:     0x63e07fabcdc4 - <unknown>
[INFO] [stdout]    2:     0x63e07fb1ca3c - <unknown>
[INFO] [stdout]    3:     0x63e07faebdc2 - <unknown>
[INFO] [stdout]    4:     0x63e07fb0cfe1 - <unknown>
[INFO] [stdout]    5:     0x63e07fb0d1c2 - <unknown>
[INFO] [stdout]    6:     0x63e07faebe72 - <unknown>
[INFO] [stdout]    7:     0x63e07fae4a09 - <unknown>
[INFO] [stdout]    8:     0x63e07faf14ed - <unknown>
[INFO] [stdout]    9:     0x63e07fabd49c - <unknown>
[INFO] [stdout]   10:     0x63e07fa88cdc - <unknown>
[INFO] [stdout]   11:     0x63e07faa0b89 - <unknown>
[INFO] [stdout]   12:     0x63e07fb1f86b - <unknown>
[INFO] [stdout]   13:     0x63e07fb2d682 - <unknown>
[INFO] [stdout]   14:     0x63e07fb26e94 - <unknown>
[INFO] [stdout]   15:     0x63e07fb31112 - <unknown>
[INFO] [stdout]   16:     0x63e07fb147d7 - <unknown>
[INFO] [stdout]   17:     0x705ea8eb0dfa - <unknown>
[INFO] [stdout]   18:     0x705ea8f443d4 - clone
[INFO] [stdout]   19:                0x0 - <unknown>
[INFO] [stdout] 
[INFO] [stdout] ---- append_outfile_wraps_repeated_object_responses_into_an_array stdout ----
[INFO] [stdout] 
[INFO] [stdout] thread 'append_outfile_wraps_repeated_object_responses_into_an_array' (10388) panicked at tests/cli.rs:54:5:
[INFO] [stdout] No test credentials found.
[INFO] [stdout] 
[INFO] [stdout] Create /opt/rustwide/workdir/.api-credentials.json pointing at your local CommerceOS (http://localhost:5000)
[INFO] [stdout] and its API key. Copy the sample and fill in the key:
[INFO] [stdout] 
[INFO] [stdout]     cp .api-credentials-sample.json .api-credentials.json
[INFO] [stdout] 
[INFO] [stdout] then edit the `credential` field for localhost:5000.
[INFO] [stdout] (Alternatively, set the API_TEST_BASE_URI and API_TEST_KEY env vars.)
[INFO] [stdout] stack backtrace:
[INFO] [stdout]    0:     0x63e07fb15f76 - <unknown>
[INFO] [stdout]    1:     0x63e07fabcdc4 - <unknown>
[INFO] [stdout]    2:     0x63e07fb1ca3c - <unknown>
[INFO] [stdout]    3:     0x63e07faebdc2 - <unknown>
[INFO] [stdout]    4:     0x63e07fb0cfe1 - <unknown>
[INFO] [stdout]    5:     0x63e07fb0d1c2 - <unknown>
[INFO] [stdout]    6:     0x63e07faebe72 - <unknown>
[INFO] [stdout]    7:     0x63e07fae4a09 - <unknown>
[INFO] [stdout]    8:     0x63e07faf14ed - <unknown>
[INFO] [stdout]    9:     0x63e07fabd49c - <unknown>
[INFO] [stdout]   10:     0x63e07fa88cdc - <unknown>
[INFO] [stdout]   11:     0x63e07faaab89 - <unknown>
[INFO] [stdout]   12:     0x63e07fb1f86b - <unknown>
[INFO] [stdout]   13:     0x63e07fb2d682 - <unknown>
[INFO] [stdout]   14:     0x63e07fb26e94 - <unknown>
[INFO] [stdout]   15:     0x63e07fb31112 - <unknown>
[INFO] [stdout]   16:     0x63e07fb147d7 - <unknown>
[INFO] [stdout]   17:     0x705ea8eb0dfa - <unknown>
[INFO] [stdout]   18:     0x705ea8f443d4 - clone
[INFO] [stdout]   19:                0x0 - <unknown>
[INFO] [stdout] 
[INFO] [stdout] ---- append_to_clipboard_is_rejected stdout ----
[INFO] [stdout] 
[INFO] [stdout] thread 'append_to_clipboard_is_rejected' (10389) panicked at tests/cli.rs:54:5:
[INFO] [stdout] No test credentials found.
[INFO] [stdout] 
[INFO] [stdout] Create /opt/rustwide/workdir/.api-credentials.json pointing at your local CommerceOS (http://localhost:5000)
[INFO] [stdout] and its API key. Copy the sample and fill in the key:
[INFO] [stdout] 
[INFO] [stdout]     cp .api-credentials-sample.json .api-credentials.json
[INFO] [stdout] 
[INFO] [stdout] then edit the `credential` field for localhost:5000.
[INFO] [stdout] (Alternatively, set the API_TEST_BASE_URI and API_TEST_KEY env vars.)
[INFO] [stdout] stack backtrace:
[INFO] [stdout]    0:     0x63e07fb15f76 - <unknown>
[INFO] [stdout]    1:     0x63e07fabcdc4 - <unknown>
[INFO] [stdout]    2:     0x63e07fb1ca3c - <unknown>
[INFO] [stdout]    3:     0x63e07faebdc2 - <unknown>
[INFO] [stdout]    4:     0x63e07fb0cfe1 - <unknown>
[INFO] [stdout]    5:     0x63e07fb0d1c2 - <unknown>
[INFO] [stdout]    6:     0x63e07faebe72 - <unknown>
[INFO] [stdout]    7:     0x63e07fae4a09 - <unknown>
[INFO] [stdout]    8:     0x63e07faf14ed - <unknown>
[INFO] [stdout]    9:     0x63e07fabd49c - <unknown>
[INFO] [stdout]   10:     0x63e07fa88cdc - <unknown>
[INFO] [stdout]   11:     0x63e07fa8f608 - <unknown>
[INFO] [stdout]   12:     0x63e07fb1f86b - <unknown>
[INFO] [stdout]   13:     0x63e07fb2d682 - <unknown>
[INFO] [stdout]   14:     0x63e07fb26e94 - <unknown>
[INFO] [stdout]   15:     0x63e07fb31112 - <unknown>
[INFO] [stdout]   16:     0x63e07fb147d7 - <unknown>
[INFO] [stdout]   17:     0x705ea8eb0dfa - <unknown>
[INFO] [stdout]   18:     0x705ea8f443d4 - clone
[INFO] [stdout]   19:                0x0 - <unknown>
[INFO] [stdout] 
[INFO] [stdout] ---- array_body_echoes_back_as_array stdout ----
[INFO] [stdout] 
[INFO] [stdout] thread 'array_body_echoes_back_as_array' (10395) panicked at tests/cli.rs:54:5:
[INFO] [stdout] No test credentials found.
[INFO] [stdout] 
[INFO] [stdout] Create /opt/rustwide/workdir/.api-credentials.json pointing at your local CommerceOS (http://localhost:5000)
[INFO] [stdout] and its API key. Copy the sample and fill in the key:
[INFO] [stdout] 
[INFO] [stdout]     cp .api-credentials-sample.json .api-credentials.json
[INFO] [stdout] 
[INFO] [stdout] then edit the `credential` field for localhost:5000.
[INFO] [stdout] (Alternatively, set the API_TEST_BASE_URI and API_TEST_KEY env vars.)
[INFO] [stdout] stack backtrace:
[INFO] [stdout]    0:     0x63e07fb15f76 - <unknown>
[INFO] [stdout]    1:     0x63e07fabcdc4 - <unknown>
[INFO] [stdout]    2:     0x63e07fb1ca3c - <unknown>
[INFO] [stdout]    3:     0x63e07faebdc2 - <unknown>
[INFO] [stdout]    4:     0x63e07fb0cfe1 - <unknown>
[INFO] [stdout]    5:     0x63e07fb0d1c2 - <unknown>
[INFO] [stdout]    6:     0x63e07faebe72 - <unknown>
[INFO] [stdout]    7:     0x63e07fae4a09 - <unknown>
[INFO] [stdout]    8:     0x63e07faf14ed - <unknown>
[INFO] [stdout]    9:     0x63e07fabd49c - <unknown>
[INFO] [stdout]   10:     0x63e07fa88cdc - <unknown>
[INFO] [stdout]   11:     0x63e07fa8f892 - <unknown>
[INFO] [stdout]   12:     0x63e07fb1f86b - <unknown>
[INFO] [stdout]   13:     0x63e07fb2d682 - <unknown>
[INFO] [stdout]   14:     0x63e07fb26e94 - <unknown>
[INFO] [stdout]   15:     0x63e07fb31112 - <unknown>
[INFO] [stdout]   16:     0x63e07fb147d7 - <unknown>
[INFO] [stdout]   17:     0x705ea8eb0dfa - <unknown>
[INFO] [stdout]   18:     0x705ea8f443d4 - clone
[INFO] [stdout]   19:                0x0 - <unknown>
[INFO] [stdout] 
[INFO] [stdout] ---- array_file_body_round_trips stdout ----
[INFO] [stdout] 
[INFO] [stdout] thread 'array_file_body_round_trips' (10396) panicked at tests/cli.rs:54:5:
[INFO] [stdout] No test credentials found.
[INFO] [stdout] 
[INFO] [stdout] Create /opt/rustwide/workdir/.api-credentials.json pointing at your local CommerceOS (http://localhost:5000)
[INFO] [stdout] and its API key. Copy the sample and fill in the key:
[INFO] [stdout] 
[INFO] [stdout]     cp .api-credentials-sample.json .api-credentials.json
[INFO] [stdout] 
[INFO] [stdout] then edit the `credential` field for localhost:5000.
[INFO] [stdout] (Alternatively, set the API_TEST_BASE_URI and API_TEST_KEY env vars.)
[INFO] [stdout] stack backtrace:
[INFO] [stdout]    0:     0x63e07fb15f76 - <unknown>
[INFO] [stdout]    1:     0x63e07fabcdc4 - <unknown>
[INFO] [stdout]    2:     0x63e07fb1ca3c - <unknown>
[INFO] [stdout]    3:     0x63e07faebdc2 - <unknown>
[INFO] [stdout]    4:     0x63e07fb0cfe1 - <unknown>
[INFO] [stdout]    5:     0x63e07fb0d1c2 - <unknown>
[INFO] [stdout]    6:     0x63e07faebe72 - <unknown>
[INFO] [stdout]    7:     0x63e07fae4a09 - <unknown>
[INFO] [stdout]    8:     0x63e07faf14ed - <unknown>
[INFO] [stdout]    9:     0x63e07fabd49c - <unknown>
[INFO] [stdout]   10:     0x63e07fa88cdc - <unknown>
[INFO] [stdout]   11:     0x63e07fa8afb8 - <unknown>
[INFO] [stdout]   12:     0x63e07fb1f86b - <unknown>
[INFO] [stdout]   13:     0x63e07fb2d682 - <unknown>
[INFO] [stdout]   14:     0x63e07fb26e94 - <unknown>
[INFO] [stdout]   15:     0x63e07fb31112 - <unknown>
[INFO] [stdout]   16:     0x63e07fb147d7 - <unknown>
[INFO] [stdout]   17:     0x705ea8eb0dfa - <unknown>
[INFO] [stdout]   18:     0x705ea8f443d4 - clone
[INFO] [stdout]   19:                0x0 - <unknown>
[INFO] [stdout] 
[INFO] [stdout] ---- assert_failure_stops_the_batch_with_a_reason stdout ----
[INFO] [stdout] 
[INFO] [stdout] thread 'assert_failure_stops_the_batch_with_a_reason' (10397) panicked at tests/cli.rs:54:5:
[INFO] [stdout] No test credentials found.
[INFO] [stdout] 
[INFO] [stdout] Create /opt/rustwide/workdir/.api-credentials.json pointing at your local CommerceOS (http://localhost:5000)
[INFO] [stdout] and its API key. Copy the sample and fill in the key:
[INFO] [stdout] 
[INFO] [stdout]     cp .api-credentials-sample.json .api-credentials.json
[INFO] [stdout] 
[INFO] [stdout] then edit the `credential` field for localhost:5000.
[INFO] [stdout] (Alternatively, set the API_TEST_BASE_URI and API_TEST_KEY env vars.)
[INFO] [stdout] stack backtrace:
[INFO] [stdout]    0:     0x63e07fb15f76 - <unknown>
[INFO] [stdout]    1:     0x63e07fabcdc4 - <unknown>
[INFO] [stdout]    2:     0x63e07fb1ca3c - <unknown>
[INFO] [stdout]    3:     0x63e07faebdc2 - <unknown>
[INFO] [stdout]    4:     0x63e07fb0cfe1 - <unknown>
[INFO] [stdout]    5:     0x63e07fb0d1c2 - <unknown>
[INFO] [stdout]    6:     0x63e07faebe72 - <unknown>
[INFO] [stdout]    7:     0x63e07fae4a09 - <unknown>
[INFO] [stdout]    8:     0x63e07faf14ed - <unknown>
[INFO] [stdout]    9:     0x63e07fabd49c - <unknown>
[INFO] [stdout]   10:     0x63e07fa88cdc - <unknown>
[INFO] [stdout]   11:     0x63e07fa9fb29 - <unknown>
[INFO] [stdout]   12:     0x63e07fb1f86b - <unknown>
[INFO] [stdout]   13:     0x63e07fb2d682 - <unknown>
[INFO] [stdout]   14:     0x63e07fb26e94 - <unknown>
[INFO] [stdout]   15:     0x63e07fb31112 - <unknown>
[INFO] [stdout]   16:     0x63e07fb147d7 - <unknown>
[INFO] [stdout]   17:     0x705ea8eb0dfa - <unknown>
[INFO] [stdout]   18:     0x705ea8f443d4 - clone
[INFO] [stdout]   19:                0x0 - <unknown>
[INFO] [stdout] 
[INFO] [stdout] ---- assert_passes_and_continues_without_printing_the_body stdout ----
[INFO] [stdout] 
[INFO] [stdout] thread 'assert_passes_and_continues_without_printing_the_body' (10427) panicked at tests/cli.rs:54:5:
[INFO] [stdout] No test credentials found.
[INFO] [stdout] 
[INFO] [stdout] Create /opt/rustwide/workdir/.api-credentials.json pointing at your local CommerceOS (http://localhost:5000)
[INFO] [stdout] and its API key. Copy the sample and fill in the key:
[INFO] [stdout] 
[INFO] [stdout]     cp .api-credentials-sample.json .api-credentials.json
[INFO] [stdout] 
[INFO] [stdout] then edit the `credential` field for localhost:5000.
[INFO] [stdout] (Alternatively, set the API_TEST_BASE_URI and API_TEST_KEY env vars.)
[INFO] [stdout] stack backtrace:
[INFO] [stdout]    0:     0x63e07fb15f76 - <unknown>
[INFO] [stdout]    1:     0x63e07fabcdc4 - <unknown>
[INFO] [stdout]    2:     0x63e07fb1ca3c - <unknown>
[INFO] [stdout]    3:     0x63e07faebdc2 - <unknown>
[INFO] [stdout]    4:     0x63e07fb0cfe1 - <unknown>
[INFO] [stdout]    5:     0x63e07fb0d1c2 - <unknown>
[INFO] [stdout]    6:     0x63e07faebe72 - <unknown>
[INFO] [stdout]    7:     0x63e07fae4a09 - <unknown>
[INFO] [stdout]    8:     0x63e07faf14ed - <unknown>
[INFO] [stdout]    9:     0x63e07fabd49c - <unknown>
[INFO] [stdout]   10:     0x63e07fa88cdc - <unknown>
[INFO] [stdout]   11:     0x63e07faa79a9 - <unknown>
[INFO] [stdout]   12:     0x63e07fb1f86b - <unknown>
[INFO] [stdout]   13:     0x63e07fb2d682 - <unknown>
[INFO] [stdout]   14:     0x63e07fb26e94 - <unknown>
[INFO] [stdout]   15:     0x63e07fb31112 - <unknown>
[INFO] [stdout]   16:     0x63e07fb147d7 - <unknown>
[INFO] [stdout]   17:     0x705ea8eb0dfa - <unknown>
[INFO] [stdout]   18:     0x705ea8f443d4 - clone
[INFO] [stdout]   19:                0x0 - <unknown>
[INFO] [stdout] 
[INFO] [stdout] ---- bulk_mode_escapes_raw_newlines_in_strings stdout ----
[INFO] [stdout] 
[INFO] [stdout] thread 'bulk_mode_escapes_raw_newlines_in_strings' (10428) panicked at tests/cli.rs:54:5:
[INFO] [stdout] No test credentials found.
[INFO] [stdout] 
[INFO] [stdout] Create /opt/rustwide/workdir/.api-credentials.json pointing at your local CommerceOS (http://localhost:5000)
[INFO] [stdout] and its API key. Copy the sample and fill in the key:
[INFO] [stdout] 
[INFO] [stdout]     cp .api-credentials-sample.json .api-credentials.json
[INFO] [stdout] 
[INFO] [stdout] then edit the `credential` field for localhost:5000.
[INFO] [stdout] (Alternatively, set the API_TEST_BASE_URI and API_TEST_KEY env vars.)
[INFO] [stdout] stack backtrace:
[INFO] [stdout]    0:     0x63e07fb15f76 - <unknown>
[INFO] [stdout]    1:     0x63e07fabcdc4 - <unknown>
[INFO] [stdout]    2:     0x63e07fb1ca3c - <unknown>
[INFO] [stdout]    3:     0x63e07faebdc2 - <unknown>
[INFO] [stdout]    4:     0x63e07fb0cfe1 - <unknown>
[INFO] [stdout]    5:     0x63e07fb0d1c2 - <unknown>
[INFO] [stdout]    6:     0x63e07faebe72 - <unknown>
[INFO] [stdout]    7:     0x63e07fae4a09 - <unknown>
[INFO] [stdout]    8:     0x63e07faf14ed - <unknown>
[INFO] [stdout]    9:     0x63e07fabd49c - <unknown>
[INFO] [stdout]   10:     0x63e07fa88cdc - <unknown>
[INFO] [stdout]   11:     0x63e07fa9c509 - <unknown>
[INFO] [stdout]   12:     0x63e07fb1f86b - <unknown>
[INFO] [stdout]   13:     0x63e07fb2d682 - <unknown>
[INFO] [stdout]   14:     0x63e07fb26e94 - <unknown>
[INFO] [stdout]   15:     0x63e07fb31112 - <unknown>
[INFO] [stdout]   16:     0x63e07fb147d7 - <unknown>
[INFO] [stdout]   17:     0x705ea8eb0dfa - <unknown>
[INFO] [stdout]   18:     0x705ea8f443d4 - clone
[INFO] [stdout]   19:                0x0 - <unknown>
[INFO] [stdout] 
[INFO] [stdout] ---- bulk_mode_handles_commented_brackets_correctly stdout ----
[INFO] [stdout] 
[INFO] [stdout] thread 'bulk_mode_handles_commented_brackets_correctly' (10429) panicked at tests/cli.rs:54:5:
[INFO] [stdout] No test credentials found.
[INFO] [stdout] 
[INFO] [stdout] Create /opt/rustwide/workdir/.api-credentials.json pointing at your local CommerceOS (http://localhost:5000)
[INFO] [stdout] and its API key. Copy the sample and fill in the key:
[INFO] [stdout] 
[INFO] [stdout]     cp .api-credentials-sample.json .api-credentials.json
[INFO] [stdout] 
[INFO] [stdout] then edit the `credential` field for localhost:5000.
[INFO] [stdout] (Alternatively, set the API_TEST_BASE_URI and API_TEST_KEY env vars.)
[INFO] [stdout] stack backtrace:
[INFO] [stdout]    0:     0x63e07fb15f76 - <unknown>
[INFO] [stdout]    1:     0x63e07fabcdc4 - <unknown>
[INFO] [stdout]    2:     0x63e07fb1ca3c - <unknown>
[INFO] [stdout]    3:     0x63e07faebdc2 - <unknown>
[INFO] [stdout]    4:     0x63e07fb0cfe1 - <unknown>
[INFO] [stdout]    5:     0x63e07fb0d1c2 - <unknown>
[INFO] [stdout]    6:     0x63e07faebe72 - <unknown>
[INFO] [stdout]    7:     0x63e07fae4a09 - <unknown>
[INFO] [stdout]    8:     0x63e07faf14ed - <unknown>
[INFO] [stdout]    9:     0x63e07fabd49c - <unknown>
[INFO] [stdout]   10:     0x63e07fa88cdc - <unknown>
[INFO] [stdout]   11:     0x63e07faa2ff9 - <unknown>
[INFO] [stdout]   12:     0x63e07fb1f86b - <unknown>
[INFO] [stdout]   13:     0x63e07fb2d682 - <unknown>
[INFO] [stdout]   14:     0x63e07fb26e94 - <unknown>
[INFO] [stdout]   15:     0x63e07fb31112 - <unknown>
[INFO] [stdout]   16:     0x63e07fb147d7 - <unknown>
[INFO] [stdout]   17:     0x705ea8eb0dfa - <unknown>
[INFO] [stdout]   18:     0x705ea8f443d4 - clone
[INFO] [stdout]   19:                0x0 - <unknown>
[INFO] [stdout] 
[INFO] [stdout] ---- bulk_mode_include_loop_detected stdout ----
[INFO] [stdout] 
[INFO] [stdout] thread 'bulk_mode_include_loop_detected' (10430) panicked at tests/cli.rs:54:5:
[INFO] [stdout] No test credentials found.
[INFO] [stdout] 
[INFO] [stdout] Create /opt/rustwide/workdir/.api-credentials.json pointing at your local CommerceOS (http://localhost:5000)
[INFO] [stdout] and its API key. Copy the sample and fill in the key:
[INFO] [stdout] 
[INFO] [stdout]     cp .api-credentials-sample.json .api-credentials.json
[INFO] [stdout] 
[INFO] [stdout] then edit the `credential` field for localhost:5000.
[INFO] [stdout] (Alternatively, set the API_TEST_BASE_URI and API_TEST_KEY env vars.)
[INFO] [stdout] stack backtrace:
[INFO] [stdout]    0:     0x63e07fb15f76 - <unknown>
[INFO] [stdout]    1:     0x63e07fabcdc4 - <unknown>
[INFO] [stdout]    2:     0x63e07fb1ca3c - <unknown>
[INFO] [stdout]    3:     0x63e07faebdc2 - <unknown>
[INFO] [stdout]    4:     0x63e07fb0cfe1 - <unknown>
[INFO] [stdout]    5:     0x63e07fb0d1c2 - <unknown>
[INFO] [stdout]    6:     0x63e07faebe72 - <unknown>
[INFO] [stdout]    7:     0x63e07fae4a09 - <unknown>
[INFO] [stdout]    8:     0x63e07faf14ed - <unknown>
[INFO] [stdout]    9:     0x63e07fabd49c - <unknown>
[INFO] [stdout]   10:     0x63e07fa88cdc - <unknown>
[INFO] [stdout]   11:     0x63e07fa8fd19 - <unknown>
[INFO] [stdout]   12:     0x63e07fb1f86b - <unknown>
[INFO] [stdout]   13:     0x63e07fb2d682 - <unknown>
[INFO] [stdout]   14:     0x63e07fb26e94 - <unknown>
[INFO] [stdout]   15:     0x63e07fb31112 - <unknown>
[INFO] [stdout]   16:     0x63e07fb147d7 - <unknown>
[INFO] [stdout]   17:     0x705ea8eb0dfa - <unknown>
[INFO] [stdout]   18:     0x705ea8f443d4 - clone
[INFO] [stdout]   19:                0x0 - <unknown>
[INFO] [stdout] 
[INFO] [stdout] ---- bulk_mode_include_not_found stdout ----
[INFO] [stdout] 
[INFO] [stdout] thread 'bulk_mode_include_not_found' (10431) panicked at tests/cli.rs:54:5:
[INFO] [stdout] No test credentials found.
[INFO] [stdout] 
[INFO] [stdout] Create /opt/rustwide/workdir/.api-credentials.json pointing at your local CommerceOS (http://localhost:5000)
[INFO] [stdout] and its API key. Copy the sample and fill in the key:
[INFO] [stdout] 
[INFO] [stdout]     cp .api-credentials-sample.json .api-credentials.json
[INFO] [stdout] 
[INFO] [stdout] then edit the `credential` field for localhost:5000.
[INFO] [stdout] (Alternatively, set the API_TEST_BASE_URI and API_TEST_KEY env vars.)
[INFO] [stdout] stack backtrace:
[INFO] [stdout]    0:     0x63e07fb15f76 - <unknown>
[INFO] [stdout]    1:     0x63e07fabcdc4 - <unknown>
[INFO] [stdout]    2:     0x63e07fb1ca3c - <unknown>
[INFO] [stdout]    3:     0x63e07faebdc2 - <unknown>
[INFO] [stdout]    4:     0x63e07fb0cfe1 - <unknown>
[INFO] [stdout]    5:     0x63e07fb0d1c2 - <unknown>
[INFO] [stdout]    6:     0x63e07faebe72 - <unknown>
[INFO] [stdout]    7:     0x63e07fae4a09 - <unknown>
[INFO] [stdout]    8:     0x63e07faf14ed - <unknown>
[INFO] [stdout]    9:     0x63e07fabd49c - <unknown>
[INFO] [stdout]   10:     0x63e07fa88cdc - <unknown>
[INFO] [stdout]   11:     0x63e07fa8b708 - <unknown>
[INFO] [stdout]   12:     0x63e07fb1f86b - <unknown>
[INFO] [stdout]   13:     0x63e07fb2d682 - <unknown>
[INFO] [stdout]   14:     0x63e07fb26e94 - <unknown>
[INFO] [stdout]   15:     0x63e07fb31112 - <unknown>
[INFO] [stdout]   16:     0x63e07fb147d7 - <unknown>
[INFO] [stdout]   17:     0x705ea8eb0dfa - <unknown>
[INFO] [stdout]   18:     0x705ea8f443d4 - clone
[INFO] [stdout]   19:                0x0 - <unknown>
[INFO] [stdout] 
[INFO] [stdout] ---- bulk_mode_reads_from_stdin_when_no_value stdout ----
[INFO] [stdout] 
[INFO] [stdout] thread 'bulk_mode_reads_from_stdin_when_no_value' (10432) panicked at tests/cli.rs:54:5:
[INFO] [stdout] No test credentials found.
[INFO] [stdout] 
[INFO] [stdout] Create /opt/rustwide/workdir/.api-credentials.json pointing at your local CommerceOS (http://localhost:5000)
[INFO] [stdout] and its API key. Copy the sample and fill in the key:
[INFO] [stdout] 
[INFO] [stdout]     cp .api-credentials-sample.json .api-credentials.json
[INFO] [stdout] 
[INFO] [stdout] then edit the `credential` field for localhost:5000.
[INFO] [stdout] (Alternatively, set the API_TEST_BASE_URI and API_TEST_KEY env vars.)
[INFO] [stdout] stack backtrace:
[INFO] [stdout]    0:     0x63e07fb15f76 - <unknown>
[INFO] [stdout]    1:     0x63e07fabcdc4 - <unknown>
[INFO] [stdout]    2:     0x63e07fb1ca3c - <unknown>
[INFO] [stdout]    3:     0x63e07faebdc2 - <unknown>
[INFO] [stdout]    4:     0x63e07fb0cfe1 - <unknown>
[INFO] [stdout]    5:     0x63e07fb0d1c2 - <unknown>
[INFO] [stdout]    6:     0x63e07faebe72 - <unknown>
[INFO] [stdout]    7:     0x63e07fae4a09 - <unknown>
[INFO] [stdout]    8:     0x63e07faf14ed - <unknown>
[INFO] [stdout]    9:     0x63e07fabd49c - <unknown>
[INFO] [stdout]   10:     0x63e07fa88cdc - <unknown>
[INFO] [stdout]   11:     0x63e07fa9ba99 - <unknown>
[INFO] [stdout]   12:     0x63e07fb1f86b - <unknown>
[INFO] [stdout]   13:     0x63e07fb2d682 - <unknown>
[INFO] [stdout]   14:     0x63e07fb26e94 - <unknown>
[INFO] [stdout]   15:     0x63e07fb31112 - <unknown>
[INFO] [stdout]   16:     0x63e07fb147d7 - <unknown>
[INFO] [stdout]   17:     0x705ea8eb0dfa - <unknown>
[INFO] [stdout]   18:     0x705ea8f443d4 - clone
[INFO] [stdout]   19:                0x0 - <unknown>
[INFO] [stdout] 
[INFO] [stdout] ---- bulk_mode_reads_from_stdin_when_value_is_dash stdout ----
[INFO] [stdout] 
[INFO] [stdout] thread 'bulk_mode_reads_from_stdin_when_value_is_dash' (10433) panicked at tests/cli.rs:54:5:
[INFO] [stdout] No test credentials found.
[INFO] [stdout] 
[INFO] [stdout] Create /opt/rustwide/workdir/.api-credentials.json pointing at your local CommerceOS (http://localhost:5000)
[INFO] [stdout] and its API key. Copy the sample and fill in the key:
[INFO] [stdout] 
[INFO] [stdout]     cp .api-credentials-sample.json .api-credentials.json
[INFO] [stdout] 
[INFO] [stdout] then edit the `credential` field for localhost:5000.
[INFO] [stdout] (Alternatively, set the API_TEST_BASE_URI and API_TEST_KEY env vars.)
[INFO] [stdout] stack backtrace:
[INFO] [stdout]    0:     0x63e07fb15f76 - <unknown>
[INFO] [stdout]    1:     0x63e07fabcdc4 - <unknown>
[INFO] [stdout]    2:     0x63e07fb1ca3c - <unknown>
[INFO] [stdout]    3:     0x63e07faebdc2 - <unknown>
[INFO] [stdout]    4:     0x63e07fb0cfe1 - <unknown>
[INFO] [stdout]    5:     0x63e07fb0d1c2 - <unknown>
[INFO] [stdout]    6:     0x63e07faebe72 - <unknown>
[INFO] [stdout]    7:     0x63e07fae4a09 - <unknown>
[INFO] [stdout]    8:     0x63e07faf14ed - <unknown>
[INFO] [stdout]    9:     0x63e07fabd49c - <unknown>
[INFO] [stdout]   10:     0x63e07fa88cdc - <unknown>
[INFO] [stdout]   11:     0x63e07faa2119 - <unknown>
[INFO] [stdout]   12:     0x63e07fb1f86b - <unknown>
[INFO] [stdout]   13:     0x63e07fb2d682 - <unknown>
[INFO] [stdout]   14:     0x63e07fb26e94 - <unknown>
[INFO] [stdout]   15:     0x63e07fb31112 - <unknown>
[INFO] [stdout]   16:     0x63e07fb147d7 - <unknown>
[INFO] [stdout]   17:     0x705ea8eb0dfa - <unknown>
[INFO] [stdout]   18:     0x705ea8f443d4 - clone
[INFO] [stdout]   19:                0x0 - <unknown>
[INFO] [stdout] 
[INFO] [stdout] ---- bulk_mode_skips_comments_and_blank_lines stdout ----
[INFO] [stdout] 
[INFO] [stdout] thread 'bulk_mode_skips_comments_and_blank_lines' (10435) panicked at tests/cli.rs:54:5:
[INFO] [stdout] No test credentials found.
[INFO] [stdout] 
[INFO] [stdout] Create /opt/rustwide/workdir/.api-credentials.json pointing at your local CommerceOS (http://localhost:5000)
[INFO] [stdout] and its API key. Copy the sample and fill in the key:
[INFO] [stdout] 
[INFO] [stdout]     cp .api-credentials-sample.json .api-credentials.json
[INFO] [stdout] 
[INFO] [stdout] then edit the `credential` field for localhost:5000.
[INFO] [stdout] (Alternatively, set the API_TEST_BASE_URI and API_TEST_KEY env vars.)
[INFO] [stdout] stack backtrace:
[INFO] [stdout]    0:     0x63e07fb15f76 - <unknown>
[INFO] [stdout]    1:     0x63e07fabcdc4 - <unknown>
[INFO] [stdout]    2:     0x63e07fb1ca3c - <unknown>
[INFO] [stdout]    3:     0x63e07faebdc2 - <unknown>
[INFO] [stdout]    4:     0x63e07fb0cfe1 - <unknown>
[INFO] [stdout]    5:     0x63e07fb0d1c2 - <unknown>
[INFO] [stdout]    6:     0x63e07faebe72 - <unknown>
[INFO] [stdout]    7:     0x63e07fae4a09 - <unknown>
[INFO] [stdout]    8:     0x63e07faf14ed - <unknown>
[INFO] [stdout]    9:     0x63e07fabd49c - <unknown>
[INFO] [stdout]   10:     0x63e07fa88cdc - <unknown>
[INFO] [stdout]   11:     0x63e07fa9be69 - <unknown>
[INFO] [stdout]   12:     0x63e07fb1f86b - <unknown>
[INFO] [stdout]   13:     0x63e07fb2d682 - <unknown>
[INFO] [stdout]   14:     0x63e07fb26e94 - <unknown>
[INFO] [stdout]   15:     0x63e07fb31112 - <unknown>
[INFO] [stdout]   16:     0x63e07fb147d7 - <unknown>
[INFO] [stdout]   17:     0x705ea8eb0dfa - <unknown>
[INFO] [stdout]   18:     0x705ea8f443d4 - clone
[INFO] [stdout]   19:                0x0 - <unknown>
[INFO] [stdout] 
[INFO] [stdout] ---- bulk_mode_runs_each_line_as_request stdout ----
[INFO] [stdout] 
[INFO] [stdout] thread 'bulk_mode_runs_each_line_as_request' (10434) panicked at tests/cli.rs:54:5:
[INFO] [stdout] No test credentials found.
[INFO] [stdout] 
[INFO] [stdout] Create /opt/rustwide/workdir/.api-credentials.json pointing at your local CommerceOS (http://localhost:5000)
[INFO] [stdout] and its API key. Copy the sample and fill in the key:
[INFO] [stdout] 
[INFO] [stdout]     cp .api-credentials-sample.json .api-credentials.json
[INFO] [stdout] 
[INFO] [stdout] then edit the `credential` field for localhost:5000.
[INFO] [stdout] (Alternatively, set the API_TEST_BASE_URI and API_TEST_KEY env vars.)
[INFO] [stdout] stack backtrace:
[INFO] [stdout]    0:     0x63e07fb15f76 - <unknown>
[INFO] [stdout]    1:     0x63e07fabcdc4 - <unknown>
[INFO] [stdout]    2:     0x63e07fb1ca3c - <unknown>
[INFO] [stdout]    3:     0x63e07faebdc2 - <unknown>
[INFO] [stdout]    4:     0x63e07fb0cfe1 - <unknown>
[INFO] [stdout]    5:     0x63e07fb0d1c2 - <unknown>
[INFO] [stdout]    6:     0x63e07faebe72 - <unknown>
[INFO] [stdout]    7:     0x63e07fae4a09 - <unknown>
[INFO] [stdout]    8:     0x63e07faf14ed - <unknown>
[INFO] [stdout]    9:     0x63e07fabd49c - <unknown>
[INFO] [stdout]   10:     0x63e07fa88cdc - <unknown>
[INFO] [stdout]   11:     0x63e07fa94649 - <unknown>
[INFO] [stdout]   12:     0x63e07fb1f86b - <unknown>
[INFO] [stdout]   13:     0x63e07fb2d682 - <unknown>
[INFO] [stdout]   14:     0x63e07fb26e94 - <unknown>
[INFO] [stdout]   15:     0x63e07fb31112 - <unknown>
[INFO] [stdout]   16:     0x63e07fb147d7 - <unknown>
[INFO] [stdout]   17:     0x705ea8eb0dfa - <unknown>
[INFO] [stdout]   18:     0x705ea8f443d4 - clone
[INFO] [stdout]   19:                0x0 - <unknown>
[INFO] [stdout] 
[INFO] [stdout] ---- bulk_mode_strips_jsonc_comments_in_bodies stdout ----
[INFO] [stdout] 
[INFO] [stdout] thread 'bulk_mode_strips_jsonc_comments_in_bodies' (10436) panicked at tests/cli.rs:54:5:
[INFO] [stdout] No test credentials found.
[INFO] [stdout] 
[INFO] [stdout] Create /opt/rustwide/workdir/.api-credentials.json pointing at your local CommerceOS (http://localhost:5000)
[INFO] [stdout] and its API key. Copy the sample and fill in the key:
[INFO] [stdout] 
[INFO] [stdout]     cp .api-credentials-sample.json .api-credentials.json
[INFO] [stdout] 
[INFO] [stdout] then edit the `credential` field for localhost:5000.
[INFO] [stdout] (Alternatively, set the API_TEST_BASE_URI and API_TEST_KEY env vars.)
[INFO] [stdout] stack backtrace:
[INFO] [stdout]    0:     0x63e07fb15f76 - <unknown>
[INFO] [stdout]    1:     0x63e07fabcdc4 - <unknown>
[INFO] [stdout]    2:     0x63e07fb1ca3c - <unknown>
[INFO] [stdout]    3:     0x63e07faebdc2 - <unknown>
[INFO] [stdout]    4:     0x63e07fb0cfe1 - <unknown>
[INFO] [stdout]    5:     0x63e07fb0d1c2 - <unknown>
[INFO] [stdout]    6:     0x63e07faebe72 - <unknown>
[INFO] [stdout]    7:     0x63e07fae4a09 - <unknown>
[INFO] [stdout]    8:     0x63e07faf14ed - <unknown>
[INFO] [stdout]    9:     0x63e07fabd49c - <unknown>
[INFO] [stdout]   10:     0x63e07fa88cdc - <unknown>
[INFO] [stdout]   11:     0x63e07fa9cad9 - <unknown>
[INFO] [stdout]   12:     0x63e07fb1f86b - <unknown>
[INFO] [stdout]   13:     0x63e07fb2d682 - <unknown>
[INFO] [stdout]   14:     0x63e07fb26e94 - <unknown>
[INFO] [stdout]   15:     0x63e07fb31112 - <unknown>
[INFO] [stdout]   16:     0x63e07fb147d7 - <unknown>
[INFO] [stdout]   17:     0x705ea8eb0dfa - <unknown>
[INFO] [stdout]   18:     0x705ea8f443d4 - clone
[INFO] [stdout]   19:                0x0 - <unknown>
[INFO] [stdout] 
[INFO] [stdout] ---- bulk_mode_supports_at_file_per_line stdout ----
[INFO] [stdout] 
[INFO] [stdout] thread 'bulk_mode_supports_at_file_per_line' (10437) panicked at tests/cli.rs:54:5:
[INFO] [stdout] No test credentials found.
[INFO] [stdout] 
[INFO] [stdout] Create /opt/rustwide/workdir/.api-credentials.json pointing at your local CommerceOS (http://localhost:5000)
[INFO] [stdout] and its API key. Copy the sample and fill in the key:
[INFO] [stdout] 
[INFO] [stderr] error: test failed, to rerun pass `--test cli`
[INFO] [stdout]     cp .api-credentials-sample.json .api-credentials.json
[INFO] [stdout] 
[INFO] [stdout] then edit the `credential` field for localhost:5000.
[INFO] [stdout] (Alternatively, set the API_TEST_BASE_URI and API_TEST_KEY env vars.)
[INFO] [stdout] stack backtrace:
[INFO] [stdout]    0:     0x63e07fb15f76 - <unknown>
[INFO] [stdout]    1:     0x63e07fabcdc4 - <unknown>
[INFO] [stdout]    2:     0x63e07fb1ca3c - <unknown>
[INFO] [stdout]    3:     0x63e07faebdc2 - <unknown>
[INFO] [stdout]    4:     0x63e07fb0cfe1 - <unknown>
[INFO] [stdout]    5:     0x63e07fb0d1c2 - <unknown>
[INFO] [stdout]    6:     0x63e07faebe72 - <unknown>
[INFO] [stdout]    7:     0x63e07fae4a09 - <unknown>
[INFO] [stdout]    8:     0x63e07faf14ed - <unknown>
[INFO] [stdout]    9:     0x63e07fabd49c - <unknown>
[INFO] [stdout]   10:     0x63e07fa88cdc - <unknown>
[INFO] [stdout]   11:     0x63e07fa94c69 - <unknown>
[INFO] [stdout]   12:     0x63e07fb1f86b - <unknown>
[INFO] [stdout]   13:     0x63e07fb2d682 - <unknown>
[INFO] [stdout]   14:     0x63e07fb26e94 - <unknown>
[INFO] [stdout]   15:     0x63e07fb31112 - <unknown>
[INFO] [stdout]   16:     0x63e07fb147d7 - <unknown>
[INFO] [stdout]   17:     0x705ea8eb0dfa - <unknown>
[INFO] [stdout]   18:     0x705ea8f443d4 - clone
[INFO] [stdout]   19:                0x0 - <unknown>
[INFO] [stdout] 
[INFO] [stdout] ---- bulk_mode_supports_include_directives stdout ----
[INFO] [stdout] 
[INFO] [stdout] thread 'bulk_mode_supports_include_directives' (10438) panicked at tests/cli.rs:54:5:
[INFO] [stdout] No test credentials found.
[INFO] [stdout] 
[INFO] [stdout] Create /opt/rustwide/workdir/.api-credentials.json pointing at your local CommerceOS (http://localhost:5000)
[INFO] [stdout] and its API key. Copy the sample and fill in the key:
[INFO] [stdout] 
[INFO] [stdout]     cp .api-credentials-sample.json .api-credentials.json
[INFO] [stdout] 
[INFO] [stdout] then edit the `credential` field for localhost:5000.
[INFO] [stdout] (Alternatively, set the API_TEST_BASE_URI and API_TEST_KEY env vars.)
[INFO] [stdout] stack backtrace:
[INFO] [stdout]    0:     0x63e07fb15f76 - <unknown>
[INFO] [stdout]    1:     0x63e07fabcdc4 - <unknown>
[INFO] [stdout]    2:     0x63e07fb1ca3c - <unknown>
[INFO] [stdout]    3:     0x63e07faebdc2 - <unknown>
[INFO] [stdout]    4:     0x63e07fb0cfe1 - <unknown>
[INFO] [stdout]    5:     0x63e07fb0d1c2 - <unknown>
[INFO] [stdout]    6:     0x63e07faebe72 - <unknown>
[INFO] [stdout]    7:     0x63e07fae4a09 - <unknown>
[INFO] [stdout]    8:     0x63e07faf14ed - <unknown>
[INFO] [stdout]    9:     0x63e07fabd49c - <unknown>
[INFO] [stdout]   10:     0x63e07fa88cdc - <unknown>
[INFO] [stdout]   11:     0x63e07fa98f29 - <unknown>
[INFO] [stdout]   12:     0x63e07fb1f86b - <unknown>
[INFO] [stdout]   13:     0x63e07fb2d682 - <unknown>
[INFO] [stdout]   14:     0x63e07fb26e94 - <unknown>
[INFO] [stdout]   15:     0x63e07fb31112 - <unknown>
[INFO] [stdout]   16:     0x63e07fb147d7 - <unknown>
[INFO] [stdout]   17:     0x705ea8eb0dfa - <unknown>
[INFO] [stdout]   18:     0x705ea8f443d4 - clone
[INFO] [stdout]   19:                0x0 - <unknown>
[INFO] [stdout] 
[INFO] [stdout] ---- bulk_mode_supports_multiline_bodies stdout ----
[INFO] [stdout] 
[INFO] [stdout] thread 'bulk_mode_supports_multiline_bodies' (10439) panicked at tests/cli.rs:54:5:
[INFO] [stdout] No test credentials found.
[INFO] [stdout] 
[INFO] [stdout] Create /opt/rustwide/workdir/.api-credentials.json pointing at your local CommerceOS (http://localhost:5000)
[INFO] [stdout] and its API key. Copy the sample and fill in the key:
[INFO] [stdout] 
[INFO] [stdout]     cp .api-credentials-sample.json .api-credentials.json
[INFO] [stdout] 
[INFO] [stdout] then edit the `credential` field for localhost:5000.
[INFO] [stdout] (Alternatively, set the API_TEST_BASE_URI and API_TEST_KEY env vars.)
[INFO] [stdout] stack backtrace:
[INFO] [stdout]    0:     0x63e07fb15f76 - <unknown>
[INFO] [stdout]    1:     0x63e07fabcdc4 - <unknown>
[INFO] [stdout]    2:     0x63e07fb1ca3c - <unknown>
[INFO] [stdout]    3:     0x63e07faebdc2 - <unknown>
[INFO] [stdout]    4:     0x63e07fb0cfe1 - <unknown>
[INFO] [stdout]    5:     0x63e07fb0d1c2 - <unknown>
[INFO] [stdout]    6:     0x63e07faebe72 - <unknown>
[INFO] [stdout]    7:     0x63e07fae4a09 - <unknown>
[INFO] [stdout]    8:     0x63e07faf14ed - <unknown>
[INFO] [stdout]    9:     0x63e07fabd49c - <unknown>
[INFO] [stdout]   10:     0x63e07fa88cdc - <unknown>
[INFO] [stdout]   11:     0x63e07fa953d9 - <unknown>
[INFO] [stdout]   12:     0x63e07fb1f86b - <unknown>
[INFO] [stdout]   13:     0x63e07fb2d682 - <unknown>
[INFO] [stdout]   14:     0x63e07fb26e94 - <unknown>
[INFO] [stdout]   15:     0x63e07fb31112 - <unknown>
[INFO] [stdout]   16:     0x63e07fb147d7 - <unknown>
[INFO] [stdout]   17:     0x705ea8eb0dfa - <unknown>
[INFO] [stdout]   18:     0x705ea8f443d4 - clone
[INFO] [stdout]   19:                0x0 - <unknown>
[INFO] [stdout] 
[INFO] [stdout] ---- bulk_mode_supports_outfile_per_line stdout ----
[INFO] [stdout] 
[INFO] [stdout] thread 'bulk_mode_supports_outfile_per_line' (10440) panicked at tests/cli.rs:54:5:
[INFO] [stdout] No test credentials found.
[INFO] [stdout] 
[INFO] [stdout] Create /opt/rustwide/workdir/.api-credentials.json pointing at your local CommerceOS (http://localhost:5000)
[INFO] [stdout] and its API key. Copy the sample and fill in the key:
[INFO] [stdout] 
[INFO] [stdout]     cp .api-credentials-sample.json .api-credentials.json
[INFO] [stdout] 
[INFO] [stdout] then edit the `credential` field for localhost:5000.
[INFO] [stdout] (Alternatively, set the API_TEST_BASE_URI and API_TEST_KEY env vars.)
[INFO] [stdout] stack backtrace:
[INFO] [stdout]    0:     0x63e07fb15f76 - <unknown>
[INFO] [stdout]    1:     0x63e07fabcdc4 - <unknown>
[INFO] [stdout]    2:     0x63e07fb1ca3c - <unknown>
[INFO] [stdout]    3:     0x63e07faebdc2 - <unknown>
[INFO] [stdout]    4:     0x63e07fb0cfe1 - <unknown>
[INFO] [stdout]    5:     0x63e07fb0d1c2 - <unknown>
[INFO] [stdout]    6:     0x63e07faebe72 - <unknown>
[INFO] [stdout]    7:     0x63e07fae4a09 - <unknown>
[INFO] [stdout]    8:     0x63e07faf14ed - <unknown>
[INFO] [stdout]    9:     0x63e07fabd49c - <unknown>
[INFO] [stdout]   10:     0x63e07fa88cdc - <unknown>
[INFO] [stdout]   11:     0x63e07fa95c19 - <unknown>
[INFO] [stdout]   12:     0x63e07fb1f86b - <unknown>
[INFO] [stdout]   13:     0x63e07fb2d682 - <unknown>
[INFO] [stdout]   14:     0x63e07fb26e94 - <unknown>
[INFO] [stdout]   15:     0x63e07fb31112 - <unknown>
[INFO] [stdout]   16:     0x63e07fb147d7 - <unknown>
[INFO] [stdout]   17:     0x705ea8eb0dfa - <unknown>
[INFO] [stdout]   18:     0x705ea8f443d4 - clone
[INFO] [stdout]   19:                0x0 - <unknown>
[INFO] [stdout] 
[INFO] [stdout] ---- bulk_sleep_directive_delays_execution stdout ----
[INFO] [stdout] 
[INFO] [stdout] thread 'bulk_sleep_directive_delays_execution' (10441) panicked at tests/cli.rs:54:5:
[INFO] [stdout] No test credentials found.
[INFO] [stdout] 
[INFO] [stdout] Create /opt/rustwide/workdir/.api-credentials.json pointing at your local CommerceOS (http://localhost:5000)
[INFO] [stdout] and its API key. Copy the sample and fill in the key:
[INFO] [stdout] 
[INFO] [stdout]     cp .api-credentials-sample.json .api-credentials.json
[INFO] [stdout] 
[INFO] [stdout] then edit the `credential` field for localhost:5000.
[INFO] [stdout] (Alternatively, set the API_TEST_BASE_URI and API_TEST_KEY env vars.)
[INFO] [stdout] stack backtrace:
[INFO] [stdout]    0:     0x63e07fb15f76 - <unknown>
[INFO] [stdout]    1:     0x63e07fabcdc4 - <unknown>
[INFO] [stdout]    2:     0x63e07fb1ca3c - <unknown>
[INFO] [stdout]    3:     0x63e07faebdc2 - <unknown>
[INFO] [stdout]    4:     0x63e07fb0cfe1 - <unknown>
[INFO] [stdout]    5:     0x63e07fb0d1c2 - <unknown>
[INFO] [stdout]    6:     0x63e07faebe72 - <unknown>
[INFO] [stdout]    7:     0x63e07fae4a09 - <unknown>
[INFO] [stdout]    8:     0x63e07faf14ed - <unknown>
[INFO] [stdout]    9:     0x63e07fabd49c - <unknown>
[INFO] [stdout]   10:     0x63e07fa88cdc - <unknown>
[INFO] [stdout]   11:     0x63e07fa99819 - <unknown>
[INFO] [stdout]   12:     0x63e07fb1f86b - <unknown>
[INFO] [stdout]   13:     0x63e07fb2d682 - <unknown>
[INFO] [stdout]   14:     0x63e07fb26e94 - <unknown>
[INFO] [stdout]   15:     0x63e07fb31112 - <unknown>
[INFO] [stdout]   16:     0x63e07fb147d7 - <unknown>
[INFO] [stdout]   17:     0x705ea8eb0dfa - <unknown>
[INFO] [stdout]   18:     0x705ea8f443d4 - clone
[INFO] [stdout]   19:                0x0 - <unknown>
[INFO] [stdout] 
[INFO] [stdout] ---- clipboard_marker_reports_bytes_copied stdout ----
[INFO] [stdout] 
[INFO] [stdout] thread 'clipboard_marker_reports_bytes_copied' (10443) panicked at tests/cli.rs:54:5:
[INFO] [stdout] No test credentials found.
[INFO] [stdout] 
[INFO] [stdout] Create /opt/rustwide/workdir/.api-credentials.json pointing at your local CommerceOS (http://localhost:5000)
[INFO] [stdout] and its API key. Copy the sample and fill in the key:
[INFO] [stdout] 
[INFO] [stdout]     cp .api-credentials-sample.json .api-credentials.json
[INFO] [stdout] 
[INFO] [stdout] then edit the `credential` field for localhost:5000.
[INFO] [stdout] (Alternatively, set the API_TEST_BASE_URI and API_TEST_KEY env vars.)
[INFO] [stdout] stack backtrace:
[INFO] [stdout]    0:     0x63e07fb15f76 - <unknown>
[INFO] [stdout]    1:     0x63e07fabcdc4 - <unknown>
[INFO] [stdout]    2:     0x63e07fb1ca3c - <unknown>
[INFO] [stdout]    3:     0x63e07faebdc2 - <unknown>
[INFO] [stdout]    4:     0x63e07fb0cfe1 - <unknown>
[INFO] [stdout]    5:     0x63e07fb0d1c2 - <unknown>
[INFO] [stdout]    6:     0x63e07faebe72 - <unknown>
[INFO] [stdout]    7:     0x63e07fae4a09 - <unknown>
[INFO] [stdout]    8:     0x63e07faf14ed - <unknown>
[INFO] [stdout]    9:     0x63e07fabd49c - <unknown>
[INFO] [stdout]   10:     0x63e07fa88cdc - <unknown>
[INFO] [stdout]   11:     0x63e07fa99fb6 - <unknown>
[INFO] [stdout]   12:     0x63e07fb1f86b - <unknown>
[INFO] [stdout]   13:     0x63e07fb2d682 - <unknown>
[INFO] [stdout]   14:     0x63e07fb26e94 - <unknown>
[INFO] [stdout]   15:     0x63e07fb31112 - <unknown>
[INFO] [stdout]   16:     0x63e07fb147d7 - <unknown>
[INFO] [stdout]   17:     0x705ea8eb0dfa - <unknown>
[INFO] [stdout]   18:     0x705ea8f443d4 - clone
[INFO] [stdout]   19:                0x0 - <unknown>
[INFO] [stdout] 
[INFO] [stdout] ---- clipboard_outfile_is_case_insensitive stdout ----
[INFO] [stdout] 
[INFO] [stdout] thread 'clipboard_outfile_is_case_insensitive' (10444) panicked at tests/cli.rs:54:5:
[INFO] [stdout] No test credentials found.
[INFO] [stdout] 
[INFO] [stdout] Create /opt/rustwide/workdir/.api-credentials.json pointing at your local CommerceOS (http://localhost:5000)
[INFO] [stdout] and its API key. Copy the sample and fill in the key:
[INFO] [stdout] 
[INFO] [stdout]     cp .api-credentials-sample.json .api-credentials.json
[INFO] [stdout] 
[INFO] [stdout] then edit the `credential` field for localhost:5000.
[INFO] [stdout] (Alternatively, set the API_TEST_BASE_URI and API_TEST_KEY env vars.)
[INFO] [stdout] stack backtrace:
[INFO] [stdout]    0:     0x63e07fb15f76 - <unknown>
[INFO] [stdout]    1:     0x63e07fabcdc4 - <unknown>
[INFO] [stdout]    2:     0x63e07fb1ca3c - <unknown>
[INFO] [stdout]    3:     0x63e07faebdc2 - <unknown>
[INFO] [stdout]    4:     0x63e07fb0cfe1 - <unknown>
[INFO] [stdout]    5:     0x63e07fb0d1c2 - <unknown>
[INFO] [stdout]    6:     0x63e07faebe72 - <unknown>
[INFO] [stdout]    7:     0x63e07fae4a09 - <unknown>
[INFO] [stdout]    8:     0x63e07faf14ed - <unknown>
[INFO] [stdout]    9:     0x63e07fabd49c - <unknown>
[INFO] [stdout]   10:     0x63e07fa88cdc - <unknown>
[INFO] [stdout]   11:     0x63e07fa9a2e9 - <unknown>
[INFO] [stdout]   12:     0x63e07fb1f86b - <unknown>
[INFO] [stdout]   13:     0x63e07fb2d682 - <unknown>
[INFO] [stdout]   14:     0x63e07fb26e94 - <unknown>
[INFO] [stdout]   15:     0x63e07fb31112 - <unknown>
[INFO] [stdout]   16:     0x63e07fb147d7 - <unknown>
[INFO] [stdout]   17:     0x705ea8eb0dfa - <unknown>
[INFO] [stdout]   18:     0x705ea8f443d4 - clone
[INFO] [stdout]   19:                0x0 - <unknown>
[INFO] [stdout] 
[INFO] [stdout] ---- clipboard_outfile_suppresses_stdout_and_logs_target stdout ----
[INFO] [stdout] 
[INFO] [stdout] thread 'clipboard_outfile_suppresses_stdout_and_logs_target' (10445) panicked at tests/cli.rs:54:5:
[INFO] [stdout] No test credentials found.
[INFO] [stdout] 
[INFO] [stdout] Create /opt/rustwide/workdir/.api-credentials.json pointing at your local CommerceOS (http://localhost:5000)
[INFO] [stdout] and its API key. Copy the sample and fill in the key:
[INFO] [stdout] 
[INFO] [stdout]     cp .api-credentials-sample.json .api-credentials.json
[INFO] [stdout] 
[INFO] [stdout] then edit the `credential` field for localhost:5000.
[INFO] [stdout] (Alternatively, set the API_TEST_BASE_URI and API_TEST_KEY env vars.)
[INFO] [stdout] stack backtrace:
[INFO] [stdout]    0:     0x63e07fb15f76 - <unknown>
[INFO] [stdout]    1:     0x63e07fabcdc4 - <unknown>
[INFO] [stdout]    2:     0x63e07fb1ca3c - <unknown>
[INFO] [stdout]    3:     0x63e07faebdc2 - <unknown>
[INFO] [stdout]    4:     0x63e07fb0cfe1 - <unknown>
[INFO] [stdout]    5:     0x63e07fb0d1c2 - <unknown>
[INFO] [stdout]    6:     0x63e07faebe72 - <unknown>
[INFO] [stdout]    7:     0x63e07fae4a09 - <unknown>
[INFO] [stdout]    8:     0x63e07faf14ed - <unknown>
[INFO] [stdout]    9:     0x63e07fabd49c - <unknown>
[INFO] [stdout]   10:     0x63e07fa88cdc - <unknown>
[INFO] [stdout]   11:     0x63e07faa6069 - <unknown>
[INFO] [stdout]   12:     0x63e07fb1f86b - <unknown>
[INFO] [stdout]   13:     0x63e07fb2d682 - <unknown>
[INFO] [stdout]   14:     0x63e07fb26e94 - <unknown>
[INFO] [stdout]   15:     0x63e07fb31112 - <unknown>
[INFO] [stdout]   16:     0x63e07fb147d7 - <unknown>
[INFO] [stdout]   17:     0x705ea8eb0dfa - <unknown>
[INFO] [stdout]   18:     0x705ea8f443d4 - clone
[INFO] [stdout]   19:                0x0 - <unknown>
[INFO] [stdout] 
[INFO] [stdout] ---- delete_returns_response stdout ----
[INFO] [stdout] 
[INFO] [stdout] thread 'delete_returns_response' (10447) panicked at tests/cli.rs:54:5:
[INFO] [stdout] No test credentials found.
[INFO] [stdout] 
[INFO] [stdout] Create /opt/rustwide/workdir/.api-credentials.json pointing at your local CommerceOS (http://localhost:5000)
[INFO] [stdout] and its API key. Copy the sample and fill in the key:
[INFO] [stdout] 
[INFO] [stdout]     cp .api-credentials-sample.json .api-credentials.json
[INFO] [stdout] 
[INFO] [stdout] then edit the `credential` field for localhost:5000.
[INFO] [stdout] (Alternatively, set the API_TEST_BASE_URI and API_TEST_KEY env vars.)
[INFO] [stdout] stack backtrace:
[INFO] [stdout]    0:     0x63e07fb15f76 - <unknown>
[INFO] [stdout]    1:     0x63e07fabcdc4 - <unknown>
[INFO] [stdout]    2:     0x63e07fb1ca3c - <unknown>
[INFO] [stdout]    3:     0x63e07faebdc2 - <unknown>
[INFO] [stdout]    4:     0x63e07fb0cfe1 - <unknown>
[INFO] [stdout]    5:     0x63e07fb0d1c2 - <unknown>
[INFO] [stdout]    6:     0x63e07faebe72 - <unknown>
[INFO] [stdout]    7:     0x63e07fae4a09 - <unknown>
[INFO] [stdout]    8:     0x63e07faf14ed - <unknown>
[INFO] [stdout]    9:     0x63e07fabd49c - <unknown>
[INFO] [stdout]   10:     0x63e07fa88cdc - <unknown>
[INFO] [stdout]   11:     0x63e07fa8a9c2 - <unknown>
[INFO] [stdout]   12:     0x63e07fb1f86b - <unknown>
[INFO] [stdout]   13:     0x63e07fb2d682 - <unknown>
[INFO] [stdout]   14:     0x63e07fb26e94 - <unknown>
[INFO] [stdout]   15:     0x63e07fb31112 - <unknown>
[INFO] [stdout]   16:     0x63e07fb147d7 - <unknown>
[INFO] [stdout]   17:     0x705ea8eb0dfa - <unknown>
[INFO] [stdout]   18:     0x705ea8f443d4 - clone
[INFO] [stdout]   19:                0x0 - <unknown>
[INFO] [stdout] 
[INFO] [stdout] ---- get_echo_all_returns_200 stdout ----
[INFO] [stdout] 
[INFO] [stdout] thread 'get_echo_all_returns_200' (10452) panicked at tests/cli.rs:54:5:
[INFO] [stdout] No test credentials found.
[INFO] [stdout] 
[INFO] [stdout] Create /opt/rustwide/workdir/.api-credentials.json pointing at your local CommerceOS (http://localhost:5000)
[INFO] [stdout] and its API key. Copy the sample and fill in the key:
[INFO] [stdout] 
[INFO] [stdout]     cp .api-credentials-sample.json .api-credentials.json
[INFO] [stdout] 
[INFO] [stdout] then edit the `credential` field for localhost:5000.
[INFO] [stdout] (Alternatively, set the API_TEST_BASE_URI and API_TEST_KEY env vars.)
[INFO] [stdout] stack backtrace:
[INFO] [stdout]    0:     0x63e07fb15f76 - <unknown>
[INFO] [stdout]    1:     0x63e07fabcdc4 - <unknown>
[INFO] [stdout]    2:     0x63e07fb1ca3c - <unknown>
[INFO] [stdout]    3:     0x63e07faebdc2 - <unknown>
[INFO] [stdout]    4:     0x63e07fb0cfe1 - <unknown>
[INFO] [stdout]    5:     0x63e07fb0d1c2 - <unknown>
[INFO] [stdout]    6:     0x63e07faebe72 - <unknown>
[INFO] [stdout]    7:     0x63e07fae4a09 - <unknown>
[INFO] [stdout]    8:     0x63e07faf14ed - <unknown>
[INFO] [stdout]    9:     0x63e07fabd49c - <unknown>
[INFO] [stdout]   10:     0x63e07fa88cdc - <unknown>
[INFO] [stdout]   11:     0x63e07fa8acb2 - <unknown>
[INFO] [stdout]   12:     0x63e07fb1f86b - <unknown>
[INFO] [stdout]   13:     0x63e07fb2d682 - <unknown>
[INFO] [stdout]   14:     0x63e07fb26e94 - <unknown>
[INFO] [stdout]   15:     0x63e07fb31112 - <unknown>
[INFO] [stdout]   16:     0x63e07fb147d7 - <unknown>
[INFO] [stdout]   17:     0x705ea8eb0dfa - <unknown>
[INFO] [stdout]   18:     0x705ea8f443d4 - clone
[INFO] [stdout]   19:                0x0 - <unknown>
[INFO] [stdout] 
[INFO] [stdout] ---- file_body_is_uploaded_via_at_prefix stdout ----
[INFO] [stdout] 
[INFO] [stdout] thread 'file_body_is_uploaded_via_at_prefix' (10451) panicked at tests/cli.rs:54:5:
[INFO] [stdout] No test credentials found.
[INFO] [stdout] 
[INFO] [stdout] Create /opt/rustwide/workdir/.api-credentials.json pointing at your local CommerceOS (http://localhost:5000)
[INFO] [stdout] and its API key. Copy the sample and fill in the key:
[INFO] [stdout] 
[INFO] [stdout]     cp .api-credentials-sample.json .api-credentials.json
[INFO] [stdout] 
[INFO] [stdout] then edit the `credential` field for localhost:5000.
[INFO] [stdout] (Alternatively, set the API_TEST_BASE_URI and API_TEST_KEY env vars.)
[INFO] [stdout] stack backtrace:
[INFO] [stdout]    0:     0x63e07fb15f76 - <unknown>
[INFO] [stdout]    1:     0x63e07fabcdc4 - <unknown>
[INFO] [stdout]    2:     0x63e07fb1ca3c - <unknown>
[INFO] [stdout]    3:     0x63e07faebdc2 - <unknown>
[INFO] [stdout]    4:     0x63e07fb0cfe1 - <unknown>
[INFO] [stdout]    5:     0x63e07fb0d1c2 - <unknown>
[INFO] [stdout]    6:     0x63e07faebe72 - <unknown>
[INFO] [stdout]    7:     0x63e07fae4a09 - <unknown>
[INFO] [stdout]    8:     0x63e07faf14ed - <unknown>
[INFO] [stdout]    9:     0x63e07fabd49c - <unknown>
[INFO] [stdout]   10:     0x63e07fa88cdc - <unknown>
[INFO] [stdout]   11:     0x63e07fa962b8 - <unknown>
[INFO] [stdout]   12:     0x63e07fb1f86b - <unknown>
[INFO] [stdout]   13:     0x63e07fb2d682 - <unknown>
[INFO] [stdout]   14:     0x63e07fb26e94 - <unknown>
[INFO] [stdout]   15:     0x63e07fb31112 - <unknown>
[INFO] [stdout]   16:     0x63e07fb147d7 - <unknown>
[INFO] [stdout]   17:     0x705ea8eb0dfa - <unknown>
[INFO] [stdout]   18:     0x705ea8f443d4 - clone
[INFO] [stdout]   19:                0x0 - <unknown>
[INFO] [stdout] 
[INFO] [stdout] ---- glob_at_file_combines_json_files_into_array stdout ----
[INFO] [stdout] 
[INFO] [stdout] thread 'glob_at_file_combines_json_files_into_array' (10453) panicked at tests/cli.rs:54:5:
[INFO] [stdout] No test credentials found.
[INFO] [stdout] 
[INFO] [stdout] Create /opt/rustwide/workdir/.api-credentials.json pointing at your local CommerceOS (http://localhost:5000)
[INFO] [stdout] and its API key. Copy the sample and fill in the key:
[INFO] [stdout] 
[INFO] [stdout]     cp .api-credentials-sample.json .api-credentials.json
[INFO] [stdout] 
[INFO] [stdout] then edit the `credential` field for localhost:5000.
[INFO] [stdout] (Alternatively, set the API_TEST_BASE_URI and API_TEST_KEY env vars.)
[INFO] [stdout] stack backtrace:
[INFO] [stdout]    0:     0x63e07fb15f76 - <unknown>
[INFO] [stdout]    1:     0x63e07fabcdc4 - <unknown>
[INFO] [stdout]    2:     0x63e07fb1ca3c - <unknown>
[INFO] [stdout]    3:     0x63e07faebdc2 - <unknown>
[INFO] [stdout]    4:     0x63e07fb0cfe1 - <unknown>
[INFO] [stdout]    5:     0x63e07fb0d1c2 - <unknown>
[INFO] [stdout]    6:     0x63e07faebe72 - <unknown>
[INFO] [stdout]    7:     0x63e07fae4a09 - <unknown>
[INFO] [stdout]    8:     0x63e07faf14ed - <unknown>
[INFO] [stdout]    9:     0x63e07fabd49c - <unknown>
[INFO] [stdout]   10:     0x63e07fa88cdc - <unknown>
[INFO] [stdout]   11:     0x63e07fa9dde9 - <unknown>
[INFO] [stdout]   12:     0x63e07fb1f86b - <unknown>
[INFO] [stdout]   13:     0x63e07fb2d682 - <unknown>
[INFO] [stdout]   14:     0x63e07fb26e94 - <unknown>
[INFO] [stdout]   15:     0x63e07fb31112 - <unknown>
[INFO] [stdout]   16:     0x63e07fb147d7 - <unknown>
[INFO] [stdout]   17:     0x705ea8eb0dfa - <unknown>
[INFO] [stdout]   18:     0x705ea8f443d4 - clone
[INFO] [stdout]   19:                0x0 - <unknown>
[INFO] [stdout] 
[INFO] [stdout] ---- glob_at_file_combines_ndjson_streams stdout ----
[INFO] [stdout] 
[INFO] [stdout] thread 'glob_at_file_combines_ndjson_streams' (10454) panicked at tests/cli.rs:54:5:
[INFO] [stdout] No test credentials found.
[INFO] [stdout] 
[INFO] [stdout] Create /opt/rustwide/workdir/.api-credentials.json pointing at your local CommerceOS (http://localhost:5000)
[INFO] [stdout] and its API key. Copy the sample and fill in the key:
[INFO] [stdout] 
[INFO] [stdout]     cp .api-credentials-sample.json .api-credentials.json
[INFO] [stdout] 
[INFO] [stdout] then edit the `credential` field for localhost:5000.
[INFO] [stdout] (Alternatively, set the API_TEST_BASE_URI and API_TEST_KEY env vars.)
[INFO] [stdout] stack backtrace:
[INFO] [stdout]    0:     0x63e07fb15f76 - <unknown>
[INFO] [stdout]    1:     0x63e07fabcdc4 - <unknown>
[INFO] [stdout]    2:     0x63e07fb1ca3c - <unknown>
[INFO] [stdout]    3:     0x63e07faebdc2 - <unknown>
[INFO] [stdout]    4:     0x63e07fb0cfe1 - <unknown>
[INFO] [stdout]    5:     0x63e07fb0d1c2 - <unknown>
[INFO] [stdout]    6:     0x63e07faebe72 - <unknown>
[INFO] [stdout]    7:     0x63e07fae4a09 - <unknown>
[INFO] [stdout]    8:     0x63e07faf14ed - <unknown>
[INFO] [stdout]    9:     0x63e07fabd49c - <unknown>
[INFO] [stdout]   10:     0x63e07fa88cdc - <unknown>
[INFO] [stdout]   11:     0x63e07fa977b9 - <unknown>
[INFO] [stdout]   12:     0x63e07fb1f86b - <unknown>
[INFO] [stdout]   13:     0x63e07fb2d682 - <unknown>
[INFO] [stdout]   14:     0x63e07fb26e94 - <unknown>
[INFO] [stdout]   15:     0x63e07fb31112 - <unknown>
[INFO] [stdout]   16:     0x63e07fb147d7 - <unknown>
[INFO] [stdout]   17:     0x705ea8eb0dfa - <unknown>
[INFO] [stdout]   18:     0x705ea8f443d4 - clone
[INFO] [stdout]   19:                0x0 - <unknown>
[INFO] [stdout] 
[INFO] [stdout] ---- explicit_api_prefix_is_used_as_is stdout ----
[INFO] [stdout] 
[INFO] [stdout] thread 'explicit_api_prefix_is_used_as_is' (10450) panicked at tests/cli.rs:54:5:
[INFO] [stdout] No test credentials found.
[INFO] [stdout] 
[INFO] [stdout] Create /opt/rustwide/workdir/.api-credentials.json pointing at your local CommerceOS (http://localhost:5000)
[INFO] [stdout] and its API key. Copy the sample and fill in the key:
[INFO] [stdout] 
[INFO] [stdout]     cp .api-credentials-sample.json .api-credentials.json
[INFO] [stdout] 
[INFO] [stdout] then edit the `credential` field for localhost:5000.
[INFO] [stdout] (Alternatively, set the API_TEST_BASE_URI and API_TEST_KEY env vars.)
[INFO] [stdout] stack backtrace:
[INFO] [stdout]    0:     0x63e07fb15f76 - <unknown>
[INFO] [stdout]    1:     0x63e07fabcdc4 - <unknown>
[INFO] [stdout]    2:     0x63e07fb1ca3c - <unknown>
[INFO] [stdout]    3:     0x63e07faebdc2 - <unknown>
[INFO] [stdout]    4:     0x63e07fb0cfe1 - <unknown>
[INFO] [stdout]    5:     0x63e07fb0d1c2 - <unknown>
[INFO] [stdout]    6:     0x63e07faebe72 - <unknown>
[INFO] [stdout]    7:     0x63e07fae4a09 - <unknown>
[INFO] [stdout]    8:     0x63e07faf14ed - <unknown>
[INFO] [stdout]    9:     0x63e07fabd49c - <unknown>
[INFO] [stdout]   10:     0x63e07fa88cdc - <unknown>
[INFO] [stdout]   11:     0x63e07fa92682 - <unknown>
[INFO] [stdout]   12:     0x63e07fb1f86b - <unknown>
[INFO] [stdout]   13:     0x63e07fb2d682 - <unknown>
[INFO] [stdout]   14:     0x63e07fb26e94 - <unknown>
[INFO] [stdout]   15:     0x63e07fb31112 - <unknown>
[INFO] [stdout]   16:     0x63e07fb147d7 - <unknown>
[INFO] [stdout]   17:     0x705ea8eb0dfa - <unknown>
[INFO] [stdout]   18:     0x705ea8f443d4 - clone
[INFO] [stdout]   19:                0x0 - <unknown>
[INFO] [stdout] 
[INFO] [stdout] ---- ndjson_returns_line_delimited stdout ----
[INFO] [stdout] 
[INFO] [stdout] thread 'ndjson_returns_line_delimited' (10459) panicked at tests/cli.rs:54:5:
[INFO] [stdout] No test credentials found.
[INFO] [stdout] 
[INFO] [stdout] Create /opt/rustwide/workdir/.api-credentials.json pointing at your local CommerceOS (http://localhost:5000)
[INFO] [stdout] and its API key. Copy the sample and fill in the key:
[INFO] [stdout] 
[INFO] [stdout]     cp .api-credentials-sample.json .api-credentials.json
[INFO] [stdout] 
[INFO] [stdout] then edit the `credential` field for localhost:5000.
[INFO] [stdout] (Alternatively, set the API_TEST_BASE_URI and API_TEST_KEY env vars.)
[INFO] [stdout] stack backtrace:
[INFO] [stdout]    0:     0x63e07fb15f76 - <unknown>
[INFO] [stdout]    1:     0x63e07fabcdc4 - <unknown>
[INFO] [stdout]    2:     0x63e07fb1ca3c - <unknown>
[INFO] [stdout]    3:     0x63e07faebdc2 - <unknown>
[INFO] [stdout]    4:     0x63e07fb0cfe1 - <unknown>
[INFO] [stdout]    5:     0x63e07fb0d1c2 - <unknown>
[INFO] [stdout]    6:     0x63e07faebe72 - <unknown>
[INFO] [stdout]    7:     0x63e07fae4a09 - <unknown>
[INFO] [stdout]    8:     0x63e07faf14ed - <unknown>
[INFO] [stdout]    9:     0x63e07fabd49c - <unknown>
[INFO] [stdout]   10:     0x63e07fa88cdc - <unknown>
[INFO] [stdout]   11:     0x63e07fa8d9b6 - <unknown>
[INFO] [stdout]   12:     0x63e07fb1f86b - <unknown>
[INFO] [stdout]   13:     0x63e07fb2d682 - <unknown>
[INFO] [stdout]   14:     0x63e07fb26e94 - <unknown>
[INFO] [stdout]   15:     0x63e07fb31112 - <unknown>
[INFO] [stdout]   16:     0x63e07fb147d7 - <unknown>
[INFO] [stdout]   17:     0x705ea8eb0dfa - <unknown>
[INFO] [stdout]   18:     0x705ea8f443d4 - clone
[INFO] [stdout]   19:                0x0 - <unknown>
[INFO] [stdout] 
[INFO] [stdout] ---- glob_with_no_matches_errors stdout ----
[INFO] [stdout] 
[INFO] [stdout] thread 'glob_with_no_matches_errors' (10456) panicked at tests/cli.rs:54:5:
[INFO] [stdout] No test credentials found.
[INFO] [stdout] 
[INFO] [stdout] Create /opt/rustwide/workdir/.api-credentials.json pointing at your local CommerceOS (http://localhost:5000)
[INFO] [stdout] and its API key. Copy the sample and fill in the key:
[INFO] [stdout] 
[INFO] [stdout]     cp .api-credentials-sample.json .api-credentials.json
[INFO] [stdout] 
[INFO] [stdout] then edit the `credential` field for localhost:5000.
[INFO] [stdout] (Alternatively, set the API_TEST_BASE_URI and API_TEST_KEY env vars.)
[INFO] [stdout] stack backtrace:
[INFO] [stdout]    0:     0x63e07fb15f76 - <unknown>
[INFO] [stdout]    1:     0x63e07fabcdc4 - <unknown>
[INFO] [stdout]    2:     0x63e07fb1ca3c - <unknown>
[INFO] [stdout]    3:     0x63e07faebdc2 - <unknown>
[INFO] [stdout]    4:     0x63e07fb0cfe1 - <unknown>
[INFO] [stdout]    5:     0x63e07fb0d1c2 - <unknown>
[INFO] [stdout]    6:     0x63e07faebe72 - <unknown>
[INFO] [stdout]    7:     0x63e07fae4a09 - <unknown>
[INFO] [stdout]    8:     0x63e07faf14ed - <unknown>
[INFO] [stdout]    9:     0x63e07fabd49c - <unknown>
[INFO] [stdout]   10:     0x63e07fa88cdc - <unknown>
[INFO] [stdout]   11:     0x63e07fa8bcc9 - <unknown>
[INFO] [stdout]   12:     0x63e07fb1f86b - <unknown>
[INFO] [stdout]   13:     0x63e07fb2d682 - <unknown>
[INFO] [stdout]   14:     0x63e07fb26e94 - <unknown>
[INFO] [stdout]   15:     0x63e07fb31112 - <unknown>
[INFO] [stdout]   16:     0x63e07fb147d7 - <unknown>
[INFO] [stdout]   17:     0x705ea8eb0dfa - <unknown>
[INFO] [stdout]   18:     0x705ea8f443d4 - clone
[INFO] [stdout]   19:                0x0 - <unknown>
[INFO] [stdout] 
[INFO] [stdout] ---- mixed_chain_behaves_as_if_then_else stdout ----
[INFO] [stdout] 
[INFO] [stdout] thread 'mixed_chain_behaves_as_if_then_else' (10457) panicked at tests/cli.rs:54:5:
[INFO] [stdout] No test credentials found.
[INFO] [stdout] 
[INFO] [stdout] Create /opt/rustwide/workdir/.api-credentials.json pointing at your local CommerceOS (http://localhost:5000)
[INFO] [stdout] and its API key. Copy the sample and fill in the key:
[INFO] [stdout] 
[INFO] [stdout]     cp .api-credentials-sample.json .api-credentials.json
[INFO] [stdout] 
[INFO] [stdout] then edit the `credential` field for localhost:5000.
[INFO] [stdout] (Alternatively, set the API_TEST_BASE_URI and API_TEST_KEY env vars.)
[INFO] [stdout] stack backtrace:
[INFO] [stdout]    0:     0x63e07fb15f76 - <unknown>
[INFO] [stdout]    1:     0x63e07fabcdc4 - <unknown>
[INFO] [stdout]    2:     0x63e07fb1ca3c - <unknown>
[INFO] [stdout]    3:     0x63e07faebdc2 - <unknown>
[INFO] [stdout]    4:     0x63e07fb0cfe1 - <unknown>
[INFO] [stdout]    5:     0x63e07fb0d1c2 - <unknown>
[INFO] [stdout]    6:     0x63e07faebe72 - <unknown>
[INFO] [stdout]    7:     0x63e07fae4a09 - <unknown>
[INFO] [stdout]    8:     0x63e07faf14ed - <unknown>
[INFO] [stdout]    9:     0x63e07fabd49c - <unknown>
[INFO] [stdout]   10:     0x63e07fa88cdc - <unknown>
[INFO] [stdout]   11:     0x63e07fa96759 - <unknown>
[INFO] [stdout]   12:     0x63e07fb1f86b - <unknown>
[INFO] [stdout]   13:     0x63e07fb2d682 - <unknown>
[INFO] [stdout]   14:     0x63e07fb26e94 - <unknown>
[INFO] [stdout]   15:     0x63e07fb31112 - <unknown>
[INFO] [stdout]   16:     0x63e07fb147d7 - <unknown>
[INFO] [stdout]   17:     0x705ea8eb0dfa - <unknown>
[INFO] [stdout]   18:     0x705ea8f443d4 - clone
[INFO] [stdout]   19:                0x0 - <unknown>
[INFO] [stdout] 
[INFO] [stdout] ---- glob_at_file_skips_os_junk_files stdout ----
[INFO] [stdout] 
[INFO] [stdout] thread 'glob_at_file_skips_os_junk_files' (10455) panicked at tests/cli.rs:54:5:
[INFO] [stdout] No test credentials found.
[INFO] [stdout] 
[INFO] [stdout] Create /opt/rustwide/workdir/.api-credentials.json pointing at your local CommerceOS (http://localhost:5000)
[INFO] [stdout] and its API key. Copy the sample and fill in the key:
[INFO] [stdout] 
[INFO] [stdout]     cp .api-credentials-sample.json .api-credentials.json
[INFO] [stdout] 
[INFO] [stdout] then edit the `credential` field for localhost:5000.
[INFO] [stdout] (Alternatively, set the API_TEST_BASE_URI and API_TEST_KEY env vars.)
[INFO] [stdout] stack backtrace:
[INFO] [stdout]    0:     0x63e07fb15f76 - <unknown>
[INFO] [stdout]    1:     0x63e07fabcdc4 - <unknown>
[INFO] [stdout]    2:     0x63e07fb1ca3c - <unknown>
[INFO] [stdout]    3:     0x63e07faebdc2 - <unknown>
[INFO] [stdout]    4:     0x63e07fb0cfe1 - <unknown>
[INFO] [stdout]    5:     0x63e07fb0d1c2 - <unknown>
[INFO] [stdout]    6:     0x63e07faebe72 - <unknown>
[INFO] [stdout]    7:     0x63e07fae4a09 - <unknown>
[INFO] [stdout]    8:     0x63e07faf14ed - <unknown>
[INFO] [stdout]    9:     0x63e07fabd49c - <unknown>
[INFO] [stdout]   10:     0x63e07fa88cdc - <unknown>
[INFO] [stdout]   11:     0x63e07fa91899 - <unknown>
[INFO] [stdout]   12:     0x63e07fb1f86b - <unknown>
[INFO] [stdout]   13:     0x63e07fb2d682 - <unknown>
[INFO] [stdout]   14:     0x63e07fb26e94 - <unknown>
[INFO] [stdout]   15:     0x63e07fb31112 - <unknown>
[INFO] [stdout]   16:     0x63e07fb147d7 - <unknown>
[INFO] [stdout]   17:     0x705ea8eb0dfa - <unknown>
[INFO] [stdout]   18:     0x705ea8f443d4 - clone
[INFO] [stdout]   19:                0x0 - <unknown>
[INFO] [stdout] 
[INFO] [stdout] ---- multi_space_between_uri_and_at_file_is_handled stdout ----
[INFO] [stdout] 
[INFO] [stdout] thread 'multi_space_between_uri_and_at_file_is_handled' (10458) panicked at tests/cli.rs:54:5:
[INFO] [stdout] No test credentials found.
[INFO] [stdout] 
[INFO] [stdout] Create /opt/rustwide/workdir/.api-credentials.json pointing at your local CommerceOS (http://localhost:5000)
[INFO] [stdout] and its API key. Copy the sample and fill in the key:
[INFO] [stdout] 
[INFO] [stdout]     cp .api-credentials-sample.json .api-credentials.json
[INFO] [stdout] 
[INFO] [stdout] then edit the `credential` field for localhost:5000.
[INFO] [stdout] (Alternatively, set the API_TEST_BASE_URI and API_TEST_KEY env vars.)
[INFO] [stdout] stack backtrace:
[INFO] [stdout]    0:     0x63e07fb15f76 - <unknown>
[INFO] [stdout]    1:     0x63e07fabcdc4 - <unknown>
[INFO] [stdout]    2:     0x63e07fb1ca3c - <unknown>
[INFO] [stdout]    3:     0x63e07faebdc2 - <unknown>
[INFO] [stdout]    4:     0x63e07fb0cfe1 - <unknown>
[INFO] [stdout]    5:     0x63e07fb0d1c2 - <unknown>
[INFO] [stdout]    6:     0x63e07faebe72 - <unknown>
[INFO] [stdout]    7:     0x63e07fae4a09 - <unknown>
[INFO] [stdout]    8:     0x63e07faf14ed - <unknown>
[INFO] [stdout]    9:     0x63e07fabd49c - <unknown>
[INFO] [stdout]   10:     0x63e07fa88cdc - <unknown>
[INFO] [stdout]   11:     0x63e07faa3699 - <unknown>
[INFO] [stdout]   12:     0x63e07fb1f86b - <unknown>
[INFO] [stdout]   13:     0x63e07fb2d682 - <unknown>
[INFO] [stdout]   14:     0x63e07fb26e94 - <unknown>
[INFO] [stdout]   15:     0x63e07fb31112 - <unknown>
[INFO] [stdout]   16:     0x63e07fb147d7 - <unknown>
[INFO] [stdout]   17:     0x705ea8eb0dfa - <unknown>
[INFO] [stdout]   18:     0x705ea8f443d4 - clone
[INFO] [stdout]   19:                0x0 - <unknown>
[INFO] [stdout] 
[INFO] [stdout] ---- nonexistent_endpoint_returns_404 stdout ----
[INFO] [stdout] 
[INFO] [stdout] thread 'nonexistent_endpoint_returns_404' (10461) panicked at tests/cli.rs:54:5:
[INFO] [stdout] No test credentials found.
[INFO] [stdout] 
[INFO] [stdout] Create /opt/rustwide/workdir/.api-credentials.json pointing at your local CommerceOS (http://localhost:5000)
[INFO] [stdout] and its API key. Copy the sample and fill in the key:
[INFO] [stdout] 
[INFO] [stdout]     cp .api-credentials-sample.json .api-credentials.json
[INFO] [stdout] 
[INFO] [stdout] then edit the `credential` field for localhost:5000.
[INFO] [stdout] (Alternatively, set the API_TEST_BASE_URI and API_TEST_KEY env vars.)
[INFO] [stdout] stack backtrace:
[INFO] [stdout]    0:     0x63e07fb15f76 - <unknown>
[INFO] [stdout]    1:     0x63e07fabcdc4 - <unknown>
[INFO] [stdout]    2:     0x63e07fb1ca3c - <unknown>
[INFO] [stdout]    3:     0x63e07faebdc2 - <unknown>
[INFO] [stdout]    4:     0x63e07fb0cfe1 - <unknown>
[INFO] [stdout]    5:     0x63e07fb0d1c2 - <unknown>
[INFO] [stdout]    6:     0x63e07faebe72 - <unknown>
[INFO] [stdout]    7:     0x63e07fae4a09 - <unknown>
[INFO] [stdout]    8:     0x63e07faf14ed - <unknown>
[INFO] [stdout]    9:     0x63e07fabd49c - <unknown>
[INFO] [stdout]   10:     0x63e07fa88cdc - <unknown>
[INFO] [stdout]   11:     0x63e07fa92389 - <unknown>
[INFO] [stdout]   12:     0x63e07fb1f86b - <unknown>
[INFO] [stdout]   13:     0x63e07fb2d682 - <unknown>
[INFO] [stdout]   14:     0x63e07fb26e94 - <unknown>
[INFO] [stdout]   15:     0x63e07fb31112 - <unknown>
[INFO] [stdout]   16:     0x63e07fb147d7 - <unknown>
[INFO] [stdout]   17:     0x705ea8eb0dfa - <unknown>
[INFO] [stdout]   18:     0x705ea8f443d4 - clone
[INFO] [stdout]   19:                0x0 - <unknown>
[INFO] [stdout] 
[INFO] [stdout] ---- one_shot_chain_stops_on_a_falsy_first_segment stdout ----
[INFO] [stdout] 
[INFO] [stdout] thread 'one_shot_chain_stops_on_a_falsy_first_segment' (10464) panicked at tests/cli.rs:54:5:
[INFO] [stdout] No test credentials found.
[INFO] [stdout] 
[INFO] [stdout] Create /opt/rustwide/workdir/.api-credentials.json pointing at your local CommerceOS (http://localhost:5000)
[INFO] [stdout] and its API key. Copy the sample and fill in the key:
[INFO] [stdout] 
[INFO] [stdout]     cp .api-credentials-sample.json .api-credentials.json
[INFO] [stdout] 
[INFO] [stdout] then edit the `credential` field for localhost:5000.
[INFO] [stdout] (Alternatively, set the API_TEST_BASE_URI and API_TEST_KEY env vars.)
[INFO] [stdout] stack backtrace:
[INFO] [stdout]    0:     0x63e07fb15f76 - <unknown>
[INFO] [stdout]    1:     0x63e07fabcdc4 - <unknown>
[INFO] [stdout]    2:     0x63e07fb1ca3c - <unknown>
[INFO] [stdout]    3:     0x63e07faebdc2 - <unknown>
[INFO] [stdout]    4:     0x63e07fb0cfe1 - <unknown>
[INFO] [stdout]    5:     0x63e07fb0d1c2 - <unknown>
[INFO] [stdout]    6:     0x63e07faebe72 - <unknown>
[INFO] [stdout]    7:     0x63e07fae4a09 - <unknown>
[INFO] [stdout]    8:     0x63e07faf14ed - <unknown>
[INFO] [stdout]    9:     0x63e07fabd49c - <unknown>
[INFO] [stdout]   10:     0x63e07fa88cdc - <unknown>
[INFO] [stdout]   11:     0x63e07faa24f9 - <unknown>
[INFO] [stdout]   12:     0x63e07fb1f86b - <unknown>
[INFO] [stdout]   13:     0x63e07fb2d682 - <unknown>
[INFO] [stdout]   14:     0x63e07fb26e94 - <unknown>
[INFO] [stdout]   15:     0x63e07fb31112 - <unknown>
[INFO] [stdout]   16:     0x63e07fb147d7 - <unknown>
[INFO] [stdout]   17:     0x705ea8eb0dfa - <unknown>
[INFO] [stdout]   18:     0x705ea8f443d4 - clone
[INFO] [stdout]   19:                0x0 - <unknown>
[INFO] [stdout] 
[INFO] [stdout] ---- or_chain_does_not_catch_errors stdout ----
[INFO] [stdout] 
[INFO] [stdout] thread 'or_chain_does_not_catch_errors' (10494) panicked at tests/cli.rs:54:5:
[INFO] [stdout] No test credentials found.
[INFO] [stdout] 
[INFO] [stdout] Create /opt/rustwide/workdir/.api-credentials.json pointing at your local CommerceOS (http://localhost:5000)
[INFO] [stdout] and its API key. Copy the sample and fill in the key:
[INFO] [stdout] 
[INFO] [stdout]     cp .api-credentials-sample.json .api-credentials.json
[INFO] [stdout] 
[INFO] [stdout] then edit the `credential` field for localhost:5000.
[INFO] [stdout] (Alternatively, set the API_TEST_BASE_URI and API_TEST_KEY env vars.)
[INFO] [stdout] stack backtrace:
[INFO] [stdout]    0:     0x63e07fb15f76 - <unknown>
[INFO] [stdout]    1:     0x63e07fabcdc4 - <unknown>
[INFO] [stdout]    2:     0x63e07fb1ca3c - <unknown>
[INFO] [stdout]    3:     0x63e07faebdc2 - <unknown>
[INFO] [stdout]    4:     0x63e07fb0cfe1 - <unknown>
[INFO] [stdout]    5:     0x63e07fb0d1c2 - <unknown>
[INFO] [stdout]    6:     0x63e07faebe72 - <unknown>
[INFO] [stdout]    7:     0x63e07fae4a09 - <unknown>
[INFO] [stdout]    8:     0x63e07faf14ed - <unknown>
[INFO] [stdout]    9:     0x63e07fabd49c - <unknown>
[INFO] [stdout]   10:     0x63e07fa88cdc - <unknown>
[INFO] [stdout]   11:     0x63e07fa8ed99 - <unknown>
[INFO] [stdout]   12:     0x63e07fb1f86b - <unknown>
[INFO] [stdout]   13:     0x63e07fb2d682 - <unknown>
[INFO] [stdout]   14:     0x63e07fb26e94 - <unknown>
[INFO] [stdout]   15:     0x63e07fb31112 - <unknown>
[INFO] [stdout]   16:     0x63e07fb147d7 - <unknown>
[INFO] [stdout]   17:     0x705ea8eb0dfa - <unknown>
[INFO] [stdout]   18:     0x705ea8f443d4 - clone
[INFO] [stdout]   19:                0x0 - <unknown>
[INFO] [stdout] 
[INFO] [stdout] ---- or_chain_runs_fallback_on_falsy_and_skips_on_truthy stdout ----
[INFO] [stdout] 
[INFO] [stdout] thread 'or_chain_runs_fallback_on_falsy_and_skips_on_truthy' (10495) panicked at tests/cli.rs:54:5:
[INFO] [stdout] No test credentials found.
[INFO] [stdout] 
[INFO] [stdout] Create /opt/rustwide/workdir/.api-credentials.json pointing at your local CommerceOS (http://localhost:5000)
[INFO] [stdout] and its API key. Copy the sample and fill in the key:
[INFO] [stdout] 
[INFO] [stdout]     cp .api-credentials-sample.json .api-credentials.json
[INFO] [stdout] 
[INFO] [stdout] then edit the `credential` field for localhost:5000.
[INFO] [stdout] (Alternatively, set the API_TEST_BASE_URI and API_TEST_KEY env vars.)
[INFO] [stdout] stack backtrace:
[INFO] [stdout]    0:     0x63e07fb15f76 - <unknown>
[INFO] [stdout]    1:     0x63e07fabcdc4 - <unknown>
[INFO] [stdout]    2:     0x63e07fb1ca3c - <unknown>
[INFO] [stdout]    3:     0x63e07faebdc2 - <unknown>
[INFO] [stdout]    4:     0x63e07fb0cfe1 - <unknown>
[INFO] [stdout]    5:     0x63e07fb0d1c2 - <unknown>
[INFO] [stdout]    6:     0x63e07faebe72 - <unknown>
[INFO] [stdout]    7:     0x63e07fae4a09 - <unknown>
[INFO] [stdout]    8:     0x63e07faf14ed - <unknown>
[INFO] [stdout]    9:     0x63e07fabd49c - <unknown>
[INFO] [stdout]   10:     0x63e07fa88cdc - <unknown>
[INFO] [stdout]   11:     0x63e07faa65a9 - <unknown>
[INFO] [stdout]   12:     0x63e07fb1f86b - <unknown>
[INFO] [stdout]   13:     0x63e07fb2d682 - <unknown>
[INFO] [stdout]   14:     0x63e07fb26e94 - <unknown>
[INFO] [stdout]   15:     0x63e07fb31112 - <unknown>
[INFO] [stdout]   16:     0x63e07fb147d7 - <unknown>
[INFO] [stdout]   17:     0x705ea8eb0dfa - <unknown>
[INFO] [stdout]   18:     0x705ea8f443d4 - clone
[INFO] [stdout]   19:                0x0 - <unknown>
[INFO] [stdout] 
[INFO] [stdout] ---- outfile_csv_extension_sets_csv_accept stdout ----
[INFO] [stdout] 
[INFO] [stdout] thread 'outfile_csv_extension_sets_csv_accept' (10496) panicked at tests/cli.rs:54:5:
[INFO] [stdout] No test credentials found.
[INFO] [stdout] 
[INFO] [stdout] Create /opt/rustwide/workdir/.api-credentials.json pointing at your local CommerceOS (http://localhost:5000)
[INFO] [stdout] and its API key. Copy the sample and fill in the key:
[INFO] [stdout] 
[INFO] [stdout]     cp .api-credentials-sample.json .api-credentials.json
[INFO] [stdout] 
[INFO] [stdout] then edit the `credential` field for localhost:5000.
[INFO] [stdout] (Alternatively, set the API_TEST_BASE_URI and API_TEST_KEY env vars.)
[INFO] [stdout] stack backtrace:
[INFO] [stdout]    0:     0x63e07fb15f76 - <unknown>
[INFO] [stdout]    1:     0x63e07fabcdc4 - <unknown>
[INFO] [stdout]    2:     0x63e07fb1ca3c - <unknown>
[INFO] [stdout]    3:     0x63e07faebdc2 - <unknown>
[INFO] [stdout]    4:     0x63e07fb0cfe1 - <unknown>
[INFO] [stdout]    5:     0x63e07fb0d1c2 - <unknown>
[INFO] [stdout]    6:     0x63e07faebe72 - <unknown>
[INFO] [stdout]    7:     0x63e07fae4a09 - <unknown>
[INFO] [stdout]    8:     0x63e07faf14ed - <unknown>
[INFO] [stdout]    9:     0x63e07fabd49c - <unknown>
[INFO] [stdout]   10:     0x63e07fa88cdc - <unknown>
[INFO] [stdout]   11:     0x63e07fa9a6e9 - <unknown>
[INFO] [stdout]   12:     0x63e07fb1f86b - <unknown>
[INFO] [stdout]   13:     0x63e07fb2d682 - <unknown>
[INFO] [stdout]   14:     0x63e07fb26e94 - <unknown>
[INFO] [stdout]   15:     0x63e07fb31112 - <unknown>
[INFO] [stdout]   16:     0x63e07fb147d7 - <unknown>
[INFO] [stdout]   17:     0x705ea8eb0dfa - <unknown>
[INFO] [stdout]   18:     0x705ea8f443d4 - clone
[INFO] [stdout]   19:                0x0 - <unknown>
[INFO] [stdout] 
[INFO] [stdout] ---- outfile_marker_reports_bytes_written stdout ----
[INFO] [stdout] 
[INFO] [stdout] thread 'outfile_marker_reports_bytes_written' (10497) panicked at tests/cli.rs:54:5:
[INFO] [stdout] No test credentials found.
[INFO] [stdout] 
[INFO] [stdout] Create /opt/rustwide/workdir/.api-credentials.json pointing at your local CommerceOS (http://localhost:5000)
[INFO] [stdout] and its API key. Copy the sample and fill in the key:
[INFO] [stdout] 
[INFO] [stdout]     cp .api-credentials-sample.json .api-credentials.json
[INFO] [stdout] 
[INFO] [stdout] then edit the `credential` field for localhost:5000.
[INFO] [stdout] (Alternatively, set the API_TEST_BASE_URI and API_TEST_KEY env vars.)
[INFO] [stdout] stack backtrace:
[INFO] [stdout]    0:     0x63e07fb15f76 - <unknown>
[INFO] [stdout]    1:     0x63e07fabcdc4 - <unknown>
[INFO] [stdout]    2:     0x63e07fb1ca3c - <unknown>
[INFO] [stdout]    3:     0x63e07faebdc2 - <unknown>
[INFO] [stdout]    4:     0x63e07fb0cfe1 - <unknown>
[INFO] [stdout]    5:     0x63e07fb0d1c2 - <unknown>
[INFO] [stdout]    6:     0x63e07faebe72 - <unknown>
[INFO] [stdout]    7:     0x63e07fae4a09 - <unknown>
[INFO] [stdout]    8:     0x63e07faf14ed - <unknown>
[INFO] [stdout]    9:     0x63e07fabd49c - <unknown>
[INFO] [stdout]   10:     0x63e07fa88cdc - <unknown>
[INFO] [stdout]   11:     0x63e07fa98029 - <unknown>
[INFO] [stdout]   12:     0x63e07fb1f86b - <unknown>
[INFO] [stdout]   13:     0x63e07fb2d682 - <unknown>
[INFO] [stdout]   14:     0x63e07fb26e94 - <unknown>
[INFO] [stdout]   15:     0x63e07fb31112 - <unknown>
[INFO] [stdout]   16:     0x63e07fb147d7 - <unknown>
[INFO] [stdout]   17:     0x705ea8eb0dfa - <unknown>
[INFO] [stdout]   18:     0x705ea8f443d4 - clone
[INFO] [stdout]   19:                0x0 - <unknown>
[INFO] [stdout] 
[INFO] [stdout] ---- outfile_writes_response_to_file stdout ----
[INFO] [stdout] 
[INFO] [stdout] thread 'outfile_writes_response_to_file' (10498) panicked at tests/cli.rs:54:5:
[INFO] [stdout] No test credentials found.
[INFO] [stdout] 
[INFO] [stdout] Create /opt/rustwide/workdir/.api-credentials.json pointing at your local CommerceOS (http://localhost:5000)
[INFO] [stdout] and its API key. Copy the sample and fill in the key:
[INFO] [stdout] 
[INFO] [stdout]     cp .api-credentials-sample.json .api-credentials.json
[INFO] [stdout] 
[INFO] [stdout] then edit the `credential` field for localhost:5000.
[INFO] [stdout] (Alternatively, set the API_TEST_BASE_URI and API_TEST_KEY env vars.)
[INFO] [stdout] stack backtrace:
[INFO] [stdout]    0:     0x63e07fb15f76 - <unknown>
[INFO] [stdout]    1:     0x63e07fabcdc4 - <unknown>
[INFO] [stdout]    2:     0x63e07fb1ca3c - <unknown>
[INFO] [stdout]    3:     0x63e07faebdc2 - <unknown>
[INFO] [stdout]    4:     0x63e07fb0cfe1 - <unknown>
[INFO] [stdout]    5:     0x63e07fb0d1c2 - <unknown>
[INFO] [stdout]    6:     0x63e07faebe72 - <unknown>
[INFO] [stdout]    7:     0x63e07fae4a09 - <unknown>
[INFO] [stdout]    8:     0x63e07faf14ed - <unknown>
[INFO] [stdout]    9:     0x63e07fabd49c - <unknown>
[INFO] [stdout]   10:     0x63e07fa88cdc - <unknown>
[INFO] [stdout]   11:     0x63e07fa90999 - <unknown>
[INFO] [stdout]   12:     0x63e07fb1f86b - <unknown>
[INFO] [stdout]   13:     0x63e07fb2d682 - <unknown>
[INFO] [stdout]   14:     0x63e07fb26e94 - <unknown>
[INFO] [stdout]   15:     0x63e07fb31112 - <unknown>
[INFO] [stdout]   16:     0x63e07fb147d7 - <unknown>
[INFO] [stdout]   17:     0x705ea8eb0dfa - <unknown>
[INFO] [stdout]   18:     0x705ea8f443d4 - clone
[INFO] [stdout]   19:                0x0 - <unknown>
[INFO] [stdout] 
[INFO] [stdout] ---- patch_inline_body_echoes_back stdout ----
[INFO] [stdout] 
[INFO] [stdout] thread 'patch_inline_body_echoes_back' (10499) panicked at tests/cli.rs:54:5:
[INFO] [stdout] No test credentials found.
[INFO] [stdout] 
[INFO] [stdout] Create /opt/rustwide/workdir/.api-credentials.json pointing at your local CommerceOS (http://localhost:5000)
[INFO] [stdout] and its API key. Copy the sample and fill in the key:
[INFO] [stdout] 
[INFO] [stdout]     cp .api-credentials-sample.json .api-credentials.json
[INFO] [stdout] 
[INFO] [stdout] then edit the `credential` field for localhost:5000.
[INFO] [stdout] (Alternatively, set the API_TEST_BASE_URI and API_TEST_KEY env vars.)
[INFO] [stdout] stack backtrace:
[INFO] [stdout]    0:     0x63e07fb15f76 - <unknown>
[INFO] [stdout]    1:     0x63e07fabcdc4 - <unknown>
[INFO] [stdout]    2:     0x63e07fb1ca3c - <unknown>
[INFO] [stdout]    3:     0x63e07faebdc2 - <unknown>
[INFO] [stdout]    4:     0x63e07fb0cfe1 - <unknown>
[INFO] [stdout]    5:     0x63e07fb0d1c2 - <unknown>
[INFO] [stdout]    6:     0x63e07faebe72 - <unknown>
[INFO] [stdout]    7:     0x63e07fae4a09 - <unknown>
[INFO] [stdout]    8:     0x63e07faf14ed - <unknown>
[INFO] [stdout]    9:     0x63e07fabd49c - <unknown>
[INFO] [stdout]   10:     0x63e07fa88cdc - <unknown>
[INFO] [stdout]   11:     0x63e07fa8dd72 - <unknown>
[INFO] [stdout]   12:     0x63e07fb1f86b - <unknown>
[INFO] [stdout]   13:     0x63e07fb2d682 - <unknown>
[INFO] [stdout]   14:     0x63e07fb26e94 - <unknown>
[INFO] [stdout]   15:     0x63e07fb31112 - <unknown>
[INFO] [stdout]   16:     0x63e07fb147d7 - <unknown>
[INFO] [stdout]   17:     0x705ea8eb0dfa - <unknown>
[INFO] [stdout]   18:     0x705ea8f443d4 - clone
[INFO] [stdout]   19:                0x0 - <unknown>
[INFO] [stdout] 
[INFO] [stdout] ---- post_inline_body_echoes_back stdout ----
[INFO] [stdout] 
[INFO] [stdout] thread 'post_inline_body_echoes_back' (10502) panicked at tests/cli.rs:54:5:
[INFO] [stdout] No test credentials found.
[INFO] [stdout] 
[INFO] [stdout] Create /opt/rustwide/workdir/.api-credentials.json pointing at your local CommerceOS (http://localhost:5000)
[INFO] [stdout] and its API key. Copy the sample and fill in the key:
[INFO] [stdout] 
[INFO] [stdout]     cp .api-credentials-sample.json .api-credentials.json
[INFO] [stdout] 
[INFO] [stdout] then edit the `credential` field for localhost:5000.
[INFO] [stdout] (Alternatively, set the API_TEST_BASE_URI and API_TEST_KEY env vars.)
[INFO] [stdout] stack backtrace:
[INFO] [stdout]    0:     0x63e07fb15f76 - <unknown>
[INFO] [stdout]    1:     0x63e07fabcdc4 - <unknown>
[INFO] [stdout]    2:     0x63e07fb1ca3c - <unknown>
[INFO] [stdout]    3:     0x63e07faebdc2 - <unknown>
[INFO] [stdout]    4:     0x63e07fb0cfe1 - <unknown>
[INFO] [stdout]    5:     0x63e07fb0d1c2 - <unknown>
[INFO] [stdout]    6:     0x63e07faebe72 - <unknown>
[INFO] [stdout]    7:     0x63e07fae4a09 - <unknown>
[INFO] [stdout]    8:     0x63e07faf14ed - <unknown>
[INFO] [stdout]    9:     0x63e07fabd49c - <unknown>
[INFO] [stdout]   10:     0x63e07fa88cdc - <unknown>
[INFO] [stdout]   11:     0x63e07fa8ccb2 - <unknown>
[INFO] [stdout]   12:     0x63e07fb1f86b - <unknown>
[INFO] [stdout]   13:     0x63e07fb2d682 - <unknown>
[INFO] [stdout]   14:     0x63e07fb26e94 - <unknown>
[INFO] [stdout]   15:     0x63e07fb31112 - <unknown>
[INFO] [stdout]   16:     0x63e07fb147d7 - <unknown>
[INFO] [stdout]   17:     0x705ea8eb0dfa - <unknown>
[INFO] [stdout]   18:     0x705ea8f443d4 - clone
[INFO] [stdout]   19:                0x0 - <unknown>
[INFO] [stdout] 
[INFO] [stdout] ---- put_inline_body_echoes_back stdout ----
[INFO] [stdout] 
[INFO] [stdout] thread 'put_inline_body_echoes_back' (10511) panicked at tests/cli.rs:54:5:
[INFO] [stdout] No test credentials found.
[INFO] [stdout] 
[INFO] [stdout] Create /opt/rustwide/workdir/.api-credentials.json pointing at your local CommerceOS (http://localhost:5000)
[INFO] [stdout] and its API key. Copy the sample and fill in the key:
[INFO] [stdout] 
[INFO] [stdout]     cp .api-credentials-sample.json .api-credentials.json
[INFO] [stdout] 
[INFO] [stdout] then edit the `credential` field for localhost:5000.
[INFO] [stdout] (Alternatively, set the API_TEST_BASE_URI and API_TEST_KEY env vars.)
[INFO] [stdout] stack backtrace:
[INFO] [stdout]    0:     0x63e07fb15f76 - <unknown>
[INFO] [stdout]    1:     0x63e07fabcdc4 - <unknown>
[INFO] [stdout]    2:     0x63e07fb1ca3c - <unknown>
[INFO] [stdout]    3:     0x63e07faebdc2 - <unknown>
[INFO] [stdout]    4:     0x63e07fb0cfe1 - <unknown>
[INFO] [stdout]    5:     0x63e07fb0d1c2 - <unknown>
[INFO] [stdout]    6:     0x63e07faebe72 - <unknown>
[INFO] [stdout]    7:     0x63e07fae4a09 - <unknown>
[INFO] [stdout]    8:     0x63e07faf14ed - <unknown>
[INFO] [stdout]    9:     0x63e07fabd49c - <unknown>
[INFO] [stdout]   10:     0x63e07fa88cdc - <unknown>
[INFO] [stdout]   11:     0x63e07fa8c252 - <unknown>
[INFO] [stdout]   12:     0x63e07fb1f86b - <unknown>
[INFO] [stdout]   13:     0x63e07fb2d682 - <unknown>
[INFO] [stdout]   14:     0x63e07fb26e94 - <unknown>
[INFO] [stdout]   15:     0x63e07fb31112 - <unknown>
[INFO] [stdout]   16:     0x63e07fb147d7 - <unknown>
[INFO] [stdout]   17:     0x705ea8eb0dfa - <unknown>
[INFO] [stdout]   18:     0x705ea8f443d4 - clone
[INFO] [stdout]   19:                0x0 - <unknown>
[INFO] [stdout] 
[INFO] [stdout] ---- raw_disables_pretty_printing stdout ----
[INFO] [stdout] 
[INFO] [stdout] thread 'raw_disables_pretty_printing' (10514) panicked at tests/cli.rs:54:5:
[INFO] [stdout] No test credentials found.
[INFO] [stdout] 
[INFO] [stdout] Create /opt/rustwide/workdir/.api-credentials.json pointing at your local CommerceOS (http://localhost:5000)
[INFO] [stdout] and its API key. Copy the sample and fill in the key:
[INFO] [stdout] 
[INFO] [stdout]     cp .api-credentials-sample.json .api-credentials.json
[INFO] [stdout] 
[INFO] [stdout] then edit the `credential` field for localhost:5000.
[INFO] [stdout] (Alternatively, set the API_TEST_BASE_URI and API_TEST_KEY env vars.)
[INFO] [stdout] stack backtrace:
[INFO] [stdout]    0:     0x63e07fb15f76 - <unknown>
[INFO] [stdout]    1:     0x63e07fabcdc4 - <unknown>
[INFO] [stdout]    2:     0x63e07fb1ca3c - <unknown>
[INFO] [stdout]    3:     0x63e07faebdc2 - <unknown>
[INFO] [stdout]    4:     0x63e07fb0cfe1 - <unknown>
[INFO] [stdout]    5:     0x63e07fb0d1c2 - <unknown>
[INFO] [stdout]    6:     0x63e07faebe72 - <unknown>
[INFO] [stdout]    7:     0x63e07fae4a09 - <unknown>
[INFO] [stdout]    8:     0x63e07faf14ed - <unknown>
[INFO] [stdout]    9:     0x63e07fabd49c - <unknown>
[INFO] [stdout]   10:     0x63e07fa88cdc - <unknown>
[INFO] [stdout]   11:     0x63e07fa8d149 - <unknown>
[INFO] [stdout]   12:     0x63e07fb1f86b - <unknown>
[INFO] [stdout]   13:     0x63e07fb2d682 - <unknown>
[INFO] [stdout]   14:     0x63e07fb26e94 - <unknown>
[INFO] [stdout]   15:     0x63e07fb31112 - <unknown>
[INFO] [stdout]   16:     0x63e07fb147d7 - <unknown>
[INFO] [stdout]   17:     0x705ea8eb0dfa - <unknown>
[INFO] [stdout]   18:     0x705ea8f443d4 - clone
[INFO] [stdout]   19:                0x0 - <unknown>
[INFO] [stdout] 
[INFO] [stdout] ---- silent_bulk_mode_prints_request_and_compact_status_only stdout ----
[INFO] [stdout] 
[INFO] [stdout] thread 'silent_bulk_mode_prints_request_and_compact_status_only' (10516) panicked at tests/cli.rs:54:5:
[INFO] [stdout] No test credentials found.
[INFO] [stdout] 
[INFO] [stdout] Create /opt/rustwide/workdir/.api-credentials.json pointing at your local CommerceOS (http://localhost:5000)
[INFO] [stdout] and its API key. Copy the sample and fill in the key:
[INFO] [stdout] 
[INFO] [stdout]     cp .api-credentials-sample.json .api-credentials.json
[INFO] [stdout] 
[INFO] [stdout] then edit the `credential` field for localhost:5000.
[INFO] [stdout] (Alternatively, set the API_TEST_BASE_URI and API_TEST_KEY env vars.)
[INFO] [stdout] stack backtrace:
[INFO] [stdout]    0:     0x63e07fb15f76 - <unknown>
[INFO] [stdout]    1:     0x63e07fabcdc4 - <unknown>
[INFO] [stdout]    2:     0x63e07fb1ca3c - <unknown>
[INFO] [stdout]    3:     0x63e07faebdc2 - <unknown>
[INFO] [stdout]    4:     0x63e07fb0cfe1 - <unknown>
[INFO] [stdout]    5:     0x63e07fb0d1c2 - <unknown>
[INFO] [stdout]    6:     0x63e07faebe72 - <unknown>
[INFO] [stdout]    7:     0x63e07fae4a09 - <unknown>
[INFO] [stdout]    8:     0x63e07faf14ed - <unknown>
[INFO] [stdout]    9:     0x63e07fabd49c - <unknown>
[INFO] [stdout]   10:     0x63e07fa88cdc - <unknown>
[INFO] [stdout]   11:     0x63e07faa8cf9 - <unknown>
[INFO] [stdout]   12:     0x63e07fb1f86b - <unknown>
[INFO] [stdout]   13:     0x63e07fb2d682 - <unknown>
[INFO] [stdout]   14:     0x63e07fb26e94 - <unknown>
[INFO] [stdout]   15:     0x63e07fb31112 - <unknown>
[INFO] [stdout]   16:     0x63e07fb147d7 - <unknown>
[INFO] [stdout]   17:     0x705ea8eb0dfa - <unknown>
[INFO] [stdout]   18:     0x705ea8f443d4 - clone
[INFO] [stdout]   19:                0x0 - <unknown>
[INFO] [stdout] 
[INFO] [stdout] ---- silent_suppresses_status_line stdout ----
[INFO] [stdout] 
[INFO] [stdout] thread 'silent_suppresses_status_line' (10517) panicked at tests/cli.rs:54:5:
[INFO] [stdout] No test credentials found.
[INFO] [stdout] 
[INFO] [stdout] Create /opt/rustwide/workdir/.api-credentials.json pointing at your local CommerceOS (http://localhost:5000)
[INFO] [stdout] and its API key. Copy the sample and fill in the key:
[INFO] [stdout] 
[INFO] [stdout]     cp .api-credentials-sample.json .api-credentials.json
[INFO] [stdout] 
[INFO] [stdout] then edit the `credential` field for localhost:5000.
[INFO] [stdout] (Alternatively, set the API_TEST_BASE_URI and API_TEST_KEY env vars.)
[INFO] [stdout] stack backtrace:
[INFO] [stdout]    0:     0x63e07fb15f76 - <unknown>
[INFO] [stdout]    1:     0x63e07fabcdc4 - <unknown>
[INFO] [stdout]    2:     0x63e07fb1ca3c - <unknown>
[INFO] [stdout]    3:     0x63e07faebdc2 - <unknown>
[INFO] [stdout]    4:     0x63e07fb0cfe1 - <unknown>
[INFO] [stdout]    5:     0x63e07fb0d1c2 - <unknown>
[INFO] [stdout]    6:     0x63e07faebe72 - <unknown>
[INFO] [stdout]    7:     0x63e07fae4a09 - <unknown>
[INFO] [stdout]    8:     0x63e07faf14ed - <unknown>
[INFO] [stdout]    9:     0x63e07fabd49c - <unknown>
[INFO] [stdout]   10:     0x63e07fa88cdc - <unknown>
[INFO] [stdout]   11:     0x63e07fa8e209 - <unknown>
[INFO] [stdout]   12:     0x63e07fb1f86b - <unknown>
[INFO] [stdout]   13:     0x63e07fb2d682 - <unknown>
[INFO] [stdout]   14:     0x63e07fb26e94 - <unknown>
[INFO] [stdout]   15:     0x63e07fb31112 - <unknown>
[INFO] [stdout]   16:     0x63e07fb147d7 - <unknown>
[INFO] [stdout]   17:     0x705ea8eb0dfa - <unknown>
[INFO] [stdout]   18:     0x705ea8f443d4 - clone
[INFO] [stdout]   19:                0x0 - <unknown>
[INFO] [stdout] 
[INFO] [stdout] ---- sleep_while_aborts_on_error_status stdout ----
[INFO] [stdout] 
[INFO] [stdout] thread 'sleep_while_aborts_on_error_status' (10519) panicked at tests/cli.rs:54:5:
[INFO] [stdout] No test credentials found.
[INFO] [stdout] 
[INFO] [stdout] Create /opt/rustwide/workdir/.api-credentials.json pointing at your local CommerceOS (http://localhost:5000)
[INFO] [stdout] and its API key. Copy the sample and fill in the key:
[INFO] [stdout] 
[INFO] [stdout]     cp .api-credentials-sample.json .api-credentials.json
[INFO] [stdout] 
[INFO] [stdout] then edit the `credential` field for localhost:5000.
[INFO] [stdout] (Alternatively, set the API_TEST_BASE_URI and API_TEST_KEY env vars.)
[INFO] [stdout] stack backtrace:
[INFO] [stdout]    0:     0x63e07fb15f76 - <unknown>
[INFO] [stdout]    1:     0x63e07fabcdc4 - <unknown>
[INFO] [stdout]    2:     0x63e07fb1ca3c - <unknown>
[INFO] [stdout]    3:     0x63e07faebdc2 - <unknown>
[INFO] [stdout]    4:     0x63e07fb0cfe1 - <unknown>
[INFO] [stdout]    5:     0x63e07fb0d1c2 - <unknown>
[INFO] [stdout]    6:     0x63e07faebe72 - <unknown>
[INFO] [stdout]    7:     0x63e07fae4a09 - <unknown>
[INFO] [stdout]    8:     0x63e07faf14ed - <unknown>
[INFO] [stdout]    9:     0x63e07fabd49c - <unknown>
[INFO] [stdout]   10:     0x63e07fa88cdc - <unknown>
[INFO] [stdout]   11:     0x63e07fa931c9 - <unknown>
[INFO] [stdout]   12:     0x63e07fb1f86b - <unknown>
[INFO] [stdout]   13:     0x63e07fb2d682 - <unknown>
[INFO] [stdout]   14:     0x63e07fb26e94 - <unknown>
[INFO] [stdout]   15:     0x63e07fb31112 - <unknown>
[INFO] [stdout]   16:     0x63e07fb147d7 - <unknown>
[INFO] [stdout]   17:     0x705ea8eb0dfa - <unknown>
[INFO] [stdout]   18:     0x705ea8f443d4 - clone
[INFO] [stdout]   19:                0x0 - <unknown>
[INFO] [stdout] 
[INFO] [stdout] ---- stdin_body_is_used_when_no_inline_body stdout ----
[INFO] [stdout] 
[INFO] [stdout] thread 'stdin_body_is_used_when_no_inline_body' (10550) panicked at tests/cli.rs:54:5:
[INFO] [stdout] No test credentials found.
[INFO] [stdout] 
[INFO] [stdout] Create /opt/rustwide/workdir/.api-credentials.json pointing at your local CommerceOS (http://localhost:5000)
[INFO] [stdout] and its API key. Copy the sample and fill in the key:
[INFO] [stdout] 
[INFO] [stdout]     cp .api-credentials-sample.json .api-credentials.json
[INFO] [stdout] 
[INFO] [stdout] then edit the `credential` field for localhost:5000.
[INFO] [stdout] (Alternatively, set the API_TEST_BASE_URI and API_TEST_KEY env vars.)
[INFO] [stdout] stack backtrace:
[INFO] [stdout]    0:     0x63e07fb15f76 - <unknown>
[INFO] [stdout]    1:     0x63e07fabcdc4 - <unknown>
[INFO] [stdout]    2:     0x63e07fb1ca3c - <unknown>
[INFO] [stdout]    3:     0x63e07faebdc2 - <unknown>
[INFO] [stdout]    4:     0x63e07fb0cfe1 - <unknown>
[INFO] [stdout]    5:     0x63e07fb0d1c2 - <unknown>
[INFO] [stdout]    6:     0x63e07faebe72 - <unknown>
[INFO] [stdout]    7:     0x63e07fae4a09 - <unknown>
[INFO] [stdout]    8:     0x63e07faf14ed - <unknown>
[INFO] [stdout]    9:     0x63e07fabd49c - <unknown>
[INFO] [stdout]   10:     0x63e07fa88cdc - <unknown>
[INFO] [stdout]   11:     0x63e07fa9acd2 - <unknown>
[INFO] [stdout]   12:     0x63e07fb1f86b - <unknown>
[INFO] [stdout]   13:     0x63e07fb2d682 - <unknown>
[INFO] [stdout]   14:     0x63e07fb26e94 - <unknown>
[INFO] [stdout]   15:     0x63e07fb31112 - <unknown>
[INFO] [stdout]   16:     0x63e07fb147d7 - <unknown>
[INFO] [stdout]   17:     0x705ea8eb0dfa - <unknown>
[INFO] [stdout]   18:     0x705ea8f443d4 - clone
[INFO] [stdout]   19:                0x0 - <unknown>
[INFO] [stdout] 
[INFO] [stdout] ---- streamed_stdout_matches_buffered_stdout stdout ----
[INFO] [stdout] 
[INFO] [stdout] thread 'streamed_stdout_matches_buffered_stdout' (10555) panicked at tests/cli.rs:54:5:
[INFO] [stdout] No test credentials found.
[INFO] [stdout] 
[INFO] [stdout] Create /opt/rustwide/workdir/.api-credentials.json pointing at your local CommerceOS (http://localhost:5000)
[INFO] [stdout] and its API key. Copy the sample and fill in the key:
[INFO] [stdout] 
[INFO] [stdout]     cp .api-credentials-sample.json .api-credentials.json
[INFO] [stdout] 
[INFO] [stdout] then edit the `credential` field for localhost:5000.
[INFO] [stdout] (Alternatively, set the API_TEST_BASE_URI and API_TEST_KEY env vars.)
[INFO] [stdout] stack backtrace:
[INFO] [stdout]    0:     0x63e07fb15f76 - <unknown>
[INFO] [stdout]    1:     0x63e07fabcdc4 - <unknown>
[INFO] [stdout]    2:     0x63e07fb1ca3c - <unknown>
[INFO] [stdout]    3:     0x63e07faebdc2 - <unknown>
[INFO] [stdout]    4:     0x63e07fb0cfe1 - <unknown>
[INFO] [stdout]    5:     0x63e07fb0d1c2 - <unknown>
[INFO] [stdout]    6:     0x63e07faebe72 - <unknown>
[INFO] [stdout]    7:     0x63e07fae4a09 - <unknown>
[INFO] [stdout]    8:     0x63e07faf14ed - <unknown>
[INFO] [stdout]    9:     0x63e07fabd49c - <unknown>
[INFO] [stdout]   10:     0x63e07fa88cdc - <unknown>
[INFO] [stdout]   11:     0x63e07fa9b318 - <unknown>
[INFO] [stdout]   12:     0x63e07fb1f86b - <unknown>
[INFO] [stdout]   13:     0x63e07fb2d682 - <unknown>
[INFO] [stdout]   14:     0x63e07fb26e94 - <unknown>
[INFO] [stdout]   15:     0x63e07fb31112 - <unknown>
[INFO] [stdout]   16:     0x63e07fb147d7 - <unknown>
[INFO] [stdout]   17:     0x705ea8eb0dfa - <unknown>
[INFO] [stdout]   18:     0x705ea8f443d4 - clone
[INFO] [stdout]   19:                0x0 - <unknown>
[INFO] [stdout] 
[INFO] [stdout] ---- streaming_still_writes_an_outfile_for_a_chain stdout ----
[INFO] [stdout] 
[INFO] [stdout] thread 'streaming_still_writes_an_outfile_for_a_chain' (10566) panicked at tests/cli.rs:54:5:
[INFO] [stdout] No test credentials found.
[INFO] [stdout] 
[INFO] [stdout] Create /opt/rustwide/workdir/.api-credentials.json pointing at your local CommerceOS (http://localhost:5000)
[INFO] [stdout] and its API key. Copy the sample and fill in the key:
[INFO] [stdout] 
[INFO] [stdout]     cp .api-credentials-sample.json .api-credentials.json
[INFO] [stdout] 
[INFO] [stdout] then edit the `credential` field for localhost:5000.
[INFO] [stdout] (Alternatively, set the API_TEST_BASE_URI and API_TEST_KEY env vars.)
[INFO] [stdout] stack backtrace:
[INFO] [stdout]    0:     0x63e07fb15f76 - <unknown>
[INFO] [stdout]    1:     0x63e07fabcdc4 - <unknown>
[INFO] [stdout]    2:     0x63e07fb1ca3c - <unknown>
[INFO] [stdout]    3:     0x63e07faebdc2 - <unknown>
[INFO] [stdout]    4:     0x63e07fb0cfe1 - <unknown>
[INFO] [stdout]    5:     0x63e07fb0d1c2 - <unknown>
[INFO] [stdout]    6:     0x63e07faebe72 - <unknown>
[INFO] [stdout]    7:     0x63e07fae4a09 - <unknown>
[INFO] [stdout]    8:     0x63e07faf14ed - <unknown>
[INFO] [stdout]    9:     0x63e07fabd49c - <unknown>
[INFO] [stdout]   10:     0x63e07fa88cdc - <unknown>
[INFO] [stdout]   11:     0x63e07faa2b09 - <unknown>
[INFO] [stdout]   12:     0x63e07fb1f86b - <unknown>
[INFO] [stdout]   13:     0x63e07fb2d682 - <unknown>
[INFO] [stdout]   14:     0x63e07fb26e94 - <unknown>
[INFO] [stdout]   15:     0x63e07fb31112 - <unknown>
[INFO] [stdout]   16:     0x63e07fb147d7 - <unknown>
[INFO] [stdout]   17:     0x705ea8eb0dfa - <unknown>
[INFO] [stdout]   18:     0x705ea8f443d4 - clone
[INFO] [stdout]   19:                0x0 - <unknown>
[INFO] [stdout] 
[INFO] [stdout] ---- timeout_flag_accepts_seconds_value stdout ----
[INFO] [stdout] 
[INFO] [stdout] thread 'timeout_flag_accepts_seconds_value' (10583) panicked at tests/cli.rs:54:5:
[INFO] [stdout] No test credentials found.
[INFO] [stdout] 
[INFO] [stdout] Create /opt/rustwide/workdir/.api-credentials.json pointing at your local CommerceOS (http://localhost:5000)
[INFO] [stdout] and its API key. Copy the sample and fill in the key:
[INFO] [stdout] 
[INFO] [stdout]     cp .api-credentials-sample.json .api-credentials.json
[INFO] [stdout] 
[INFO] [stdout] then edit the `credential` field for localhost:5000.
[INFO] [stdout] (Alternatively, set the API_TEST_BASE_URI and API_TEST_KEY env vars.)
[INFO] [stdout] stack backtrace:
[INFO] [stdout]    0:     0x63e07fb15f76 - <unknown>
[INFO] [stdout]    1:     0x63e07fabcdc4 - <unknown>
[INFO] [stdout]    2:     0x63e07fb1ca3c - <unknown>
[INFO] [stdout]    3:     0x63e07faebdc2 - <unknown>
[INFO] [stdout]    4:     0x63e07fb0cfe1 - <unknown>
[INFO] [stdout]    5:     0x63e07fb0d1c2 - <unknown>
[INFO] [stdout]    6:     0x63e07faebe72 - <unknown>
[INFO] [stdout]    7:     0x63e07fae4a09 - <unknown>
[INFO] [stdout]    8:     0x63e07faf14ed - <unknown>
[INFO] [stdout]    9:     0x63e07fabd49c - <unknown>
[INFO] [stdout]   10:     0x63e07fa88cdc - <unknown>
[INFO] [stdout]   11:     0x63e07fa94492 - <unknown>
[INFO] [stdout]   12:     0x63e07fb1f86b - <unknown>
[INFO] [stdout]   13:     0x63e07fb2d682 - <unknown>
[INFO] [stdout]   14:     0x63e07fb26e94 - <unknown>
[INFO] [stdout]   15:     0x63e07fb31112 - <unknown>
[INFO] [stdout]   16:     0x63e07fb147d7 - <unknown>
[INFO] [stdout]   17:     0x705ea8eb0dfa - <unknown>
[INFO] [stdout]   18:     0x705ea8f443d4 - clone
[INFO] [stdout]   19:                0x0 - <unknown>
[INFO] [stdout] 
[INFO] [stdout] ---- timeout_zero_disables_the_timeout stdout ----
[INFO] [stdout] 
[INFO] [stdout] thread 'timeout_zero_disables_the_timeout' (10590) panicked at tests/cli.rs:54:5:
[INFO] [stdout] No test credentials found.
[INFO] [stdout] 
[INFO] [stdout] Create /opt/rustwide/workdir/.api-credentials.json pointing at your local CommerceOS (http://localhost:5000)
[INFO] [stdout] and its API key. Copy the sample and fill in the key:
[INFO] [stdout] 
[INFO] [stdout]     cp .api-credentials-sample.json .api-credentials.json
[INFO] [stdout] 
[INFO] [stdout] then edit the `credential` field for localhost:5000.
[INFO] [stdout] (Alternatively, set the API_TEST_BASE_URI and API_TEST_KEY env vars.)
[INFO] [stdout] stack backtrace:
[INFO] [stdout]    0:     0x63e07fb15f76 - <unknown>
[INFO] [stdout]    1:     0x63e07fabcdc4 - <unknown>
[INFO] [stdout]    2:     0x63e07fb1ca3c - <unknown>
[INFO] [stdout]    3:     0x63e07faebdc2 - <unknown>
[INFO] [stdout]    4:     0x63e07fb0cfe1 - <unknown>
[INFO] [stdout]    5:     0x63e07fb0d1c2 - <unknown>
[INFO] [stdout]    6:     0x63e07faebe72 - <unknown>
[INFO] [stdout]    7:     0x63e07fae4a09 - <unknown>
[INFO] [stdout]    8:     0x63e07faf14ed - <unknown>
[INFO] [stdout]    9:     0x63e07fabd49c - <unknown>
[INFO] [stdout]   10:     0x63e07fa88cdc - <unknown>
[INFO] [stdout]   11:     0x63e07fa92a42 - <unknown>
[INFO] [stdout]   12:     0x63e07fb1f86b - <unknown>
[INFO] [stdout]   13:     0x63e07fb2d682 - <unknown>
[INFO] [stdout]   14:     0x63e07fb26e94 - <unknown>
[INFO] [stdout]   15:     0x63e07fb31112 - <unknown>
[INFO] [stdout]   16:     0x63e07fb147d7 - <unknown>
[INFO] [stdout]   17:     0x705ea8eb0dfa - <unknown>
[INFO] [stdout]   18:     0x705ea8f443d4 - clone
[INFO] [stdout]   19:                0x0 - <unknown>
[INFO] [stdout] 
[INFO] [stdout] ---- url_gate_allows_matching_base stdout ----
[INFO] [stdout] 
[INFO] [stdout] thread 'url_gate_allows_matching_base' (10603) panicked at tests/cli.rs:54:5:
[INFO] [stdout] No test credentials found.
[INFO] [stdout] 
[INFO] [stdout] Create /opt/rustwide/workdir/.api-credentials.json pointing at your local CommerceOS (http://localhost:5000)
[INFO] [stdout] and its API key. Copy the sample and fill in the key:
[INFO] [stdout] 
[INFO] [stdout]     cp .api-credentials-sample.json .api-credentials.json
[INFO] [stdout] 
[INFO] [stdout] then edit the `credential` field for localhost:5000.
[INFO] [stdout] (Alternatively, set the API_TEST_BASE_URI and API_TEST_KEY env vars.)
[INFO] [stdout] stack backtrace:
[INFO] [stdout]    0:     0x63e07fb15f76 - <unknown>
[INFO] [stdout]    1:     0x63e07fabcdc4 - <unknown>
[INFO] [stdout]    2:     0x63e07fb1ca3c - <unknown>
[INFO] [stdout]    3:     0x63e07faebdc2 - <unknown>
[INFO] [stdout]    4:     0x63e07fb0cfe1 - <unknown>
[INFO] [stdout]    5:     0x63e07fb0d1c2 - <unknown>
[INFO] [stdout]    6:     0x63e07faebe72 - <unknown>
[INFO] [stdout]    7:     0x63e07fae4a09 - <unknown>
[INFO] [stdout]    8:     0x63e07faf14ed - <unknown>
[INFO] [stdout]    9:     0x63e07fabd49c - <unknown>
[INFO] [stdout]   10:     0x63e07fa88cdc - <unknown>
[INFO] [stdout]   11:     0x63e07fa8e6e9 - <unknown>
[INFO] [stdout]   12:     0x63e07fb1f86b - <unknown>
[INFO] [stdout]   13:     0x63e07fb2d682 - <unknown>
[INFO] [stdout]   14:     0x63e07fb26e94 - <unknown>
[INFO] [stdout]   15:     0x63e07fb31112 - <unknown>
[INFO] [stdout]   16:     0x63e07fb147d7 - <unknown>
[INFO] [stdout]   17:     0x705ea8eb0dfa - <unknown>
[INFO] [stdout]   18:     0x705ea8f443d4 - clone
[INFO] [stdout]   19:                0x0 - <unknown>
[INFO] [stdout] 
[INFO] [stdout] ---- url_with_negation_operator_succeeds stdout ----
[INFO] [stdout] 
[INFO] [stdout] thread 'url_with_negation_operator_succeeds' (10611) panicked at tests/cli.rs:54:5:
[INFO] [stdout] No test credentials found.
[INFO] [stdout] 
[INFO] [stdout] Create /opt/rustwide/workdir/.api-credentials.json pointing at your local CommerceOS (http://localhost:5000)
[INFO] [stdout] and its API key. Copy the sample and fill in the key:
[INFO] [stdout] 
[INFO] [stdout]     cp .api-credentials-sample.json .api-credentials.json
[INFO] [stdout] 
[INFO] [stdout] then edit the `credential` field for localhost:5000.
[INFO] [stdout] (Alternatively, set the API_TEST_BASE_URI and API_TEST_KEY env vars.)
[INFO] [stdout] stack backtrace:
[INFO] [stdout]    0:     0x63e07fb15f76 - <unknown>
[INFO] [stdout]    1:     0x63e07fabcdc4 - <unknown>
[INFO] [stdout]    2:     0x63e07fb1ca3c - <unknown>
[INFO] [stdout]    3:     0x63e07faebdc2 - <unknown>
[INFO] [stdout]    4:     0x63e07fb0cfe1 - <unknown>
[INFO] [stdout]    5:     0x63e07fb0d1c2 - <unknown>
[INFO] [stdout]    6:     0x63e07faebe72 - <unknown>
[INFO] [stdout]    7:     0x63e07fae4a09 - <unknown>
[INFO] [stdout]    8:     0x63e07faf14ed - <unknown>
[INFO] [stdout]    9:     0x63e07fabd49c - <unknown>
[INFO] [stdout]   10:     0x63e07fa88cdc - <unknown>
[INFO] [stdout]   11:     0x63e07fa974b2 - <unknown>
[INFO] [stdout]   12:     0x63e07fb1f86b - <unknown>
[INFO] [stdout]   13:     0x63e07fb2d682 - <unknown>
[INFO] [stdout]   14:     0x63e07fb26e94 - <unknown>
[INFO] [stdout]   15:     0x63e07fb31112 - <unknown>
[INFO] [stdout]   16:     0x63e07fb147d7 - <unknown>
[INFO] [stdout]   17:     0x705ea8eb0dfa - <unknown>
[INFO] [stdout]   18:     0x705ea8f443d4 - clone
[INFO] [stdout]   19:                0x0 - <unknown>
[INFO] [stdout] 
[INFO] [stdout] ---- url_with_operators_succeeds stdout ----
[INFO] [stdout] 
[INFO] [stdout] thread 'url_with_operators_succeeds' (10612) panicked at tests/cli.rs:54:5:
[INFO] [stdout] No test credentials found.
[INFO] [stdout] 
[INFO] [stdout] Create /opt/rustwide/workdir/.api-credentials.json pointing at your local CommerceOS (http://localhost:5000)
[INFO] [stdout] and its API key. Copy the sample and fill in the key:
[INFO] [stdout] 
[INFO] [stdout]     cp .api-credentials-sample.json .api-credentials.json
[INFO] [stdout] 
[INFO] [stdout] then edit the `credential` field for localhost:5000.
[INFO] [stdout] (Alternatively, set the API_TEST_BASE_URI and API_TEST_KEY env vars.)
[INFO] [stdout] stack backtrace:
[INFO] [stdout]    0:     0x63e07fb15f76 - <unknown>
[INFO] [stdout]    1:     0x63e07fabcdc4 - <unknown>
[INFO] [stdout]    2:     0x63e07fb1ca3c - <unknown>
[INFO] [stdout]    3:     0x63e07faebdc2 - <unknown>
[INFO] [stdout]    4:     0x63e07fb0cfe1 - <unknown>
[INFO] [stdout]    5:     0x63e07fb0d1c2 - <unknown>
[INFO] [stdout]    6:     0x63e07faebe72 - <unknown>
[INFO] [stdout]    7:     0x63e07fae4a09 - <unknown>
[INFO] [stdout]    8:     0x63e07faf14ed - <unknown>
[INFO] [stdout]    9:     0x63e07fabd49c - <unknown>
[INFO] [stdout]   10:     0x63e07fa88cdc - <unknown>
[INFO] [stdout]   11:     0x63e07fa8c6e2 - <unknown>
[INFO] [stdout]   12:     0x63e07fb1f86b - <unknown>
[INFO] [stdout]   13:     0x63e07fb2d682 - <unknown>
[INFO] [stdout]   14:     0x63e07fb26e94 - <unknown>
[INFO] [stdout]   15:     0x63e07fb31112 - <unknown>
[INFO] [stdout]   16:     0x63e07fb147d7 - <unknown>
[INFO] [stdout]   17:     0x705ea8eb0dfa - <unknown>
[INFO] [stdout]   18:     0x705ea8f443d4 - clone
[INFO] [stdout]   19:                0x0 - <unknown>
[INFO] [stdout] 
[INFO] [stdout] ---- version_like_prefix_that_is_not_a_version_uses_default stdout ----
[INFO] [stdout] 
[INFO] [stdout] thread 'version_like_prefix_that_is_not_a_version_uses_default' (10617) panicked at tests/cli.rs:54:5:
[INFO] [stdout] No test credentials found.
[INFO] [stdout] 
[INFO] [stdout] Create /opt/rustwide/workdir/.api-credentials.json pointing at your local CommerceOS (http://localhost:5000)
[INFO] [stdout] and its API key. Copy the sample and fill in the key:
[INFO] [stdout] 
[INFO] [stdout]     cp .api-credentials-sample.json .api-credentials.json
[INFO] [stdout] 
[INFO] [stdout] then edit the `credential` field for localhost:5000.
[INFO] [stdout] (Alternatively, set the API_TEST_BASE_URI and API_TEST_KEY env vars.)
[INFO] [stdout] stack backtrace:
[INFO] [stdout]    0:     0x63e07fb15f76 - <unknown>
[INFO] [stdout]    1:     0x63e07fabcdc4 - <unknown>
[INFO] [stdout]    2:     0x63e07fb1ca3c - <unknown>
[INFO] [stdout]    3:     0x63e07faebdc2 - <unknown>
[INFO] [stdout]    4:     0x63e07fb0cfe1 - <unknown>
[INFO] [stdout]    5:     0x63e07fb0d1c2 - <unknown>
[INFO] [stdout]    6:     0x63e07faebe72 - <unknown>
[INFO] [stdout]    7:     0x63e07fae4a09 - <unknown>
[INFO] [stdout]    8:     0x63e07faf14ed - <unknown>
[INFO] [stdout]    9:     0x63e07fabd49c - <unknown>
[INFO] [stdout]   10:     0x63e07fa88cdc - <unknown>
[INFO] [stdout]   11:     0x63e07faa8b26 - <unknown>
[INFO] [stdout]   12:     0x63e07fb1f86b - <unknown>
[INFO] [stdout]   13:     0x63e07fb2d682 - <unknown>
[INFO] [stdout]   14:     0x63e07fb26e94 - <unknown>
[INFO] [stdout]   15:     0x63e07fb31112 - <unknown>
[INFO] [stdout]   16:     0x63e07fb147d7 - <unknown>
[INFO] [stdout]   17:     0x705ea8eb0dfa - <unknown>
[INFO] [stdout]   18:     0x705ea8f443d4 - clone
[INFO] [stdout]   19:                0x0 - <unknown>
[INFO] [stdout] 
[INFO] [stdout] ---- version_prefix_v1_resolves_to_full_path stdout ----
[INFO] [stdout] 
[INFO] [stdout] thread 'version_prefix_v1_resolves_to_full_path' (10618) panicked at tests/cli.rs:54:5:
[INFO] [stdout] No test credentials found.
[INFO] [stdout] 
[INFO] [stdout] Create /opt/rustwide/workdir/.api-credentials.json pointing at your local CommerceOS (http://localhost:5000)
[INFO] [stdout] and its API key. Copy the sample and fill in the key:
[INFO] [stdout] 
[INFO] [stdout]     cp .api-credentials-sample.json .api-credentials.json
[INFO] [stdout] 
[INFO] [stdout] then edit the `credential` field for localhost:5000.
[INFO] [stdout] (Alternatively, set the API_TEST_BASE_URI and API_TEST_KEY env vars.)
[INFO] [stdout] stack backtrace:
[INFO] [stdout]    0:     0x63e07fb15f76 - <unknown>
[INFO] [stdout]    1:     0x63e07fabcdc4 - <unknown>
[INFO] [stdout]    2:     0x63e07fb1ca3c - <unknown>
[INFO] [stdout]    3:     0x63e07faebdc2 - <unknown>
[INFO] [stdout]    4:     0x63e07fb0cfe1 - <unknown>
[INFO] [stdout]    5:     0x63e07fb0d1c2 - <unknown>
[INFO] [stdout]    6:     0x63e07faebe72 - <unknown>
[INFO] [stdout]    7:     0x63e07fae4a09 - <unknown>
[INFO] [stdout]    8:     0x63e07faf14ed - <unknown>
[INFO] [stdout]    9:     0x63e07fabd49c - <unknown>
[INFO] [stdout]   10:     0x63e07fa88cdc - <unknown>
[INFO] [stdout]   11:     0x63e07fa9b792 - <unknown>
[INFO] [stdout]   12:     0x63e07fb1f86b - <unknown>
[INFO] [stdout]   13:     0x63e07fb2d682 - <unknown>
[INFO] [stdout]   14:     0x63e07fb26e94 - <unknown>
[INFO] [stdout]   15:     0x63e07fb31112 - <unknown>
[INFO] [stdout]   16:     0x63e07fb147d7 - <unknown>
[INFO] [stdout]   17:     0x705ea8eb0dfa - <unknown>
[INFO] [stdout]   18:     0x705ea8f443d4 - clone
[INFO] [stdout]   19:                0x0 - <unknown>
[INFO] [stdout] 
[INFO] [stdout] 
[INFO] [stdout] failures:
[INFO] [stdout]     append_outfile_merges_arrays_across_bulk_runs
[INFO] [stdout]     append_outfile_wraps_repeated_object_responses_into_an_array
[INFO] [stdout]     append_to_clipboard_is_rejected
[INFO] [stdout]     array_body_echoes_back_as_array
[INFO] [stdout]     array_file_body_round_trips
[INFO] [stdout]     assert_failure_stops_the_batch_with_a_reason
[INFO] [stdout]     assert_passes_and_continues_without_printing_the_body
[INFO] [stdout]     bulk_mode_escapes_raw_newlines_in_strings
[INFO] [stdout]     bulk_mode_handles_commented_brackets_correctly
[INFO] [stdout]     bulk_mode_include_loop_detected
[INFO] [stdout]     bulk_mode_include_not_found
[INFO] [stdout]     bulk_mode_reads_from_stdin_when_no_value
[INFO] [stdout]     bulk_mode_reads_from_stdin_when_value_is_dash
[INFO] [stdout]     bulk_mode_runs_each_line_as_request
[INFO] [stdout]     bulk_mode_skips_comments_and_blank_lines
[INFO] [stdout]     bulk_mode_strips_jsonc_comments_in_bodies
[INFO] [stdout]     bulk_mode_supports_at_file_per_line
[INFO] [stdout]     bulk_mode_supports_include_directives
[INFO] [stdout]     bulk_mode_supports_multiline_bodies
[INFO] [stdout]     bulk_mode_supports_outfile_per_line
[INFO] [stdout]     bulk_sleep_directive_delays_execution
[INFO] [stdout]     clipboard_marker_reports_bytes_copied
[INFO] [stdout]     clipboard_outfile_is_case_insensitive
[INFO] [stdout]     clipboard_outfile_suppresses_stdout_and_logs_target
[INFO] [stdout]     delete_returns_response
[INFO] [stdout]     explicit_api_prefix_is_used_as_is
[INFO] [stdout]     file_body_is_uploaded_via_at_prefix
[INFO] [stdout]     get_echo_all_returns_200
[INFO] [stdout]     glob_at_file_combines_json_files_into_array
[INFO] [stdout]     glob_at_file_combines_ndjson_streams
[INFO] [stdout]     glob_at_file_skips_os_junk_files
[INFO] [stdout]     glob_with_no_matches_errors
[INFO] [stdout]     mixed_chain_behaves_as_if_then_else
[INFO] [stdout]     multi_space_between_uri_and_at_file_is_handled
[INFO] [stdout]     ndjson_returns_line_delimited
[INFO] [stdout]     nonexistent_endpoint_returns_404
[INFO] [stdout]     one_shot_chain_stops_on_a_falsy_first_segment
[INFO] [stdout]     or_chain_does_not_catch_errors
[INFO] [stdout]     or_chain_runs_fallback_on_falsy_and_skips_on_truthy
[INFO] [stdout]     outfile_csv_extension_sets_csv_accept
[INFO] [stdout]     outfile_marker_reports_bytes_written
[INFO] [stdout]     outfile_writes_response_to_file
[INFO] [stdout]     patch_inline_body_echoes_back
[INFO] [stdout]     post_inline_body_echoes_back
[INFO] [stdout]     put_inline_body_echoes_back
[INFO] [stdout]     raw_disables_pretty_printing
[INFO] [stdout]     silent_bulk_mode_prints_request_and_compact_status_only
[INFO] [stdout]     silent_suppresses_status_line
[INFO] [stdout]     sleep_while_aborts_on_error_status
[INFO] [stdout]     stdin_body_is_used_when_no_inline_body
[INFO] [stdout]     streamed_stdout_matches_buffered_stdout
[INFO] [stdout]     streaming_still_writes_an_outfile_for_a_chain
[INFO] [stdout]     timeout_flag_accepts_seconds_value
[INFO] [stdout]     timeout_zero_disables_the_timeout
[INFO] [stdout]     url_gate_allows_matching_base
[INFO] [stdout]     url_with_negation_operator_succeeds
[INFO] [stdout]     url_with_operators_succeeds
[INFO] [stdout]     version_like_prefix_that_is_not_a_version_uses_default
[INFO] [stdout]     version_prefix_v1_resolves_to_full_path
[INFO] [stdout] 
[INFO] [stdout] test result: FAILED. 27 passed; 59 failed; 0 ignored; 0 measured; 0 filtered out; finished in 8.71s
[INFO] [stdout] 
[INFO] running `Command { std: "docker" "inspect" "b5ceb2c5314d6c666c348865ee7b196e99cbe63528c360219ca653d2a9254902", kill_on_drop: false }`
[INFO] running `Command { std: "docker" "rm" "-f" "b5ceb2c5314d6c666c348865ee7b196e99cbe63528c360219ca653d2a9254902", kill_on_drop: false }`
[INFO] [stdout] b5ceb2c5314d6c666c348865ee7b196e99cbe63528c360219ca653d2a9254902
