[INFO] cloning repository https://github.com/BrianSigafoos/fast-format-x
[INFO] running `Command { std: "git" "-c" "credential.helper=" "-c" "credential.helper=/workspace/cargo-home/bin/git-credential-null" "clone" "--bare" "https://github.com/BrianSigafoos/fast-format-x" "/workspace/cache/git-repos/https%3A%2F%2Fgithub.com%2FBrianSigafoos%2Ffast-format-x", kill_on_drop: false }`
[INFO] [stderr] Cloning into bare repository '/workspace/cache/git-repos/https%3A%2F%2Fgithub.com%2FBrianSigafoos%2Ffast-format-x'...
[INFO] running `Command { std: "git" "rev-parse" "HEAD", kill_on_drop: false }`
[INFO] [stdout] 2d66d2e5be78f9369f99868f77ce88003401b0af
[INFO] testing BrianSigafoos/fast-format-x against 1.100.0-beta.1+cargoflags=--release for beta-release-1.100-2
[INFO] running `Command { std: "git" "clone" "/workspace/cache/git-repos/https%3A%2F%2Fgithub.com%2FBrianSigafoos%2Ffast-format-x" "/workspace/builds/worker-7-tc2/source", kill_on_drop: false }`
[INFO] [stderr] Cloning into '/workspace/builds/worker-7-tc2/source'...
[INFO] [stderr] done.
[INFO] started tweaking git repo https://github.com/BrianSigafoos/fast-format-x
[INFO] finished tweaking git repo https://github.com/BrianSigafoos/fast-format-x
[INFO] tweaked toml for git repo https://github.com/BrianSigafoos/fast-format-x written to /workspace/builds/worker-7-tc2/source/Cargo.toml
[INFO] validating manifest of git repo https://github.com/BrianSigafoos/fast-format-x on toolchain 1.100.0-beta.1
[INFO] running `Command { std: CARGO_HOME="/workspace/cargo-home" RUSTUP_HOME="/workspace/rustup-home" "/workspace/cargo-home/bin/cargo" "+1.100.0-beta.1" "metadata" "--manifest-path" "Cargo.toml" "--no-deps", kill_on_drop: false }`
[INFO] crate git repo https://github.com/BrianSigafoos/fast-format-x already has a lockfile, it will not be regenerated
[INFO] running `Command { std: CARGO_HOME="/workspace/cargo-home" RUSTUP_HOME="/workspace/rustup-home" "/workspace/cargo-home/bin/cargo" "+1.100.0-beta.1" "fetch" "--manifest-path" "Cargo.toml", kill_on_drop: false }`
[INFO] [stderr] warning: `package.homepage` is redundant with `package.repository`
[INFO] [stderr]   --> Cargo.toml:29:12
[INFO] [stderr]    |
[INFO] [stderr] 29 | homepage = "https://github.com/BrianSigafoos/fast-format-x"
[INFO] [stderr]    |            ^^^^^^^^^^^^^^^^^^^^^^^^^^^^^^^^^^^^^^^^^^^^^^^^
[INFO] [stderr] ...
[INFO] [stderr] 33 | repository = "https://github.com/BrianSigafoos/fast-format-x"
[INFO] [stderr]    |              ------------------------------------------------
[INFO] [stderr]    |
[INFO] [stderr]    = note: `cargo::redundant_homepage` is set to `warn` by default
[INFO] [stderr] help: consider removing `package.homepage`
[INFO] [stderr] warning: `ffx` (manifest) generated 1 warning
[INFO] running `Command { std: "docker" "create" "-v" "/var/lib/crater-agent-workspace/builds/worker-7-tc2/source:/opt/rustwide/workdir:ro,Z" "-v" "/var/lib/crater-agent-workspace/builds/worker-7-tc2/target:/opt/rustwide/target:rw,Z" "-v" "/var/lib/crater-agent-workspace/cargo-home:/opt/rustwide/cargo-home:ro,Z" "-v" "/var/lib/crater-agent-workspace/rustup-home:/opt/rustwide/rustup-home:ro,Z" "-m" "1610612736" "--network" "none" "ghcr.io/rust-lang/crates-build-env/linux@sha256:77db811e55d90add9212f6832c23229e3de5f1c1f9905e8cb07319ea15df73ac" "sleep" "infinity", kill_on_drop: false }`
[INFO] [stdout] f40b1f4cf2c2effc66aef5b83c6bfe8897e91ace1e2c829e1e63592b47aadfcf
[INFO] running `Command { std: "docker" "start" "f40b1f4cf2c2effc66aef5b83c6bfe8897e91ace1e2c829e1e63592b47aadfcf", kill_on_drop: false }`
[INFO] running `Command { std: "docker" "inspect" "f40b1f4cf2c2effc66aef5b83c6bfe8897e91ace1e2c829e1e63592b47aadfcf", kill_on_drop: false }`
[INFO] running `Command { std: "docker" "exec" "-e" "SOURCE_DIR=/opt/rustwide/workdir" "-e" "CARGO_HOME=/opt/rustwide/cargo-home" "-e" "RUSTUP_HOME=/opt/rustwide/rustup-home" "-e" "CARGO_TARGET_DIR=/opt/rustwide/target" "-w" "/opt/rustwide/workdir" "--user" "0:0" "f40b1f4cf2c2effc66aef5b83c6bfe8897e91ace1e2c829e1e63592b47aadfcf" "/opt/rustwide/cargo-home/bin/cargo" "+1.100.0-beta.1" "metadata" "--no-deps" "--format-version=1", kill_on_drop: false }`
[INFO] running `Command { std: "docker" "inspect" "f40b1f4cf2c2effc66aef5b83c6bfe8897e91ace1e2c829e1e63592b47aadfcf", kill_on_drop: false }`
[INFO] running `Command { std: "docker" "exec" "-e" "SOURCE_DIR=/opt/rustwide/workdir" "-e" "CARGO_HOME=/opt/rustwide/cargo-home" "-e" "RUSTUP_HOME=/opt/rustwide/rustup-home" "-e" "CARGO_TARGET_DIR=/opt/rustwide/target" "-e" "CARGO_INCREMENTAL=0" "-e" "RUST_BACKTRACE=full" "-e" "RUSTFLAGS=--cap-lints=warn" "-e" "RUSTDOCFLAGS=--cap-lints=warn" "-w" "/opt/rustwide/workdir" "--user" "0:0" "f40b1f4cf2c2effc66aef5b83c6bfe8897e91ace1e2c829e1e63592b47aadfcf" "/opt/rustwide/cargo-home/bin/cargo" "+1.100.0-beta.1" "build" "--frozen" "--message-format=json" "--release", kill_on_drop: false }`
[INFO] [stderr] warning: `package.homepage` is redundant with `package.repository`
[INFO] [stderr]   --> Cargo.toml:29:12
[INFO] [stderr]    |
[INFO] [stderr] 29 | homepage = "https://github.com/BrianSigafoos/fast-format-x"
[INFO] [stderr]    |            ^^^^^^^^^^^^^^^^^^^^^^^^^^^^^^^^^^^^^^^^^^^^^^^^
[INFO] [stderr] ...
[INFO] [stderr] 33 | repository = "https://github.com/BrianSigafoos/fast-format-x"
[INFO] [stderr]    |              ------------------------------------------------
[INFO] [stderr]    |
[INFO] [stderr]    = note: `cargo::redundant_homepage` is set to `warn` by default
[INFO] [stderr] help: consider removing `package.homepage`
[INFO] [stderr] warning: `ffx` (manifest) generated 1 warning
[INFO] [stderr]    Compiling proc-macro2 v1.0.103
[INFO] [stderr]    Compiling shlex v1.3.0
[INFO] [stderr]    Compiling unicode-ident v1.0.22
[INFO] [stderr]    Compiling find-msvc-tools v0.1.5
[INFO] [stderr]    Compiling quote v1.0.42
[INFO] [stderr]    Compiling libc v0.2.178
[INFO] [stderr]    Compiling cfg-if v1.0.4
[INFO] [stderr]    Compiling crossbeam-utils v0.8.21
[INFO] [stderr]    Compiling zeroize v1.8.2
[INFO] [stderr]    Compiling memchr v2.7.6
[INFO] [stderr]    Compiling itoa v1.0.15
[INFO] [stderr]    Compiling serde_core v1.0.228
[INFO] [stderr]    Compiling untrusted v0.9.0
[INFO] [stderr]    Compiling utf8parse v0.2.2
[INFO] [stderr]    Compiling httparse v1.10.1
[INFO] [stderr]    Compiling log v0.4.29
[INFO] [stderr]    Compiling crc32fast v1.5.0
[INFO] [stderr]    Compiling anstyle-parse v0.2.7
[INFO] [stderr]    Compiling colorchoice v1.0.4
[INFO] [stderr]    Compiling serde v1.0.228
[INFO] [stderr]    Compiling rustls v0.23.35
[INFO] [stderr]    Compiling bytes v1.11.0
[INFO] [stderr]    Compiling rustix v1.1.2
[INFO] [stderr]    Compiling rayon-core v1.13.0
[INFO] [stderr]    Compiling cc v1.2.49
[INFO] [stderr]    Compiling rustls-pki-types v1.13.2
[INFO] [stderr]    Compiling adler2 v2.0.1
[INFO] [stderr]    Compiling anstyle v1.0.13
[INFO] [stderr]    Compiling anstyle-query v1.1.5
[INFO] [stderr]    Compiling is_terminal_polyfill v1.70.2
[INFO] [stderr]    Compiling simd-adler32 v0.3.8
[INFO] [stderr]    Compiling anyhow v1.0.100
[INFO] [stderr]    Compiling ryu v1.0.20
[INFO] [stderr]    Compiling miniz_oxide v0.8.9
[INFO] [stderr]    Compiling hashbrown v0.16.1
[INFO] [stderr]    Compiling aho-corasick v1.1.4
[INFO] [stderr]    Compiling anstream v0.6.21
[INFO] [stderr]    Compiling linux-raw-sys v0.11.0
[INFO] [stderr]    Compiling bitflags v2.10.0
[INFO] [stderr]    Compiling strsim v0.11.1
[INFO] [stderr]    Compiling either v1.15.0
[INFO] [stderr]    Compiling subtle v2.6.1
[INFO] [stderr]    Compiling serde_json v1.0.145
[INFO] [stderr]    Compiling crossbeam-epoch v0.9.18
[INFO] [stderr]    Compiling once_cell v1.21.3
[INFO] [stderr]    Compiling equivalent v1.0.2
[INFO] [stderr]    Compiling clap_lex v0.7.6
[INFO] [stderr]    Compiling regex-syntax v0.8.8
[INFO] [stderr]    Compiling flate2 v1.1.5
[INFO] [stderr]    Compiling http v1.4.0
[INFO] [stderr]    Compiling webpki-roots v1.0.4
[INFO] [stderr]    Compiling syn v2.0.111
[INFO] [stderr]    Compiling crossbeam-deque v0.8.6
[INFO] [stderr]    Compiling clap_builder v4.5.53
[INFO] [stderr]    Compiling bstr v1.12.1
[INFO] [stderr]    Compiling unsafe-libyaml v0.2.11
[INFO] [stderr]    Compiling lazy_static v1.5.0
[INFO] [stderr]    Compiling utf-8 v0.7.6
[INFO] [stderr]    Compiling env_home v0.1.0
[INFO] [stderr]    Compiling colored v2.2.0
[INFO] [stderr]    Compiling indexmap v2.12.1
[INFO] [stderr]    Compiling ring v0.17.14
[INFO] [stderr]    Compiling getrandom v0.2.16
[INFO] [stderr]    Compiling rayon v1.11.0
[INFO] [stderr]    Compiling ureq-proto v0.5.3
[INFO] [stderr]    Compiling regex-automata v0.4.13
[INFO] [stderr]    Compiling which v7.0.3
[INFO] [stderr]    Compiling serde_derive v1.0.228
[INFO] [stderr]    Compiling clap_derive v4.5.49
[INFO] [stderr]    Compiling globset v0.4.18
[INFO] [stderr]    Compiling clap v4.5.53
[INFO] [stderr]    Compiling serde_yaml v0.9.34+deprecated
[INFO] [stderr]    Compiling rustls-webpki v0.103.8
[INFO] [stderr]    Compiling ureq v3.1.4
[INFO] [stderr]    Compiling ffx v0.3.0 (/opt/rustwide/workdir)
[INFO] [stderr]     Finished `release` profile [optimized] target(s) in 1m 45s
[INFO] running `Command { std: "docker" "inspect" "f40b1f4cf2c2effc66aef5b83c6bfe8897e91ace1e2c829e1e63592b47aadfcf", kill_on_drop: false }`
[INFO] running `Command { std: "docker" "exec" "-e" "SOURCE_DIR=/opt/rustwide/workdir" "-e" "CARGO_HOME=/opt/rustwide/cargo-home" "-e" "RUSTUP_HOME=/opt/rustwide/rustup-home" "-e" "CARGO_TARGET_DIR=/opt/rustwide/target" "-e" "CARGO_INCREMENTAL=0" "-e" "RUST_BACKTRACE=full" "-e" "RUSTFLAGS=--cap-lints=warn" "-e" "RUSTDOCFLAGS=--cap-lints=warn" "-w" "/opt/rustwide/workdir" "--user" "0:0" "f40b1f4cf2c2effc66aef5b83c6bfe8897e91ace1e2c829e1e63592b47aadfcf" "/opt/rustwide/cargo-home/bin/cargo" "+1.100.0-beta.1" "test" "--frozen" "--no-run" "--message-format=json" "--release", kill_on_drop: false }`
[INFO] [stderr] warning: `package.homepage` is redundant with `package.repository`
[INFO] [stderr]   --> Cargo.toml:29:12
[INFO] [stderr]    |
[INFO] [stderr] 29 | homepage = "https://github.com/BrianSigafoos/fast-format-x"
[INFO] [stderr]    |            ^^^^^^^^^^^^^^^^^^^^^^^^^^^^^^^^^^^^^^^^^^^^^^^^
[INFO] [stderr] ...
[INFO] [stderr] 33 | repository = "https://github.com/BrianSigafoos/fast-format-x"
[INFO] [stderr]    |              ------------------------------------------------
[INFO] [stderr]    |
[INFO] [stderr]    = note: `cargo::redundant_homepage` is set to `warn` by default
[INFO] [stderr] help: consider removing `package.homepage`
[INFO] [stderr] warning: `ffx` (manifest) generated 1 warning
[INFO] [stderr]    Compiling rustix v1.1.2
[INFO] [stderr]    Compiling getrandom v0.3.4
[INFO] [stderr]    Compiling fastrand v2.3.0
[INFO] [stderr]    Compiling which v7.0.3
[INFO] [stderr]    Compiling tempfile v3.23.0
[INFO] [stderr]    Compiling ffx v0.3.0 (/opt/rustwide/workdir)
[INFO] [stderr]     Finished `release` profile [optimized] target(s) in 54.27s
[INFO] running `Command { std: "docker" "inspect" "f40b1f4cf2c2effc66aef5b83c6bfe8897e91ace1e2c829e1e63592b47aadfcf", kill_on_drop: false }`
[INFO] running `Command { std: "docker" "exec" "-e" "SOURCE_DIR=/opt/rustwide/workdir" "-e" "CARGO_HOME=/opt/rustwide/cargo-home" "-e" "RUSTUP_HOME=/opt/rustwide/rustup-home" "-e" "CARGO_TARGET_DIR=/opt/rustwide/target" "-e" "CARGO_INCREMENTAL=0" "-e" "RUST_BACKTRACE=full" "-e" "RUSTFLAGS=--cap-lints=warn" "-e" "RUSTDOCFLAGS=--cap-lints=warn" "-w" "/opt/rustwide/workdir" "--user" "0:0" "f40b1f4cf2c2effc66aef5b83c6bfe8897e91ace1e2c829e1e63592b47aadfcf" "/opt/rustwide/cargo-home/bin/cargo" "+1.100.0-beta.1" "test" "--frozen" "--release", kill_on_drop: false }`
[INFO] [stderr] warning: `package.homepage` is redundant with `package.repository`
[INFO] [stderr]   --> Cargo.toml:29:12
[INFO] [stderr]    |
[INFO] [stderr] 29 | homepage = "https://github.com/BrianSigafoos/fast-format-x"
[INFO] [stderr]    |            ^^^^^^^^^^^^^^^^^^^^^^^^^^^^^^^^^^^^^^^^^^^^^^^^
[INFO] [stderr] ...
[INFO] [stderr] 33 | repository = "https://github.com/BrianSigafoos/fast-format-x"
[INFO] [stderr]    |              ------------------------------------------------
[INFO] [stderr]    |
[INFO] [stderr]    = note: `cargo::redundant_homepage` is set to `warn` by default
[INFO] [stderr] help: consider removing `package.homepage`
[INFO] [stderr] warning: `ffx` (manifest) generated 1 warning
[INFO] [stderr]     Finished `release` profile [optimized] target(s) in 0.13s
[INFO] [stderr]      Running unittests src/main.rs (/opt/rustwide/target/release/build/ffx/6002daeb4a665120/out/ffx-6002daeb4a665120)
[INFO] [stdout] 
[INFO] [stdout] running 53 tests
[INFO] [stdout] test config::tests::test_args_defaults_to_empty ... ok
[INFO] [stdout] test config::tests::test_empty_include ... ok
[INFO] [stdout] test config::tests::test_get_args_check_mode_with_check_args ... ok
[INFO] [stdout] test config::tests::test_exclude_defaults_to_empty ... ok
[INFO] [stdout] test config::tests::test_batch_size_is_optional_and_positive ... ok
[INFO] [stdout] test config::tests::test_empty_cmd ... ok
[INFO] [stdout] test config::tests::test_get_args_check_mode_without_check_args ... ok
[INFO] [stdout] test config::tests::test_empty_tools ... ok
[INFO] [stdout] test config::tests::test_multiple_tools ... ok
[INFO] [stdout] test exec::tests::test_command_exists_true ... ok
[INFO] [stdout] test config::tests::test_parse_config_with_check_args ... ok
[INFO] [stdout] test config::tests::test_empty_tool_name ... ok
[INFO] [stdout] test config::tests::test_parse_valid_config ... ok
[INFO] [stdout] test config::tests::test_invalid_version ... ok
[INFO] [stdout] test exec::tests::test_file_limit_keeps_byte_limit_and_every_path_once ... ok
[INFO] [stdout] test exec::tests::test_execution_span_uses_subprocess_times_not_join_time ... ok
[INFO] [stdout] test exec::tests::test_command_exists_false ... ok
[INFO] [stdout] test exec::tests::test_batching_includes_oversized_file ... ok
[INFO] [stdout] test exec::tests::test_run_tool_nonexistent_command ... ok
[INFO] [stdout] test git::tests::test_filter_by_prefix_with_subdir ... ok
[INFO] [stdout] test git::tests::test_prepend_prefix_with_subdir ... ok
[INFO] [stdout] test git::tests::test_prepend_prefix_empty ... ok
[INFO] [stdout] test git::tests::test_repo_root_returns_path ... ok
[INFO] [stdout] test matcher::tests::test_basic_matching ... ok
[INFO] [stdout] test matcher::tests::test_exclude_patterns ... ok
[INFO] [stdout] test git::tests::test_staged_files_returns_vec ... ok
[INFO] [stdout] test matcher::tests::test_no_matches ... ok
[INFO] [stdout] test matcher::tests::test_first_match_wins ... ok
[INFO] [stdout] test tests::cursor_movement_counts_account_for_position ... ok
[INFO] [stdout] test tests::ensure_required_commands_reports_missing_executables ... ok
[INFO] [stdout] test tests::exit_code_failure_without_missing_executable_uses_one ... ok
[INFO] [stdout] test config::tests::test_get_args_normal_mode ... ok
[INFO] [stdout] test git::tests::test_filter_by_prefix_empty ... ok
[INFO] [stdout] test exec::tests::test_run_tool_failure ... ok
[INFO] [stdout] test exec::tests::test_batch_result_contains_command_when_verbose ... ok
[INFO] [stdout] test exec::tests::test_run_tool_with_echo ... ok
[INFO] [stdout] test exec::tests::test_check_mode_falls_back_to_args ... ok
[INFO] [stdout] test tests::is_newer_version_handles_double_digit_versions ... ok
[INFO] [stdout] test tests::is_newer_version_returns_false_for_same_version ... ok
[INFO] [stdout] test tests::run_outcome_convenience_builders_set_flags ... ok
[INFO] [stdout] test tests::is_newer_version_returns_false_for_older_version ... ok
[INFO] [stdout] test tests::print_planned_work_returns_positions_for_tty ... ok
[INFO] [stdout] test git::tests::test_all_files_returns_tracked_files ... ok
[INFO] [stdout] test git::tests::test_diff_files_returns_vec ... ok
[INFO] [stdout] test tests::is_newer_version_detects_major_upgrade ... ok
[INFO] [stdout] test tests::exit_code_success_when_all_pass ... ok
[INFO] [stdout] test tests::exit_code_missing_executable_uses_code_three ... ok
[INFO] [stdout] test exec::tests::test_configure_parallelism_can_be_called_multiple_times ... ok
[INFO] [stdout] test exec::tests::test_batching_splits_on_byte_limit ... ok
[INFO] [stdout] test exec::tests::test_check_mode_uses_check_args ... ok
[INFO] [stdout] test exec::tests::test_batching_by_bytes ... ok
[INFO] [stdout] test exec::tests::test_batch_result_empty_command_when_not_verbose ... ok
[INFO] [stdout] test git::tests::test_changed_files_returns_vec ... ok
[INFO] [stdout] 
[INFO] [stdout] test result: ok. 53 passed; 0 failed; 0 ignored; 0 measured; 0 filtered out; finished in 0.05s
[INFO] [stdout] 
[INFO] [stderr]      Running tests/integration_test.rs (/opt/rustwide/target/release/build/ffx/1ca53270a6b731cf/out/integration_test-1ca53270a6b731cf)
[INFO] [stdout] 
[INFO] [stdout] running 32 tests
[INFO] [stdout] test test_base_flag_conflicts_with_all ... FAILED
[INFO] [stdout] test test_base_flag_conflicts_with_staged ... FAILED
[INFO] [stdout] test test_explicit_file_from_subdirectory_is_repository_relative ... FAILED
[INFO] [stdout] test test_explicit_file_rejects_discovery_mode ... FAILED
[INFO] [stdout] test test_configured_batches_keep_all_files_and_propagate_one_failure ... FAILED
[INFO] [stdout] test test_help_flag ... FAILED
[INFO] [stdout] test test_check_mode_no_details_on_success ... FAILED
[INFO] [stdout] test test_explicit_files_limit_formatter_scope ... FAILED
[INFO] [stdout] test test_all_flag_no_files_matched ... FAILED
[INFO] [stdout] test test_all_flag_from_subdirectory ... FAILED
[INFO] [stdout] test test_init_creates_config_template ... FAILED
[INFO] [stdout] test test_all_flag_runs_formatter ... FAILED
[INFO] [stdout] test test_init_from_subdirectory_creates_config_in_current_dir ... FAILED
[INFO] [stdout] test test_all_flag_from_subdirectory_excludes_parent_files ... FAILED
[INFO] [stdout] test test_update_subcommand_help ... FAILED
[INFO] [stdout] test test_changed_files_from_subdirectory_uses_default_config ... FAILED
[INFO] [stdout] test test_version_flag ... FAILED
[INFO] [stdout] test test_timings_preserve_check_coverage_and_failure ... FAILED
[INFO] [stdout] test test_base_flag_shows_correct_message_when_no_changes ... FAILED
[INFO] [stdout] test test_init_installs_pre_commit_hook ... FAILED
[INFO] [stdout] test test_failure_outputs_stdout_in_non_verbose_mode ... FAILED
[INFO] [stdout] test test_missing_config_file ... FAILED
[INFO] [stdout] test test_formatter_failure_returns_exit_code_1 ... FAILED
[INFO] [stdout] test test_missing_command_error ... FAILED
[INFO] [stdout] test test_skip_flag_avoids_missing_command_and_allows_later_tool_to_match ... FAILED
[INFO] [stdout] test test_check_mode_shows_failure_details_after_summary ... FAILED
[INFO] [stdout] test test_subdirectory_scoping_with_similar_directory_names ... FAILED
[INFO] [stdout] test test_invalid_config_version ... FAILED
[INFO] [stdout] test test_no_changed_files_message ... FAILED
[INFO] [stdout] test test_staged_flag_shows_message_when_empty ... FAILED
[INFO] [stdout] test test_verbose_flag_shows_command ... FAILED
[INFO] [stdout] test test_base_flag_finds_branch_changes ... FAILED
[INFO] [stdout] 
[INFO] [stdout] failures:
[INFO] [stdout] 
[INFO] [stdout] ---- test_base_flag_conflicts_with_all stdout ----
[INFO] [stdout] 
[INFO] [stdout] thread 'test_base_flag_conflicts_with_all' (1547) panicked at tests/integration_test.rs:1155:10:
[INFO] [stdout] Failed to run ffx: Os { code: 2, kind: NotFound, message: "No such file or directory" }
[INFO] [stdout] stack backtrace:
[INFO] [stdout]    0:     0x5a690debcc95 - <unknown>
[INFO] [stdout]    1:     0x5a690dea49ba - <unknown>
[INFO] [stdout]    2:     0x5a690debc32b - <unknown>
[INFO] [stdout]    3:     0x5a690debbe0f - <unknown>
[INFO] [stdout]    4:     0x5a690debba3a - <unknown>
[INFO] [stdout]    5:     0x5a690debb575 - <unknown>
[INFO] [stdout]    6:     0x5a690dee23b1 - <unknown>
[INFO] [stdout]    7:     0x5a690dee2369 - <unknown>
[INFO] [stdout]    8:     0x5a690dee286c - <unknown>
[INFO] [stdout]    9:     0x5a690dea484b - <unknown>
[INFO] [stdout]   10:     0x5a690dea7b11 - <unknown>
[INFO] [stdout]   11:     0x5a690de98f1a - <unknown>
[INFO] [stdout]   12:     0x5a690defd9fb - <unknown>
[INFO] [stdout]   13:     0x5a690def99c1 - <unknown>
[INFO] [stdout]   14:     0x5a690def91ac - <unknown>
[INFO] [stdout]   15:     0x5a690df18e4c - <unknown>
[INFO] [stdout]   16:     0x5a690dee40e4 - <unknown>
[INFO] [stdout]   17:     0x7d4e9a4b4dfa - <unknown>
[INFO] [stdout]   18:     0x7d4e9a5483d4 - clone
[INFO] [stdout]   19:                0x0 - <unknown>
[INFO] [stdout] 
[INFO] [stdout] ---- test_base_flag_conflicts_with_staged stdout ----
[INFO] [stdout] 
[INFO] [stdout] thread 'test_base_flag_conflicts_with_staged' (1548) panicked at tests/integration_test.rs:1170:10:
[INFO] [stdout] Failed to run ffx: Os { code: 2, kind: NotFound, message: "No such file or directory" }
[INFO] [stdout] stack backtrace:
[INFO] [stdout]    0:     0x5a690debcc95 - <unknown>
[INFO] [stdout]    1:     0x5a690dea49ba - <unknown>
[INFO] [stdout]    2:     0x5a690debc32b - <unknown>
[INFO] [stdout]    3:     0x5a690debbe0f - <unknown>
[INFO] [stdout]    4:     0x5a690debba3a - <unknown>
[INFO] [stdout]    5:     0x5a690debb575 - <unknown>
[INFO] [stdout]    6:     0x5a690dee23b1 - <unknown>
[INFO] [stdout]    7:     0x5a690dee2369 - <unknown>
[INFO] [stdout]    8:     0x5a690dee286c - <unknown>
[INFO] [stdout]    9:     0x5a690dea484b - <unknown>
[INFO] [stdout]   10:     0x5a690dea7b11 - <unknown>
[INFO] [stdout]   11:     0x5a690de9abaa - <unknown>
[INFO] [stdout]   12:     0x5a690defd9fb - <unknown>
[INFO] [stdout]   13:     0x5a690def99c1 - <unknown>
[INFO] [stdout]   14:     0x5a690def91ac - <unknown>
[INFO] [stdout]   15:     0x5a690df18e4c - <unknown>
[INFO] [stdout]   16:     0x5a690dee40e4 - <unknown>
[INFO] [stdout]   17:     0x7d4e9a4b4dfa - <unknown>
[INFO] [stdout]   18:     0x7d4e9a5483d4 - clone
[INFO] [stdout]   19:                0x0 - <unknown>
[INFO] [stdout] 
[INFO] [stdout] ---- test_explicit_file_from_subdirectory_is_repository_relative stdout ----
[INFO] [stdout] 
[INFO] [stdout] thread 'test_explicit_file_from_subdirectory_is_repository_relative' (1555) panicked at tests/integration_test.rs:103:10:
[INFO] [stdout] Failed to run ffx from a subdirectory: Os { code: 2, kind: NotFound, message: "No such file or directory" }
[INFO] [stdout] stack backtrace:
[INFO] [stdout]    0:     0x5a690debcc95 - <unknown>
[INFO] [stdout]    1:     0x5a690dea49ba - <unknown>
[INFO] [stdout]    2:     0x5a690debc32b - <unknown>
[INFO] [stdout]    3:     0x5a690debbe0f - <unknown>
[INFO] [stdout]    4:     0x5a690debba3a - <unknown>
[INFO] [stdout]    5:     0x5a690debb575 - <unknown>
[INFO] [stdout]    6:     0x5a690dee23b1 - <unknown>
[INFO] [stdout]    7:     0x5a690dee2369 - <unknown>
[INFO] [stdout]    8:     0x5a690dee286c - <unknown>
[INFO] [stdout]    9:     0x5a690dea484b - <unknown>
[INFO] [stdout]   10:     0x5a690dea7b11 - <unknown>
[INFO] [stdout]   11:     0x5a690dea191c - <unknown>
[INFO] [stdout]   12:     0x5a690defd9fb - <unknown>
[INFO] [stdout]   13:     0x5a690def99c1 - <unknown>
[INFO] [stdout]   14:     0x5a690def91ac - <unknown>
[INFO] [stdout]   15:     0x5a690df18e4c - <unknown>
[INFO] [stdout]   16:     0x5a690dee40e4 - <unknown>
[INFO] [stdout]   17:     0x7d4e9a4b4dfa - <unknown>
[INFO] [stdout]   18:     0x7d4e9a5483d4 - clone
[INFO] [stdout]   19:                0x0 - <unknown>
[INFO] [stdout] 
[INFO] [stdout] ---- test_explicit_file_rejects_discovery_mode stdout ----
[INFO] [stdout] 
[INFO] [stdout] thread 'test_explicit_file_rejects_discovery_mode' (1556) panicked at tests/integration_test.rs:122:10:
[INFO] [stdout] Failed to run conflicting ffx arguments: Os { code: 2, kind: NotFound, message: "No such file or directory" }
[INFO] [stdout] stack backtrace:
[INFO] [stdout]    0:     0x5a690debcc95 - <unknown>
[INFO] [stdout]    1:     0x5a690dea49ba - <unknown>
[INFO] [stdout]    2:     0x5a690debc32b - <unknown>
[INFO] [stdout]    3:     0x5a690debbe0f - <unknown>
[INFO] [stdout]    4:     0x5a690debba3a - <unknown>
[INFO] [stdout]    5:     0x5a690debb575 - <unknown>
[INFO] [stdout]    6:     0x5a690dee23b1 - <unknown>
[INFO] [stdout]    7:     0x5a690dee2369 - <unknown>
[INFO] [stdout]    8:     0x5a690dee286c - <unknown>
[INFO] [stdout]    9:     0x5a690dea484b - <unknown>
[INFO] [stdout]   10:     0x5a690dea7b11 - <unknown>
[INFO] [stdout]   11:     0x5a690de9b467 - <unknown>
[INFO] [stdout]   12:     0x5a690defd9fb - <unknown>
[INFO] [stdout]   13:     0x5a690def99c1 - <unknown>
[INFO] [stdout]   14:     0x5a690def91ac - <unknown>
[INFO] [stdout]   15:     0x5a690df18e4c - <unknown>
[INFO] [stdout]   16:     0x5a690dee40e4 - <unknown>
[INFO] [stdout]   17:     0x7d4e9a4b4dfa - <unknown>
[INFO] [stdout]   18:     0x7d4e9a5483d4 - clone
[INFO] [stdout]   19:                0x0 - <unknown>
[INFO] [stdout] 
[INFO] [stdout] ---- test_configured_batches_keep_all_files_and_propagate_one_failure stdout ----
[INFO] [stdout] 
[INFO] [stdout] thread 'test_configured_batches_keep_all_files_and_propagate_one_failure' (1554) panicked at tests/integration_test.rs:1380:18:
[INFO] [stdout] called `Result::unwrap()` on an `Err` value: Os { code: 2, kind: NotFound, message: "No such file or directory" }
[INFO] [stdout] stack backtrace:
[INFO] [stdout]    0:     0x5a690debcc95 - <unknown>
[INFO] [stdout]    1:     0x5a690dea49ba - <unknown>
[INFO] [stdout]    2:     0x5a690debc32b - <unknown>
[INFO] [stdout]    3:     0x5a690debbe0f - <unknown>
[INFO] [stdout]    4:     0x5a690debba3a - <unknown>
[INFO] [stdout]    5:     0x5a690debb575 - <unknown>
[INFO] [stdout]    6:     0x5a690dee23b1 - <unknown>
[INFO] [stdout]    7:     0x5a690dee2369 - <unknown>
[INFO] [stdout]    8:     0x5a690dee286c - <unknown>
[INFO] [stdout]    9:     0x5a690dea484b - <unknown>
[INFO] [stdout]   10:     0x5a690dea7b11 - <unknown>
[INFO] [stdout]   11:     0x5a690dea2950 - <unknown>
[INFO] [stdout]   12:     0x5a690defd9fb - <unknown>
[INFO] [stdout]   13:     0x5a690def99c1 - <unknown>
[INFO] [stdout]   14:     0x5a690def91ac - <unknown>
[INFO] [stdout]   15:     0x5a690df18e4c - <unknown>
[INFO] [stdout]   16:     0x5a690dee40e4 - <unknown>
[INFO] [stdout]   17:     0x7d4e9a4b4dfa - <unknown>
[INFO] [stdout]   18:     0x7d4e9a5483d4 - clone
[INFO] [stdout]   19:                0x0 - <unknown>
[INFO] [stdout] 
[INFO] [stdout] ---- test_help_flag stdout ----
[INFO] [stdout] 
[INFO] [stdout] thread 'test_help_flag' (1581) panicked at tests/integration_test.rs:31:10:
[INFO] [stdout] Failed to run ffx: Os { code: 2, kind: NotFound, message: "No such file or directory" }
[INFO] [stdout] stack backtrace:
[INFO] [stdout]    0:     0x5a690debcc95 - <unknown>
[INFO] [stdout]    1:     0x5a690dea49ba - <unknown>
[INFO] [stdout]    2:     0x5a690debc32b - <unknown>
[INFO] [stdout]    3:     0x5a690debbe0f - <unknown>
[INFO] [stdout]    4:     0x5a690debba3a - <unknown>
[INFO] [stdout]    5:     0x5a690debb575 - <unknown>
[INFO] [stdout]    6:     0x5a690dee23b1 - <unknown>
[INFO] [stdout]    7:     0x5a690dee2369 - <unknown>
[INFO] [stdout]    8:     0x5a690dee286c - <unknown>
[INFO] [stdout]    9:     0x5a690dea484b - <unknown>
[INFO] [stdout]   10:     0x5a690dea7b11 - <unknown>
[INFO] [stdout]   11:     0x5a690de9562c - <unknown>
[INFO] [stdout]   12:     0x5a690defd9fb - <unknown>
[INFO] [stdout]   13:     0x5a690def99c1 - <unknown>
[INFO] [stdout]   14:     0x5a690def91ac - <unknown>
[INFO] [stdout]   15:     0x5a690df18e4c - <unknown>
[INFO] [stdout]   16:     0x5a690dee40e4 - <unknown>
[INFO] [stdout]   17:     0x7d4e9a4b4dfa - <unknown>
[INFO] [stdout]   18:     0x7d4e9a5483d4 - clone
[INFO] [stdout]   19:                0x0 - <unknown>
[INFO] [stdout] 
[INFO] [stdout] ---- test_check_mode_no_details_on_success stdout ----
[INFO] [stdout] 
[INFO] [stdout] thread 'test_check_mode_no_details_on_success' (1552) panicked at tests/integration_test.rs:1284:10:
[INFO] [stdout] Failed to run ffx: Os { code: 2, kind: NotFound, message: "No such file or directory" }
[INFO] [stdout] stack backtrace:
[INFO] [stdout]    0:     0x5a690debcc95 - <unknown>
[INFO] [stdout]    1:     0x5a690dea49ba - <unknown>
[INFO] [stdout]    2:     0x5a690debc32b - <unknown>
[INFO] [stdout]    3:     0x5a690debbe0f - <unknown>
[INFO] [stdout]    4:     0x5a690debba3a - <unknown>
[INFO] [stdout]    5:     0x5a690debb575 - <unknown>
[INFO] [stdout]    6:     0x5a690dee23b1 - <unknown>
[INFO] [stdout]    7:     0x5a690dee2369 - <unknown>
[INFO] [stdout]    8:     0x5a690dee286c - <unknown>
[INFO] [stdout]    9:     0x5a690dea484b - <unknown>
[INFO] [stdout]   10:     0x5a690dea7b11 - <unknown>
[INFO] [stdout]   11:     0x5a690de9b0f0 - <unknown>
[INFO] [stdout]   12:     0x5a690defd9fb - <unknown>
[INFO] [stdout]   13:     0x5a690def99c1 - <unknown>
[INFO] [stdout]   14:     0x5a690def91ac - <unknown>
[INFO] [stdout]   15:     0x5a690df18e4c - <unknown>
[INFO] [stdout]   16:     0x5a690dee40e4 - <unknown>
[INFO] [stdout]   17:     0x7d4e9a4b4dfa - <unknown>
[INFO] [stdout]   18:     0x7d4e9a5483d4 - clone
[INFO] [stdout]   19:                0x0 - <unknown>
[INFO] [stdout] 
[INFO] [stdout] ---- test_explicit_files_limit_formatter_scope stdout ----
[INFO] [stdout] 
[INFO] [stdout] thread 'test_explicit_files_limit_formatter_scope' (1557) panicked at tests/integration_test.rs:68:10:
[INFO] [stdout] Failed to run ffx with an explicit file: Os { code: 2, kind: NotFound, message: "No such file or directory" }
[INFO] [stdout] stack backtrace:
[INFO] [stdout]    0:     0x5a690debcc95 - <unknown>
[INFO] [stdout]    1:     0x5a690dea49ba - <unknown>
[INFO] [stdout]    2:     0x5a690debc32b - <unknown>
[INFO] [stdout]    3:     0x5a690debbe0f - <unknown>
[INFO] [stdout]    4:     0x5a690debba3a - <unknown>
[INFO] [stdout]    5:     0x5a690debb575 - <unknown>
[INFO] [stdout]    6:     0x5a690dee23b1 - <unknown>
[INFO] [stdout]    7:     0x5a690dee2369 - <unknown>
[INFO] [stdout]    8:     0x5a690dee286c - <unknown>
[INFO] [stdout]    9:     0x5a690dea484b - <unknown>
[INFO] [stdout]   10:     0x5a690dea7b11 - <unknown>
[INFO] [stdout]   11:     0x5a690de9b971 - <unknown>
[INFO] [stdout]   12:     0x5a690defd9fb - <unknown>
[INFO] [stdout]   13:     0x5a690def99c1 - <unknown>
[INFO] [stdout]   14:     0x5a690def91ac - <unknown>
[INFO] [stdout]   15:     0x5a690df18e4c - <unknown>
[INFO] [stdout]   16:     0x5a690dee40e4 - <unknown>
[INFO] [stdout]   17:     0x7d4e9a4b4dfa - <unknown>
[INFO] [stdout]   18:     0x7d4e9a5483d4 - clone
[INFO] [stdout]   19:                0x0 - <unknown>
[INFO] [stdout] 
[INFO] [stdout] ---- test_all_flag_no_files_matched stdout ----
[INFO] [stdout] 
[INFO] [stdout] thread 'test_all_flag_no_files_matched' (1545) panicked at tests/integration_test.rs:436:10:
[INFO] [stdout] Failed to run ffx: Os { code: 2, kind: NotFound, message: "No such file or directory" }
[INFO] [stdout] stack backtrace:
[INFO] [stdout]    0:     0x5a690debcc95 - <unknown>
[INFO] [stdout]    1:     0x5a690dea49ba - <unknown>
[INFO] [stdout]    2:     0x5a690debc32b - <unknown>
[INFO] [stdout]    3:     0x5a690debbe0f - <unknown>
[INFO] [stdout]    4:     0x5a690debba3a - <unknown>
[INFO] [stdout]    5:     0x5a690debb575 - <unknown>
[INFO] [stdout]    6:     0x5a690dee23b1 - <unknown>
[INFO] [stdout]    7:     0x5a690dee2369 - <unknown>
[INFO] [stdout]    8:     0x5a690dee286c - <unknown>
[INFO] [stdout]    9:     0x5a690dea484b - <unknown>
[INFO] [stdout]   10:     0x5a690dea7b11 - <unknown>
[INFO] [stdout]   11:     0x5a690de97d26 - <unknown>
[INFO] [stdout]   12:     0x5a690defd9fb - <unknown>
[INFO] [stdout]   13:     0x5a690def99c1 - <unknown>
[INFO] [stdout]   14:     0x5a690def91ac - <unknown>
[INFO] [stdout]   15:     0x5a690df18e4c - <unknown>
[INFO] [stdout]   16:     0x5a690dee40e4 - <unknown>
[INFO] [stdout]   17:     0x7d4e9a4b4dfa - <unknown>
[INFO] [stdout]   18:     0x7d4e9a5483d4 - clone
[INFO] [stdout]   19:                0x0 - <unknown>
[INFO] [stdout] 
[INFO] [stdout] ---- test_all_flag_from_subdirectory stdout ----
[INFO] [stdout] 
[INFO] [stdout] thread 'test_all_flag_from_subdirectory' (1543) panicked at tests/integration_test.rs:738:10:
[INFO] [stdout] Failed to run ffx: Os { code: 2, kind: NotFound, message: "No such file or directory" }
[INFO] [stdout] stack backtrace:
[INFO] [stdout]    0:     0x5a690debcc95 - <unknown>
[INFO] [stdout]    1:     0x5a690dea49ba - <unknown>
[INFO] [stdout]    2:     0x5a690debc32b - <unknown>
[INFO] [stdout]    3:     0x5a690debbe0f - <unknown>
[INFO] [stdout]    4:     0x5a690debba3a - <unknown>
[INFO] [stdout]    5:     0x5a690debb575 - <unknown>
[INFO] [stdout]    6:     0x5a690dee23b1 - <unknown>
[INFO] [stdout]    7:     0x5a690dee2369 - <unknown>
[INFO] [stdout]    8:     0x5a690dee286c - <unknown>
[INFO] [stdout]    9:     0x5a690dea484b - <unknown>
[INFO] [stdout]   10:     0x5a690dea7b11 - <unknown>
[INFO] [stdout]   11:     0x5a690de9847e - <unknown>
[INFO] [stdout]   12:     0x5a690defd9fb - <unknown>
[INFO] [stdout]   13:     0x5a690def99c1 - <unknown>
[INFO] [stdout]   14:     0x5a690def91ac - <unknown>
[INFO] [stdout]   15:     0x5a690df18e4c - <unknown>
[INFO] [stdout]   16:     0x5a690dee40e4 - <unknown>
[INFO] [stdout]   17:     0x7d4e9a4b4dfa - <unknown>
[INFO] [stdout]   18:     0x7d4e9a5483d4 - clone
[INFO] [stdout]   19:                0x0 - <unknown>
[INFO] [stdout] 
[INFO] [stdout] ---- test_init_creates_config_template stdout ----
[INFO] [stdout] 
[INFO] [stdout] thread 'test_init_creates_config_template' (1585) panicked at tests/integration_test.rs:221:10:
[INFO] [stdout] Failed to run ffx init: Os { code: 2, kind: NotFound, message: "No such file or directory" }
[INFO] [stdout] stack backtrace:
[INFO] [stdout]    0:     0x5a690debcc95 - <unknown>
[INFO] [stdout]    1:     0x5a690dea49ba - <unknown>
[INFO] [stdout]    2:     0x5a690debc32b - <unknown>
[INFO] [stdout]    3:     0x5a690debbe0f - <unknown>
[INFO] [stdout]    4:     0x5a690debba3a - <unknown>
[INFO] [stdout]    5:     0x5a690debb575 - <unknown>
[INFO] [stdout]    6:     0x5a690dee23b1 - <unknown>
[INFO] [stdout]    7:     0x5a690dee2369 - <unknown>
[INFO] [stdout]    8:     0x5a690dee286c - <unknown>
[INFO] [stdout]    9:     0x5a690dea484b - <unknown>
[INFO] [stdout]   10:     0x5a690dea7b11 - <unknown>
[INFO] [stdout]   11:     0x5a690de993ac - <unknown>
[INFO] [stdout]   12:     0x5a690defd9fb - <unknown>
[INFO] [stdout]   13:     0x5a690def99c1 - <unknown>
[INFO] [stdout]   14:     0x5a690def91ac - <unknown>
[INFO] [stdout]   15:     0x5a690df18e4c - <unknown>
[INFO] [stdout]   16:     0x5a690dee40e4 - <unknown>
[INFO] [stdout]   17:     0x7d4e9a4b4dfa - <unknown>
[INFO] [stdout]   18:     0x7d4e9a5483d4 - clone
[INFO] [stdout]   19:                0x0 - <unknown>
[INFO] [stdout] 
[INFO] [stdout] ---- test_all_flag_runs_formatter stdout ----
[INFO] [stdout] 
[INFO] [stdout] thread 'test_all_flag_runs_formatter' (1546) panicked at tests/integration_test.rs:474:10:
[INFO] [stdout] Failed to run ffx: Os { code: 2, kind: NotFound, message: "No such file or directory" }
[INFO] [stdout] stack backtrace:
[INFO] [stdout]    0:     0x5a690debcc95 - <unknown>
[INFO] [stdout]    1:     0x5a690dea49ba - <unknown>
[INFO] [stdout]    2:     0x5a690debc32b - <unknown>
[INFO] [stdout]    3:     0x5a690debbe0f - <unknown>
[INFO] [stdout]    4:     0x5a690debba3a - <unknown>
[INFO] [stdout]    5:     0x5a690debb575 - <unknown>
[INFO] [stdout]    6:     0x5a690dee23b1 - <unknown>
[INFO] [stdout]    7:     0x5a690dee2369 - <unknown>
[INFO] [stdout]    8:     0x5a690dee286c - <unknown>
[INFO] [stdout]    9:     0x5a690dea484b - <unknown>
[INFO] [stdout]   10:     0x5a690dea7b11 - <unknown>
[INFO] [stdout]   11:     0x5a690de970a7 - <unknown>
[INFO] [stdout]   12:     0x5a690defd9fb - <unknown>
[INFO] [stdout]   13:     0x5a690def99c1 - <unknown>
[INFO] [stdout]   14:     0x5a690def91ac - <unknown>
[INFO] [stdout]   15:     0x5a690df18e4c - <unknown>
[INFO] [stdout]   16:     0x5a690dee40e4 - <unknown>
[INFO] [stdout]   17:     0x7d4e9a4b4dfa - <unknown>
[INFO] [stdout]   18:     0x7d4e9a5483d4 - clone
[INFO] [stdout]   19:                0x0 - <unknown>
[INFO] [stdout] 
[INFO] [stdout] ---- test_init_from_subdirectory_creates_config_in_current_dir stdout ----
[INFO] [stdout] 
[INFO] [stdout] thread 'test_init_from_subdirectory_creates_config_in_current_dir' (1589) panicked at tests/integration_test.rs:251:10:
[INFO] [stdout] Failed to run ffx init: Os { code: 2, kind: NotFound, message: "No such file or directory" }
[INFO] [stdout] stack backtrace:
[INFO] [stdout]    0:     0x5a690debcc95 - <unknown>
[INFO] [stdout]    1:     0x5a690dea49ba - <unknown>
[INFO] [stdout]    2:     0x5a690debc32b - <unknown>
[INFO] [stdout]    3:     0x5a690debbe0f - <unknown>
[INFO] [stdout]    4:     0x5a690debba3a - <unknown>
[INFO] [stdout]    5:     0x5a690debb575 - <unknown>
[INFO] [stdout]    6:     0x5a690dee23b1 - <unknown>
[INFO] [stdout]    7:     0x5a690dee2369 - <unknown>
[INFO] [stdout]    8:     0x5a690dee286c - <unknown>
[INFO] [stdout]    9:     0x5a690dea484b - <unknown>
[INFO] [stdout]   10:     0x5a690dea7b11 - <unknown>
[INFO] [stdout]   11:     0x5a690dea1239 - <unknown>
[INFO] [stdout]   12:     0x5a690defd9fb - <unknown>
[INFO] [stdout]   13:     0x5a690def99c1 - <unknown>
[INFO] [stdout]   14:     0x5a690def91ac - <unknown>
[INFO] [stdout]   15:     0x5a690df18e4c - <unknown>
[INFO] [stdout]   16:     0x5a690dee40e4 - <unknown>
[INFO] [stdout]   17:     0x7d4e9a4b4dfa - <unknown>
[INFO] [stdout]   18:     0x7d4e9a5483d4 - clone
[INFO] [stdout]   19:                0x0 - <unknown>
[INFO] [stdout] 
[INFO] [stdout] ---- test_all_flag_from_subdirectory_excludes_parent_files stdout ----
[INFO] [stdout] 
[INFO] [stdout] thread 'test_all_flag_from_subdirectory_excludes_parent_files' (1544) panicked at tests/integration_test.rs:798:10:
[INFO] [stdout] Failed to run ffx: Os { code: 2, kind: NotFound, message: "No such file or directory" }
[INFO] [stdout] stack backtrace:
[INFO] [stdout]    0:     0x5a690debcc95 - <unknown>
[INFO] [stdout]    1:     0x5a690dea49ba - <unknown>
[INFO] [stdout]    2:     0x5a690debc32b - <unknown>
[INFO] [stdout]    3:     0x5a690debbe0f - <unknown>
[INFO] [stdout]    4:     0x5a690debba3a - <unknown>
[INFO] [stdout]    5:     0x5a690debb575 - <unknown>
[INFO] [stdout]    6:     0x5a690dee23b1 - <unknown>
[INFO] [stdout]    7:     0x5a690dee2369 - <unknown>
[INFO] [stdout]    8:     0x5a690dee286c - <unknown>
[INFO] [stdout]    9:     0x5a690dea484b - <unknown>
[INFO] [stdout]   10:     0x5a690dea7b11 - <unknown>
[INFO] [stdout]   11:     0x5a690de9efea - <unknown>
[INFO] [stdout]   12:     0x5a690defd9fb - <unknown>
[INFO] [stdout]   13:     0x5a690def99c1 - <unknown>
[INFO] [stdout]   14:     0x5a690def91ac - <unknown>
[INFO] [stdout]   15:     0x5a690df18e4c - <unknown>
[INFO] [stdout]   16:     0x5a690dee40e4 - <unknown>
[INFO] [stdout]   17:     0x7d4e9a4b4dfa - <unknown>
[INFO] [stdout]   18:     0x7d4e9a5483d4 - clone
[INFO] [stdout]   19:                0x0 - <unknown>
[INFO] [stdout] 
[INFO] [stdout] ---- test_update_subcommand_help stdout ----
[INFO] [stdout] 
[INFO] [stdout] thread 'test_update_subcommand_help' (1628) panicked at tests/integration_test.rs:1302:10:
[INFO] [stdout] Failed to run ffx update --help: Os { code: 2, kind: NotFound, message: "No such file or directory" }
[INFO] [stdout] stack backtrace:
[INFO] [stdout]    0:     0x5a690debcc95 - <unknown>
[INFO] [stdout]    1:     0x5a690dea49ba - <unknown>
[INFO] [stdout]    2:     0x5a690debc32b - <unknown>
[INFO] [stdout]    3:     0x5a690debbe0f - <unknown>
[INFO] [stdout]    4:     0x5a690debba3a - <unknown>
[INFO] [stdout]    5:     0x5a690debb575 - <unknown>
[INFO] [stdout]    6:     0x5a690dee23b1 - <unknown>
[INFO] [stdout]    7:     0x5a690dee2369 - <unknown>
[INFO] [stdout]    8:     0x5a690dee286c - <unknown>
[INFO] [stdout]    9:     0x5a690dea484b - <unknown>
[INFO] [stdout]   10:     0x5a690dea7b11 - <unknown>
[INFO] [stdout]   11:     0x5a690de96b2a - <unknown>
[INFO] [stdout]   12:     0x5a690defd9fb - <unknown>
[INFO] [stdout]   13:     0x5a690def99c1 - <unknown>
[INFO] [stdout]   14:     0x5a690def91ac - <unknown>
[INFO] [stdout]   15:     0x5a690df18e4c - <unknown>
[INFO] [stdout]   16:     0x5a690dee40e4 - <unknown>
[INFO] [stdout]   17:     0x7d4e9a4b4dfa - <unknown>
[INFO] [stdout]   18:     0x7d4e9a5483d4 - clone
[INFO] [stdout]   19:                0x0 - <unknown>
[INFO] [stdout] 
[INFO] [stdout] ---- test_changed_files_from_subdirectory_uses_default_config stdout ----
[INFO] [stdout] 
[INFO] [stdout] thread 'test_changed_files_from_subdirectory_uses_default_config' (1551) panicked at tests/integration_test.rs:866:10:
[INFO] [stdout] Failed to run ffx: Os { code: 2, kind: NotFound, message: "No such file or directory" }
[INFO] [stdout] stack backtrace:
[INFO] [stdout]    0:     0x5a690debcc95 - <unknown>
[INFO] [stdout]    1:     0x5a690dea49ba - <unknown>
[INFO] [stdout]    2:     0x5a690debc32b - <unknown>
[INFO] [stdout]    3:     0x5a690debbe0f - <unknown>
[INFO] [stdout]    4:     0x5a690debba3a - <unknown>
[INFO] [stdout]    5:     0x5a690debb575 - <unknown>
[INFO] [stdout]    6:     0x5a690dee23b1 - <unknown>
[INFO] [stdout]    7:     0x5a690dee2369 - <unknown>
[INFO] [stdout]    8:     0x5a690dee286c - <unknown>
[INFO] [stdout]    9:     0x5a690dea484b - <unknown>
[INFO] [stdout]   10:     0x5a690dea7b11 - <unknown>
[INFO] [stdout]   11:     0x5a690dea0ab6 - <unknown>
[INFO] [stdout]   12:     0x5a690defd9fb - <unknown>
[INFO] [stdout]   13:     0x5a690def99c1 - <unknown>
[INFO] [stdout]   14:     0x5a690def91ac - <unknown>
[INFO] [stdout]   15:     0x5a690df18e4c - <unknown>
[INFO] [stdout]   16:     0x5a690dee40e4 - <unknown>
[INFO] [stdout]   17:     0x7d4e9a4b4dfa - <unknown>
[INFO] [stdout]   18:     0x7d4e9a5483d4 - clone
[INFO] [stdout]   19:                0x0 - <unknown>
[INFO] [stdout] 
[INFO] [stdout] ---- test_version_flag stdout ----
[INFO] [stdout] 
[INFO] [stdout] thread 'test_version_flag' (1635) panicked at tests/integration_test.rs:133:10:
[INFO] [stdout] Failed to run ffx: Os { code: 2, kind: NotFound, message: "No such file or directory" }
[INFO] [stdout] stack backtrace:
[INFO] [stdout]    0:     0x5a690debcc95 - <unknown>
[INFO] [stdout]    1:     0x5a690dea49ba - <unknown>
[INFO] [stdout]    2:     0x5a690debc32b - <unknown>
[INFO] [stdout]    3:     0x5a690debbe0f - <unknown>
[INFO] [stdout]    4:     0x5a690debba3a - <unknown>
[INFO] [stdout]    5:     0x5a690debb575 - <unknown>
[INFO] [stdout]    6:     0x5a690dee23b1 - <unknown>
[INFO] [stdout]    7:     0x5a690dee2369 - <unknown>
[INFO] [stdout]    8:     0x5a690dee286c - <unknown>
[INFO] [stdout]    9:     0x5a690dea484b - <unknown>
[INFO] [stdout]   10:     0x5a690dea7b11 - <unknown>
[INFO] [stdout]   11:     0x5a690de95925 - <unknown>
[INFO] [stdout]   12:     0x5a690defd9fb - <unknown>
[INFO] [stdout]   13:     0x5a690def99c1 - <unknown>
[INFO] [stdout]   14:     0x5a690def91ac - <unknown>
[INFO] [stdout]   15:     0x5a690df18e4c - <unknown>
[INFO] [stdout]   16:     0x5a690dee40e4 - <unknown>
[INFO] [stdout]   17:     0x7d4e9a4b4dfa - <unknown>
[INFO] [stdout]   18:     0x7d4e9a5483d4 - clone
[INFO] [stdout]   19:                0x0 - <unknown>
[INFO] [stdout] 
[INFO] [stdout] ---- test_timings_preserve_check_coverage_and_failure stdout ----
[INFO] [stdout] 
[INFO] [stdout] thread 'test_timings_preserve_check_coverage_and_failure' (1621) panicked at tests/integration_test.rs:1333:14:
[INFO] [stdout] called `Result::unwrap()` on an `Err` value: Os { code: 2, kind: NotFound, message: "No such file or directory" }
[INFO] [stdout] stack backtrace:
[INFO] [stdout]    0:     0x5a690debcc95 - <unknown>
[INFO] [stdout]    1:     0x5a690dea49ba - <unknown>
[INFO] [stdout]    2:     0x5a690debc32b - <unknown>
[INFO] [stdout]    3:     0x5a690debbe0f - <unknown>
[INFO] [stdout]    4:     0x5a690debba3a - <unknown>
[INFO] [stdout]    5:     0x5a690debb575 - <unknown>
[INFO] [stdout]    6:     0x5a690dee23b1 - <unknown>
[INFO] [stdout]    7:     0x5a690dee2369 - <unknown>
[INFO] [stdout]    8:     0x5a690dee286c - <unknown>
[INFO] [stdout]    9:     0x5a690dea484b - <unknown>
[INFO] [stdout]   10:     0x5a690dea7b11 - <unknown>
[INFO] [stdout]   11:     0x5a690de9d5ed - <unknown>
[INFO] [stdout]   12:     0x5a690defd9fb - <unknown>
[INFO] [stdout]   13:     0x5a690def99c1 - <unknown>
[INFO] [stdout]   14:     0x5a690def91ac - <unknown>
[INFO] [stdout]   15:     0x5a690df18e4c - <unknown>
[INFO] [stdout]   16:     0x5a690dee40e4 - <unknown>
[INFO] [stdout]   17:     0x7d4e9a4b4dfa - <unknown>
[INFO] [stdout]   18:     0x7d4e9a5483d4 - clone
[INFO] [stdout]   19:                0x0 - <unknown>
[INFO] [stdout] 
[INFO] [stdout] ---- test_base_flag_shows_correct_message_when_no_changes stdout ----
[INFO] [stdout] 
[INFO] [stdout] thread 'test_base_flag_shows_correct_message_when_no_changes' (1550) panicked at tests/integration_test.rs:1140:10:
[INFO] [stdout] Failed to run ffx: Os { code: 2, kind: NotFound, message: "No such file or directory" }
[INFO] [stdout] stack backtrace:
[INFO] [stdout]    0:     0x5a690debcc95 - <unknown>
[INFO] [stdout]    1:     0x5a690dea49ba - <unknown>
[INFO] [stdout]    2:     0x5a690debc32b - <unknown>
[INFO] [stdout]    3:     0x5a690debbe0f - <unknown>
[INFO] [stdout]    4:     0x5a690debba3a - <unknown>
[INFO] [stdout]    5:     0x5a690debb575 - <unknown>
[INFO] [stdout]    6:     0x5a690dee23b1 - <unknown>
[INFO] [stdout]    7:     0x5a690dee2369 - <unknown>
[INFO] [stdout]    8:     0x5a690dee286c - <unknown>
[INFO] [stdout]    9:     0x5a690dea484b - <unknown>
[INFO] [stdout]   10:     0x5a690dea7b11 - <unknown>
[INFO] [stdout]   11:     0x5a690de9e6eb - <unknown>
[INFO] [stdout]   12:     0x5a690defd9fb - <unknown>
[INFO] [stdout]   13:     0x5a690def99c1 - <unknown>
[INFO] [stdout]   14:     0x5a690def91ac - <unknown>
[INFO] [stdout]   15:     0x5a690df18e4c - <unknown>
[INFO] [stdout]   16:     0x5a690dee40e4 - <unknown>
[INFO] [stdout]   17:     0x7d4e9a4b4dfa - <unknown>
[INFO] [stdout]   18:     0x7d4e9a5483d4 - clone
[INFO] [stdout]   19:                0x0 - <unknown>
[INFO] [stdout] 
[INFO] [stdout] ---- test_init_installs_pre_commit_hook stdout ----
[INFO] [stdout] 
[INFO] [stdout] thread 'test_init_installs_pre_commit_hook' (1591) panicked at tests/integration_test.rs:187:10:
[INFO] [stdout] Failed to run ffx init: Os { code: 2, kind: NotFound, message: "No such file or directory" }
[INFO] [stdout] stack backtrace:
[INFO] [stdout]    0:     0x5a690debcc95 - <unknown>
[INFO] [stdout]    1:     0x5a690dea49ba - <unknown>
[INFO] [stdout]    2:     0x5a690debc32b - <unknown>
[INFO] [stdout]    3:     0x5a690debbe0f - <unknown>
[INFO] [stdout]    4:     0x5a690debba3a - <unknown>
[INFO] [stdout]    5:     0x5a690debb575 - <unknown>
[INFO] [stdout]    6:     0x5a690dee23b1 - <unknown>
[INFO] [stdout]    7:     0x5a690dee2369 - <unknown>
[INFO] [stdout]    8:     0x5a690dee286c - <unknown>
[INFO] [stdout]    9:     0x5a690dea484b - <unknown>
[INFO] [stdout]   10:     0x5a690dea7b11 - <unknown>
[INFO] [stdout]   11:     0x5a690de99934 - <unknown>
[INFO] [stdout]   12:     0x5a690defd9fb - <unknown>
[INFO] [stdout]   13:     0x5a690def99c1 - <unknown>
[INFO] [stdout]   14:     0x5a690def91ac - <unknown>
[INFO] [stdout]   15:     0x5a690df18e4c - <unknown>
[INFO] [stdout]   16:     0x5a690dee40e4 - <unknown>
[INFO] [stdout]   17:     0x7d4e9a4b4dfa - <unknown>
[INFO] [stdout]   18:     0x7d4e9a5483d4 - clone
[INFO] [stdout]   19:                0x0 - <unknown>
[INFO] [stdout] 
[INFO] [stdout] ---- test_failure_outputs_stdout_in_non_verbose_mode stdout ----
[INFO] [stdout] 
[INFO] [stdout] thread 'test_failure_outputs_stdout_in_non_verbose_mode' (1558) panicked at tests/integration_test.rs:683:10:
[INFO] [stdout] Failed to run ffx: Os { code: 2, kind: NotFound, message: "No such file or directory" }
[INFO] [stdout] stack backtrace:
[INFO] [stdout]    0:     0x5a690debcc95 - <unknown>
[INFO] [stdout]    1:     0x5a690dea49ba - <unknown>
[INFO] [stdout]    2:     0x5a690debc32b - <unknown>
[INFO] [stdout]    3:     0x5a690debbe0f - <unknown>
[INFO] [stdout]    4:     0x5a690debba3a - <unknown>
[INFO] [stdout]    5:     0x5a690debb575 - <unknown>
[INFO] [stdout]    6:     0x5a690dee23b1 - <unknown>
[INFO] [stdout]    7:     0x5a690dee2369 - <unknown>
[INFO] [stdout]    8:     0x5a690dee286c - <unknown>
[INFO] [stdout]    9:     0x5a690dea484b - <unknown>
[INFO] [stdout]   10:     0x5a690dea7b11 - <unknown>
[INFO] [stdout]   11:     0x5a690de9ccbb - <unknown>
[INFO] [stdout]   12:     0x5a690defd9fb - <unknown>
[INFO] [stdout]   13:     0x5a690def99c1 - <unknown>
[INFO] [stdout]   14:     0x5a690def91ac - <unknown>
[INFO] [stdout]   15:     0x5a690df18e4c - <unknown>
[INFO] [stdout]   16:     0x5a690dee40e4 - <unknown>
[INFO] [stdout]   17:     0x7d4e9a4b4dfa - <unknown>
[INFO] [stdout]   18:     0x7d4e9a5483d4 - clone
[INFO] [stdout]   19:                0x0 - <unknown>
[INFO] [stdout] 
[INFO] [stdout] ---- test_missing_config_file stdout ----
[INFO] [stdout] 
[INFO] [stdout] thread 'test_missing_config_file' (1603) panicked at tests/integration_test.rs:156:10:
[INFO] [stdout] Failed to run ffx: Os { code: 2, kind: NotFound, message: "No such file or directory" }
[INFO] [stdout] stack backtrace:
[INFO] [stdout]    0:     0x5a690debcc95 - <unknown>
[INFO] [stdout]    1:     0x5a690dea49ba - <unknown>
[INFO] [stdout]    2:     0x5a690debc32b - <unknown>
[INFO] [stdout]    3:     0x5a690debbe0f - <unknown>
[INFO] [stdout]    4:     0x5a690debba3a - <unknown>
[INFO] [stdout]    5:     0x5a690debb575 - <unknown>
[INFO] [stdout]    6:     0x5a690dee23b1 - <unknown>
[INFO] [stdout]    7:     0x5a690dee2369 - <unknown>
[INFO] [stdout]    8:     0x5a690dee286c - <unknown>
[INFO] [stdout]    9:     0x5a690dea484b - <unknown>
[INFO] [stdout]   10:     0x5a690dea7b11 - <unknown>
[INFO] [stdout]   11:     0x5a690de95da4 - <unknown>
[INFO] [stdout]   12:     0x5a690defd9fb - <unknown>
[INFO] [stdout]   13:     0x5a690def99c1 - <unknown>
[INFO] [stdout]   14:     0x5a690def91ac - <unknown>
[INFO] [stdout]   15:     0x5a690df18e4c - <unknown>
[INFO] [stdout]   16:     0x5a690dee40e4 - <unknown>
[INFO] [stdout]   17:     0x7d4e9a4b4dfa - <unknown>
[INFO] [stdout]   18:     0x7d4e9a5483d4 - clone
[INFO] [stdout]   19:                0x0 - <unknown>
[INFO] [stdout] 
[INFO] [stdout] ---- test_formatter_failure_returns_exit_code_1 stdout ----
[INFO] [stdout] 
[INFO] [stdout] thread 'test_formatter_failure_returns_exit_code_1' (1580) panicked at tests/integration_test.rs:641:10:
[INFO] [stdout] Failed to run ffx: Os { code: 2, kind: NotFound, message: "No such file or directory" }
[INFO] [stdout] stack backtrace:
[INFO] [stdout]    0:     0x5a690debcc95 - <unknown>
[INFO] [stdout]    1:     0x5a690dea49ba - <unknown>
[INFO] [stdout]    2:     0x5a690debc32b - <unknown>
[INFO] [stdout]    3:     0x5a690debbe0f - <unknown>
[INFO] [stdout]    4:     0x5a690debba3a - <unknown>
[INFO] [stdout]    5:     0x5a690debb575 - <unknown>
[INFO] [stdout]    6:     0x5a690dee23b1 - <unknown>
[INFO] [stdout]    7:     0x5a690dee2369 - <unknown>
[INFO] [stdout]    8:     0x5a690dee286c - <unknown>
[INFO] [stdout]    9:     0x5a690dea484b - <unknown>
[INFO] [stdout]   10:     0x5a690dea7b11 - <unknown>
[INFO] [stdout]   11:     0x5a690de9c689 - <unknown>
[INFO] [stdout]   12:     0x5a690defd9fb - <unknown>
[INFO] [stdout]   13:     0x5a690def99c1 - <unknown>
[INFO] [stdout]   14:     0x5a690def91ac - <unknown>
[INFO] [stdout]   15:     0x5a690df18e4c - <unknown>
[INFO] [stdout]   16:     0x5a690dee40e4 - <unknown>
[INFO] [stdout]   17:     0x7d4e9a4b4dfa - <unknown>
[INFO] [stdout]   18:     0x7d4e9a5483d4 - clone
[INFO] [stdout]   19:                0x0 - <unknown>
[INFO] [stdout] 
[INFO] [stdout] ---- test_missing_command_error stdout ----
[INFO] [stdout] 
[INFO] [stdout] thread 'test_missing_command_error' (1602) panicked at tests/integration_test.rs:552:10:
[INFO] [stdout] Failed to run ffx: Os { code: 2, kind: NotFound, message: "No such file or directory" }
[INFO] [stdout] stack backtrace:
[INFO] [stdout]    0:     0x5a690debcc95 - <unknown>
[INFO] [stdout]    1:     0x5a690dea49ba - <unknown>
[INFO] [stdout]    2:     0x5a690debc32b - <unknown>
[INFO] [stdout]    3:     0x5a690debbe0f - <unknown>
[INFO] [stdout]    4:     0x5a690debba3a - <unknown>
[INFO] [stdout]    5:     0x5a690debb575 - <unknown>
[INFO] [stdout]    6:     0x5a690dee23b1 - <unknown>
[INFO] [stdout]    7:     0x5a690dee2369 - <unknown>
[INFO] [stdout]    8:     0x5a690dee286c - <unknown>
[INFO] [stdout]    9:     0x5a690dea484b - <unknown>
[INFO] [stdout]   10:     0x5a690dea7b11 - <unknown>
[INFO] [stdout]   11:     0x5a690de9638a - <unknown>
[INFO] [stdout]   12:     0x5a690defd9fb - <unknown>
[INFO] [stdout]   13:     0x5a690def99c1 - <unknown>
[INFO] [stdout]   14:     0x5a690def91ac - <unknown>
[INFO] [stdout]   15:     0x5a690df18e4c - <unknown>
[INFO] [stdout]   16:     0x5a690dee40e4 - <unknown>
[INFO] [stdout]   17:     0x7d4e9a4b4dfa - <unknown>
[INFO] [stdout]   18:     0x7d4e9a5483d4 - clone
[INFO] [stdout]   19:                0x0 - <unknown>
[INFO] [stdout] 
[INFO] [stdout] ---- test_skip_flag_avoids_missing_command_and_allows_later_tool_to_match stdout ----
[INFO] [stdout] 
[INFO] [stdout] thread 'test_skip_flag_avoids_missing_command_and_allows_later_tool_to_match' (1611) panicked at tests/integration_test.rs:596:10:
[INFO] [stdout] Failed to run ffx: Os { code: 2, kind: NotFound, message: "No such file or directory" }
[INFO] [stdout] stack backtrace:
[INFO] [stdout]    0:     0x5a690debcc95 - <unknown>
[INFO] [stdout]    1:     0x5a690dea49ba - <unknown>
[INFO] [stdout]    2:     0x5a690debc32b - <unknown>
[INFO] [stdout]    3:     0x5a690debbe0f - <unknown>
[INFO] [stdout]    4:     0x5a690debba3a - <unknown>
[INFO] [stdout]    5:     0x5a690debb575 - <unknown>
[INFO] [stdout]    6:     0x5a690dee23b1 - <unknown>
[INFO] [stdout]    7:     0x5a690dee2369 - <unknown>
[INFO] [stdout]    8:     0x5a690dee286c - <unknown>
[INFO] [stdout]    9:     0x5a690dea484b - <unknown>
[INFO] [stdout]   10:     0x5a690dea7b11 - <unknown>
[INFO] [stdout]   11:     0x5a690dea3153 - <unknown>
[INFO] [stdout]   12:     0x5a690defd9fb - <unknown>
[INFO] [stdout]   13:     0x5a690def99c1 - <unknown>
[INFO] [stdout]   14:     0x5a690def91ac - <unknown>
[INFO] [stdout]   15:     0x5a690df18e4c - <unknown>
[INFO] [stdout]   16:     0x5a690dee40e4 - <unknown>
[INFO] [stdout]   17:     0x7d4e9a4b4dfa - <unknown>
[INFO] [stdout]   18:     0x7d4e9a5483d4 - clone
[INFO] [stdout]   19:                0x0 - <unknown>
[INFO] [stdout] 
[INFO] [stdout] ---- test_check_mode_shows_failure_details_after_summary stdout ----
[INFO] [stdout] 
[INFO] [stdout] thread 'test_check_mode_shows_failure_details_after_summary' (1553) panicked at tests/integration_test.rs:1213:10:
[INFO] [stdout] Failed to run ffx: Os { code: 2, kind: NotFound, message: "No such file or directory" }
[INFO] [stdout] stack backtrace:
[INFO] [stdout]    0:     0x5a690debcc95 - <unknown>
[INFO] [stdout]    1:     0x5a690dea49ba - <unknown>
[INFO] [stdout]    2:     0x5a690debc32b - <unknown>
[INFO] [stdout]    3:     0x5a690debbe0f - <unknown>
[INFO] [stdout]    4:     0x5a690debba3a - <unknown>
[INFO] [stdout]    5:     0x5a690debb575 - <unknown>
[INFO] [stdout]    6:     0x5a690dee23b1 - <unknown>
[INFO] [stdout]    7:     0x5a690dee2369 - <unknown>
[INFO] [stdout]    8:     0x5a690dee286c - <unknown>
[INFO] [stdout]    9:     0x5a690dea484b - <unknown>
[INFO] [stdout]   10:     0x5a690dea7b11 - <unknown>
[INFO] [stdout]   11:     0x5a690de9deca - <unknown>
[INFO] [stdout]   12:     0x5a690defd9fb - <unknown>
[INFO] [stdout]   13:     0x5a690def99c1 - <unknown>
[INFO] [stdout]   14:     0x5a690def91ac - <unknown>
[INFO] [stdout]   15:     0x5a690df18e4c - <unknown>
[INFO] [stdout]   16:     0x5a690dee40e4 - <unknown>
[INFO] [stdout]   17:     0x7d4e9a4b4dfa - <unknown>
[INFO] [stdout]   18:     0x7d4e9a5483d4 - clone
[INFO] [stdout]   19:                0x0 - <unknown>
[INFO] [stdout] 
[INFO] [stdout] ---- test_subdirectory_scoping_with_similar_directory_names stdout ----
[INFO] [stdout] 
[INFO] [stdout] thread 'test_subdirectory_scoping_with_similar_directory_names' (1618) panicked at tests/integration_test.rs:948:10:
[INFO] [stdout] Failed to run ffx: Os { code: 2, kind: NotFound, message: "No such file or directory" }
[INFO] [stdout] stack backtrace:
[INFO] [stdout]    0:     0x5a690debcc95 - <unknown>
[INFO] [stdout]    1:     0x5a690dea49ba - <unknown>
[INFO] [stdout]    2:     0x5a690debc32b - <unknown>
[INFO] [stdout]    3:     0x5a690debbe0f - <unknown>
[INFO] [stdout]    4:     0x5a690debba3a - <unknown>
[INFO] [stdout]    5:     0x5a690debb575 - <unknown>
[INFO] [stdout]    6:     0x5a690dee23b1 - <unknown>
[INFO] [stdout]    7:     0x5a690dee2369 - <unknown>
[INFO] [stdout]    8:     0x5a690dee286c - <unknown>
[INFO] [stdout]    9:     0x5a690dea484b - <unknown>
[INFO] [stdout]   10:     0x5a690dea7b11 - <unknown>
[INFO] [stdout]   11:     0x5a690de9ffc9 - <unknown>
[INFO] [stdout]   12:     0x5a690defd9fb - <unknown>
[INFO] [stdout]   13:     0x5a690def99c1 - <unknown>
[INFO] [stdout]   14:     0x5a690def91ac - <unknown>
[INFO] [stdout]   15:     0x5a690df18e4c - <unknown>
[INFO] [stdout]   16:     0x5a690dee40e4 - <unknown>
[INFO] [stdout]   17:     0x7d4e9a4b4dfa - <unknown>
[INFO] [stdout]   18:     0x7d4e9a5483d4 - clone
[INFO] [stdout]   19:                0x0 - <unknown>
[INFO] [stdout] 
[INFO] [stdout] ---- test_invalid_config_version stdout ----
[INFO] [stdout] 
[INFO] [stdout] thread 'test_invalid_config_version' (1601) panicked at tests/integration_test.rs:299:10:
[INFO] [stdout] Failed to run ffx: Os { code: 2, kind: NotFound, message: "No such file or directory" }
[INFO] [stdout] stack backtrace:
[INFO] [stdout]    0:     0x5a690debcc95 - <unknown>
[INFO] [stdout]    1:     0x5a690dea49ba - <unknown>
[INFO] [stdout]    2:     0x5a690debc32b - <unknown>
[INFO] [stdout]    3:     0x5a690debbe0f - <unknown>
[INFO] [stdout]    4:     0x5a690debba3a - <unknown>
[INFO] [stdout]    5:     0x5a690debb575 - <unknown>
[INFO] [stdout]    6:     0x5a690dee23b1 - <unknown>
[INFO] [stdout]    7:     0x5a690dee2369 - <unknown>
[INFO] [stdout]    8:     0x5a690dee286c - <unknown>
[INFO] [stdout]    9:     0x5a690dea484b - <unknown>
[INFO] [stdout]   10:     0x5a690dea7b11 - <unknown>
[INFO] [stdout]   11:     0x5a690de96817 - <unknown>
[INFO] [stdout]   12:     0x5a690defd9fb - <unknown>
[INFO] [stdout]   13:     0x5a690def99c1 - <unknown>
[INFO] [stdout]   14:     0x5a690def91ac - <unknown>
[INFO] [stdout]   15:     0x5a690df18e4c - <unknown>
[INFO] [stdout]   16:     0x5a690dee40e4 - <unknown>
[INFO] [stdout]   17:     0x7d4e9a4b4dfa - <unknown>
[INFO] [stdout]   18:     0x7d4e9a5483d4 - clone
[INFO] [stdout]   19:                0x0 - <unknown>
[INFO] [stdout] 
[INFO] [stdout] ---- test_no_changed_files_message stdout ----
[INFO] [stdout] 
[INFO] [stdout] thread 'test_no_changed_files_message' (1610) panicked at tests/integration_test.rs:350:10:
[INFO] [stdout] Failed to run ffx: Os { code: 2, kind: NotFound, message: "No such file or directory" }
[INFO] [stdout] stack backtrace:
[INFO] [stdout]    0:     0x5a690debcc95 - <unknown>
[INFO] [stdout]    1:     0x5a690dea49ba - <unknown>
[INFO] [stdout]    2:     0x5a690debc32b - <unknown>
[INFO] [stdout]    3:     0x5a690debbe0f - <unknown>
[INFO] [stdout]    4:     0x5a690debba3a - <unknown>
[INFO] [stdout]    5:     0x5a690debb575 - <unknown>
[INFO] [stdout]    6:     0x5a690dee23b1 - <unknown>
[INFO] [stdout]    7:     0x5a690dee2369 - <unknown>
[INFO] [stdout]    8:     0x5a690dee286c - <unknown>
[INFO] [stdout]    9:     0x5a690dea484b - <unknown>
[INFO] [stdout]   10:     0x5a690dea7b11 - <unknown>
[INFO] [stdout]   11:     0x5a690de97759 - <unknown>
[INFO] [stdout]   12:     0x5a690defd9fb - <unknown>
[INFO] [stdout]   13:     0x5a690def99c1 - <unknown>
[INFO] [stdout]   14:     0x5a690def91ac - <unknown>
[INFO] [stdout]   15:     0x5a690df18e4c - <unknown>
[INFO] [stdout]   16:     0x5a690dee40e4 - <unknown>
[INFO] [stdout]   17:     0x7d4e9a4b4dfa - <unknown>
[INFO] [stdout]   18:     0x7d4e9a5483d4 - clone
[INFO] [stdout]   19:                0x0 - <unknown>
[INFO] [stdout] 
[INFO] [stdout] ---- test_staged_flag_shows_message_when_empty stdout ----
[INFO] [stdout] 
[INFO] [stdout] thread 'test_staged_flag_shows_message_when_empty' (1617) panicked at tests/integration_test.rs:399:10:
[INFO] [stdout] Failed to run ffx: Os { code: 2, kind: NotFound, message: "No such file or directory" }
[INFO] [stdout] stack backtrace:
[INFO] [stdout]    0:     0x5a690debcc95 - <unknown>
[INFO] [stdout]    1:     0x5a690dea49ba - <unknown>
[INFO] [stdout]    2:     0x5a690debc32b - <unknown>
[INFO] [stdout]    3:     0x5a690debbe0f - <unknown>
[INFO] [stdout]    4:     0x5a690debba3a - <unknown>
[INFO] [stdout]    5:     0x5a690debb575 - <unknown>
[INFO] [stdout]    6:     0x5a690dee23b1 - <unknown>
[INFO] [stdout]    7:     0x5a690dee2369 - <unknown>
[INFO] [stdout]    8:     0x5a690dee286c - <unknown>
[INFO] [stdout]    9:     0x5a690dea484b - <unknown>
[INFO] [stdout]   10:     0x5a690dea7b11 - <unknown>
[INFO] [stdout]   11:     0x5a690de9c062 - <unknown>
[INFO] [stdout]   12:     0x5a690defd9fb - <unknown>
[INFO] [stdout]   13:     0x5a690def99c1 - <unknown>
[INFO] [stdout]   14:     0x5a690def91ac - <unknown>
[INFO] [stdout]   15:     0x5a690df18e4c - <unknown>
[INFO] [stdout]   16:     0x5a690dee40e4 - <unknown>
[INFO] [stdout]   17:     0x7d4e9a4b4dfa - <unknown>
[INFO] [stdout]   18:     0x7d4e9a5483d4 - clone
[INFO] [stdout]   19:                0x0 - <unknown>
[INFO] [stdout] 
[INFO] [stdout] ---- test_verbose_flag_shows_command stdout ----
[INFO] [stdout] 
[INFO] [stdout] thread 'test_verbose_flag_shows_command' (1630) panicked at tests/integration_test.rs:514:10:
[INFO] [stdout] Failed to run ffx: Os { code: 2, kind: NotFound, message: "No such file or directory" }
[INFO] [stdout] stack backtrace:
[INFO] [stdout]    0:     0x5a690debcc95 - <unknown>
[INFO] [stdout]    1:     0x5a690dea49ba - <unknown>
[INFO] [stdout]    2:     0x5a690debc32b - <unknown>
[INFO] [stdout]    3:     0x5a690debbe0f - <unknown>
[INFO] [stdout]    4:     0x5a690debba3a - <unknown>
[INFO] [stdout]    5:     0x5a690debb575 - <unknown>
[INFO] [stdout]    6:     0x5a690dee23b1 - <unknown>
[INFO] [stdout]    7:     0x5a690dee2369 - <unknown>
[INFO] [stdout]    8:     0x5a690dee286c - <unknown>
[INFO] [stdout]    9:     0x5a690dea484b - <unknown>
[INFO] [stdout]   10:     0x5a690dea7b11 - <unknown>
[INFO] [stdout]   11:     0x5a690de98baf - <unknown>
[INFO] [stdout]   12:     0x5a690defd9fb - <unknown>
[INFO] [stdout]   13:     0x5a690def99c1 - <unknown>
[INFO] [stdout]   14:     0x5a690def91ac - <unknown>
[INFO] [stdout]   15:     0x5a690df18e4c - <unknown>
[INFO] [stdout]   16:     0x5a690dee40e4 - <unknown>
[INFO] [stdout]   17:     0x7d4e9a4b4dfa - <unknown>
[INFO] [stdout]   18:     0x7d4e9a5483d4 - clone
[INFO] [stdout]   19:                0x0 - <unknown>
[INFO] [stdout] 
[INFO] [stdout] ---- test_base_flag_finds_branch_changes stdout ----
[INFO] [stdout] 
[INFO] [stdout] thread 'test_base_flag_finds_branch_changes' (1549) panicked at tests/integration_test.rs:1065:10:
[INFO] [stdout] Failed to run ffx: Os { code: 2, kind: NotFound, message: "No such file or directory" }
[INFO] [stdout] stack backtrace:
[INFO] [stdout]    0:     0x5a690debcc95 - <unknown>
[INFO] [stdout]    1:     0x5a690dea49ba - <unknown>
[INFO] [stdout]    2:     0x5a690debc32b - <unknown>
[INFO] [stdout]    3:     0x5a690debbe0f - <unknown>
[INFO] [stdout]    4:     0x5a690debba3a - <unknown>
[INFO] [stdout]    5:     0x5a690debb575 - <unknown>
[INFO] [stdout]    6:     0x5a690dee23b1 - <unknown>
[INFO] [stdout]    7:     0x5a690dee2369 - <unknown>
[INFO] [stdout]    8:     0x5a690dee286c - <unknown>
[INFO] [stdout]    9:     0x5a690dea484b - <unknown>
[INFO] [stdout]   10:     0x5a690dea7b11 - <unknown>
[INFO] [stdout]   11:     0x5a690de9a63e - <unknown>
[INFO] [stdout]   12:     0x5a690defd9fb - <unknown>
[INFO] [stdout]   13:     0x5a690def99c1 - <unknown>
[INFO] [stdout]   14:     0x5a690def91ac - <unknown>
[INFO] [stdout]   15:     0x5a690df18e4c - <unknown>
[INFO] [stdout]   16:     0x5a690dee40e4 - <unknown>
[INFO] [stdout]   17:     0x7d4e9a4b4dfa - <unknown>
[INFO] [stdout]   18:     0x7d4e9a5483d4 - clone
[INFO] [stdout]   19:                0x0 - <unknown>
[INFO] [stdout] 
[INFO] [stdout] 
[INFO] [stdout] failures:
[INFO] [stdout]     test_all_flag_from_subdirectory
[INFO] [stdout]     test_all_flag_from_subdirectory_excludes_parent_files
[INFO] [stdout]     test_all_flag_no_files_matched
[INFO] [stdout]     test_all_flag_runs_formatter
[INFO] [stdout]     test_base_flag_conflicts_with_all
[INFO] [stdout]     test_base_flag_conflicts_with_staged
[INFO] [stdout]     test_base_flag_finds_branch_changes
[INFO] [stdout]     test_base_flag_shows_correct_message_when_no_changes
[INFO] [stdout]     test_changed_files_from_subdirectory_uses_default_config
[INFO] [stdout]     test_check_mode_no_details_on_success
[INFO] [stdout]     test_check_mode_shows_failure_details_after_summary
[INFO] [stdout]     test_configured_batches_keep_all_files_and_propagate_one_failure
[INFO] [stdout]     test_explicit_file_from_subdirectory_is_repository_relative
[INFO] [stdout]     test_explicit_file_rejects_discovery_mode
[INFO] [stdout]     test_explicit_files_limit_formatter_scope
[INFO] [stdout]     test_failure_outputs_stdout_in_non_verbose_mode
[INFO] [stdout]     test_formatter_failure_returns_exit_code_1
[INFO] [stdout]     test_help_flag
[INFO] [stdout]     test_init_creates_config_template
[INFO] [stdout]     test_init_from_subdirectory_creates_config_in_current_dir
[INFO] [stdout]     test_init_installs_pre_commit_hook
[INFO] [stdout]     test_invalid_config_version
[INFO] [stdout]     test_missing_command_error
[INFO] [stdout]     test_missing_config_file
[INFO] [stdout]     test_no_changed_files_message
[INFO] [stdout]     test_skip_flag_avoids_missing_command_and_allows_later_tool_to_match
[INFO] [stdout]     test_staged_flag_shows_message_when_empty
[INFO] [stdout]     test_subdirectory_scoping_with_similar_directory_names
[INFO] [stdout]     test_timings_preserve_check_coverage_and_failure
[INFO] [stdout]     test_update_subcommand_help
[INFO] [stdout]     test_verbose_flag_shows_command
[INFO] [stdout]     test_version_flag
[INFO] [stdout] 
[INFO] [stdout] test result: FAILED. 0 passed; 32 failed; 0 ignored; 0 measured; 0 filtered out; finished in 0.15s
[INFO] [stdout] 
[INFO] [stderr] error: test failed, to rerun pass `--test integration_test`
[INFO] running `Command { std: "docker" "inspect" "f40b1f4cf2c2effc66aef5b83c6bfe8897e91ace1e2c829e1e63592b47aadfcf", kill_on_drop: false }`
[INFO] running `Command { std: "docker" "rm" "-f" "f40b1f4cf2c2effc66aef5b83c6bfe8897e91ace1e2c829e1e63592b47aadfcf", kill_on_drop: false }`
[INFO] [stdout] f40b1f4cf2c2effc66aef5b83c6bfe8897e91ace1e2c829e1e63592b47aadfcf
