[INFO] cloning repository https://github.com/BornPsych/axum-backend-prod
[INFO] running `Command { std: "git" "-c" "credential.helper=" "-c" "credential.helper=/workspace/cargo-home/bin/git-credential-null" "clone" "--bare" "https://github.com/BornPsych/axum-backend-prod" "/workspace/cache/git-repos/https%3A%2F%2Fgithub.com%2FBornPsych%2Faxum-backend-prod", kill_on_drop: false }`
[INFO] [stderr] Cloning into bare repository '/workspace/cache/git-repos/https%3A%2F%2Fgithub.com%2FBornPsych%2Faxum-backend-prod'...
[INFO] running `Command { std: "git" "rev-parse" "HEAD", kill_on_drop: false }`
[INFO] [stdout] d51a5902289d377699e8ac44f0b16456131ba223
[INFO] testing BornPsych/axum-backend-prod against 1.99.0-beta.8+cargoflags=--release for beta-release-1.100-2
[INFO] running `Command { std: "git" "clone" "/workspace/cache/git-repos/https%3A%2F%2Fgithub.com%2FBornPsych%2Faxum-backend-prod" "/workspace/builds/worker-1-tc1/source", kill_on_drop: false }`
[INFO] [stderr] Cloning into '/workspace/builds/worker-1-tc1/source'...
[INFO] [stderr] done.
[INFO] removed /workspace/builds/worker-1-tc1/source/.cargo/config.toml
[INFO] started tweaking git repo https://github.com/BornPsych/axum-backend-prod
[INFO] finished tweaking git repo https://github.com/BornPsych/axum-backend-prod
[INFO] tweaked toml for git repo https://github.com/BornPsych/axum-backend-prod written to /workspace/builds/worker-1-tc1/source/Cargo.toml
[INFO] validating manifest of git repo https://github.com/BornPsych/axum-backend-prod on toolchain 1.99.0-beta.8
[INFO] running `Command { std: CARGO_HOME="/workspace/cargo-home" RUSTUP_HOME="/workspace/rustup-home" "/workspace/cargo-home/bin/cargo" "+1.99.0-beta.8" "metadata" "--manifest-path" "Cargo.toml" "--no-deps", kill_on_drop: false }`
[INFO] crate git repo https://github.com/BornPsych/axum-backend-prod already has a lockfile, it will not be regenerated
[INFO] running `Command { std: CARGO_HOME="/workspace/cargo-home" RUSTUP_HOME="/workspace/rustup-home" "/workspace/cargo-home/bin/cargo" "+1.99.0-beta.8" "fetch" "--manifest-path" "Cargo.toml", kill_on_drop: false }`
[INFO] [stderr]     Updating crates.io index
[INFO] [stderr]  Downloading crates ...
[INFO] [stderr]   Downloaded proc-macro2 v1.0.94
[INFO] [stderr]   Downloaded tower-cookies v0.11.0
[INFO] [stderr]   Downloaded deranged v0.4.1
[INFO] [stderr]   Downloaded rand v0.9.0
[INFO] [stderr]   Downloaded zerocopy-derive v0.8.23
[INFO] [stderr]   Downloaded strum_macros v0.27.1
[INFO] [stderr]   Downloaded once_cell v1.21.0
[INFO] [stderr]   Downloaded smallvec v1.14.0
[INFO] [stderr]   Downloaded redox_syscall v0.5.10
[INFO] [stderr]   Downloaded miniz_oxide v0.8.5
[INFO] [stderr]   Downloaded log v0.4.26
[INFO] [stderr]   Downloaded tower-http v0.6.2
[INFO] [stderr]   Downloaded tokio-util v0.7.14
[INFO] [stderr]   Downloaded zerocopy v0.8.23
[INFO] [stderr]   Downloaded syn v2.0.100
[INFO] [stderr]   Downloaded indexmap v2.8.0
[INFO] [stderr]   Downloaded tokio v1.44.1
[INFO] [stderr]   Downloaded libc v0.2.171
[INFO] [stderr]   Downloaded cc v1.2.16
[INFO] [stderr]   Downloaded rsa v0.9.8
[INFO] [stderr]   Downloaded sqlb v0.4.0
[INFO] [stderr]   Downloaded sqlb-macros v0.4.0
[INFO] [stderr]   Downloaded serial_test v3.2.0
[INFO] [stderr]   Downloaded serial_test_derive v3.2.0
[INFO] [stderr]   Downloaded tempfile v3.18.0
[INFO] [stderr]   Downloaded sdd v3.0.8
[INFO] [stderr]   Downloaded serde_with v3.12.0
[INFO] [stderr]   Downloaded scc v2.3.3
[INFO] [stderr]   Downloaded rustix v1.0.2
[INFO] [stderr]   Downloaded serde_with_macros v3.12.0
[INFO] [stderr]   Downloaded chrono v0.4.40
[INFO] [stderr]   Downloaded windows-link v0.1.0
[INFO] [stderr]   Downloaded lazy-regex v3.4.1
[INFO] [stderr]   Downloaded httpc-test v0.1.10
[INFO] [stderr]   Downloaded reqwest_cookie_store v0.8.0
[INFO] [stderr]   Downloaded lazy-regex-proc_macros v3.4.1
[INFO] [stderr]   Downloaded linux-raw-sys v0.9.2
[INFO] [stderr]   Downloaded reqwest v0.12.14
[INFO] [stderr]   Downloaded windows-result v0.3.1
[INFO] [stderr]   Downloaded schannel v0.1.27
[INFO] [stderr]   Downloaded openssl-sys v0.9.106
[INFO] [stderr]   Downloaded openssl v0.10.71
[INFO] [stderr]   Downloaded security-framework-sys v2.14.0
[INFO] [stderr]   Downloaded h2 v0.4.8
[INFO] [stderr]   Downloaded hyper-tls v0.6.0
[INFO] [stderr]   Downloaded publicsuffix v2.3.0
[INFO] [stderr]   Downloaded psl-types v2.0.11
[INFO] [stderr]   Downloaded cookie_store v0.21.1
[INFO] [stderr]   Downloaded base64-url v3.0.0
[INFO] [stderr]   Downloaded axum-macros v0.5.0
[INFO] [stderr]   Downloaded anyhow v1.0.97
[INFO] running `Command { std: "docker" "create" "-v" "/var/lib/crater-agent-workspace/builds/worker-1-tc1/source:/opt/rustwide/workdir:ro,Z" "-v" "/var/lib/crater-agent-workspace/builds/worker-1-tc1/target:/opt/rustwide/target:rw,Z" "-v" "/var/lib/crater-agent-workspace/cargo-home:/opt/rustwide/cargo-home:ro,Z" "-v" "/var/lib/crater-agent-workspace/rustup-home:/opt/rustwide/rustup-home:ro,Z" "-m" "1610612736" "--network" "none" "ghcr.io/rust-lang/crates-build-env/linux@sha256:77db811e55d90add9212f6832c23229e3de5f1c1f9905e8cb07319ea15df73ac" "sleep" "infinity", kill_on_drop: false }`
[INFO] [stdout] 19a89a6e6ed479d9e5c2829e7260c317fc287fedb8a93840dc8a62fde4503326
[INFO] running `Command { std: "docker" "start" "19a89a6e6ed479d9e5c2829e7260c317fc287fedb8a93840dc8a62fde4503326", kill_on_drop: false }`
[INFO] running `Command { std: "docker" "inspect" "19a89a6e6ed479d9e5c2829e7260c317fc287fedb8a93840dc8a62fde4503326", kill_on_drop: false }`
[INFO] running `Command { std: "docker" "exec" "-e" "SOURCE_DIR=/opt/rustwide/workdir" "-e" "CARGO_HOME=/opt/rustwide/cargo-home" "-e" "RUSTUP_HOME=/opt/rustwide/rustup-home" "-e" "CARGO_TARGET_DIR=/opt/rustwide/target" "-w" "/opt/rustwide/workdir" "--user" "0:0" "19a89a6e6ed479d9e5c2829e7260c317fc287fedb8a93840dc8a62fde4503326" "/opt/rustwide/cargo-home/bin/cargo" "+1.99.0-beta.8" "metadata" "--no-deps" "--format-version=1", kill_on_drop: false }`
[INFO] running `Command { std: "docker" "inspect" "19a89a6e6ed479d9e5c2829e7260c317fc287fedb8a93840dc8a62fde4503326", kill_on_drop: false }`
[INFO] running `Command { std: "docker" "exec" "-e" "SOURCE_DIR=/opt/rustwide/workdir" "-e" "CARGO_HOME=/opt/rustwide/cargo-home" "-e" "RUSTUP_HOME=/opt/rustwide/rustup-home" "-e" "CARGO_TARGET_DIR=/opt/rustwide/target" "-e" "CARGO_INCREMENTAL=0" "-e" "RUST_BACKTRACE=full" "-e" "RUSTFLAGS=--cap-lints=warn" "-e" "RUSTDOCFLAGS=--cap-lints=warn" "-w" "/opt/rustwide/workdir" "--user" "0:0" "19a89a6e6ed479d9e5c2829e7260c317fc287fedb8a93840dc8a62fde4503326" "/opt/rustwide/cargo-home/bin/cargo" "+1.99.0-beta.8" "build" "--frozen" "--message-format=json" "--release", kill_on_drop: false }`
[INFO] [stderr]    Compiling proc-macro2 v1.0.94
[INFO] [stderr]    Compiling unicode-ident v1.0.18
[INFO] [stderr]    Compiling libc v0.2.171
[INFO] [stderr]    Compiling autocfg v1.4.0
[INFO] [stderr]    Compiling typenum v1.18.0
[INFO] [stderr]    Compiling parking_lot_core v0.9.10
[INFO] [stderr]    Compiling generic-array v0.14.7
[INFO] [stderr]    Compiling memchr v2.7.4
[INFO] [stderr]    Compiling smallvec v1.14.0
[INFO] [stderr]    Compiling shlex v1.3.0
[INFO] [stderr]    Compiling pin-project-lite v0.2.16
[INFO] [stderr]    Compiling zerocopy v0.8.23
[INFO] [stderr]    Compiling cc v1.2.16
[INFO] [stderr]    Compiling futures-core v0.3.31
[INFO] [stderr]    Compiling serde v1.0.219
[INFO] [stderr]    Compiling once_cell v1.21.0
[INFO] [stderr]    Compiling lock_api v0.4.12
[INFO] [stderr]    Compiling slab v0.4.9
[INFO] [stderr]    Compiling itoa v1.0.15
[INFO] [stderr]    Compiling stable_deref_trait v1.2.0
[INFO] [stderr]    Compiling futures-sink v0.3.31
[INFO] [stderr]    Compiling bytes v1.10.1
[INFO] [stderr]    Compiling scopeguard v1.2.0
[INFO] [stderr]    Compiling quote v1.0.40
[INFO] [stderr]    Compiling syn v2.0.100
[INFO] [stderr]    Compiling ahash v0.8.11
[INFO] [stderr]    Compiling futures-channel v0.3.31
[INFO] [stderr]    Compiling getrandom v0.2.15
[INFO] [stderr]    Compiling parking_lot v0.12.3
[INFO] [stderr]    Compiling futures-task v0.3.31
[INFO] [stderr]    Compiling futures-io v0.3.31
[INFO] [stderr]    Compiling num-traits v0.2.19
[INFO] [stderr]    Compiling crossbeam-utils v0.8.21
[INFO] [stderr]    Compiling litemap v0.7.5
[INFO] [stderr]    Compiling writeable v0.5.5
[INFO] [stderr]    Compiling num-conv v0.1.0
[INFO] [stderr]    Compiling ring v0.17.14
[INFO] [stderr]    Compiling time-core v0.1.4
[INFO] [stderr]    Compiling log v0.4.26
[INFO] [stderr]    Compiling time-macros v0.2.22
[INFO] [stderr]    Compiling socket2 v0.5.8
[INFO] [stderr]    Compiling signal-hook-registry v1.4.2
[INFO] [stderr]    Compiling mio v1.0.3
[INFO] [stderr]    Compiling tracing-core v0.1.33
[INFO] [stderr]    Compiling thiserror v1.0.69
[INFO] [stderr]    Compiling icu_locid_transform_data v1.5.0
[INFO] [stderr]    Compiling rustls v0.21.12
[INFO] [stderr]    Compiling crypto-common v0.1.6
[INFO] [stderr]    Compiling block-buffer v0.10.4
[INFO] [stderr]    Compiling percent-encoding v2.3.1
[INFO] [stderr]    Compiling icu_properties_data v1.5.0
[INFO] [stderr]    Compiling subtle v2.6.1
[INFO] [stderr]    Compiling digest v0.10.7
[INFO] [stderr]    Compiling getrandom v0.3.1
[INFO] [stderr]    Compiling icu_normalizer_data v1.5.0
[INFO] [stderr]    Compiling untrusted v0.9.0
[INFO] [stderr]    Compiling utf16_iter v1.0.5
[INFO] [stderr]    Compiling paste v1.0.15
[INFO] [stderr]    Compiling utf8_iter v1.0.4
[INFO] [stderr]    Compiling write16 v1.0.0
[INFO] [stderr]    Compiling fnv v1.0.7
[INFO] [stderr]    Compiling zerocopy v0.7.35
[INFO] [stderr]    Compiling http v1.3.1
[INFO] [stderr]    Compiling ppv-lite86 v0.2.21
[INFO] [stderr]    Compiling serde_json v1.0.140
[INFO] [stderr]    Compiling powerfmt v0.2.0
[INFO] [stderr]    Compiling allocator-api2 v0.2.21
[INFO] [stderr]    Compiling tinyvec_macros v0.1.1
[INFO] [stderr]    Compiling tinyvec v1.9.0
[INFO] [stderr]    Compiling tokio v1.44.1
[INFO] [stderr]    Compiling synstructure v0.13.1
[INFO] [stderr]    Compiling hashbrown v0.14.5
[INFO] [stderr]    Compiling deranged v0.4.1
[INFO] [stderr]    Compiling nom v7.1.3
[INFO] [stderr]    Compiling form_urlencoded v1.2.1
[INFO] [stderr]    Compiling http-body v1.0.1
[INFO] [stderr]    Compiling zerofrom-derive v0.1.6
[INFO] [stderr]    Compiling yoke-derive v0.7.5
[INFO] [stderr]    Compiling zerovec-derive v0.10.3
[INFO] [stderr]    Compiling displaydoc v0.2.5
[INFO] [stderr]    Compiling icu_provider_macros v1.5.0
[INFO] [stderr]    Compiling serde_derive v1.0.219
[INFO] [stderr]    Compiling tracing-attributes v0.1.28
[INFO] [stderr]    Compiling futures-macro v0.3.31
[INFO] [stderr]    Compiling tokio-macros v2.5.0
[INFO] [stderr]    Compiling zerofrom v0.1.6
[INFO] [stderr]    Compiling yoke v0.7.5
[INFO] [stderr]    Compiling zerovec v0.10.4
[INFO] [stderr]    Compiling futures-util v0.3.31
[INFO] [stderr]    Compiling tracing v0.1.41
[INFO] [stderr]    Compiling thiserror-impl v1.0.69
[INFO] [stderr]    Compiling tinystr v0.7.6
[INFO] [stderr]    Compiling icu_locid v1.5.0
[INFO] [stderr]    Compiling icu_collections v1.5.0
[INFO] [stderr]    Compiling icu_provider v1.5.0
[INFO] [stderr]    Compiling icu_locid_transform v1.5.0
[INFO] [stderr]    Compiling sct v0.7.1
[INFO] [stderr]    Compiling icu_properties v1.5.1
[INFO] [stderr]    Compiling rustls-webpki v0.101.7
[INFO] [stderr]    Compiling rand_core v0.9.3
[INFO] [stderr]    Compiling icu_normalizer v1.5.0
[INFO] [stderr]    Compiling idna_adapter v1.2.0
[INFO] [stderr]    Compiling idna v1.0.3
[INFO] [stderr]    Compiling rand_core v0.6.4
[INFO] [stderr]    Compiling unicode_categories v0.1.1
[INFO] [stderr]    Compiling rustix v1.0.2
[INFO] [stderr]    Compiling hashbrown v0.15.2
[INFO] [stderr]    Compiling bitflags v2.9.0
[INFO] [stderr]    Compiling cpufeatures v0.2.17
[INFO] [stderr]    Compiling crc-catalog v2.4.0
[INFO] [stderr]    Compiling ryu v1.0.20
[INFO] [stderr]    Compiling equivalent v1.0.2
[INFO] [stderr]    Compiling base64 v0.21.7
[INFO] [stderr]    Compiling pin-utils v0.1.0
[INFO] [stderr]    Compiling time v0.3.41
[INFO] [stderr]    Compiling indexmap v2.8.0
[INFO] [stderr]    Compiling rustls-pemfile v1.0.4
[INFO] [stderr]    Compiling crc v3.2.1
[INFO] [stderr]    Compiling sha2 v0.10.8
[INFO] [stderr]    Compiling either v1.15.0
[INFO] [stderr]    Compiling url v2.5.4
[INFO] [stderr]    Compiling sqlformat v0.2.6
[INFO] [stderr]    Compiling rand_chacha v0.3.1
[INFO] [stderr]    Compiling futures-intrusive v0.5.0
[INFO] [stderr]    Compiling rand_chacha v0.9.0
[INFO] [stderr]    Compiling tokio-stream v0.1.17
[INFO] [stderr]    Compiling atoi v2.0.0
[INFO] [stderr]    Compiling crossbeam-queue v0.3.12
[INFO] [stderr]    Compiling hashlink v0.8.4
[INFO] [stderr]    Compiling unicode-normalization v0.1.24
[INFO] [stderr]    Compiling hmac v0.12.1
[INFO] [stderr]    Compiling event-listener v2.5.3
[INFO] [stderr]    Compiling syn v1.0.109
[INFO] [stderr]    Compiling webpki-roots v0.25.4
[INFO] [stderr]    Compiling hex v0.4.3
[INFO] [stderr]    Compiling minimal-lexical v0.2.1
[INFO] [stderr]    Compiling linux-raw-sys v0.9.2
[INFO] [stderr]    Compiling unicode-properties v0.1.3
[INFO] [stderr]    Compiling byteorder v1.5.0
[INFO] [stderr]    Compiling unicode-bidi v0.3.18
[INFO] [stderr]    Compiling rustversion v1.0.20
[INFO] [stderr]    Compiling tower-service v0.3.3
[INFO] [stderr]    Compiling uuid v1.16.0
[INFO] [stderr]    Compiling stringprep v0.1.5
[INFO] [stderr]    Compiling sqlx-core v0.7.4
[INFO] [stderr]    Compiling hkdf v0.12.4
[INFO] [stderr]    Compiling rand v0.9.0
[INFO] [stderr]    Compiling rand v0.8.5
[INFO] [stderr]    Compiling md-5 v0.10.6
[INFO] [stderr]    Compiling httparse v1.10.1
[INFO] [stderr]    Compiling tower-layer v0.3.3
[INFO] [stderr]    Compiling unicode-segmentation v1.12.0
[INFO] [stderr]    Compiling mime v0.3.17
[INFO] [stderr]    Compiling dotenvy v0.15.7
[INFO] [stderr]    Compiling strsim v0.11.1
[INFO] [stderr]    Compiling whoami v1.5.2
[INFO] [stderr]    Compiling fastrand v2.3.0
[INFO] [stderr]    Compiling home v0.5.11
[INFO] [stderr]    Compiling tempfile v3.18.0
[INFO] [stderr]    Compiling darling_core v0.20.10
[INFO] [stderr]    Compiling sqlx-postgres v0.7.4
[INFO] [stderr]    Compiling heck v0.4.1
[INFO] [stderr]    Compiling http-body-util v0.1.3
[INFO] [stderr]    Compiling aho-corasick v1.1.3
[INFO] [stderr]    Compiling httpdate v1.0.3
[INFO] [stderr]    Compiling sync_wrapper v1.0.2
[INFO] [stderr]    Compiling regex-syntax v0.8.5
[INFO] [stderr]    Compiling unicase v2.8.1
[INFO] [stderr]    Compiling mime_guess v2.0.5
[INFO] [stderr]    Compiling regex-automata v0.4.9
[INFO] [stderr]    Compiling sqlx-macros-core v0.7.4
[INFO] [stderr]    Compiling darling_macro v0.20.10
[INFO] [stderr]    Compiling cookie v0.18.1
[INFO] [stderr]    Compiling regex-automata v0.1.10
[INFO] [stderr]    Compiling hyper v1.6.0
[INFO] [stderr]    Compiling regex v1.11.1
[INFO] [stderr]    Compiling sqlx-macros v0.7.4
[INFO] [stderr]    Compiling darling v0.20.10
[INFO] [stderr]    Compiling axum-core v0.5.0
[INFO] [stderr]    Compiling futures-executor v0.3.31
[INFO] [stderr]    Compiling sdd v3.0.8
[INFO] [stderr]    Compiling lazy_static v1.5.0
[INFO] [stderr]    Compiling anyhow v1.0.97
[INFO] [stderr]    Compiling sharded-slab v0.1.7
[INFO] [stderr]    Compiling scc v2.3.3
[INFO] [stderr]    Compiling futures v0.3.31
[INFO] [stderr]    Compiling serde_with_macros v3.12.0
[INFO] [stderr]    Compiling hyper-util v0.1.10
[INFO] [stderr]    Compiling sqlx v0.7.4
[INFO] [stderr]    Compiling matchers v0.1.0
[INFO] [stderr]    Compiling lazy-regex-proc_macros v3.4.1
[INFO] [stderr]    Compiling tower v0.5.2
[INFO] [stderr]    Compiling serde_urlencoded v0.7.1
[INFO] [stderr]    Compiling tokio-util v0.7.14
[INFO] [stderr]    Compiling serde_path_to_error v0.1.17
[INFO] [stderr]    Compiling serial_test_derive v3.2.0
[INFO] [stderr]    Compiling axum-macros v0.5.0
[INFO] [stderr]    Compiling sqlb-macros v0.4.0
[INFO] [stderr]    Compiling async-trait v0.1.88
[INFO] [stderr]    Compiling tracing-log v0.2.0
[INFO] [stderr]    Compiling thread_local v1.1.8
[INFO] [stderr]    Compiling http-range-header v0.4.2
[INFO] [stderr]    Compiling matchit v0.8.4
[INFO] [stderr]    Compiling base64 v0.22.1
[INFO] [stderr]    Compiling heck v0.5.0
[INFO] [stderr]    Compiling tracing-subscriber v0.3.19
[INFO] [stderr]    Compiling strum_macros v0.27.1
[INFO] [stderr]    Compiling sqlb v0.4.0
[INFO] [stderr]    Compiling axum v0.8.1
[INFO] [stderr]    Compiling base64-url v3.0.0
[INFO] [stderr]    Compiling tower-http v0.6.2
[INFO] [stderr]    Compiling serial_test v3.2.0
[INFO] [stderr]    Compiling tower-cookies v0.11.0
[INFO] [stderr]    Compiling lazy-regex v3.4.1
[INFO] [stderr]    Compiling serde_with v3.12.0
[INFO] [stderr]    Compiling rust-full-stack v0.1.0 (/opt/rustwide/workdir)
[INFO] [stderr]     Finished `release` profile [optimized] target(s) in 6m 44s
[INFO] [stderr] warning: the following packages contain code that will be rejected by a future version of Rust: sqlx-postgres v0.7.4
[INFO] [stderr] note: to see what the problems were, use the option `--future-incompat-report`, or run `cargo report future-incompatibilities --id 2`
[INFO] running `Command { std: "docker" "inspect" "19a89a6e6ed479d9e5c2829e7260c317fc287fedb8a93840dc8a62fde4503326", kill_on_drop: false }`
[INFO] running `Command { std: "docker" "exec" "-e" "SOURCE_DIR=/opt/rustwide/workdir" "-e" "CARGO_HOME=/opt/rustwide/cargo-home" "-e" "RUSTUP_HOME=/opt/rustwide/rustup-home" "-e" "CARGO_TARGET_DIR=/opt/rustwide/target" "-e" "CARGO_INCREMENTAL=0" "-e" "RUST_BACKTRACE=full" "-e" "RUSTFLAGS=--cap-lints=warn" "-e" "RUSTDOCFLAGS=--cap-lints=warn" "-w" "/opt/rustwide/workdir" "--user" "0:0" "19a89a6e6ed479d9e5c2829e7260c317fc287fedb8a93840dc8a62fde4503326" "/opt/rustwide/cargo-home/bin/cargo" "+1.99.0-beta.8" "test" "--frozen" "--no-run" "--message-format=json" "--release", kill_on_drop: false }`
[INFO] [stderr]    Compiling pkg-config v0.3.32
[INFO] [stderr]    Compiling vcpkg v0.2.15
[INFO] [stderr]    Compiling idna v1.0.3
[INFO] [stderr]    Compiling tokio-util v0.7.14
[INFO] [stderr]    Compiling atomic-waker v1.1.2
[INFO] [stderr]    Compiling openssl v0.10.71
[INFO] [stderr]    Compiling try-lock v0.2.5
[INFO] [stderr]    Compiling openssl-macros v0.1.1
[INFO] [stderr]    Compiling want v0.3.1
[INFO] [stderr]    Compiling sync_wrapper v1.0.2
[INFO] [stderr]    Compiling native-tls v0.2.14
[INFO] [stderr]    Compiling openssl-probe v0.1.6
[INFO] [stderr]    Compiling psl-types v2.0.11
[INFO] [stderr]    Compiling litrs v0.4.1
[INFO] [stderr]    Compiling tower v0.5.2
[INFO] [stderr]    Compiling rustls-pki-types v1.11.0
[INFO] [stderr]    Compiling base64 v0.22.1
[INFO] [stderr]    Compiling url v2.5.4
[INFO] [stderr]    Compiling openssl-sys v0.9.106
[INFO] [stderr]    Compiling h2 v0.4.8
[INFO] [stderr]    Compiling document-features v0.2.11
[INFO] [stderr]    Compiling publicsuffix v2.3.0
[INFO] [stderr]    Compiling rustls-pemfile v2.2.0
[INFO] [stderr]    Compiling encoding_rs v0.8.35
[INFO] [stderr]    Compiling cookie_store v0.21.1
[INFO] [stderr]    Compiling sqlx-core v0.7.4
[INFO] [stderr]    Compiling ipnet v2.11.0
[INFO] [stderr]    Compiling axum-core v0.5.0
[INFO] [stderr]    Compiling tower-http v0.6.2
[INFO] [stderr]    Compiling base64-url v3.0.0
[INFO] [stderr]    Compiling sqlx-postgres v0.7.4
[INFO] [stderr]    Compiling tower-cookies v0.11.0
[INFO] [stderr]    Compiling tokio-native-tls v0.3.1
[INFO] [stderr]    Compiling hyper v1.6.0
[INFO] [stderr]    Compiling sqlx v0.7.4
[INFO] [stderr]    Compiling sqlb v0.4.0
[INFO] [stderr]    Compiling hyper-util v0.1.10
[INFO] [stderr]    Compiling hyper-tls v0.6.0
[INFO] [stderr]    Compiling reqwest v0.12.14
[INFO] [stderr]    Compiling axum v0.8.1
[INFO] [stderr]    Compiling reqwest_cookie_store v0.8.0
[INFO] [stderr]    Compiling httpc-test v0.1.10
[INFO] [stderr]    Compiling rust-full-stack v0.1.0 (/opt/rustwide/workdir)
[INFO] [stderr]     Finished `release` profile [optimized] target(s) in 2m 16s
[INFO] [stderr] warning: the following packages contain code that will be rejected by a future version of Rust: sqlx-postgres v0.7.4
[INFO] [stderr] note: to see what the problems were, use the option `--future-incompat-report`, or run `cargo report future-incompatibilities --id 2`
[INFO] running `Command { std: "docker" "inspect" "19a89a6e6ed479d9e5c2829e7260c317fc287fedb8a93840dc8a62fde4503326", kill_on_drop: false }`
[INFO] running `Command { std: "docker" "exec" "-e" "SOURCE_DIR=/opt/rustwide/workdir" "-e" "CARGO_HOME=/opt/rustwide/cargo-home" "-e" "RUSTUP_HOME=/opt/rustwide/rustup-home" "-e" "CARGO_TARGET_DIR=/opt/rustwide/target" "-e" "CARGO_INCREMENTAL=0" "-e" "RUST_BACKTRACE=full" "-e" "RUSTFLAGS=--cap-lints=warn" "-e" "RUSTDOCFLAGS=--cap-lints=warn" "-w" "/opt/rustwide/workdir" "--user" "0:0" "19a89a6e6ed479d9e5c2829e7260c317fc287fedb8a93840dc8a62fde4503326" "/opt/rustwide/cargo-home/bin/cargo" "+1.99.0-beta.8" "test" "--frozen" "--release", kill_on_drop: false }`
[INFO] [stderr]     Finished `release` profile [optimized] target(s) in 0.56s
[INFO] [stderr] warning: the following packages contain code that will be rejected by a future version of Rust: sqlx-postgres v0.7.4
[INFO] [stderr] note: to see what the problems were, use the option `--future-incompat-report`, or run `cargo report future-incompatibilities --id 2`
[INFO] [stderr]      Running unittests src/main.rs (/opt/rustwide/target/release/deps/rust_full_stack-18cd8d10f2f7df1e)
[INFO] [stdout] 
[INFO] [stdout] running 11 tests
[INFO] [stdout] test crypt::token::test::test_token_display_ok ... ok
[INFO] [stdout] test crypt::token::test::test_token_from_str_ok ... ok
[INFO] [stdout] test crypt::tests::test_encrypt_into_b64u_ok ... ok
[INFO] [stdout] test crypt::token::test::test_validate_web_token_err_expired ... FAILED
[INFO] [stdout] test crypt::token::test::test_validate_web_token_ok ... FAILED
[INFO] [stdout] test model::task::tests::test_create_ok ... FAILED
[INFO] [stdout] test model::task::tests::test_delete_err_not_found ... FAILED
[INFO] [stdout] test model::task::tests::test_get_err_not_found ... FAILED
[INFO] [stdout] test model::task::tests::test_list_ok ... FAILED
[INFO] [stdout] test model::task::tests::test_update_ok ... FAILED
[INFO] [stdout] test model::user::tests::test_first_ok_demo1 ... FAILED
[INFO] [stdout] 
[INFO] [stdout] failures:
[INFO] [stdout] 
[INFO] [stdout] ---- crypt::token::test::test_validate_web_token_err_expired stdout ----
[INFO] [stdout] 
[INFO] [stdout] thread 'crypt::token::test::test_validate_web_token_err_expired' (5814) panicked at src/config.rs:8:34:
[INFO] [stdout] FATAL -EHILR LOADING CONF - Cause ConfigMissingEnv("SERVICE_PWD_KEY")
[INFO] [stdout] stack backtrace:
[INFO] [stdout]    0:     0x64f6633fe041 - <<std[70759c8f55707aa4]::sys::backtrace::BacktraceLock>::print::DisplayBacktrace as core[df12db4294e9bfd3]::fmt::Display>::fmt
[INFO] [stdout]    1:     0x64f66341652a - core[df12db4294e9bfd3]::fmt::write
[INFO] [stdout]    2:     0x64f66340323c - <alloc[2182bb758b4b3781]::vec::Vec<u8> as core[df12db4294e9bfd3]::io::write::Write>::write_fmt
[INFO] [stdout]    3:     0x64f6633d7e16 - std[70759c8f55707aa4]::panicking::default_hook::{closure#0}
[INFO] [stdout]    4:     0x64f6633f5579 - std[70759c8f55707aa4]::panicking::default_hook
[INFO] [stdout]    5:     0x64f6631ffd70 - test[9d35eded1c95d3be]::test_main_inner::<test[9d35eded1c95d3be]::test_main_static::{closure#0}>::{closure#0}
[INFO] [stdout]    6:     0x64f6633f58a2 - std[70759c8f55707aa4]::panicking::panic_with_hook
[INFO] [stdout]    7:     0x64f6633d7ec2 - std[70759c8f55707aa4]::panicking::panic_handler::{closure#0}
[INFO] [stdout]    8:     0x64f6633d03a9 - std[70759c8f55707aa4]::sys::backtrace::__rust_end_short_backtrace::<std[70759c8f55707aa4]::panicking::panic_handler::{closure#0}, !>
[INFO] [stdout]    9:     0x64f6633d8dbd - __rustc[8fa7c3cbc660c2b3]::rust_begin_unwind
[INFO] [stdout]   10:     0x64f663416c8c - core[df12db4294e9bfd3]::panicking::panic_fmt
[INFO] [stdout]   11:     0x64f6631eb7f4 - rust_full_stack[432ea814841a3f12]::config::config::{closure#0}::{closure#0}
[INFO] [stdout]   12:     0x64f6631ea70b - <std[70759c8f55707aa4]::sync::once::Once>::call_once_force::<<std[70759c8f55707aa4]::sync::once_lock::OnceLock<rust_full_stack[432ea814841a3f12]::config::Config>>::initialize<<std[70759c8f55707aa4]::sync::once_lock::OnceLock<rust_full_stack[432ea814841a3f12]::config::Config>>::get_or_init<rust_full_stack[432ea814841a3f12]::config::config::{closure#0}>::{closure#0}, !>::{closure#0}>::{closure#0}
[INFO] [stdout]   13:     0x64f6633de0e9 - <std[70759c8f55707aa4]::sys::sync::once::futex::Once>::call
[INFO] [stdout]   14:     0x64f6631e7679 - <std[70759c8f55707aa4]::sync::once_lock::OnceLock<rust_full_stack[432ea814841a3f12]::config::Config>>::initialize::<<std[70759c8f55707aa4]::sync::once_lock::OnceLock<rust_full_stack[432ea814841a3f12]::config::Config>>::get_or_init<rust_full_stack[432ea814841a3f12]::config::config::{closure#0}>::{closure#0}, !>
[INFO] [stdout]   15:     0x64f6631bcef8 - <rust_full_stack[432ea814841a3f12]::crypt::token::test::test_validate_web_token_err_expired::{closure#0} as core[df12db4294e9bfd3]::ops::function::FnOnce<()>>::call_once
[INFO] [stdout]   16:     0x64f6631f305b - test[9d35eded1c95d3be]::__rust_begin_short_backtrace::<core[df12db4294e9bfd3]::result::Result<(), alloc[2182bb758b4b3781]::string::String>, fn() -> core[df12db4294e9bfd3]::result::Result<(), alloc[2182bb758b4b3781]::string::String>>
[INFO] [stdout]   17:     0x64f6632006c5 - test[9d35eded1c95d3be]::run_test::{closure#0}
[INFO] [stdout]   18:     0x64f6631f9f84 - std[70759c8f55707aa4]::sys::backtrace::__rust_begin_short_backtrace::<test[9d35eded1c95d3be]::run_test::{closure#1}, ()>
[INFO] [stdout]   19:     0x64f663203822 - <std[70759c8f55707aa4]::thread::lifecycle::spawn_unchecked<test[9d35eded1c95d3be]::run_test::{closure#1}, ()>::{closure#1} as core[df12db4294e9bfd3]::ops::function::FnOnce<()>>::call_once::{shim:vtable#0}
[INFO] [stdout]   20:     0x64f6633fced9 - <std[70759c8f55707aa4]::sys::thread::unix::Thread>::new::thread_start
[INFO] [stdout]   21:     0x71d669c69dfa - <unknown>
[INFO] [stdout]   22:     0x71d669cfd3d4 - clone
[INFO] [stdout]   23:                0x0 - <unknown>
[INFO] [stdout] 
[INFO] [stdout] ---- crypt::token::test::test_validate_web_token_ok stdout ----
[INFO] [stdout] 
[INFO] [stdout] thread 'crypt::token::test::test_validate_web_token_ok' (5815) panicked at src/config.rs:8:34:
[INFO] [stdout] FATAL -EHILR LOADING CONF - Cause ConfigMissingEnv("SERVICE_PWD_KEY")
[INFO] [stdout] stack backtrace:
[INFO] [stdout]    0:     0x64f6633fe041 - <<std[70759c8f55707aa4]::sys::backtrace::BacktraceLock>::print::DisplayBacktrace as core[df12db4294e9bfd3]::fmt::Display>::fmt
[INFO] [stdout]    1:     0x64f66341652a - core[df12db4294e9bfd3]::fmt::write
[INFO] [stdout]    2:     0x64f66340323c - <alloc[2182bb758b4b3781]::vec::Vec<u8> as core[df12db4294e9bfd3]::io::write::Write>::write_fmt
[INFO] [stdout]    3:     0x64f6633d7e16 - std[70759c8f55707aa4]::panicking::default_hook::{closure#0}
[INFO] [stdout]    4:     0x64f6633f5579 - std[70759c8f55707aa4]::panicking::default_hook
[INFO] [stdout]    5:     0x64f6631ffd70 - test[9d35eded1c95d3be]::test_main_inner::<test[9d35eded1c95d3be]::test_main_static::{closure#0}>::{closure#0}
[INFO] [stdout]    6:     0x64f6633f58a2 - std[70759c8f55707aa4]::panicking::panic_with_hook
[INFO] [stdout]    7:     0x64f6633d7ec2 - std[70759c8f55707aa4]::panicking::panic_handler::{closure#0}
[INFO] [stdout]    8:     0x64f6633d03a9 - std[70759c8f55707aa4]::sys::backtrace::__rust_end_short_backtrace::<std[70759c8f55707aa4]::panicking::panic_handler::{closure#0}, !>
[INFO] [stdout]    9:     0x64f6633d8dbd - __rustc[8fa7c3cbc660c2b3]::rust_begin_unwind
[INFO] [stdout]   10:     0x64f663416c8c - core[df12db4294e9bfd3]::panicking::panic_fmt
[INFO] [stdout]   11:     0x64f6631eb7f4 - rust_full_stack[432ea814841a3f12]::config::config::{closure#0}::{closure#0}
[INFO] [stdout]   12:     0x64f6631ea70b - <std[70759c8f55707aa4]::sync::once::Once>::call_once_force::<<std[70759c8f55707aa4]::sync::once_lock::OnceLock<rust_full_stack[432ea814841a3f12]::config::Config>>::initialize<<std[70759c8f55707aa4]::sync::once_lock::OnceLock<rust_full_stack[432ea814841a3f12]::config::Config>>::get_or_init<rust_full_stack[432ea814841a3f12]::config::config::{closure#0}>::{closure#0}, !>::{closure#0}>::{closure#0}
[INFO] [stdout]   13:     0x64f6633de0e9 - <std[70759c8f55707aa4]::sys::sync::once::futex::Once>::call
[INFO] [stdout]   14:     0x64f6631e7679 - <std[70759c8f55707aa4]::sync::once_lock::OnceLock<rust_full_stack[432ea814841a3f12]::config::Config>>::initialize::<<std[70759c8f55707aa4]::sync::once_lock::OnceLock<rust_full_stack[432ea814841a3f12]::config::Config>>::get_or_init<rust_full_stack[432ea814841a3f12]::config::config::{closure#0}>::{closure#0}, !>
[INFO] [stdout]   15:     0x64f6631bccd3 - <rust_full_stack[432ea814841a3f12]::crypt::token::test::test_validate_web_token_ok::{closure#0} as core[df12db4294e9bfd3]::ops::function::FnOnce<()>>::call_once
[INFO] [stdout]   16:     0x64f6631f305b - test[9d35eded1c95d3be]::__rust_begin_short_backtrace::<core[df12db4294e9bfd3]::result::Result<(), alloc[2182bb758b4b3781]::string::String>, fn() -> core[df12db4294e9bfd3]::result::Result<(), alloc[2182bb758b4b3781]::string::String>>
[INFO] [stdout]   17:     0x64f6632006c5 - test[9d35eded1c95d3be]::run_test::{closure#0}
[INFO] [stdout]   18:     0x64f6631f9f84 - std[70759c8f55707aa4]::sys::backtrace::__rust_begin_short_backtrace::<test[9d35eded1c95d3be]::run_test::{closure#1}, ()>
[INFO] [stdout]   19:     0x64f663203822 - <std[70759c8f55707aa4]::thread::lifecycle::spawn_unchecked<test[9d35eded1c95d3be]::run_test::{closure#1}, ()>::{closure#1} as core[df12db4294e9bfd3]::ops::function::FnOnce<()>>::call_once::{shim:vtable#0}
[INFO] [stdout]   20:     0x64f6633fced9 - <std[70759c8f55707aa4]::sys::thread::unix::Thread>::new::thread_start
[INFO] [stdout]   21:     0x71d669c69dfa - <unknown>
[INFO] [stdout]   22:     0x71d669cfd3d4 - clone
[INFO] [stdout]   23:                0x0 - <unknown>
[INFO] [stdout] 
[INFO] [stdout] ---- model::task::tests::test_create_ok stdout ----
[INFO] [stdout] 
[INFO] [stdout] thread 'model::task::tests::test_create_ok' (5816) panicked at src/_dev_utils/mod.rs:21:37:
[INFO] [stdout] called `Result::unwrap()` on an `Err` value: PoolTimedOut
[INFO] [stdout] stack backtrace:
[INFO] [stdout]    0:     0x64f6633fe041 - <<std[70759c8f55707aa4]::sys::backtrace::BacktraceLock>::print::DisplayBacktrace as core[df12db4294e9bfd3]::fmt::Display>::fmt
[INFO] [stdout]    1:     0x64f66341652a - core[df12db4294e9bfd3]::fmt::write
[INFO] [stdout]    2:     0x64f66340323c - <alloc[2182bb758b4b3781]::vec::Vec<u8> as core[df12db4294e9bfd3]::io::write::Write>::write_fmt
[INFO] [stdout]    3:     0x64f6633d7e16 - std[70759c8f55707aa4]::panicking::default_hook::{closure#0}
[INFO] [stdout]    4:     0x64f6633f5579 - std[70759c8f55707aa4]::panicking::default_hook
[INFO] [stdout]    5:     0x64f6631ffd70 - test[9d35eded1c95d3be]::test_main_inner::<test[9d35eded1c95d3be]::test_main_static::{closure#0}>::{closure#0}
[INFO] [stdout]    6:     0x64f6633f58a2 - std[70759c8f55707aa4]::panicking::panic_with_hook
[INFO] [stdout]    7:     0x64f6633d7ec2 - std[70759c8f55707aa4]::panicking::panic_handler::{closure#0}
[INFO] [stdout]    8:     0x64f6633d03a9 - std[70759c8f55707aa4]::sys::backtrace::__rust_end_short_backtrace::<std[70759c8f55707aa4]::panicking::panic_handler::{closure#0}, !>
[INFO] [stdout]    9:     0x64f6633d8dbd - __rustc[8fa7c3cbc660c2b3]::rust_begin_unwind
[INFO] [stdout]   10:     0x64f663416c8c - core[df12db4294e9bfd3]::panicking::panic_fmt
[INFO] [stdout]   11:     0x64f663416a62 - core[df12db4294e9bfd3]::result::unwrap_failed
[INFO] [stdout]   12:     0x64f6631896ec - rust_full_stack[432ea814841a3f12]::_dev_utils::init_test::{closure#0}
[INFO] [stdout]   13:     0x64f66318f319 - rust_full_stack[432ea814841a3f12]::model::task::tests::test_create_ok::{closure#0}
[INFO] [stdout]   14:     0x64f6631dc4b8 - <tokio[ddbfa50b52a847d3]::runtime::scheduler::current_thread::Context>::enter::<core[df12db4294e9bfd3]::task::poll::Poll<core[df12db4294e9bfd3]::result::Result<(), anyhow[9d842fa29431c336]::Error>>, <tokio[ddbfa50b52a847d3]::runtime::scheduler::current_thread::CoreGuard>::block_on<core[df12db4294e9bfd3]::pin::Pin<&mut core[df12db4294e9bfd3]::pin::Pin<&mut dyn core[df12db4294e9bfd3]::future::future::Future<Output = core[df12db4294e9bfd3]::result::Result<(), anyhow[9d842fa29431c336]::Error>>>>>::{closure#0}::{closure#0}>
[INFO] [stdout]   15:     0x64f6631cf3ef - <std[70759c8f55707aa4]::thread::local::LocalKey<tokio[ddbfa50b52a847d3]::runtime::context::Context>>::with::<tokio[ddbfa50b52a847d3]::runtime::context::set_scheduler<(alloc[2182bb758b4b3781]::boxed::Box<tokio[ddbfa50b52a847d3]::runtime::scheduler::current_thread::Core>, core[df12db4294e9bfd3]::option::Option<core[df12db4294e9bfd3]::result::Result<(), anyhow[9d842fa29431c336]::Error>>), <tokio[ddbfa50b52a847d3]::runtime::scheduler::current_thread::CoreGuard>::enter<<tokio[ddbfa50b52a847d3]::runtime::scheduler::current_thread::CoreGuard>::block_on<core[df12db4294e9bfd3]::pin::Pin<&mut core[df12db4294e9bfd3]::pin::Pin<&mut dyn core[df12db4294e9bfd3]::future::future::Future<Output = core[df12db4294e9bfd3]::result::Result<(), anyhow[9d842fa29431c336]::Error>>>>>::{closure#0}, core[df12db4294e9bfd3]::option::Option<core[df12db4294e9bfd3]::result::Result<(), anyhow[9d842fa29431c336]::Error>>>::{closure#0}>::{closure#0}, (alloc[2182bb758b4b3781]::boxed::Box<tokio[ddbfa50b52a847d3]::runtime::scheduler::current_thread::Core>, core[df12db4294e9bfd3]::option::Option<core[df12db4294e9bfd3]::result::Result<(), anyhow[9d842fa29431c336]::Error>>)>
[INFO] [stdout]   16:     0x64f6631dcb2e - <tokio[ddbfa50b52a847d3]::runtime::scheduler::current_thread::CoreGuard>::block_on::<core[df12db4294e9bfd3]::pin::Pin<&mut core[df12db4294e9bfd3]::pin::Pin<&mut dyn core[df12db4294e9bfd3]::future::future::Future<Output = core[df12db4294e9bfd3]::result::Result<(), anyhow[9d842fa29431c336]::Error>>>>>
[INFO] [stdout]   17:     0x64f6631d1351 - tokio[ddbfa50b52a847d3]::runtime::context::runtime::enter_runtime::<<tokio[ddbfa50b52a847d3]::runtime::scheduler::current_thread::CurrentThread>::block_on<core[df12db4294e9bfd3]::pin::Pin<&mut dyn core[df12db4294e9bfd3]::future::future::Future<Output = core[df12db4294e9bfd3]::result::Result<(), anyhow[9d842fa29431c336]::Error>>>>::{closure#0}, core[df12db4294e9bfd3]::result::Result<(), anyhow[9d842fa29431c336]::Error>>
[INFO] [stdout]   18:     0x64f6631e7705 - <tokio[ddbfa50b52a847d3]::runtime::runtime::Runtime>::block_on::<core[df12db4294e9bfd3]::pin::Pin<&mut dyn core[df12db4294e9bfd3]::future::future::Future<Output = core[df12db4294e9bfd3]::result::Result<(), anyhow[9d842fa29431c336]::Error>>>>
[INFO] [stdout]   19:     0x64f663191ae9 - rust_full_stack[432ea814841a3f12]::model::task::tests::test_create_ok
[INFO] [stdout]   20:     0x64f6631bcfef - <rust_full_stack[432ea814841a3f12]::model::task::tests::test_create_ok::{closure#0} as core[df12db4294e9bfd3]::ops::function::FnOnce<()>>::call_once
[INFO] [stdout]   21:     0x64f6631f305b - test[9d35eded1c95d3be]::__rust_begin_short_backtrace::<core[df12db4294e9bfd3]::result::Result<(), alloc[2182bb758b4b3781]::string::String>, fn() -> core[df12db4294e9bfd3]::result::Result<(), alloc[2182bb758b4b3781]::string::String>>
[INFO] [stdout]   22:     0x64f6632006c5 - test[9d35eded1c95d3be]::run_test::{closure#0}
[INFO] [stdout]   23:     0x64f6631f9f84 - std[70759c8f55707aa4]::sys::backtrace::__rust_begin_short_backtrace::<test[9d35eded1c95d3be]::run_test::{closure#1}, ()>
[INFO] [stdout]   24:     0x64f663203822 - <std[70759c8f55707aa4]::thread::lifecycle::spawn_unchecked<test[9d35eded1c95d3be]::run_test::{closure#1}, ()>::{closure#1} as core[df12db4294e9bfd3]::ops::function::FnOnce<()>>::call_once::{shim:vtable#0}
[INFO] [stdout]   25:     0x64f6633fced9 - <std[70759c8f55707aa4]::sys::thread::unix::Thread>::new::thread_start
[INFO] [stdout]   26:     0x71d669c69dfa - <unknown>
[INFO] [stdout]   27:     0x71d669cfd3d4 - clone
[INFO] [stdout]   28:                0x0 - <unknown>
[INFO] [stdout] 
[INFO] [stdout] ---- model::task::tests::test_delete_err_not_found stdout ----
[INFO] [stdout] 
[INFO] [stdout] thread 'model::task::tests::test_delete_err_not_found' (5817) panicked at src/_dev_utils/mod.rs:21:37:
[INFO] [stdout] called `Result::unwrap()` on an `Err` value: PoolTimedOut
[INFO] [stdout] stack backtrace:
[INFO] [stdout]    0:     0x64f6633fe041 - <<std[70759c8f55707aa4]::sys::backtrace::BacktraceLock>::print::DisplayBacktrace as core[df12db4294e9bfd3]::fmt::Display>::fmt
[INFO] [stdout]    1:     0x64f66341652a - core[df12db4294e9bfd3]::fmt::write
[INFO] [stdout]    2:     0x64f66340323c - <alloc[2182bb758b4b3781]::vec::Vec<u8> as core[df12db4294e9bfd3]::io::write::Write>::write_fmt
[INFO] [stdout]    3:     0x64f6633d7e16 - std[70759c8f55707aa4]::panicking::default_hook::{closure#0}
[INFO] [stdout]    4:     0x64f6633f5579 - std[70759c8f55707aa4]::panicking::default_hook
[INFO] [stdout]    5:     0x64f6631ffd70 - test[9d35eded1c95d3be]::test_main_inner::<test[9d35eded1c95d3be]::test_main_static::{closure#0}>::{closure#0}
[INFO] [stdout]    6:     0x64f6633f58a2 - std[70759c8f55707aa4]::panicking::panic_with_hook
[INFO] [stdout]    7:     0x64f6633d7ec2 - std[70759c8f55707aa4]::panicking::panic_handler::{closure#0}
[INFO] [stdout]    8:     0x64f6633d03a9 - std[70759c8f55707aa4]::sys::backtrace::__rust_end_short_backtrace::<std[70759c8f55707aa4]::panicking::panic_handler::{closure#0}, !>
[INFO] [stdout]    9:     0x64f6633d8dbd - __rustc[8fa7c3cbc660c2b3]::rust_begin_unwind
[INFO] [stdout]   10:     0x64f663416c8c - core[df12db4294e9bfd3]::panicking::panic_fmt
[INFO] [stdout]   11:     0x64f663416a62 - core[df12db4294e9bfd3]::result::unwrap_failed
[INFO] [stdout]   12:     0x64f6631896ec - rust_full_stack[432ea814841a3f12]::_dev_utils::init_test::{closure#0}
[INFO] [stdout]   13:     0x64f663191344 - rust_full_stack[432ea814841a3f12]::model::task::tests::test_delete_err_not_found::{closure#0}
[INFO] [stdout]   14:     0x64f6631dc4b8 - <tokio[ddbfa50b52a847d3]::runtime::scheduler::current_thread::Context>::enter::<core[df12db4294e9bfd3]::task::poll::Poll<core[df12db4294e9bfd3]::result::Result<(), anyhow[9d842fa29431c336]::Error>>, <tokio[ddbfa50b52a847d3]::runtime::scheduler::current_thread::CoreGuard>::block_on<core[df12db4294e9bfd3]::pin::Pin<&mut core[df12db4294e9bfd3]::pin::Pin<&mut dyn core[df12db4294e9bfd3]::future::future::Future<Output = core[df12db4294e9bfd3]::result::Result<(), anyhow[9d842fa29431c336]::Error>>>>>::{closure#0}::{closure#0}>
[INFO] [stdout]   15:     0x64f6631cf3ef - <std[70759c8f55707aa4]::thread::local::LocalKey<tokio[ddbfa50b52a847d3]::runtime::context::Context>>::with::<tokio[ddbfa50b52a847d3]::runtime::context::set_scheduler<(alloc[2182bb758b4b3781]::boxed::Box<tokio[ddbfa50b52a847d3]::runtime::scheduler::current_thread::Core>, core[df12db4294e9bfd3]::option::Option<core[df12db4294e9bfd3]::result::Result<(), anyhow[9d842fa29431c336]::Error>>), <tokio[ddbfa50b52a847d3]::runtime::scheduler::current_thread::CoreGuard>::enter<<tokio[ddbfa50b52a847d3]::runtime::scheduler::current_thread::CoreGuard>::block_on<core[df12db4294e9bfd3]::pin::Pin<&mut core[df12db4294e9bfd3]::pin::Pin<&mut dyn core[df12db4294e9bfd3]::future::future::Future<Output = core[df12db4294e9bfd3]::result::Result<(), anyhow[9d842fa29431c336]::Error>>>>>::{closure#0}, core[df12db4294e9bfd3]::option::Option<core[df12db4294e9bfd3]::result::Result<(), anyhow[9d842fa29431c336]::Error>>>::{closure#0}>::{closure#0}, (alloc[2182bb758b4b3781]::boxed::Box<tokio[ddbfa50b52a847d3]::runtime::scheduler::current_thread::Core>, core[df12db4294e9bfd3]::option::Option<core[df12db4294e9bfd3]::result::Result<(), anyhow[9d842fa29431c336]::Error>>)>
[INFO] [stdout]   16:     0x64f6631dcb2e - <tokio[ddbfa50b52a847d3]::runtime::scheduler::current_thread::CoreGuard>::block_on::<core[df12db4294e9bfd3]::pin::Pin<&mut core[df12db4294e9bfd3]::pin::Pin<&mut dyn core[df12db4294e9bfd3]::future::future::Future<Output = core[df12db4294e9bfd3]::result::Result<(), anyhow[9d842fa29431c336]::Error>>>>>
[INFO] [stdout]   17:     0x64f6631d1351 - tokio[ddbfa50b52a847d3]::runtime::context::runtime::enter_runtime::<<tokio[ddbfa50b52a847d3]::runtime::scheduler::current_thread::CurrentThread>::block_on<core[df12db4294e9bfd3]::pin::Pin<&mut dyn core[df12db4294e9bfd3]::future::future::Future<Output = core[df12db4294e9bfd3]::result::Result<(), anyhow[9d842fa29431c336]::Error>>>>::{closure#0}, core[df12db4294e9bfd3]::result::Result<(), anyhow[9d842fa29431c336]::Error>>
[INFO] [stdout]   18:     0x64f6631e7705 - <tokio[ddbfa50b52a847d3]::runtime::runtime::Runtime>::block_on::<core[df12db4294e9bfd3]::pin::Pin<&mut dyn core[df12db4294e9bfd3]::future::future::Future<Output = core[df12db4294e9bfd3]::result::Result<(), anyhow[9d842fa29431c336]::Error>>>>
[INFO] [stdout]   19:     0x64f663191f69 - rust_full_stack[432ea814841a3f12]::model::task::tests::test_delete_err_not_found
[INFO] [stdout]   20:     0x64f6631bd1ff - <rust_full_stack[432ea814841a3f12]::model::task::tests::test_delete_err_not_found::{closure#0} as core[df12db4294e9bfd3]::ops::function::FnOnce<()>>::call_once
[INFO] [stdout]   21:     0x64f6631f305b - test[9d35eded1c95d3be]::__rust_begin_short_backtrace::<core[df12db4294e9bfd3]::result::Result<(), alloc[2182bb758b4b3781]::string::String>, fn() -> core[df12db4294e9bfd3]::result::Result<(), alloc[2182bb758b4b3781]::string::String>>
[INFO] [stdout]   22:     0x64f6632006c5 - test[9d35eded1c95d3be]::run_test::{closure#0}
[INFO] [stdout]   23:     0x64f6631f9f84 - std[70759c8f55707aa4]::sys::backtrace::__rust_begin_short_backtrace::<test[9d35eded1c95d3be]::run_test::{closure#1}, ()>
[INFO] [stdout]   24:     0x64f663203822 - <std[70759c8f55707aa4]::thread::lifecycle::spawn_unchecked<test[9d35eded1c95d3be]::run_test::{closure#1}, ()>::{closure#1} as core[df12db4294e9bfd3]::ops::function::FnOnce<()>>::call_once::{shim:vtable#0}
[INFO] [stdout]   25:     0x64f6633fced9 - <std[70759c8f55707aa4]::sys::thread::unix::Thread>::new::thread_start
[INFO] [stdout]   26:     0x71d669c69dfa - <unknown>
[INFO] [stdout]   27:     0x71d669cfd3d4 - clone
[INFO] [stdout]   28:                0x0 - <unknown>
[INFO] [stdout] 
[INFO] [stdout] ---- model::task::tests::test_get_err_not_found stdout ----
[INFO] [stdout] 
[INFO] [stdout] thread 'model::task::tests::test_get_err_not_found' (5818) panicked at src/_dev_utils/mod.rs:21:37:
[INFO] [stdout] called `Result::unwrap()` on an `Err` value: PoolTimedOut
[INFO] [stdout] stack backtrace:
[INFO] [stdout]    0:     0x64f6633fe041 - <<std[70759c8f55707aa4]::sys::backtrace::BacktraceLock>::print::DisplayBacktrace as core[df12db4294e9bfd3]::fmt::Display>::fmt
[INFO] [stdout]    1:     0x64f66341652a - core[df12db4294e9bfd3]::fmt::write
[INFO] [stdout]    2:     0x64f66340323c - <alloc[2182bb758b4b3781]::vec::Vec<u8> as core[df12db4294e9bfd3]::io::write::Write>::write_fmt
[INFO] [stdout]    3:     0x64f6633d7e16 - std[70759c8f55707aa4]::panicking::default_hook::{closure#0}
[INFO] [stdout]    4:     0x64f6633f5579 - std[70759c8f55707aa4]::panicking::default_hook
[INFO] [stdout]    5:     0x64f6631ffd70 - test[9d35eded1c95d3be]::test_main_inner::<test[9d35eded1c95d3be]::test_main_static::{closure#0}>::{closure#0}
[INFO] [stdout]    6:     0x64f6633f58a2 - std[70759c8f55707aa4]::panicking::panic_with_hook
[INFO] [stdout]    7:     0x64f6633d7ec2 - std[70759c8f55707aa4]::panicking::panic_handler::{closure#0}
[INFO] [stdout]    8:     0x64f6633d03a9 - std[70759c8f55707aa4]::sys::backtrace::__rust_end_short_backtrace::<std[70759c8f55707aa4]::panicking::panic_handler::{closure#0}, !>
[INFO] [stdout]    9:     0x64f6633d8dbd - __rustc[8fa7c3cbc660c2b3]::rust_begin_unwind
[INFO] [stdout]   10:     0x64f663416c8c - core[df12db4294e9bfd3]::panicking::panic_fmt
[INFO] [stdout]   11:     0x64f663416a62 - core[df12db4294e9bfd3]::result::unwrap_failed
[INFO] [stdout]   12:     0x64f6631896ec - rust_full_stack[432ea814841a3f12]::_dev_utils::init_test::{closure#0}
[INFO] [stdout]   13:     0x64f663190cf4 - rust_full_stack[432ea814841a3f12]::model::task::tests::test_get_err_not_found::{closure#0}
[INFO] [stdout]   14:     0x64f6631dc4b8 - <tokio[ddbfa50b52a847d3]::runtime::scheduler::current_thread::Context>::enter::<core[df12db4294e9bfd3]::task::poll::Poll<core[df12db4294e9bfd3]::result::Result<(), anyhow[9d842fa29431c336]::Error>>, <tokio[ddbfa50b52a847d3]::runtime::scheduler::current_thread::CoreGuard>::block_on<core[df12db4294e9bfd3]::pin::Pin<&mut core[df12db4294e9bfd3]::pin::Pin<&mut dyn core[df12db4294e9bfd3]::future::future::Future<Output = core[df12db4294e9bfd3]::result::Result<(), anyhow[9d842fa29431c336]::Error>>>>>::{closure#0}::{closure#0}>
[INFO] [stdout]   15:     0x64f6631cf3ef - <std[70759c8f55707aa4]::thread::local::LocalKey<tokio[ddbfa50b52a847d3]::runtime::context::Context>>::with::<tokio[ddbfa50b52a847d3]::runtime::context::set_scheduler<(alloc[2182bb758b4b3781]::boxed::Box<tokio[ddbfa50b52a847d3]::runtime::scheduler::current_thread::Core>, core[df12db4294e9bfd3]::option::Option<core[df12db4294e9bfd3]::result::Result<(), anyhow[9d842fa29431c336]::Error>>), <tokio[ddbfa50b52a847d3]::runtime::scheduler::current_thread::CoreGuard>::enter<<tokio[ddbfa50b52a847d3]::runtime::scheduler::current_thread::CoreGuard>::block_on<core[df12db4294e9bfd3]::pin::Pin<&mut core[df12db4294e9bfd3]::pin::Pin<&mut dyn core[df12db4294e9bfd3]::future::future::Future<Output = core[df12db4294e9bfd3]::result::Result<(), anyhow[9d842fa29431c336]::Error>>>>>::{closure#0}, core[df12db4294e9bfd3]::option::Option<core[df12db4294e9bfd3]::result::Result<(), anyhow[9d842fa29431c336]::Error>>>::{closure#0}>::{closure#0}, (alloc[2182bb758b4b3781]::boxed::Box<tokio[ddbfa50b52a847d3]::runtime::scheduler::current_thread::Core>, core[df12db4294e9bfd3]::option::Option<core[df12db4294e9bfd3]::result::Result<(), anyhow[9d842fa29431c336]::Error>>)>
[INFO] [stdout]   16:     0x64f6631dcb2e - <tokio[ddbfa50b52a847d3]::runtime::scheduler::current_thread::CoreGuard>::block_on::<core[df12db4294e9bfd3]::pin::Pin<&mut core[df12db4294e9bfd3]::pin::Pin<&mut dyn core[df12db4294e9bfd3]::future::future::Future<Output = core[df12db4294e9bfd3]::result::Result<(), anyhow[9d842fa29431c336]::Error>>>>>
[INFO] [stdout]   17:     0x64f6631d1351 - tokio[ddbfa50b52a847d3]::runtime::context::runtime::enter_runtime::<<tokio[ddbfa50b52a847d3]::runtime::scheduler::current_thread::CurrentThread>::block_on<core[df12db4294e9bfd3]::pin::Pin<&mut dyn core[df12db4294e9bfd3]::future::future::Future<Output = core[df12db4294e9bfd3]::result::Result<(), anyhow[9d842fa29431c336]::Error>>>>::{closure#0}, core[df12db4294e9bfd3]::result::Result<(), anyhow[9d842fa29431c336]::Error>>
[INFO] [stdout]   18:     0x64f6631e7705 - <tokio[ddbfa50b52a847d3]::runtime::runtime::Runtime>::block_on::<core[df12db4294e9bfd3]::pin::Pin<&mut dyn core[df12db4294e9bfd3]::future::future::Future<Output = core[df12db4294e9bfd3]::result::Result<(), anyhow[9d842fa29431c336]::Error>>>>
[INFO] [stdout]   19:     0x64f663191de9 - rust_full_stack[432ea814841a3f12]::model::task::tests::test_get_err_not_found
[INFO] [stdout]   20:     0x64f6631bd14f - <rust_full_stack[432ea814841a3f12]::model::task::tests::test_get_err_not_found::{closure#0} as core[df12db4294e9bfd3]::ops::function::FnOnce<()>>::call_once
[INFO] [stdout]   21:     0x64f6631f305b - test[9d35eded1c95d3be]::__rust_begin_short_backtrace::<core[df12db4294e9bfd3]::result::Result<(), alloc[2182bb758b4b3781]::string::String>, fn() -> core[df12db4294e9bfd3]::result::Result<(), alloc[2182bb758b4b3781]::string::String>>
[INFO] [stdout]   22:     0x64f6632006c5 - test[9d35eded1c95d3be]::run_test::{closure#0}
[INFO] [stdout]   23:     0x64f6631f9f84 - std[70759c8f55707aa4]::sys::backtrace::__rust_begin_short_backtrace::<test[9d35eded1c95d3be]::run_test::{closure#1}, ()>
[INFO] [stdout]   24:     0x64f663203822 - <std[70759c8f55707aa4]::thread::lifecycle::spawn_unchecked<test[9d35eded1c95d3be]::run_test::{closure#1}, ()>::{closure#1} as core[df12db4294e9bfd3]::ops::function::FnOnce<()>>::call_once::{shim:vtable#0}
[INFO] [stdout]   25:     0x64f6633fced9 - <std[70759c8f55707aa4]::sys::thread::unix::Thread>::new::thread_start
[INFO] [stdout]   26:     0x71d669c69dfa - <unknown>
[INFO] [stdout]   27:     0x71d669cfd3d4 - clone
[INFO] [stdout]   28:                0x0 - <unknown>
[INFO] [stdout] 
[INFO] [stdout] ---- model::task::tests::test_list_ok stdout ----
[INFO] [stdout] 
[INFO] [stdout] thread 'model::task::tests::test_list_ok' (5819) panicked at src/_dev_utils/mod.rs:21:37:
[INFO] [stdout] called `Result::unwrap()` on an `Err` value: PoolTimedOut
[INFO] [stdout] stack backtrace:
[INFO] [stdout]    0:     0x64f6633fe041 - <<std[70759c8f55707aa4]::sys::backtrace::BacktraceLock>::print::DisplayBacktrace as core[df12db4294e9bfd3]::fmt::Display>::fmt
[INFO] [stdout]    1:     0x64f66341652a - core[df12db4294e9bfd3]::fmt::write
[INFO] [stdout]    2:     0x64f66340323c - <alloc[2182bb758b4b3781]::vec::Vec<u8> as core[df12db4294e9bfd3]::io::write::Write>::write_fmt
[INFO] [stdout]    3:     0x64f6633d7e16 - std[70759c8f55707aa4]::panicking::default_hook::{closure#0}
[INFO] [stdout]    4:     0x64f6633f5579 - std[70759c8f55707aa4]::panicking::default_hook
[INFO] [stdout]    5:     0x64f6631ffd70 - test[9d35eded1c95d3be]::test_main_inner::<test[9d35eded1c95d3be]::test_main_static::{closure#0}>::{closure#0}
[INFO] [stdout]    6:     0x64f6633f58a2 - std[70759c8f55707aa4]::panicking::panic_with_hook
[INFO] [stdout]    7:     0x64f6633d7ec2 - std[70759c8f55707aa4]::panicking::panic_handler::{closure#0}
[INFO] [stdout]    8:     0x64f6633d03a9 - std[70759c8f55707aa4]::sys::backtrace::__rust_end_short_backtrace::<std[70759c8f55707aa4]::panicking::panic_handler::{closure#0}, !>
[INFO] [stdout]    9:     0x64f6633d8dbd - __rustc[8fa7c3cbc660c2b3]::rust_begin_unwind
[INFO] [stdout]   10:     0x64f663416c8c - core[df12db4294e9bfd3]::panicking::panic_fmt
[INFO] [stdout]   11:     0x64f663416a62 - core[df12db4294e9bfd3]::result::unwrap_failed
[INFO] [stdout]   12:     0x64f6631896ec - rust_full_stack[432ea814841a3f12]::_dev_utils::init_test::{closure#0}
[INFO] [stdout]   13:     0x64f66318e053 - rust_full_stack[432ea814841a3f12]::model::task::tests::test_list_ok::{closure#0}
[INFO] [stdout]   14:     0x64f6631dc4b8 - <tokio[ddbfa50b52a847d3]::runtime::scheduler::current_thread::Context>::enter::<core[df12db4294e9bfd3]::task::poll::Poll<core[df12db4294e9bfd3]::result::Result<(), anyhow[9d842fa29431c336]::Error>>, <tokio[ddbfa50b52a847d3]::runtime::scheduler::current_thread::CoreGuard>::block_on<core[df12db4294e9bfd3]::pin::Pin<&mut core[df12db4294e9bfd3]::pin::Pin<&mut dyn core[df12db4294e9bfd3]::future::future::Future<Output = core[df12db4294e9bfd3]::result::Result<(), anyhow[9d842fa29431c336]::Error>>>>>::{closure#0}::{closure#0}>
[INFO] [stdout]   15:     0x64f6631cf3ef - <std[70759c8f55707aa4]::thread::local::LocalKey<tokio[ddbfa50b52a847d3]::runtime::context::Context>>::with::<tokio[ddbfa50b52a847d3]::runtime::context::set_scheduler<(alloc[2182bb758b4b3781]::boxed::Box<tokio[ddbfa50b52a847d3]::runtime::scheduler::current_thread::Core>, core[df12db4294e9bfd3]::option::Option<core[df12db4294e9bfd3]::result::Result<(), anyhow[9d842fa29431c336]::Error>>), <tokio[ddbfa50b52a847d3]::runtime::scheduler::current_thread::CoreGuard>::enter<<tokio[ddbfa50b52a847d3]::runtime::scheduler::current_thread::CoreGuard>::block_on<core[df12db4294e9bfd3]::pin::Pin<&mut core[df12db4294e9bfd3]::pin::Pin<&mut dyn core[df12db4294e9bfd3]::future::future::Future<Output = core[df12db4294e9bfd3]::result::Result<(), anyhow[9d842fa29431c336]::Error>>>>>::{closure#0}, core[df12db4294e9bfd3]::option::Option<core[df12db4294e9bfd3]::result::Result<(), anyhow[9d842fa29431c336]::Error>>>::{closure#0}>::{closure#0}, (alloc[2182bb758b4b3781]::boxed::Box<tokio[ddbfa50b52a847d3]::runtime::scheduler::current_thread::Core>, core[df12db4294e9bfd3]::option::Option<core[df12db4294e9bfd3]::result::Result<(), anyhow[9d842fa29431c336]::Error>>)>
[INFO] [stdout]   16:     0x64f6631dcb2e - <tokio[ddbfa50b52a847d3]::runtime::scheduler::current_thread::CoreGuard>::block_on::<core[df12db4294e9bfd3]::pin::Pin<&mut core[df12db4294e9bfd3]::pin::Pin<&mut dyn core[df12db4294e9bfd3]::future::future::Future<Output = core[df12db4294e9bfd3]::result::Result<(), anyhow[9d842fa29431c336]::Error>>>>>
[INFO] [stdout]   17:     0x64f6631d1351 - tokio[ddbfa50b52a847d3]::runtime::context::runtime::enter_runtime::<<tokio[ddbfa50b52a847d3]::runtime::scheduler::current_thread::CurrentThread>::block_on<core[df12db4294e9bfd3]::pin::Pin<&mut dyn core[df12db4294e9bfd3]::future::future::Future<Output = core[df12db4294e9bfd3]::result::Result<(), anyhow[9d842fa29431c336]::Error>>>>::{closure#0}, core[df12db4294e9bfd3]::result::Result<(), anyhow[9d842fa29431c336]::Error>>
[INFO] [stdout]   18:     0x64f6631e7705 - <tokio[ddbfa50b52a847d3]::runtime::runtime::Runtime>::block_on::<core[df12db4294e9bfd3]::pin::Pin<&mut dyn core[df12db4294e9bfd3]::future::future::Future<Output = core[df12db4294e9bfd3]::result::Result<(), anyhow[9d842fa29431c336]::Error>>>>
[INFO] [stdout]   19:     0x64f663191969 - rust_full_stack[432ea814841a3f12]::model::task::tests::test_list_ok
[INFO] [stdout]   20:     0x64f6631bcf3f - <rust_full_stack[432ea814841a3f12]::model::task::tests::test_list_ok::{closure#0} as core[df12db4294e9bfd3]::ops::function::FnOnce<()>>::call_once
[INFO] [stdout]   21:     0x64f6631f305b - test[9d35eded1c95d3be]::__rust_begin_short_backtrace::<core[df12db4294e9bfd3]::result::Result<(), alloc[2182bb758b4b3781]::string::String>, fn() -> core[df12db4294e9bfd3]::result::Result<(), alloc[2182bb758b4b3781]::string::String>>
[INFO] [stdout]   22:     0x64f6632006c5 - test[9d35eded1c95d3be]::run_test::{closure#0}
[INFO] [stdout]   23:     0x64f6631f9f84 - std[70759c8f55707aa4]::sys::backtrace::__rust_begin_short_backtrace::<test[9d35eded1c95d3be]::run_test::{closure#1}, ()>
[INFO] [stdout]   24:     0x64f663203822 - <std[70759c8f55707aa4]::thread::lifecycle::spawn_unchecked<test[9d35eded1c95d3be]::run_test::{closure#1}, ()>::{closure#1} as core[df12db4294e9bfd3]::ops::function::FnOnce<()>>::call_once::{shim:vtable#0}
[INFO] [stdout]   25:     0x64f6633fced9 - <std[70759c8f55707aa4]::sys::thread::unix::Thread>::new::thread_start
[INFO] [stdout]   26:     0x71d669c69dfa - <unknown>
[INFO] [stdout]   27:     0x71d669cfd3d4 - clone
[INFO] [stdout]   28:                0x0 - <unknown>
[INFO] [stdout] 
[INFO] [stdout] ---- model::task::tests::test_update_ok stdout ----
[INFO] [stdout] 
[INFO] [stdout] thread 'model::task::tests::test_update_ok' (5820) panicked at src/_dev_utils/mod.rs:21:37:
[INFO] [stdout] called `Result::unwrap()` on an `Err` value: PoolTimedOut
[INFO] [stdout] stack backtrace:
[INFO] [stdout]    0:     0x64f6633fe041 - <<std[70759c8f55707aa4]::sys::backtrace::BacktraceLock>::print::DisplayBacktrace as core[df12db4294e9bfd3]::fmt::Display>::fmt
[INFO] [stdout]    1:     0x64f66341652a - core[df12db4294e9bfd3]::fmt::write
[INFO] [stdout]    2:     0x64f66340323c - <alloc[2182bb758b4b3781]::vec::Vec<u8> as core[df12db4294e9bfd3]::io::write::Write>::write_fmt
[INFO] [stdout]    3:     0x64f6633d7e16 - std[70759c8f55707aa4]::panicking::default_hook::{closure#0}
[INFO] [stdout]    4:     0x64f6633f5579 - std[70759c8f55707aa4]::panicking::default_hook
[INFO] [stdout]    5:     0x64f6631ffd70 - test[9d35eded1c95d3be]::test_main_inner::<test[9d35eded1c95d3be]::test_main_static::{closure#0}>::{closure#0}
[INFO] [stdout]    6:     0x64f6633f58a2 - std[70759c8f55707aa4]::panicking::panic_with_hook
[INFO] [stdout]    7:     0x64f6633d7ec2 - std[70759c8f55707aa4]::panicking::panic_handler::{closure#0}
[INFO] [stdout]    8:     0x64f6633d03a9 - std[70759c8f55707aa4]::sys::backtrace::__rust_end_short_backtrace::<std[70759c8f55707aa4]::panicking::panic_handler::{closure#0}, !>
[INFO] [stdout]    9:     0x64f6633d8dbd - __rustc[8fa7c3cbc660c2b3]::rust_begin_unwind
[INFO] [stdout]   10:     0x64f663416c8c - core[df12db4294e9bfd3]::panicking::panic_fmt
[INFO] [stdout]   11:     0x64f663416a62 - core[df12db4294e9bfd3]::result::unwrap_failed
[INFO] [stdout]   12:     0x64f6631896ec - rust_full_stack[432ea814841a3f12]::_dev_utils::init_test::{closure#0}
[INFO] [stdout]   13:     0x64f66318fca2 - rust_full_stack[432ea814841a3f12]::model::task::tests::test_update_ok::{closure#0}
[INFO] [stdout]   14:     0x64f6631dc4b8 - <tokio[ddbfa50b52a847d3]::runtime::scheduler::current_thread::Context>::enter::<core[df12db4294e9bfd3]::task::poll::Poll<core[df12db4294e9bfd3]::result::Result<(), anyhow[9d842fa29431c336]::Error>>, <tokio[ddbfa50b52a847d3]::runtime::scheduler::current_thread::CoreGuard>::block_on<core[df12db4294e9bfd3]::pin::Pin<&mut core[df12db4294e9bfd3]::pin::Pin<&mut dyn core[df12db4294e9bfd3]::future::future::Future<Output = core[df12db4294e9bfd3]::result::Result<(), anyhow[9d842fa29431c336]::Error>>>>>::{closure#0}::{closure#0}>
[INFO] [stdout]   15:     0x64f6631cf3ef - <std[70759c8f55707aa4]::thread::local::LocalKey<tokio[ddbfa50b52a847d3]::runtime::context::Context>>::with::<tokio[ddbfa50b52a847d3]::runtime::context::set_scheduler<(alloc[2182bb758b4b3781]::boxed::Box<tokio[ddbfa50b52a847d3]::runtime::scheduler::current_thread::Core>, core[df12db4294e9bfd3]::option::Option<core[df12db4294e9bfd3]::result::Result<(), anyhow[9d842fa29431c336]::Error>>), <tokio[ddbfa50b52a847d3]::runtime::scheduler::current_thread::CoreGuard>::enter<<tokio[ddbfa50b52a847d3]::runtime::scheduler::current_thread::CoreGuard>::block_on<core[df12db4294e9bfd3]::pin::Pin<&mut core[df12db4294e9bfd3]::pin::Pin<&mut dyn core[df12db4294e9bfd3]::future::future::Future<Output = core[df12db4294e9bfd3]::result::Result<(), anyhow[9d842fa29431c336]::Error>>>>>::{closure#0}, core[df12db4294e9bfd3]::option::Option<core[df12db4294e9bfd3]::result::Result<(), anyhow[9d842fa29431c336]::Error>>>::{closure#0}>::{closure#0}, (alloc[2182bb758b4b3781]::boxed::Box<tokio[ddbfa50b52a847d3]::runtime::scheduler::current_thread::Core>, core[df12db4294e9bfd3]::option::Option<core[df12db4294e9bfd3]::result::Result<(), anyhow[9d842fa29431c336]::Error>>)>
[INFO] [stdout]   16:     0x64f6631dcb2e - <tokio[ddbfa50b52a847d3]::runtime::scheduler::current_thread::CoreGuard>::block_on::<core[df12db4294e9bfd3]::pin::Pin<&mut core[df12db4294e9bfd3]::pin::Pin<&mut dyn core[df12db4294e9bfd3]::future::future::Future<Output = core[df12db4294e9bfd3]::result::Result<(), anyhow[9d842fa29431c336]::Error>>>>>
[INFO] [stdout]   17:     0x64f6631d1351 - tokio[ddbfa50b52a847d3]::runtime::context::runtime::enter_runtime::<<tokio[ddbfa50b52a847d3]::runtime::scheduler::current_thread::CurrentThread>::block_on<core[df12db4294e9bfd3]::pin::Pin<&mut dyn core[df12db4294e9bfd3]::future::future::Future<Output = core[df12db4294e9bfd3]::result::Result<(), anyhow[9d842fa29431c336]::Error>>>>::{closure#0}, core[df12db4294e9bfd3]::result::Result<(), anyhow[9d842fa29431c336]::Error>>
[INFO] [stdout]   18:     0x64f6631e7705 - <tokio[ddbfa50b52a847d3]::runtime::runtime::Runtime>::block_on::<core[df12db4294e9bfd3]::pin::Pin<&mut dyn core[df12db4294e9bfd3]::future::future::Future<Output = core[df12db4294e9bfd3]::result::Result<(), anyhow[9d842fa29431c336]::Error>>>>
[INFO] [stdout]   19:     0x64f663191c69 - rust_full_stack[432ea814841a3f12]::model::task::tests::test_update_ok
[INFO] [stdout]   20:     0x64f6631bd09f - <rust_full_stack[432ea814841a3f12]::model::task::tests::test_update_ok::{closure#0} as core[df12db4294e9bfd3]::ops::function::FnOnce<()>>::call_once
[INFO] [stdout]   21:     0x64f6631f305b - test[9d35eded1c95d3be]::__rust_begin_short_backtrace::<core[df12db4294e9bfd3]::result::Result<(), alloc[2182bb758b4b3781]::string::String>, fn() -> core[df12db4294e9bfd3]::result::Result<(), alloc[2182bb758b4b3781]::string::String>>
[INFO] [stdout]   22:     0x64f6632006c5 - test[9d35eded1c95d3be]::run_test::{closure#0}
[INFO] [stdout]   23:     0x64f6631f9f84 - std[70759c8f55707aa4]::sys::backtrace::__rust_begin_short_backtrace::<test[9d35eded1c95d3be]::run_test::{closure#1}, ()>
[INFO] [stdout]   24:     0x64f663203822 - <std[70759c8f55707aa4]::thread::lifecycle::spawn_unchecked<test[9d35eded1c95d3be]::run_test::{closure#1}, ()>::{closure#1} as core[df12db4294e9bfd3]::ops::function::FnOnce<()>>::call_once::{shim:vtable#0}
[INFO] [stdout]   25:     0x64f6633fced9 - <std[70759c8f55707aa4]::sys::thread::unix::Thread>::new::thread_start
[INFO] [stdout]   26:     0x71d669c69dfa - <unknown>
[INFO] [stdout]   27:     0x71d669cfd3d4 - clone
[INFO] [stdout]   28:                0x0 - <unknown>
[INFO] [stdout] 
[INFO] [stdout] ---- model::user::tests::test_first_ok_demo1 stdout ----
[INFO] [stdout] 
[INFO] [stdout] thread 'model::user::tests::test_first_ok_demo1' (5821) panicked at src/_dev_utils/mod.rs:21:37:
[INFO] [stdout] called `Result::unwrap()` on an `Err` value: PoolTimedOut
[INFO] [stdout] stack backtrace:
[INFO] [stdout]    0:     0x64f6633fe041 - <<std[70759c8f55707aa4]::sys::backtrace::BacktraceLock>::print::DisplayBacktrace as core[df12db4294e9bfd3]::fmt::Display>::fmt
[INFO] [stdout]    1:     0x64f66341652a - core[df12db4294e9bfd3]::fmt::write
[INFO] [stdout]    2:     0x64f66340323c - <alloc[2182bb758b4b3781]::vec::Vec<u8> as core[df12db4294e9bfd3]::io::write::Write>::write_fmt
[INFO] [stdout]    3:     0x64f6633d7e16 - std[70759c8f55707aa4]::panicking::default_hook::{closure#0}
[INFO] [stdout]    4:     0x64f6633f5579 - std[70759c8f55707aa4]::panicking::default_hook
[INFO] [stdout]    5:     0x64f6631ffd70 - test[9d35eded1c95d3be]::test_main_inner::<test[9d35eded1c95d3be]::test_main_static::{closure#0}>::{closure#0}
[INFO] [stdout]    6:     0x64f6633f58a2 - std[70759c8f55707aa4]::panicking::panic_with_hook
[INFO] [stdout]    7:     0x64f6633d7ec2 - std[70759c8f55707aa4]::panicking::panic_handler::{closure#0}
[INFO] [stdout]    8:     0x64f6633d03a9 - std[70759c8f55707aa4]::sys::backtrace::__rust_end_short_backtrace::<std[70759c8f55707aa4]::panicking::panic_handler::{closure#0}, !>
[INFO] [stdout]    9:     0x64f6633d8dbd - __rustc[8fa7c3cbc660c2b3]::rust_begin_unwind
[INFO] [stdout]   10:     0x64f663416c8c - core[df12db4294e9bfd3]::panicking::panic_fmt
[INFO] [stdout]   11:     0x64f663416a62 - core[df12db4294e9bfd3]::result::unwrap_failed
[INFO] [stdout]   12:     0x64f663197b20 - rust_full_stack[432ea814841a3f12]::_dev_utils::init_dev::{closure#0}::{closure#0}::{closure#0}
[INFO] [stdout]   13:     0x64f66319e525 - rust_full_stack[432ea814841a3f12]::model::user::tests::test_first_ok_demo1::{closure#0}
[INFO] [stdout]   14:     0x64f6631dc4b8 - <tokio[ddbfa50b52a847d3]::runtime::scheduler::current_thread::Context>::enter::<core[df12db4294e9bfd3]::task::poll::Poll<core[df12db4294e9bfd3]::result::Result<(), anyhow[9d842fa29431c336]::Error>>, <tokio[ddbfa50b52a847d3]::runtime::scheduler::current_thread::CoreGuard>::block_on<core[df12db4294e9bfd3]::pin::Pin<&mut core[df12db4294e9bfd3]::pin::Pin<&mut dyn core[df12db4294e9bfd3]::future::future::Future<Output = core[df12db4294e9bfd3]::result::Result<(), anyhow[9d842fa29431c336]::Error>>>>>::{closure#0}::{closure#0}>
[INFO] [stdout]   15:     0x64f6631cf3ef - <std[70759c8f55707aa4]::thread::local::LocalKey<tokio[ddbfa50b52a847d3]::runtime::context::Context>>::with::<tokio[ddbfa50b52a847d3]::runtime::context::set_scheduler<(alloc[2182bb758b4b3781]::boxed::Box<tokio[ddbfa50b52a847d3]::runtime::scheduler::current_thread::Core>, core[df12db4294e9bfd3]::option::Option<core[df12db4294e9bfd3]::result::Result<(), anyhow[9d842fa29431c336]::Error>>), <tokio[ddbfa50b52a847d3]::runtime::scheduler::current_thread::CoreGuard>::enter<<tokio[ddbfa50b52a847d3]::runtime::scheduler::current_thread::CoreGuard>::block_on<core[df12db4294e9bfd3]::pin::Pin<&mut core[df12db4294e9bfd3]::pin::Pin<&mut dyn core[df12db4294e9bfd3]::future::future::Future<Output = core[df12db4294e9bfd3]::result::Result<(), anyhow[9d842fa29431c336]::Error>>>>>::{closure#0}, core[df12db4294e9bfd3]::option::Option<core[df12db4294e9bfd3]::result::Result<(), anyhow[9d842fa29431c336]::Error>>>::{closure#0}>::{closure#0}, (alloc[2182bb758b4b3781]::boxed::Box<tokio[ddbfa50b52a847d3]::runtime::scheduler::current_thread::Core>, core[df12db4294e9bfd3]::option::Option<core[df12db4294e9bfd3]::result::Result<(), anyhow[9d842fa29431c336]::Error>>)>
[INFO] [stdout]   16:     0x64f6631dcb2e - <tokio[ddbfa50b52a847d3]::runtime::scheduler::current_thread::CoreGuard>::block_on::<core[df12db4294e9bfd3]::pin::Pin<&mut core[df12db4294e9bfd3]::pin::Pin<&mut dyn core[df12db4294e9bfd3]::future::future::Future<Output = core[df12db4294e9bfd3]::result::Result<(), anyhow[9d842fa29431c336]::Error>>>>>
[INFO] [stdout]   17:     0x64f6631d1351 - tokio[ddbfa50b52a847d3]::runtime::context::runtime::enter_runtime::<<tokio[ddbfa50b52a847d3]::runtime::scheduler::current_thread::CurrentThread>::block_on<core[df12db4294e9bfd3]::pin::Pin<&mut dyn core[df12db4294e9bfd3]::future::future::Future<Output = core[df12db4294e9bfd3]::result::Result<(), anyhow[9d842fa29431c336]::Error>>>>::{closure#0}, core[df12db4294e9bfd3]::result::Result<(), anyhow[9d842fa29431c336]::Error>>
[INFO] [stdout]   18:     0x64f6631e7705 - <tokio[ddbfa50b52a847d3]::runtime::runtime::Runtime>::block_on::<core[df12db4294e9bfd3]::pin::Pin<&mut dyn core[df12db4294e9bfd3]::future::future::Future<Output = core[df12db4294e9bfd3]::result::Result<(), anyhow[9d842fa29431c336]::Error>>>>
[INFO] [stdout]   19:     0x64f66319ec19 - rust_full_stack[432ea814841a3f12]::model::user::tests::test_first_ok_demo1
[INFO] [stdout]   20:     0x64f6631bd2af - <rust_full_stack[432ea814841a3f12]::model::user::tests::test_first_ok_demo1::{closure#0} as core[df12db4294e9bfd3]::ops::function::FnOnce<()>>::call_once
[INFO] [stdout]   21:     0x64f6631f305b - test[9d35eded1c95d3be]::__rust_begin_short_backtrace::<core[df12db4294e9bfd3]::result::Result<(), alloc[2182bb758b4b3781]::string::String>, fn() -> core[df12db4294e9bfd3]::result::Result<(), alloc[2182bb758b4b3781]::string::String>>
[INFO] [stdout]   22:     0x64f6632006c5 - test[9d35eded1c95d3be]::run_test::{closure#0}
[INFO] [stdout]   23:     0x64f6631f9f84 - std[70759c8f55707aa4]::sys::backtrace::__rust_begin_short_backtrace::<test[9d35eded1c95d3be]::run_test::{closure#1}, ()>
[INFO] [stdout]   24:     0x64f663203822 - <std[70759c8f55707aa4]::thread::lifecycle::spawn_unchecked<test[9d35eded1c95d3be]::run_test::{closure#1}, ()>::{closure#1} as core[df12db4294e9bfd3]::ops::function::FnOnce<()>>::call_once::{shim:vtable#0}
[INFO] [stdout]   25:     0x64f6633fced9 - <std[70759c8f55707aa4]::sys::thread::unix::Thread>::new::thread_start
[INFO] [stdout]   26:     0x71d669c69dfa - <unknown>
[INFO] [stdout]   27:     0x71d669cfd3d4 - clone
[INFO] [stdout]   28:                0x0 - <unknown>
[INFO] [stdout] 
[INFO] [stdout] 
[INFO] [stdout] failures:
[INFO] [stdout]     crypt::token::test::test_validate_web_token_err_expired
[INFO] [stdout]     crypt::token::test::test_validate_web_token_ok
[INFO] [stdout]     model::task::tests::test_create_ok
[INFO] [stdout]     model::task::tests::test_delete_err_not_found
[INFO] [stdout]     model::task::tests::test_get_err_not_found
[INFO] [stdout]     model::task::tests::test_list_ok
[INFO] [stdout]     model::task::tests::test_update_ok
[INFO] [stdout]     model::user::tests::test_first_ok_demo1
[INFO] [stdout] 
[INFO] [stdout] test result: FAILED. 3 passed; 8 failed; 0 ignored; 0 measured; 0 filtered out; finished in 6.01s
[INFO] [stdout] 
[INFO] [stderr] error: test failed, to rerun pass `--bin rust-full-stack`
[INFO] running `Command { std: "docker" "inspect" "19a89a6e6ed479d9e5c2829e7260c317fc287fedb8a93840dc8a62fde4503326", kill_on_drop: false }`
[INFO] running `Command { std: "docker" "rm" "-f" "19a89a6e6ed479d9e5c2829e7260c317fc287fedb8a93840dc8a62fde4503326", kill_on_drop: false }`
[INFO] [stdout] 19a89a6e6ed479d9e5c2829e7260c317fc287fedb8a93840dc8a62fde4503326
