[INFO] cloning repository https://github.com/BorjaGM1/keepty
[INFO] running `Command { std: "git" "-c" "credential.helper=" "-c" "credential.helper=/workspace/cargo-home/bin/git-credential-null" "clone" "--bare" "https://github.com/BorjaGM1/keepty" "/workspace/cache/git-repos/https%3A%2F%2Fgithub.com%2FBorjaGM1%2Fkeepty", kill_on_drop: false }`
[INFO] [stderr] Cloning into bare repository '/workspace/cache/git-repos/https%3A%2F%2Fgithub.com%2FBorjaGM1%2Fkeepty'...
[INFO] running `Command { std: "git" "rev-parse" "HEAD", kill_on_drop: false }`
[INFO] [stdout] a82ade596977670899e597d57791e30ef504d701
[INFO] testing BorjaGM1/keepty against 1.100.0-beta.1+cargoflags=--release for beta-release-1.100-2
[INFO] running `Command { std: "git" "clone" "/workspace/cache/git-repos/https%3A%2F%2Fgithub.com%2FBorjaGM1%2Fkeepty" "/workspace/builds/worker-3-tc2/source", kill_on_drop: false }`
[INFO] [stderr] Cloning into '/workspace/builds/worker-3-tc2/source'...
[INFO] [stderr] done.
[INFO] started tweaking git repo https://github.com/BorjaGM1/keepty
[INFO] finished tweaking git repo https://github.com/BorjaGM1/keepty
[INFO] tweaked toml for git repo https://github.com/BorjaGM1/keepty written to /workspace/builds/worker-3-tc2/source/Cargo.toml
[INFO] validating manifest of git repo https://github.com/BorjaGM1/keepty on toolchain 1.100.0-beta.1
[INFO] running `Command { std: CARGO_HOME="/workspace/cargo-home" RUSTUP_HOME="/workspace/rustup-home" "/workspace/cargo-home/bin/cargo" "+1.100.0-beta.1" "metadata" "--manifest-path" "Cargo.toml" "--no-deps", kill_on_drop: false }`
[INFO] crate git repo https://github.com/BorjaGM1/keepty already has a lockfile, it will not be regenerated
[INFO] running `Command { std: CARGO_HOME="/workspace/cargo-home" RUSTUP_HOME="/workspace/rustup-home" "/workspace/cargo-home/bin/cargo" "+1.100.0-beta.1" "fetch" "--manifest-path" "Cargo.toml", kill_on_drop: false }`
[INFO] [stderr] warning: unused field `description` in `workspace.package`
[INFO] [stderr]   --> Cargo.toml:20:1
[INFO] [stderr]    |
[INFO] [stderr] 20 | description = "Persistent PTY sessions with a typed binary protocol"
[INFO] [stderr]    | ^^^^^^^^^^^
[INFO] [stderr]    |
[INFO] [stderr]    = note: `cargo::unused_workspace_package_fields` is set to `warn` by default
[INFO] [stderr] help: consider removing the field `workspace.package.description`
[INFO] [stderr] warning: workspace (manifest) generated 1 warning
[INFO] running `Command { std: "docker" "create" "-v" "/var/lib/crater-agent-workspace/builds/worker-3-tc2/source:/opt/rustwide/workdir:ro,Z" "-v" "/var/lib/crater-agent-workspace/builds/worker-3-tc2/target:/opt/rustwide/target:rw,Z" "-v" "/var/lib/crater-agent-workspace/cargo-home:/opt/rustwide/cargo-home:ro,Z" "-v" "/var/lib/crater-agent-workspace/rustup-home:/opt/rustwide/rustup-home:ro,Z" "-m" "1610612736" "--network" "none" "ghcr.io/rust-lang/crates-build-env/linux@sha256:77db811e55d90add9212f6832c23229e3de5f1c1f9905e8cb07319ea15df73ac" "sleep" "infinity", kill_on_drop: false }`
[INFO] [stdout] 4f22c2a4859d873871cb9d097540514176a932aaeeeceabe9781ddc68b172b76
[INFO] running `Command { std: "docker" "start" "4f22c2a4859d873871cb9d097540514176a932aaeeeceabe9781ddc68b172b76", kill_on_drop: false }`
[INFO] running `Command { std: "docker" "inspect" "4f22c2a4859d873871cb9d097540514176a932aaeeeceabe9781ddc68b172b76", kill_on_drop: false }`
[INFO] running `Command { std: "docker" "exec" "-e" "SOURCE_DIR=/opt/rustwide/workdir" "-e" "CARGO_HOME=/opt/rustwide/cargo-home" "-e" "RUSTUP_HOME=/opt/rustwide/rustup-home" "-e" "CARGO_TARGET_DIR=/opt/rustwide/target" "-w" "/opt/rustwide/workdir" "--user" "0:0" "4f22c2a4859d873871cb9d097540514176a932aaeeeceabe9781ddc68b172b76" "/opt/rustwide/cargo-home/bin/cargo" "+1.100.0-beta.1" "metadata" "--no-deps" "--format-version=1", kill_on_drop: false }`
[INFO] running `Command { std: "docker" "inspect" "4f22c2a4859d873871cb9d097540514176a932aaeeeceabe9781ddc68b172b76", kill_on_drop: false }`
[INFO] running `Command { std: "docker" "exec" "-e" "SOURCE_DIR=/opt/rustwide/workdir" "-e" "CARGO_HOME=/opt/rustwide/cargo-home" "-e" "RUSTUP_HOME=/opt/rustwide/rustup-home" "-e" "CARGO_TARGET_DIR=/opt/rustwide/target" "-e" "CARGO_INCREMENTAL=0" "-e" "RUST_BACKTRACE=full" "-e" "RUSTFLAGS=--cap-lints=warn" "-e" "RUSTDOCFLAGS=--cap-lints=warn" "-w" "/opt/rustwide/workdir" "--user" "0:0" "4f22c2a4859d873871cb9d097540514176a932aaeeeceabe9781ddc68b172b76" "/opt/rustwide/cargo-home/bin/cargo" "+1.100.0-beta.1" "build" "--frozen" "--message-format=json" "--release", kill_on_drop: false }`
[INFO] [stderr] warning: unused field `description` in `workspace.package`
[INFO] [stderr]   --> Cargo.toml:20:1
[INFO] [stderr]    |
[INFO] [stderr] 20 | description = "Persistent PTY sessions with a typed binary protocol"
[INFO] [stderr]    | ^^^^^^^^^^^
[INFO] [stderr]    |
[INFO] [stderr]    = note: `cargo::unused_workspace_package_fields` is set to `warn` by default
[INFO] [stderr] help: consider removing the field `workspace.package.description`
[INFO] [stderr] warning: workspace (manifest) generated 1 warning
[INFO] [stderr]    Compiling libc v0.2.183
[INFO] [stderr]    Compiling syn v2.0.117
[INFO] [stderr]    Compiling log v0.4.29
[INFO] [stderr]    Compiling memchr v2.8.0
[INFO] [stderr]    Compiling regex-syntax v0.8.10
[INFO] [stderr]    Compiling anyhow v1.0.102
[INFO] [stderr]    Compiling vte_generate_state_changes v0.1.2
[INFO] [stderr]    Compiling memoffset v0.6.5
[INFO] [stderr]    Compiling tracing-core v0.1.36
[INFO] [stderr]    Compiling nix v0.29.0
[INFO] [stderr]    Compiling keepty-protocol v0.1.1 (/opt/rustwide/workdir/keepty-protocol)
[INFO] [stderr]    Compiling nu-ansi-term v0.50.3
[INFO] [stderr]    Compiling shell-words v1.1.1
[INFO] [stderr]    Compiling unicode-width v0.1.14
[INFO] [stderr]    Compiling smallvec v1.15.1
[INFO] [stderr]    Compiling bitflags v2.11.0
[INFO] [stderr]    Compiling vte v0.11.1
[INFO] [stderr]    Compiling tracing-log v0.2.0
[INFO] [stderr]    Compiling vte v0.15.0
[INFO] [stderr]    Compiling vt100 v0.16.2
[INFO] [stderr]    Compiling keepty-screen v0.1.1 (/opt/rustwide/workdir/keepty-screen)
[INFO] [stderr]    Compiling vt100 v0.15.2
[INFO] [stderr]    Compiling regex-automata v0.4.14
[INFO] [stderr]    Compiling serial-core v0.4.0
[INFO] [stderr]    Compiling ioctl-rs v0.1.6
[INFO] [stderr]    Compiling termios v0.2.2
[INFO] [stderr]    Compiling nix v0.25.1
[INFO] [stderr]    Compiling serial-unix v0.4.0
[INFO] [stderr]    Compiling serial v0.4.0
[INFO] [stderr]    Compiling matchers v0.2.0
[INFO] [stderr]    Compiling thiserror-impl v1.0.69
[INFO] [stderr]    Compiling tracing-attributes v0.1.31
[INFO] [stderr]    Compiling thiserror v1.0.69
[INFO] [stderr]    Compiling filedescriptor v0.8.3
[INFO] [stderr]    Compiling tracing v0.1.44
[INFO] [stderr]    Compiling tracing-subscriber v0.3.23
[INFO] [stderr]    Compiling portable-pty v0.8.1
[INFO] [stderr]    Compiling keepty v0.1.1 (/opt/rustwide/workdir/keepty)
[INFO] [stderr]     Finished `release` profile [optimized] target(s) in 32.90s
[INFO] [stderr] warning: the following packages contain code that will be rejected by a future version of Rust: nix v0.29.0
[INFO] [stderr] note: to see what the problems were, use the option `--future-incompat-report`, or run `cargo report future-incompatibilities --id 3`
[INFO] running `Command { std: "docker" "inspect" "4f22c2a4859d873871cb9d097540514176a932aaeeeceabe9781ddc68b172b76", kill_on_drop: false }`
[INFO] running `Command { std: "docker" "exec" "-e" "SOURCE_DIR=/opt/rustwide/workdir" "-e" "CARGO_HOME=/opt/rustwide/cargo-home" "-e" "RUSTUP_HOME=/opt/rustwide/rustup-home" "-e" "CARGO_TARGET_DIR=/opt/rustwide/target" "-e" "CARGO_INCREMENTAL=0" "-e" "RUST_BACKTRACE=full" "-e" "RUSTFLAGS=--cap-lints=warn" "-e" "RUSTDOCFLAGS=--cap-lints=warn" "-w" "/opt/rustwide/workdir" "--user" "0:0" "4f22c2a4859d873871cb9d097540514176a932aaeeeceabe9781ddc68b172b76" "/opt/rustwide/cargo-home/bin/cargo" "+1.100.0-beta.1" "test" "--frozen" "--no-run" "--message-format=json" "--release", kill_on_drop: false }`
[INFO] [stderr] warning: unused field `description` in `workspace.package`
[INFO] [stderr]   --> Cargo.toml:20:1
[INFO] [stderr]    |
[INFO] [stderr] 20 | description = "Persistent PTY sessions with a typed binary protocol"
[INFO] [stderr]    | ^^^^^^^^^^^
[INFO] [stderr]    |
[INFO] [stderr]    = note: `cargo::unused_workspace_package_fields` is set to `warn` by default
[INFO] [stderr] help: consider removing the field `workspace.package.description`
[INFO] [stderr] warning: workspace (manifest) generated 1 warning
[INFO] [stderr]    Compiling keepty-screen v0.1.1 (/opt/rustwide/workdir/keepty-screen)
[INFO] [stderr]    Compiling keepty-protocol v0.1.1 (/opt/rustwide/workdir/keepty-protocol)
[INFO] [stderr]    Compiling keepty v0.1.1 (/opt/rustwide/workdir/keepty)
[INFO] [stderr]     Finished `release` profile [optimized] target(s) in 5.77s
[INFO] [stderr] warning: the following packages contain code that will be rejected by a future version of Rust: nix v0.29.0
[INFO] [stderr] note: to see what the problems were, use the option `--future-incompat-report`, or run `cargo report future-incompatibilities --id 3`
[INFO] running `Command { std: "docker" "inspect" "4f22c2a4859d873871cb9d097540514176a932aaeeeceabe9781ddc68b172b76", kill_on_drop: false }`
[INFO] running `Command { std: "docker" "exec" "-e" "SOURCE_DIR=/opt/rustwide/workdir" "-e" "CARGO_HOME=/opt/rustwide/cargo-home" "-e" "RUSTUP_HOME=/opt/rustwide/rustup-home" "-e" "CARGO_TARGET_DIR=/opt/rustwide/target" "-e" "CARGO_INCREMENTAL=0" "-e" "RUST_BACKTRACE=full" "-e" "RUSTFLAGS=--cap-lints=warn" "-e" "RUSTDOCFLAGS=--cap-lints=warn" "-w" "/opt/rustwide/workdir" "--user" "0:0" "4f22c2a4859d873871cb9d097540514176a932aaeeeceabe9781ddc68b172b76" "/opt/rustwide/cargo-home/bin/cargo" "+1.100.0-beta.1" "test" "--frozen" "--release", kill_on_drop: false }`
[INFO] [stderr] warning: unused field `description` in `workspace.package`
[INFO] [stderr]   --> Cargo.toml:20:1
[INFO] [stderr]    |
[INFO] [stderr] 20 | description = "Persistent PTY sessions with a typed binary protocol"
[INFO] [stderr]    | ^^^^^^^^^^^
[INFO] [stderr]    |
[INFO] [stderr]    = note: `cargo::unused_workspace_package_fields` is set to `warn` by default
[INFO] [stderr] help: consider removing the field `workspace.package.description`
[INFO] [stderr] warning: workspace (manifest) generated 1 warning
[INFO] [stderr]     Finished `release` profile [optimized] target(s) in 0.07s
[INFO] [stderr] warning: the following packages contain code that will be rejected by a future version of Rust: nix v0.29.0
[INFO] [stderr] note: to see what the problems were, use the option `--future-incompat-report`, or run `cargo report future-incompatibilities --id 3`
[INFO] [stderr]      Running unittests src/main.rs (/opt/rustwide/target/release/build/keepty/f4d3fd2719b350b7/out/keepty-f4d3fd2719b350b7)
[INFO] [stdout] 
[INFO] [stdout] running 22 tests
[INFO] [stdout] test broker::tests::accept_errors_retry_until_shutdown ... ok
[INFO] [stdout] test broker::tests::ring_buffer_basic ... ok
[INFO] [stdout] test broker::tests::ring_buffer_multiple_wraps ... ok
[INFO] [stdout] test painted_cell_tests::scroll_region_origin_and_pending_wrap ... ok
[INFO] [stdout] test painted_cell_tests::nonblank_gap_blocks_joining ... ok
[INFO] [stdout] test painted_cell_tests::overpaint ... ok
[INFO] [stdout] test painted_cell_tests::spinner ... ok
[INFO] [stdout] test raw_text_tests::escapes_and_frames ... ok
[INFO] [stdout] test painted_cell_tests::unicode_and_split_output ... ok
[INFO] [stdout] test painted_cell_tests::cup_out_of_order ... ok
[INFO] [stdout] test painted_cell_tests::moved_text_ignored ... ok
[INFO] [stdout] test broker::tests::ring_buffer_wraparound ... ok
[INFO] [stdout] test painted_cell_tests::saved_cursor_and_alternate_screen_are_conservative ... ok
[INFO] [stdout] test broker::tests::expired_queue_discards_output_at_boundary_and_keeps_exit ... ok
[INFO] [stdout] test broker::tests::ring_buffer_large_data ... ok
[INFO] [stdout] test broker::tests::ring_buffer_empty ... ok
[INFO] [stdout] test painted_cell_tests::rows_not_joined ... ok
[INFO] [stdout] test broker::tests::client_queue_coalesced_output_uses_post_merge_size ... ok
[INFO] [stdout] test broker::tests::oversized_replay_is_split_into_valid_frames ... ok
[INFO] [stdout] test broker::tests::client_queue_exit_survives_cap_and_close_preserves_order ... ok
[INFO] [stdout] test broker::tests::client_queue_ping_flood_has_bounded_control_slack ... ok
[INFO] [stdout] test broker::tests::client_queue_control_replies_survive_full_queue ... ok
[INFO] [stdout] 
[INFO] [stdout] test result: ok. 22 passed; 0 failed; 0 ignored; 0 measured; 0 filtered out; finished in 0.16s
[INFO] [stdout] 
[INFO] [stderr]      Running tests/integration.rs (/opt/rustwide/target/release/build/keepty/05ee2ceec5810602/out/integration-05ee2ceec5810602)
[INFO] [stdout] 
[INFO] [stdout] running 36 tests
[INFO] [stdout] test cli_wait_quiet_ignores_continuous_braille_spinner ... FAILED
[INFO] [stdout] test cli_send_real_broker_preserves_size_separates_submit_and_restores_writer ... FAILED
[INFO] [stdout] test cli_screen_scrollback_replays_numbered_lines ... FAILED
[INFO] [stdout] test cli_wait_matches_final_output_before_exit_and_screen_reports_exit ... FAILED
[INFO] [stdout] test cli_wait_new_raw_output ... FAILED
[INFO] [stdout] test cli_send_paste_and_separate_delayed_submit ... FAILED
[INFO] [stdout] test cli_send_restores_old_paste_mode_and_delivers_submit_before_exit ... FAILED
[INFO] [stdout] test resize_sends_resize_ack ... FAILED
[INFO] [stdout] test readonly_clients_replay_current_alternate_screen ... FAILED
[INFO] [stdout] test shutdown_terminates_session ... FAILED
[INFO] [stdout] test slow_monitor_preserves_output_resize_fence_and_exit ... FAILED
[INFO] [stdout] test ring_buffer_replays_on_reconnect ... FAILED
[INFO] [stdout] test cli_screen_replays_without_resize_or_redraw ... FAILED
[INFO] [stdout] test stop_kills_background_grandchild ... FAILED
[INFO] [stdout] test cli_send_carriage_return_paste_and_drains_noisy_output ... FAILED
[INFO] [stdout] test resize_is_accepted ... FAILED
[INFO] [stdout] test cli_wait_text_quiet_timeout_and_exit ... FAILED
[INFO] [stdout] test monitor_with_vt100_reads_screen ... FAILED
[INFO] [stdout] test multiple_clients_receive_same_output ... FAILED
[INFO] [stdout] test list_prunes_refused_sockets_and_preserves_live_sessions ... FAILED
[INFO] [stdout] test cli_wait_new_ignores_existing_text_and_default_still_matches ... FAILED
[INFO] [stdout] test start_during_shutdown_survives ... FAILED
[INFO] [stdout] test stop_kills_setsid_descendant ... FAILED
[INFO] [stdout] test cli_send_child_exits_on_first_input_byte ... FAILED
[INFO] [stdout] test broker_starts_and_accepts_connection ... FAILED
[INFO] [stdout] test stop_bounds_slow_monitor_shutdown ... FAILED
[INFO] [stdout] test cli_wait_new_timeout_bounds_handshake_and_sync ... FAILED
[INFO] [stdout] test writer_handoff_rejects_old_writer_input ... FAILED
[INFO] [stdout] test cli_wait_changing_letters_timeout_and_invalid_arguments ... FAILED
[INFO] [stdout] test watcher_receives_output ... FAILED
[INFO] [stdout] test child_exit_kills_setsid_descendant ... FAILED
[INFO] [stdout] test unread_monitor_is_evicted_without_blocking_writer ... FAILED
[INFO] [stdout] test cli_keys_encodes_named_keys_and_rejects_unknown ... FAILED
[INFO] [stdout] test stop_then_start_same_id_after_heavy_output ... FAILED
[INFO] [stdout] test writer_can_send_input ... FAILED
[INFO] [stdout] test watcher_input_is_ignored ... FAILED
[INFO] [stdout] 
[INFO] [stdout] failures:
[INFO] [stdout] 
[INFO] [stdout] ---- cli_wait_quiet_ignores_continuous_braille_spinner stdout ----
[INFO] [stdout] 
[INFO] [stdout] thread 'cli_wait_quiet_ignores_continuous_braille_spinner' (1075) panicked at keepty/tests/integration.rs:50:10:
[INFO] [stdout] Failed to start keepty broker: Os { code: 2, kind: NotFound, message: "No such file or directory" }
[INFO] [stdout] stack backtrace:
[INFO] [stdout]    0:     0x63e45521b601 - <<std[617be2ca0a6fd877]::sys::backtrace::BacktraceLock>::print::DisplayBacktrace as core[a373ad73a504971]::fmt::Display>::fmt
[INFO] [stdout]    1:     0x63e45523013a - core[a373ad73a504971]::fmt::write
[INFO] [stdout]    2:     0x63e45521fdbc - <alloc[2e1b2a31b91974c5]::vec::Vec<u8> as core[a373ad73a504971]::io::write::Write>::write_fmt
[INFO] [stdout]    3:     0x63e4551f5416 - std[617be2ca0a6fd877]::panicking::default_hook::{closure#0}
[INFO] [stdout]    4:     0x63e455212e19 - std[617be2ca0a6fd877]::panicking::default_hook
[INFO] [stdout]    5:     0x63e4551acfd0 - test[aada8e7e76ba119b]::test_main_inner::{closure#0}
[INFO] [stdout]    6:     0x63e455212fd2 - std[617be2ca0a6fd877]::panicking::panic_with_hook
[INFO] [stdout]    7:     0x63e4551f54c2 - std[617be2ca0a6fd877]::panicking::panic_handler::{closure#0}
[INFO] [stdout]    8:     0x63e4551edf29 - std[617be2ca0a6fd877]::sys::backtrace::__rust_end_short_backtrace::<std[617be2ca0a6fd877]::panicking::panic_handler::{closure#0}, !>
[INFO] [stdout]    9:     0x63e4551f60cd - __rustc[ea4f61d10b84890b]::rust_begin_unwind
[INFO] [stdout]   10:     0x63e45523086c - core[a373ad73a504971]::panicking::panic_fmt
[INFO] [stdout]   11:     0x63e455230642 - core[a373ad73a504971]::result::unwrap_failed
[INFO] [stdout]   12:     0x63e455170248 - integration[7eabf6e6de8c4b27]::start_broker
[INFO] [stdout]   13:     0x63e45517f787 - <integration[7eabf6e6de8c4b27]::cli_wait_quiet_ignores_continuous_braille_spinner::{closure#0} as core[a373ad73a504971]::ops::function::FnOnce<()>>::call_once
[INFO] [stdout]   14:     0x63e4551a041b - test[aada8e7e76ba119b]::__rust_begin_short_backtrace::<core[a373ad73a504971]::result::Result<(), alloc[2e1b2a31b91974c5]::string::String>, fn() -> core[a373ad73a504971]::result::Result<(), alloc[2e1b2a31b91974c5]::string::String>>
[INFO] [stdout]   15:     0x63e4551ad5f5 - test[aada8e7e76ba119b]::run_test::{closure#0}
[INFO] [stdout]   16:     0x63e4551a6ee4 - std[617be2ca0a6fd877]::sys::backtrace::__rust_begin_short_backtrace::<test[aada8e7e76ba119b]::run_test::{closure#1}, ()>
[INFO] [stdout]   17:     0x63e4551b0682 - <std[617be2ca0a6fd877]::thread::lifecycle::spawn_unchecked<test[aada8e7e76ba119b]::run_test::{closure#1}, ()>::{closure#1} as core[a373ad73a504971]::ops::function::FnOnce<()>>::call_once::{shim:vtable#0}
[INFO] [stdout]   18:     0x63e45521aaff - <std[617be2ca0a6fd877]::sys::thread::unix::Thread>::new::thread_start
[INFO] [stdout]   19:     0x7371f10abdfa - <unknown>
[INFO] [stdout]   20:     0x7371f113f3d4 - clone
[INFO] [stdout]   21:                0x0 - <unknown>
[INFO] [stdout] 
[INFO] [stdout] ---- cli_send_real_broker_preserves_size_separates_submit_and_restores_writer stdout ----
[INFO] [stdout] 
[INFO] [stdout] thread 'cli_send_real_broker_preserves_size_separates_submit_and_restores_writer' (1067) panicked at keepty/tests/integration.rs:50:10:
[INFO] [stdout] Failed to start keepty broker: Os { code: 2, kind: NotFound, message: "No such file or directory" }
[INFO] [stdout] stack backtrace:
[INFO] [stdout]    0:     0x63e45521b601 - <<std[617be2ca0a6fd877]::sys::backtrace::BacktraceLock>::print::DisplayBacktrace as core[a373ad73a504971]::fmt::Display>::fmt
[INFO] [stdout]    1:     0x63e45523013a - core[a373ad73a504971]::fmt::write
[INFO] [stdout]    2:     0x63e45521fdbc - <alloc[2e1b2a31b91974c5]::vec::Vec<u8> as core[a373ad73a504971]::io::write::Write>::write_fmt
[INFO] [stdout]    3:     0x63e4551f5416 - std[617be2ca0a6fd877]::panicking::default_hook::{closure#0}
[INFO] [stdout]    4:     0x63e455212e19 - std[617be2ca0a6fd877]::panicking::default_hook
[INFO] [stdout]    5:     0x63e4551acfd0 - test[aada8e7e76ba119b]::test_main_inner::{closure#0}
[INFO] [stdout]    6:     0x63e455212fd2 - std[617be2ca0a6fd877]::panicking::panic_with_hook
[INFO] [stdout]    7:     0x63e4551f54c2 - std[617be2ca0a6fd877]::panicking::panic_handler::{closure#0}
[INFO] [stdout]    8:     0x63e4551edf29 - std[617be2ca0a6fd877]::sys::backtrace::__rust_end_short_backtrace::<std[617be2ca0a6fd877]::panicking::panic_handler::{closure#0}, !>
[INFO] [stdout]    9:     0x63e4551f60cd - __rustc[ea4f61d10b84890b]::rust_begin_unwind
[INFO] [stdout]   10:     0x63e45523086c - core[a373ad73a504971]::panicking::panic_fmt
[INFO] [stdout]   11:     0x63e455230642 - core[a373ad73a504971]::result::unwrap_failed
[INFO] [stdout]   12:     0x63e455170248 - integration[7eabf6e6de8c4b27]::start_broker
[INFO] [stdout]   13:     0x63e455184ff2 - <integration[7eabf6e6de8c4b27]::cli_send_real_broker_preserves_size_separates_submit_and_restores_writer::{closure#0} as core[a373ad73a504971]::ops::function::FnOnce<()>>::call_once
[INFO] [stdout]   14:     0x63e4551a041b - test[aada8e7e76ba119b]::__rust_begin_short_backtrace::<core[a373ad73a504971]::result::Result<(), alloc[2e1b2a31b91974c5]::string::String>, fn() -> core[a373ad73a504971]::result::Result<(), alloc[2e1b2a31b91974c5]::string::String>>
[INFO] [stdout]   15:     0x63e4551ad5f5 - test[aada8e7e76ba119b]::run_test::{closure#0}
[INFO] [stdout]   16:     0x63e4551a6ee4 - std[617be2ca0a6fd877]::sys::backtrace::__rust_begin_short_backtrace::<test[aada8e7e76ba119b]::run_test::{closure#1}, ()>
[INFO] [stdout]   17:     0x63e4551b0682 - <std[617be2ca0a6fd877]::thread::lifecycle::spawn_unchecked<test[aada8e7e76ba119b]::run_test::{closure#1}, ()>::{closure#1} as core[a373ad73a504971]::ops::function::FnOnce<()>>::call_once::{shim:vtable#0}
[INFO] [stdout]   18:     0x63e45521aaff - <std[617be2ca0a6fd877]::sys::thread::unix::Thread>::new::thread_start
[INFO] [stdout]   19:     0x7371f10abdfa - <unknown>
[INFO] [stdout]   20:     0x7371f113f3d4 - clone
[INFO] [stdout]   21:                0x0 - <unknown>
[INFO] [stdout] 
[INFO] [stdout] ---- cli_screen_scrollback_replays_numbered_lines stdout ----
[INFO] [stdout] 
[INFO] [stdout] thread 'cli_screen_scrollback_replays_numbered_lines' (1063) panicked at keepty/tests/integration.rs:50:10:
[INFO] [stdout] Failed to start keepty broker: Os { code: 2, kind: NotFound, message: "No such file or directory" }
[INFO] [stdout] stack backtrace:
[INFO] [stdout]    0:     0x63e45521b601 - <<std[617be2ca0a6fd877]::sys::backtrace::BacktraceLock>::print::DisplayBacktrace as core[a373ad73a504971]::fmt::Display>::fmt
[INFO] [stdout]    1:     0x63e45523013a - core[a373ad73a504971]::fmt::write
[INFO] [stdout]    2:     0x63e45521fdbc - <alloc[2e1b2a31b91974c5]::vec::Vec<u8> as core[a373ad73a504971]::io::write::Write>::write_fmt
[INFO] [stdout]    3:     0x63e4551f5416 - std[617be2ca0a6fd877]::panicking::default_hook::{closure#0}
[INFO] [stdout]    4:     0x63e455212e19 - std[617be2ca0a6fd877]::panicking::default_hook
[INFO] [stdout]    5:     0x63e4551acfd0 - test[aada8e7e76ba119b]::test_main_inner::{closure#0}
[INFO] [stdout]    6:     0x63e455212fd2 - std[617be2ca0a6fd877]::panicking::panic_with_hook
[INFO] [stdout]    7:     0x63e4551f54c2 - std[617be2ca0a6fd877]::panicking::panic_handler::{closure#0}
[INFO] [stdout]    8:     0x63e4551edf29 - std[617be2ca0a6fd877]::sys::backtrace::__rust_end_short_backtrace::<std[617be2ca0a6fd877]::panicking::panic_handler::{closure#0}, !>
[INFO] [stdout]    9:     0x63e4551f60cd - __rustc[ea4f61d10b84890b]::rust_begin_unwind
[INFO] [stdout]   10:     0x63e45523086c - core[a373ad73a504971]::panicking::panic_fmt
[INFO] [stdout]   11:     0x63e455230642 - core[a373ad73a504971]::result::unwrap_failed
[INFO] [stdout]   12:     0x63e455170248 - integration[7eabf6e6de8c4b27]::start_broker
[INFO] [stdout]   13:     0x63e45517c475 - <integration[7eabf6e6de8c4b27]::cli_screen_scrollback_replays_numbered_lines::{closure#0} as core[a373ad73a504971]::ops::function::FnOnce<()>>::call_once
[INFO] [stdout]   14:     0x63e4551a041b - test[aada8e7e76ba119b]::__rust_begin_short_backtrace::<core[a373ad73a504971]::result::Result<(), alloc[2e1b2a31b91974c5]::string::String>, fn() -> core[a373ad73a504971]::result::Result<(), alloc[2e1b2a31b91974c5]::string::String>>
[INFO] [stdout]   15:     0x63e4551ad5f5 - test[aada8e7e76ba119b]::run_test::{closure#0}
[INFO] [stdout]   16:     0x63e4551a6ee4 - std[617be2ca0a6fd877]::sys::backtrace::__rust_begin_short_backtrace::<test[aada8e7e76ba119b]::run_test::{closure#1}, ()>
[INFO] [stdout]   17:     0x63e4551b0682 - <std[617be2ca0a6fd877]::thread::lifecycle::spawn_unchecked<test[aada8e7e76ba119b]::run_test::{closure#1}, ()>::{closure#1} as core[a373ad73a504971]::ops::function::FnOnce<()>>::call_once::{shim:vtable#0}
[INFO] [stdout]   18:     0x63e45521aaff - <std[617be2ca0a6fd877]::sys::thread::unix::Thread>::new::thread_start
[INFO] [stdout]   19:     0x7371f10abdfa - <unknown>
[INFO] [stdout]   20:     0x7371f113f3d4 - clone
[INFO] [stdout]   21:                0x0 - <unknown>
[INFO] [stdout] 
[INFO] [stdout] ---- cli_wait_matches_final_output_before_exit_and_screen_reports_exit stdout ----
[INFO] [stdout] 
[INFO] [stdout] thread 'cli_wait_matches_final_output_before_exit_and_screen_reports_exit' (1070) panicked at keepty/tests/integration.rs:607:52:
[INFO] [stdout] called `Result::unwrap()` on an `Err` value: Os { code: 2, kind: NotFound, message: "No such file or directory" }
[INFO] [stdout] stack backtrace:
[INFO] [stdout]    0:     0x63e45521b601 - <<std[617be2ca0a6fd877]::sys::backtrace::BacktraceLock>::print::DisplayBacktrace as core[a373ad73a504971]::fmt::Display>::fmt
[INFO] [stdout]    1:     0x63e45523013a - core[a373ad73a504971]::fmt::write
[INFO] [stdout]    2:     0x63e45521fdbc - <alloc[2e1b2a31b91974c5]::vec::Vec<u8> as core[a373ad73a504971]::io::write::Write>::write_fmt
[INFO] [stdout]    3:     0x63e4551f5416 - std[617be2ca0a6fd877]::panicking::default_hook::{closure#0}
[INFO] [stdout]    4:     0x63e455212e19 - std[617be2ca0a6fd877]::panicking::default_hook
[INFO] [stdout]    5:     0x63e4551acfd0 - test[aada8e7e76ba119b]::test_main_inner::{closure#0}
[INFO] [stdout]    6:     0x63e455212fd2 - std[617be2ca0a6fd877]::panicking::panic_with_hook
[INFO] [stdout]    7:     0x63e4551f54c2 - std[617be2ca0a6fd877]::panicking::panic_handler::{closure#0}
[INFO] [stdout]    8:     0x63e4551edf29 - std[617be2ca0a6fd877]::sys::backtrace::__rust_end_short_backtrace::<std[617be2ca0a6fd877]::panicking::panic_handler::{closure#0}, !>
[INFO] [stdout]    9:     0x63e4551f60cd - __rustc[ea4f61d10b84890b]::rust_begin_unwind
[INFO] [stdout]   10:     0x63e45523086c - core[a373ad73a504971]::panicking::panic_fmt
[INFO] [stdout]   11:     0x63e455230642 - core[a373ad73a504971]::result::unwrap_failed
[INFO] [stdout]   12:     0x63e4551721a1 - integration[7eabf6e6de8c4b27]::agent_cli
[INFO] [stdout]   13:     0x63e455184919 - <integration[7eabf6e6de8c4b27]::cli_wait_matches_final_output_before_exit_and_screen_reports_exit::{closure#0} as core[a373ad73a504971]::ops::function::FnOnce<()>>::call_once
[INFO] [stdout]   14:     0x63e4551a041b - test[aada8e7e76ba119b]::__rust_begin_short_backtrace::<core[a373ad73a504971]::result::Result<(), alloc[2e1b2a31b91974c5]::string::String>, fn() -> core[a373ad73a504971]::result::Result<(), alloc[2e1b2a31b91974c5]::string::String>>
[INFO] [stdout]   15:     0x63e4551ad5f5 - test[aada8e7e76ba119b]::run_test::{closure#0}
[INFO] [stdout]   16:     0x63e4551a6ee4 - std[617be2ca0a6fd877]::sys::backtrace::__rust_begin_short_backtrace::<test[aada8e7e76ba119b]::run_test::{closure#1}, ()>
[INFO] [stdout]   17:     0x63e4551b0682 - <std[617be2ca0a6fd877]::thread::lifecycle::spawn_unchecked<test[aada8e7e76ba119b]::run_test::{closure#1}, ()>::{closure#1} as core[a373ad73a504971]::ops::function::FnOnce<()>>::call_once::{shim:vtable#0}
[INFO] [stdout]   18:     0x63e45521aaff - <std[617be2ca0a6fd877]::sys::thread::unix::Thread>::new::thread_start
[INFO] [stdout]   19:     0x7371f10abdfa - <unknown>
[INFO] [stdout]   20:     0x7371f113f3d4 - clone
[INFO] [stdout]   21:                0x0 - <unknown>
[INFO] [stdout] 
[INFO] [stdout] ---- cli_wait_new_raw_output stdout ----
[INFO] [stdout] 
[INFO] [stdout] thread 'cli_wait_new_raw_output' (1072) panicked at keepty/tests/integration.rs:50:10:
[INFO] [stdout] Failed to start keepty broker: Os { code: 2, kind: NotFound, message: "No such file or directory" }
[INFO] [stdout] stack backtrace:
[INFO] [stdout]    0:     0x63e45521b601 - <<std[617be2ca0a6fd877]::sys::backtrace::BacktraceLock>::print::DisplayBacktrace as core[a373ad73a504971]::fmt::Display>::fmt
[INFO] [stdout]    1:     0x63e45523013a - core[a373ad73a504971]::fmt::write
[INFO] [stdout]    2:     0x63e45521fdbc - <alloc[2e1b2a31b91974c5]::vec::Vec<u8> as core[a373ad73a504971]::io::write::Write>::write_fmt
[INFO] [stdout]    3:     0x63e4551f5416 - std[617be2ca0a6fd877]::panicking::default_hook::{closure#0}
[INFO] [stdout]    4:     0x63e455212e19 - std[617be2ca0a6fd877]::panicking::default_hook
[INFO] [stdout]    5:     0x63e4551acfd0 - test[aada8e7e76ba119b]::test_main_inner::{closure#0}
[INFO] [stdout]    6:     0x63e455212fd2 - std[617be2ca0a6fd877]::panicking::panic_with_hook
[INFO] [stdout]    7:     0x63e4551f54c2 - std[617be2ca0a6fd877]::panicking::panic_handler::{closure#0}
[INFO] [stdout]    8:     0x63e4551edf29 - std[617be2ca0a6fd877]::sys::backtrace::__rust_end_short_backtrace::<std[617be2ca0a6fd877]::panicking::panic_handler::{closure#0}, !>
[INFO] [stdout]    9:     0x63e4551f60cd - __rustc[ea4f61d10b84890b]::rust_begin_unwind
[INFO] [stdout]   10:     0x63e45523086c - core[a373ad73a504971]::panicking::panic_fmt
[INFO] [stdout]   11:     0x63e455230642 - core[a373ad73a504971]::result::unwrap_failed
[INFO] [stdout]   12:     0x63e455170248 - integration[7eabf6e6de8c4b27]::start_broker
[INFO] [stdout]   13:     0x63e4551737a2 - <integration[7eabf6e6de8c4b27]::cli_wait_new_raw_output::{closure#0} as core[a373ad73a504971]::ops::function::FnOnce<()>>::call_once
[INFO] [stdout]   14:     0x63e4551a041b - test[aada8e7e76ba119b]::__rust_begin_short_backtrace::<core[a373ad73a504971]::result::Result<(), alloc[2e1b2a31b91974c5]::string::String>, fn() -> core[a373ad73a504971]::result::Result<(), alloc[2e1b2a31b91974c5]::string::String>>
[INFO] [stdout]   15:     0x63e4551ad5f5 - test[aada8e7e76ba119b]::run_test::{closure#0}
[INFO] [stdout]   16:     0x63e4551a6ee4 - std[617be2ca0a6fd877]::sys::backtrace::__rust_begin_short_backtrace::<test[aada8e7e76ba119b]::run_test::{closure#1}, ()>
[INFO] [stdout]   17:     0x63e4551b0682 - <std[617be2ca0a6fd877]::thread::lifecycle::spawn_unchecked<test[aada8e7e76ba119b]::run_test::{closure#1}, ()>::{closure#1} as core[a373ad73a504971]::ops::function::FnOnce<()>>::call_once::{shim:vtable#0}
[INFO] [stdout]   18:     0x63e45521aaff - <std[617be2ca0a6fd877]::sys::thread::unix::Thread>::new::thread_start
[INFO] [stdout]   19:     0x7371f10abdfa - <unknown>
[INFO] [stdout]   20:     0x7371f113f3d4 - clone
[INFO] [stdout]   21:                0x0 - <unknown>
[INFO] [stdout] 
[INFO] [stdout] ---- cli_send_paste_and_separate_delayed_submit stdout ----
[INFO] [stdout] 
[INFO] [stdout] thread 'cli_send_paste_and_separate_delayed_submit' (1066) panicked at keepty/tests/integration.rs:607:52:
[INFO] [stdout] called `Result::unwrap()` on an `Err` value: Os { code: 2, kind: NotFound, message: "No such file or directory" }
[INFO] [stdout] stack backtrace:
[INFO] [stdout]    0:     0x63e45521b601 - <<std[617be2ca0a6fd877]::sys::backtrace::BacktraceLock>::print::DisplayBacktrace as core[a373ad73a504971]::fmt::Display>::fmt
[INFO] [stdout]    1:     0x63e45523013a - core[a373ad73a504971]::fmt::write
[INFO] [stdout]    2:     0x63e45521fdbc - <alloc[2e1b2a31b91974c5]::vec::Vec<u8> as core[a373ad73a504971]::io::write::Write>::write_fmt
[INFO] [stdout]    3:     0x63e4551f5416 - std[617be2ca0a6fd877]::panicking::default_hook::{closure#0}
[INFO] [stdout]    4:     0x63e455212e19 - std[617be2ca0a6fd877]::panicking::default_hook
[INFO] [stdout]    5:     0x63e4551acfd0 - test[aada8e7e76ba119b]::test_main_inner::{closure#0}
[INFO] [stdout]    6:     0x63e455212fd2 - std[617be2ca0a6fd877]::panicking::panic_with_hook
[INFO] [stdout]    7:     0x63e4551f54c2 - std[617be2ca0a6fd877]::panicking::panic_handler::{closure#0}
[INFO] [stdout]    8:     0x63e4551edf29 - std[617be2ca0a6fd877]::sys::backtrace::__rust_end_short_backtrace::<std[617be2ca0a6fd877]::panicking::panic_handler::{closure#0}, !>
[INFO] [stdout]    9:     0x63e4551f60cd - __rustc[ea4f61d10b84890b]::rust_begin_unwind
[INFO] [stdout]   10:     0x63e45523086c - core[a373ad73a504971]::panicking::panic_fmt
[INFO] [stdout]   11:     0x63e455230642 - core[a373ad73a504971]::result::unwrap_failed
[INFO] [stdout]   12:     0x63e4551721a1 - integration[7eabf6e6de8c4b27]::agent_cli
[INFO] [stdout]   13:     0x63e45517a651 - <integration[7eabf6e6de8c4b27]::cli_send_paste_and_separate_delayed_submit::{closure#0} as core[a373ad73a504971]::ops::function::FnOnce<()>>::call_once
[INFO] [stdout]   14:     0x63e4551a041b - test[aada8e7e76ba119b]::__rust_begin_short_backtrace::<core[a373ad73a504971]::result::Result<(), alloc[2e1b2a31b91974c5]::string::String>, fn() -> core[a373ad73a504971]::result::Result<(), alloc[2e1b2a31b91974c5]::string::String>>
[INFO] [stdout]   15:     0x63e4551ad5f5 - test[aada8e7e76ba119b]::run_test::{closure#0}
[INFO] [stdout]   16:     0x63e4551a6ee4 - std[617be2ca0a6fd877]::sys::backtrace::__rust_begin_short_backtrace::<test[aada8e7e76ba119b]::run_test::{closure#1}, ()>
[INFO] [stdout]   17:     0x63e4551b0682 - <std[617be2ca0a6fd877]::thread::lifecycle::spawn_unchecked<test[aada8e7e76ba119b]::run_test::{closure#1}, ()>::{closure#1} as core[a373ad73a504971]::ops::function::FnOnce<()>>::call_once::{shim:vtable#0}
[INFO] [stdout]   18:     0x63e45521aaff - <std[617be2ca0a6fd877]::sys::thread::unix::Thread>::new::thread_start
[INFO] [stdout]   19:     0x7371f10abdfa - <unknown>
[INFO] [stdout]   20:     0x7371f113f3d4 - clone
[INFO] [stdout]   21:                0x0 - <unknown>
[INFO] [stdout] 
[INFO] [stdout] ---- cli_send_restores_old_paste_mode_and_delivers_submit_before_exit stdout ----
[INFO] [stdout] 
[INFO] [stdout] thread 'cli_send_restores_old_paste_mode_and_delivers_submit_before_exit' (1068) panicked at keepty/tests/integration.rs:50:10:
[INFO] [stdout] Failed to start keepty broker: Os { code: 2, kind: NotFound, message: "No such file or directory" }
[INFO] [stdout] stack backtrace:
[INFO] [stdout]    0:     0x63e45521b601 - <<std[617be2ca0a6fd877]::sys::backtrace::BacktraceLock>::print::DisplayBacktrace as core[a373ad73a504971]::fmt::Display>::fmt
[INFO] [stdout]    1:     0x63e45523013a - core[a373ad73a504971]::fmt::write
[INFO] [stdout]    2:     0x63e45521fdbc - <alloc[2e1b2a31b91974c5]::vec::Vec<u8> as core[a373ad73a504971]::io::write::Write>::write_fmt
[INFO] [stdout]    3:     0x63e4551f5416 - std[617be2ca0a6fd877]::panicking::default_hook::{closure#0}
[INFO] [stdout]    4:     0x63e455212e19 - std[617be2ca0a6fd877]::panicking::default_hook
[INFO] [stdout]    5:     0x63e4551acfd0 - test[aada8e7e76ba119b]::test_main_inner::{closure#0}
[INFO] [stdout]    6:     0x63e455212fd2 - std[617be2ca0a6fd877]::panicking::panic_with_hook
[INFO] [stdout]    7:     0x63e4551f54c2 - std[617be2ca0a6fd877]::panicking::panic_handler::{closure#0}
[INFO] [stdout]    8:     0x63e4551edf29 - std[617be2ca0a6fd877]::sys::backtrace::__rust_end_short_backtrace::<std[617be2ca0a6fd877]::panicking::panic_handler::{closure#0}, !>
[INFO] [stdout]    9:     0x63e4551f60cd - __rustc[ea4f61d10b84890b]::rust_begin_unwind
[INFO] [stdout]   10:     0x63e45523086c - core[a373ad73a504971]::panicking::panic_fmt
[INFO] [stdout]   11:     0x63e455230642 - core[a373ad73a504971]::result::unwrap_failed
[INFO] [stdout]   12:     0x63e455170248 - integration[7eabf6e6de8c4b27]::start_broker
[INFO] [stdout]   13:     0x63e45518405f - <integration[7eabf6e6de8c4b27]::cli_send_restores_old_paste_mode_and_delivers_submit_before_exit::{closure#0} as core[a373ad73a504971]::ops::function::FnOnce<()>>::call_once
[INFO] [stdout]   14:     0x63e4551a041b - test[aada8e7e76ba119b]::__rust_begin_short_backtrace::<core[a373ad73a504971]::result::Result<(), alloc[2e1b2a31b91974c5]::string::String>, fn() -> core[a373ad73a504971]::result::Result<(), alloc[2e1b2a31b91974c5]::string::String>>
[INFO] [stdout]   15:     0x63e4551ad5f5 - test[aada8e7e76ba119b]::run_test::{closure#0}
[INFO] [stdout]   16:     0x63e4551a6ee4 - std[617be2ca0a6fd877]::sys::backtrace::__rust_begin_short_backtrace::<test[aada8e7e76ba119b]::run_test::{closure#1}, ()>
[INFO] [stdout]   17:     0x63e4551b0682 - <std[617be2ca0a6fd877]::thread::lifecycle::spawn_unchecked<test[aada8e7e76ba119b]::run_test::{closure#1}, ()>::{closure#1} as core[a373ad73a504971]::ops::function::FnOnce<()>>::call_once::{shim:vtable#0}
[INFO] [stdout]   18:     0x63e45521aaff - <std[617be2ca0a6fd877]::sys::thread::unix::Thread>::new::thread_start
[INFO] [stdout]   19:     0x7371f10abdfa - <unknown>
[INFO] [stdout]   20:     0x7371f113f3d4 - clone
[INFO] [stdout]   21:                0x0 - <unknown>
[INFO] [stdout] 
[INFO] [stdout] ---- resize_sends_resize_ack stdout ----
[INFO] [stdout] 
[INFO] [stdout] thread 'resize_sends_resize_ack' (1098) panicked at keepty/tests/integration.rs:50:10:
[INFO] [stdout] Failed to start keepty broker: Os { code: 2, kind: NotFound, message: "No such file or directory" }
[INFO] [stdout] stack backtrace:
[INFO] [stdout]    0:     0x63e45521b601 - <<std[617be2ca0a6fd877]::sys::backtrace::BacktraceLock>::print::DisplayBacktrace as core[a373ad73a504971]::fmt::Display>::fmt
[INFO] [stdout]    1:     0x63e45523013a - core[a373ad73a504971]::fmt::write
[INFO] [stdout]    2:     0x63e45521fdbc - <alloc[2e1b2a31b91974c5]::vec::Vec<u8> as core[a373ad73a504971]::io::write::Write>::write_fmt
[INFO] [stdout]    3:     0x63e4551f5416 - std[617be2ca0a6fd877]::panicking::default_hook::{closure#0}
[INFO] [stdout]    4:     0x63e455212e19 - std[617be2ca0a6fd877]::panicking::default_hook
[INFO] [stdout]    5:     0x63e4551acfd0 - test[aada8e7e76ba119b]::test_main_inner::{closure#0}
[INFO] [stdout]    6:     0x63e455212fd2 - std[617be2ca0a6fd877]::panicking::panic_with_hook
[INFO] [stdout]    7:     0x63e4551f54c2 - std[617be2ca0a6fd877]::panicking::panic_handler::{closure#0}
[INFO] [stdout]    8:     0x63e4551edf29 - std[617be2ca0a6fd877]::sys::backtrace::__rust_end_short_backtrace::<std[617be2ca0a6fd877]::panicking::panic_handler::{closure#0}, !>
[INFO] [stdout]    9:     0x63e4551f60cd - __rustc[ea4f61d10b84890b]::rust_begin_unwind
[INFO] [stdout]   10:     0x63e45523086c - core[a373ad73a504971]::panicking::panic_fmt
[INFO] [stdout]   11:     0x63e455230642 - core[a373ad73a504971]::result::unwrap_failed
[INFO] [stdout]   12:     0x63e455170248 - integration[7eabf6e6de8c4b27]::start_broker
[INFO] [stdout]   13:     0x63e4551742df - <integration[7eabf6e6de8c4b27]::resize_sends_resize_ack::{closure#0} as core[a373ad73a504971]::ops::function::FnOnce<()>>::call_once
[INFO] [stdout]   14:     0x63e4551a041b - test[aada8e7e76ba119b]::__rust_begin_short_backtrace::<core[a373ad73a504971]::result::Result<(), alloc[2e1b2a31b91974c5]::string::String>, fn() -> core[a373ad73a504971]::result::Result<(), alloc[2e1b2a31b91974c5]::string::String>>
[INFO] [stdout]   15:     0x63e4551ad5f5 - test[aada8e7e76ba119b]::run_test::{closure#0}
[INFO] [stdout]   16:     0x63e4551a6ee4 - std[617be2ca0a6fd877]::sys::backtrace::__rust_begin_short_backtrace::<test[aada8e7e76ba119b]::run_test::{closure#1}, ()>
[INFO] [stdout]   17:     0x63e4551b0682 - <std[617be2ca0a6fd877]::thread::lifecycle::spawn_unchecked<test[aada8e7e76ba119b]::run_test::{closure#1}, ()>::{closure#1} as core[a373ad73a504971]::ops::function::FnOnce<()>>::call_once::{shim:vtable#0}
[INFO] [stdout]   18:     0x63e45521aaff - <std[617be2ca0a6fd877]::sys::thread::unix::Thread>::new::thread_start
[INFO] [stdout]   19:     0x7371f10abdfa - <unknown>
[INFO] [stdout]   20:     0x7371f113f3d4 - clone
[INFO] [stdout]   21:                0x0 - <unknown>
[INFO] [stdout] 
[INFO] [stdout] ---- readonly_clients_replay_current_alternate_screen stdout ----
[INFO] [stdout] 
[INFO] [stdout] thread 'readonly_clients_replay_current_alternate_screen' (1095) panicked at keepty/tests/integration.rs:50:10:
[INFO] [stdout] Failed to start keepty broker: Os { code: 2, kind: NotFound, message: "No such file or directory" }
[INFO] [stdout] stack backtrace:
[INFO] [stdout]    0:     0x63e45521b601 - <<std[617be2ca0a6fd877]::sys::backtrace::BacktraceLock>::print::DisplayBacktrace as core[a373ad73a504971]::fmt::Display>::fmt
[INFO] [stdout]    1:     0x63e45523013a - core[a373ad73a504971]::fmt::write
[INFO] [stdout]    2:     0x63e45521fdbc - <alloc[2e1b2a31b91974c5]::vec::Vec<u8> as core[a373ad73a504971]::io::write::Write>::write_fmt
[INFO] [stdout]    3:     0x63e4551f5416 - std[617be2ca0a6fd877]::panicking::default_hook::{closure#0}
[INFO] [stdout]    4:     0x63e455212e19 - std[617be2ca0a6fd877]::panicking::default_hook
[INFO] [stdout]    5:     0x63e4551acfd0 - test[aada8e7e76ba119b]::test_main_inner::{closure#0}
[INFO] [stdout]    6:     0x63e455212fd2 - std[617be2ca0a6fd877]::panicking::panic_with_hook
[INFO] [stdout]    7:     0x63e4551f54c2 - std[617be2ca0a6fd877]::panicking::panic_handler::{closure#0}
[INFO] [stdout]    8:     0x63e4551edf29 - std[617be2ca0a6fd877]::sys::backtrace::__rust_end_short_backtrace::<std[617be2ca0a6fd877]::panicking::panic_handler::{closure#0}, !>
[INFO] [stdout]    9:     0x63e4551f60cd - __rustc[ea4f61d10b84890b]::rust_begin_unwind
[INFO] [stdout]   10:     0x63e45523086c - core[a373ad73a504971]::panicking::panic_fmt
[INFO] [stdout]   11:     0x63e455230642 - core[a373ad73a504971]::result::unwrap_failed
[INFO] [stdout]   12:     0x63e455170248 - integration[7eabf6e6de8c4b27]::start_broker
[INFO] [stdout]   13:     0x63e45517ee4b - <integration[7eabf6e6de8c4b27]::readonly_clients_replay_current_alternate_screen::{closure#0} as core[a373ad73a504971]::ops::function::FnOnce<()>>::call_once
[INFO] [stdout]   14:     0x63e4551a041b - test[aada8e7e76ba119b]::__rust_begin_short_backtrace::<core[a373ad73a504971]::result::Result<(), alloc[2e1b2a31b91974c5]::string::String>, fn() -> core[a373ad73a504971]::result::Result<(), alloc[2e1b2a31b91974c5]::string::String>>
[INFO] [stdout]   15:     0x63e4551ad5f5 - test[aada8e7e76ba119b]::run_test::{closure#0}
[INFO] [stdout]   16:     0x63e4551a6ee4 - std[617be2ca0a6fd877]::sys::backtrace::__rust_begin_short_backtrace::<test[aada8e7e76ba119b]::run_test::{closure#1}, ()>
[INFO] [stdout]   17:     0x63e4551b0682 - <std[617be2ca0a6fd877]::thread::lifecycle::spawn_unchecked<test[aada8e7e76ba119b]::run_test::{closure#1}, ()>::{closure#1} as core[a373ad73a504971]::ops::function::FnOnce<()>>::call_once::{shim:vtable#0}
[INFO] [stdout]   18:     0x63e45521aaff - <std[617be2ca0a6fd877]::sys::thread::unix::Thread>::new::thread_start
[INFO] [stdout]   19:     0x7371f10abdfa - <unknown>
[INFO] [stdout]   20:     0x7371f113f3d4 - clone
[INFO] [stdout]   21:                0x0 - <unknown>
[INFO] [stdout] 
[INFO] [stdout] ---- shutdown_terminates_session stdout ----
[INFO] [stdout] 
[INFO] [stdout] thread 'shutdown_terminates_session' (1103) panicked at keepty/tests/integration.rs:50:10:
[INFO] [stdout] Failed to start keepty broker: Os { code: 2, kind: NotFound, message: "No such file or directory" }
[INFO] [stdout] stack backtrace:
[INFO] [stdout]    0:     0x63e45521b601 - <<std[617be2ca0a6fd877]::sys::backtrace::BacktraceLock>::print::DisplayBacktrace as core[a373ad73a504971]::fmt::Display>::fmt
[INFO] [stdout]    1:     0x63e45523013a - core[a373ad73a504971]::fmt::write
[INFO] [stdout]    2:     0x63e45521fdbc - <alloc[2e1b2a31b91974c5]::vec::Vec<u8> as core[a373ad73a504971]::io::write::Write>::write_fmt
[INFO] [stdout]    3:     0x63e4551f5416 - std[617be2ca0a6fd877]::panicking::default_hook::{closure#0}
[INFO] [stdout]    4:     0x63e455212e19 - std[617be2ca0a6fd877]::panicking::default_hook
[INFO] [stdout]    5:     0x63e4551acfd0 - test[aada8e7e76ba119b]::test_main_inner::{closure#0}
[INFO] [stdout]    6:     0x63e455212fd2 - std[617be2ca0a6fd877]::panicking::panic_with_hook
[INFO] [stdout]    7:     0x63e4551f54c2 - std[617be2ca0a6fd877]::panicking::panic_handler::{closure#0}
[INFO] [stdout]    8:     0x63e4551edf29 - std[617be2ca0a6fd877]::sys::backtrace::__rust_end_short_backtrace::<std[617be2ca0a6fd877]::panicking::panic_handler::{closure#0}, !>
[INFO] [stdout]    9:     0x63e4551f60cd - __rustc[ea4f61d10b84890b]::rust_begin_unwind
[INFO] [stdout]   10:     0x63e45523086c - core[a373ad73a504971]::panicking::panic_fmt
[INFO] [stdout]   11:     0x63e455230642 - core[a373ad73a504971]::result::unwrap_failed
[INFO] [stdout]   12:     0x63e455170248 - integration[7eabf6e6de8c4b27]::start_broker
[INFO] [stdout]   13:     0x63e4551754b5 - <integration[7eabf6e6de8c4b27]::shutdown_terminates_session::{closure#0} as core[a373ad73a504971]::ops::function::FnOnce<()>>::call_once
[INFO] [stdout]   14:     0x63e4551a041b - test[aada8e7e76ba119b]::__rust_begin_short_backtrace::<core[a373ad73a504971]::result::Result<(), alloc[2e1b2a31b91974c5]::string::String>, fn() -> core[a373ad73a504971]::result::Result<(), alloc[2e1b2a31b91974c5]::string::String>>
[INFO] [stdout]   15:     0x63e4551ad5f5 - test[aada8e7e76ba119b]::run_test::{closure#0}
[INFO] [stdout]   16:     0x63e4551a6ee4 - std[617be2ca0a6fd877]::sys::backtrace::__rust_begin_short_backtrace::<test[aada8e7e76ba119b]::run_test::{closure#1}, ()>
[INFO] [stdout]   17:     0x63e4551b0682 - <std[617be2ca0a6fd877]::thread::lifecycle::spawn_unchecked<test[aada8e7e76ba119b]::run_test::{closure#1}, ()>::{closure#1} as core[a373ad73a504971]::ops::function::FnOnce<()>>::call_once::{shim:vtable#0}
[INFO] [stdout]   18:     0x63e45521aaff - <std[617be2ca0a6fd877]::sys::thread::unix::Thread>::new::thread_start
[INFO] [stdout]   19:     0x7371f10abdfa - <unknown>
[INFO] [stdout]   20:     0x7371f113f3d4 - clone
[INFO] [stdout]   21:                0x0 - <unknown>
[INFO] [stdout] 
[INFO] [stdout] ---- slow_monitor_preserves_output_resize_fence_and_exit stdout ----
[INFO] [stdout] 
[INFO] [stdout] thread 'slow_monitor_preserves_output_resize_fence_and_exit' (1106) panicked at keepty/tests/integration.rs:50:10:
[INFO] [stdout] Failed to start keepty broker: Os { code: 2, kind: NotFound, message: "No such file or directory" }
[INFO] [stdout] stack backtrace:
[INFO] [stdout]    0:     0x63e45521b601 - <<std[617be2ca0a6fd877]::sys::backtrace::BacktraceLock>::print::DisplayBacktrace as core[a373ad73a504971]::fmt::Display>::fmt
[INFO] [stdout]    1:     0x63e45523013a - core[a373ad73a504971]::fmt::write
[INFO] [stdout]    2:     0x63e45521fdbc - <alloc[2e1b2a31b91974c5]::vec::Vec<u8> as core[a373ad73a504971]::io::write::Write>::write_fmt
[INFO] [stdout]    3:     0x63e4551f5416 - std[617be2ca0a6fd877]::panicking::default_hook::{closure#0}
[INFO] [stdout]    4:     0x63e455212e19 - std[617be2ca0a6fd877]::panicking::default_hook
[INFO] [stdout]    5:     0x63e4551acfd0 - test[aada8e7e76ba119b]::test_main_inner::{closure#0}
[INFO] [stdout]    6:     0x63e455212fd2 - std[617be2ca0a6fd877]::panicking::panic_with_hook
[INFO] [stdout]    7:     0x63e4551f54c2 - std[617be2ca0a6fd877]::panicking::panic_handler::{closure#0}
[INFO] [stdout]    8:     0x63e4551edf29 - std[617be2ca0a6fd877]::sys::backtrace::__rust_end_short_backtrace::<std[617be2ca0a6fd877]::panicking::panic_handler::{closure#0}, !>
[INFO] [stdout]    9:     0x63e4551f60cd - __rustc[ea4f61d10b84890b]::rust_begin_unwind
[INFO] [stdout]   10:     0x63e45523086c - core[a373ad73a504971]::panicking::panic_fmt
[INFO] [stdout]   11:     0x63e455230642 - core[a373ad73a504971]::result::unwrap_failed
[INFO] [stdout]   12:     0x63e455170248 - integration[7eabf6e6de8c4b27]::start_broker
[INFO] [stdout]   13:     0x63e455180542 - <integration[7eabf6e6de8c4b27]::slow_monitor_preserves_output_resize_fence_and_exit::{closure#0} as core[a373ad73a504971]::ops::function::FnOnce<()>>::call_once
[INFO] [stdout]   14:     0x63e4551a041b - test[aada8e7e76ba119b]::__rust_begin_short_backtrace::<core[a373ad73a504971]::result::Result<(), alloc[2e1b2a31b91974c5]::string::String>, fn() -> core[a373ad73a504971]::result::Result<(), alloc[2e1b2a31b91974c5]::string::String>>
[INFO] [stdout]   15:     0x63e4551ad5f5 - test[aada8e7e76ba119b]::run_test::{closure#0}
[INFO] [stdout]   16:     0x63e4551a6ee4 - std[617be2ca0a6fd877]::sys::backtrace::__rust_begin_short_backtrace::<test[aada8e7e76ba119b]::run_test::{closure#1}, ()>
[INFO] [stdout]   17:     0x63e4551b0682 - <std[617be2ca0a6fd877]::thread::lifecycle::spawn_unchecked<test[aada8e7e76ba119b]::run_test::{closure#1}, ()>::{closure#1} as core[a373ad73a504971]::ops::function::FnOnce<()>>::call_once::{shim:vtable#0}
[INFO] [stdout]   18:     0x63e45521aaff - <std[617be2ca0a6fd877]::sys::thread::unix::Thread>::new::thread_start
[INFO] [stdout]   19:     0x7371f10abdfa - <unknown>
[INFO] [stdout]   20:     0x7371f113f3d4 - clone
[INFO] [stdout]   21:                0x0 - <unknown>
[INFO] [stdout] 
[INFO] [stdout] ---- ring_buffer_replays_on_reconnect stdout ----
[INFO] [stdout] 
[INFO] [stdout] thread 'ring_buffer_replays_on_reconnect' (1102) panicked at keepty/tests/integration.rs:50:10:
[INFO] [stdout] Failed to start keepty broker: Os { code: 2, kind: NotFound, message: "No such file or directory" }
[INFO] [stdout] stack backtrace:
[INFO] [stdout]    0:     0x63e45521b601 - <<std[617be2ca0a6fd877]::sys::backtrace::BacktraceLock>::print::DisplayBacktrace as core[a373ad73a504971]::fmt::Display>::fmt
[INFO] [stdout]    1:     0x63e45523013a - core[a373ad73a504971]::fmt::write
[INFO] [stdout]    2:     0x63e45521fdbc - <alloc[2e1b2a31b91974c5]::vec::Vec<u8> as core[a373ad73a504971]::io::write::Write>::write_fmt
[INFO] [stdout]    3:     0x63e4551f5416 - std[617be2ca0a6fd877]::panicking::default_hook::{closure#0}
[INFO] [stdout]    4:     0x63e455212e19 - std[617be2ca0a6fd877]::panicking::default_hook
[INFO] [stdout]    5:     0x63e4551acfd0 - test[aada8e7e76ba119b]::test_main_inner::{closure#0}
[INFO] [stdout]    6:     0x63e455212fd2 - std[617be2ca0a6fd877]::panicking::panic_with_hook
[INFO] [stdout]    7:     0x63e4551f54c2 - std[617be2ca0a6fd877]::panicking::panic_handler::{closure#0}
[INFO] [stdout]    8:     0x63e4551edf29 - std[617be2ca0a6fd877]::sys::backtrace::__rust_end_short_backtrace::<std[617be2ca0a6fd877]::panicking::panic_handler::{closure#0}, !>
[INFO] [stdout]    9:     0x63e4551f60cd - __rustc[ea4f61d10b84890b]::rust_begin_unwind
[INFO] [stdout]   10:     0x63e45523086c - core[a373ad73a504971]::panicking::panic_fmt
[INFO] [stdout]   11:     0x63e455230642 - core[a373ad73a504971]::result::unwrap_failed
[INFO] [stdout]   12:     0x63e455170248 - integration[7eabf6e6de8c4b27]::start_broker
[INFO] [stdout]   13:     0x63e455177464 - <integration[7eabf6e6de8c4b27]::ring_buffer_replays_on_reconnect::{closure#0} as core[a373ad73a504971]::ops::function::FnOnce<()>>::call_once
[INFO] [stdout]   14:     0x63e4551a041b - test[aada8e7e76ba119b]::__rust_begin_short_backtrace::<core[a373ad73a504971]::result::Result<(), alloc[2e1b2a31b91974c5]::string::String>, fn() -> core[a373ad73a504971]::result::Result<(), alloc[2e1b2a31b91974c5]::string::String>>
[INFO] [stdout]   15:     0x63e4551ad5f5 - test[aada8e7e76ba119b]::run_test::{closure#0}
[INFO] [stdout]   16:     0x63e4551a6ee4 - std[617be2ca0a6fd877]::sys::backtrace::__rust_begin_short_backtrace::<test[aada8e7e76ba119b]::run_test::{closure#1}, ()>
[INFO] [stdout]   17:     0x63e4551b0682 - <std[617be2ca0a6fd877]::thread::lifecycle::spawn_unchecked<test[aada8e7e76ba119b]::run_test::{closure#1}, ()>::{closure#1} as core[a373ad73a504971]::ops::function::FnOnce<()>>::call_once::{shim:vtable#0}
[INFO] [stdout]   18:     0x63e45521aaff - <std[617be2ca0a6fd877]::sys::thread::unix::Thread>::new::thread_start
[INFO] [stdout]   19:     0x7371f10abdfa - <unknown>
[INFO] [stdout]   20:     0x7371f113f3d4 - clone
[INFO] [stdout]   21:                0x0 - <unknown>
[INFO] [stdout] 
[INFO] [stdout] ---- cli_screen_replays_without_resize_or_redraw stdout ----
[INFO] [stdout] 
[INFO] [stdout] thread 'cli_screen_replays_without_resize_or_redraw' (1062) panicked at keepty/tests/integration.rs:50:10:
[INFO] [stdout] Failed to start keepty broker: Os { code: 2, kind: NotFound, message: "No such file or directory" }
[INFO] [stdout] stack backtrace:
[INFO] [stdout]    0:     0x63e45521b601 - <<std[617be2ca0a6fd877]::sys::backtrace::BacktraceLock>::print::DisplayBacktrace as core[a373ad73a504971]::fmt::Display>::fmt
[INFO] [stdout]    1:     0x63e45523013a - core[a373ad73a504971]::fmt::write
[INFO] [stdout]    2:     0x63e45521fdbc - <alloc[2e1b2a31b91974c5]::vec::Vec<u8> as core[a373ad73a504971]::io::write::Write>::write_fmt
[INFO] [stdout]    3:     0x63e4551f5416 - std[617be2ca0a6fd877]::panicking::default_hook::{closure#0}
[INFO] [stdout]    4:     0x63e455212e19 - std[617be2ca0a6fd877]::panicking::default_hook
[INFO] [stdout]    5:     0x63e4551acfd0 - test[aada8e7e76ba119b]::test_main_inner::{closure#0}
[INFO] [stdout]    6:     0x63e455212fd2 - std[617be2ca0a6fd877]::panicking::panic_with_hook
[INFO] [stdout]    7:     0x63e4551f54c2 - std[617be2ca0a6fd877]::panicking::panic_handler::{closure#0}
[INFO] [stdout]    8:     0x63e4551edf29 - std[617be2ca0a6fd877]::sys::backtrace::__rust_end_short_backtrace::<std[617be2ca0a6fd877]::panicking::panic_handler::{closure#0}, !>
[INFO] [stdout]    9:     0x63e4551f60cd - __rustc[ea4f61d10b84890b]::rust_begin_unwind
[INFO] [stdout]   10:     0x63e45523086c - core[a373ad73a504971]::panicking::panic_fmt
[INFO] [stdout]   11:     0x63e455230642 - core[a373ad73a504971]::result::unwrap_failed
[INFO] [stdout]   12:     0x63e455170248 - integration[7eabf6e6de8c4b27]::start_broker
[INFO] [stdout]   13:     0x63e45517bdf8 - <integration[7eabf6e6de8c4b27]::cli_screen_replays_without_resize_or_redraw::{closure#0} as core[a373ad73a504971]::ops::function::FnOnce<()>>::call_once
[INFO] [stdout]   14:     0x63e4551a041b - test[aada8e7e76ba119b]::__rust_begin_short_backtrace::<core[a373ad73a504971]::result::Result<(), alloc[2e1b2a31b91974c5]::string::String>, fn() -> core[a373ad73a504971]::result::Result<(), alloc[2e1b2a31b91974c5]::string::String>>
[INFO] [stdout]   15:     0x63e4551ad5f5 - test[aada8e7e76ba119b]::run_test::{closure#0}
[INFO] [stdout]   16:     0x63e4551a6ee4 - std[617be2ca0a6fd877]::sys::backtrace::__rust_begin_short_backtrace::<test[aada8e7e76ba119b]::run_test::{closure#1}, ()>
[INFO] [stdout]   17:     0x63e4551b0682 - <std[617be2ca0a6fd877]::thread::lifecycle::spawn_unchecked<test[aada8e7e76ba119b]::run_test::{closure#1}, ()>::{closure#1} as core[a373ad73a504971]::ops::function::FnOnce<()>>::call_once::{shim:vtable#0}
[INFO] [stdout]   18:     0x63e45521aaff - <std[617be2ca0a6fd877]::sys::thread::unix::Thread>::new::thread_start
[INFO] [stdout]   19:     0x7371f10abdfa - <unknown>
[INFO] [stdout]   20:     0x7371f113f3d4 - clone
[INFO] [stdout]   21:                0x0 - <unknown>
[INFO] [stdout] 
[INFO] [stdout] ---- stop_kills_background_grandchild stdout ----
[INFO] [stdout] 
[INFO] [stdout] thread 'stop_kills_background_grandchild' (1112) panicked at keepty/tests/integration.rs:50:10:
[INFO] [stdout] Failed to start keepty broker: Os { code: 2, kind: NotFound, message: "No such file or directory" }
[INFO] [stdout] stack backtrace:
[INFO] [stdout]    0:     0x63e45521b601 - <<std[617be2ca0a6fd877]::sys::backtrace::BacktraceLock>::print::DisplayBacktrace as core[a373ad73a504971]::fmt::Display>::fmt
[INFO] [stdout]    1:     0x63e45523013a - core[a373ad73a504971]::fmt::write
[INFO] [stdout]    2:     0x63e45521fdbc - <alloc[2e1b2a31b91974c5]::vec::Vec<u8> as core[a373ad73a504971]::io::write::Write>::write_fmt
[INFO] [stdout]    3:     0x63e4551f5416 - std[617be2ca0a6fd877]::panicking::default_hook::{closure#0}
[INFO] [stdout]    4:     0x63e455212e19 - std[617be2ca0a6fd877]::panicking::default_hook
[INFO] [stdout]    5:     0x63e4551acfd0 - test[aada8e7e76ba119b]::test_main_inner::{closure#0}
[INFO] [stdout]    6:     0x63e455212fd2 - std[617be2ca0a6fd877]::panicking::panic_with_hook
[INFO] [stdout]    7:     0x63e4551f54c2 - std[617be2ca0a6fd877]::panicking::panic_handler::{closure#0}
[INFO] [stdout]    8:     0x63e4551edf29 - std[617be2ca0a6fd877]::sys::backtrace::__rust_end_short_backtrace::<std[617be2ca0a6fd877]::panicking::panic_handler::{closure#0}, !>
[INFO] [stdout]    9:     0x63e4551f60cd - __rustc[ea4f61d10b84890b]::rust_begin_unwind
[INFO] [stdout]   10:     0x63e45523086c - core[a373ad73a504971]::panicking::panic_fmt
[INFO] [stdout]   11:     0x63e455230642 - core[a373ad73a504971]::result::unwrap_failed
[INFO] [stdout]   12:     0x63e455170248 - integration[7eabf6e6de8c4b27]::start_broker
[INFO] [stdout]   13:     0x63e455170598 - integration[7eabf6e6de8c4b27]::assert_descendant_cleanup
[INFO] [stdout]   14:     0x63e455177b5d - <integration[7eabf6e6de8c4b27]::stop_kills_background_grandchild::{closure#0} as core[a373ad73a504971]::ops::function::FnOnce<()>>::call_once
[INFO] [stdout]   15:     0x63e4551a041b - test[aada8e7e76ba119b]::__rust_begin_short_backtrace::<core[a373ad73a504971]::result::Result<(), alloc[2e1b2a31b91974c5]::string::String>, fn() -> core[a373ad73a504971]::result::Result<(), alloc[2e1b2a31b91974c5]::string::String>>
[INFO] [stdout]   16:     0x63e4551ad5f5 - test[aada8e7e76ba119b]::run_test::{closure#0}
[INFO] [stdout]   17:     0x63e4551a6ee4 - std[617be2ca0a6fd877]::sys::backtrace::__rust_begin_short_backtrace::<test[aada8e7e76ba119b]::run_test::{closure#1}, ()>
[INFO] [stdout]   18:     0x63e4551b0682 - <std[617be2ca0a6fd877]::thread::lifecycle::spawn_unchecked<test[aada8e7e76ba119b]::run_test::{closure#1}, ()>::{closure#1} as core[a373ad73a504971]::ops::function::FnOnce<()>>::call_once::{shim:vtable#0}
[INFO] [stdout]   19:     0x63e45521aaff - <std[617be2ca0a6fd877]::sys::thread::unix::Thread>::new::thread_start
[INFO] [stdout]   20:     0x7371f10abdfa - <unknown>
[INFO] [stdout]   21:     0x7371f113f3d4 - clone
[INFO] [stdout]   22:                0x0 - <unknown>
[INFO] [stdout] 
[INFO] [stdout] ---- cli_send_carriage_return_paste_and_drains_noisy_output stdout ----
[INFO] [stdout] 
[INFO] [stdout] thread 'cli_send_carriage_return_paste_and_drains_noisy_output' (1064) panicked at keepty/tests/integration.rs:607:52:
[INFO] [stdout] called `Result::unwrap()` on an `Err` value: Os { code: 2, kind: NotFound, message: "No such file or directory" }
[INFO] [stdout] stack backtrace:
[INFO] [stdout]    0:     0x63e45521b601 - <<std[617be2ca0a6fd877]::sys::backtrace::BacktraceLock>::print::DisplayBacktrace as core[a373ad73a504971]::fmt::Display>::fmt
[INFO] [stdout]    1:     0x63e45523013a - core[a373ad73a504971]::fmt::write
[INFO] [stdout]    2:     0x63e45521fdbc - <alloc[2e1b2a31b91974c5]::vec::Vec<u8> as core[a373ad73a504971]::io::write::Write>::write_fmt
[INFO] [stdout]    3:     0x63e4551f5416 - std[617be2ca0a6fd877]::panicking::default_hook::{closure#0}
[INFO] [stdout]    4:     0x63e455212e19 - std[617be2ca0a6fd877]::panicking::default_hook
[INFO] [stdout]    5:     0x63e4551acfd0 - test[aada8e7e76ba119b]::test_main_inner::{closure#0}
[INFO] [stdout]    6:     0x63e455212fd2 - std[617be2ca0a6fd877]::panicking::panic_with_hook
[INFO] [stdout]    7:     0x63e4551f54c2 - std[617be2ca0a6fd877]::panicking::panic_handler::{closure#0}
[INFO] [stdout]    8:     0x63e4551edf29 - std[617be2ca0a6fd877]::sys::backtrace::__rust_end_short_backtrace::<std[617be2ca0a6fd877]::panicking::panic_handler::{closure#0}, !>
[INFO] [stdout]    9:     0x63e4551f60cd - __rustc[ea4f61d10b84890b]::rust_begin_unwind
[INFO] [stdout]   10:     0x63e45523086c - core[a373ad73a504971]::panicking::panic_fmt
[INFO] [stdout]   11:     0x63e455230642 - core[a373ad73a504971]::result::unwrap_failed
[INFO] [stdout]   12:     0x63e4551721a1 - integration[7eabf6e6de8c4b27]::agent_cli
[INFO] [stdout]   13:     0x63e4551815df - <integration[7eabf6e6de8c4b27]::cli_send_carriage_return_paste_and_drains_noisy_output::{closure#0} as core[a373ad73a504971]::ops::function::FnOnce<()>>::call_once
[INFO] [stdout]   14:     0x63e4551a041b - test[aada8e7e76ba119b]::__rust_begin_short_backtrace::<core[a373ad73a504971]::result::Result<(), alloc[2e1b2a31b91974c5]::string::String>, fn() -> core[a373ad73a504971]::result::Result<(), alloc[2e1b2a31b91974c5]::string::String>>
[INFO] [stdout]   15:     0x63e4551ad5f5 - test[aada8e7e76ba119b]::run_test::{closure#0}
[INFO] [stdout]   16:     0x63e4551a6ee4 - std[617be2ca0a6fd877]::sys::backtrace::__rust_begin_short_backtrace::<test[aada8e7e76ba119b]::run_test::{closure#1}, ()>
[INFO] [stdout]   17:     0x63e4551b0682 - <std[617be2ca0a6fd877]::thread::lifecycle::spawn_unchecked<test[aada8e7e76ba119b]::run_test::{closure#1}, ()>::{closure#1} as core[a373ad73a504971]::ops::function::FnOnce<()>>::call_once::{shim:vtable#0}
[INFO] [stdout]   18:     0x63e45521aaff - <std[617be2ca0a6fd877]::sys::thread::unix::Thread>::new::thread_start
[INFO] [stdout]   19:     0x7371f10abdfa - <unknown>
[INFO] [stdout]   20:     0x7371f113f3d4 - clone
[INFO] [stdout]   21:                0x0 - <unknown>
[INFO] [stdout] 
[INFO] [stdout] ---- resize_is_accepted stdout ----
[INFO] [stdout] 
[INFO] [stdout] thread 'resize_is_accepted' (1097) panicked at keepty/tests/integration.rs:50:10:
[INFO] [stdout] Failed to start keepty broker: Os { code: 2, kind: NotFound, message: "No such file or directory" }
[INFO] [stdout] stack backtrace:
[INFO] [stdout]    0:     0x63e45521b601 - <<std[617be2ca0a6fd877]::sys::backtrace::BacktraceLock>::print::DisplayBacktrace as core[a373ad73a504971]::fmt::Display>::fmt
[INFO] [stdout]    1:     0x63e45523013a - core[a373ad73a504971]::fmt::write
[INFO] [stdout]    2:     0x63e45521fdbc - <alloc[2e1b2a31b91974c5]::vec::Vec<u8> as core[a373ad73a504971]::io::write::Write>::write_fmt
[INFO] [stdout]    3:     0x63e4551f5416 - std[617be2ca0a6fd877]::panicking::default_hook::{closure#0}
[INFO] [stdout]    4:     0x63e455212e19 - std[617be2ca0a6fd877]::panicking::default_hook
[INFO] [stdout]    5:     0x63e4551acfd0 - test[aada8e7e76ba119b]::test_main_inner::{closure#0}
[INFO] [stdout]    6:     0x63e455212fd2 - std[617be2ca0a6fd877]::panicking::panic_with_hook
[INFO] [stdout]    7:     0x63e4551f54c2 - std[617be2ca0a6fd877]::panicking::panic_handler::{closure#0}
[INFO] [stdout]    8:     0x63e4551edf29 - std[617be2ca0a6fd877]::sys::backtrace::__rust_end_short_backtrace::<std[617be2ca0a6fd877]::panicking::panic_handler::{closure#0}, !>
[INFO] [stdout]    9:     0x63e4551f60cd - __rustc[ea4f61d10b84890b]::rust_begin_unwind
[INFO] [stdout]   10:     0x63e45523086c - core[a373ad73a504971]::panicking::panic_fmt
[INFO] [stdout]   11:     0x63e455230642 - core[a373ad73a504971]::result::unwrap_failed
[INFO] [stdout]   12:     0x63e455170248 - integration[7eabf6e6de8c4b27]::start_broker
[INFO] [stdout]   13:     0x63e455172ff2 - <integration[7eabf6e6de8c4b27]::resize_is_accepted::{closure#0} as core[a373ad73a504971]::ops::function::FnOnce<()>>::call_once
[INFO] [stdout]   14:     0x63e4551a041b - test[aada8e7e76ba119b]::__rust_begin_short_backtrace::<core[a373ad73a504971]::result::Result<(), alloc[2e1b2a31b91974c5]::string::String>, fn() -> core[a373ad73a504971]::result::Result<(), alloc[2e1b2a31b91974c5]::string::String>>
[INFO] [stdout]   15:     0x63e4551ad5f5 - test[aada8e7e76ba119b]::run_test::{closure#0}
[INFO] [stdout]   16:     0x63e4551a6ee4 - std[617be2ca0a6fd877]::sys::backtrace::__rust_begin_short_backtrace::<test[aada8e7e76ba119b]::run_test::{closure#1}, ()>
[INFO] [stdout]   17:     0x63e4551b0682 - <std[617be2ca0a6fd877]::thread::lifecycle::spawn_unchecked<test[aada8e7e76ba119b]::run_test::{closure#1}, ()>::{closure#1} as core[a373ad73a504971]::ops::function::FnOnce<()>>::call_once::{shim:vtable#0}
[INFO] [stdout]   18:     0x63e45521aaff - <std[617be2ca0a6fd877]::sys::thread::unix::Thread>::new::thread_start
[INFO] [stdout]   19:     0x7371f10abdfa - <unknown>
[INFO] [stdout]   20:     0x7371f113f3d4 - clone
[INFO] [stdout]   21:                0x0 - <unknown>
[INFO] [stdout] 
[INFO] [stdout] ---- cli_wait_text_quiet_timeout_and_exit stdout ----
[INFO] [stdout] 
[INFO] [stdout] thread 'cli_wait_text_quiet_timeout_and_exit' (1086) panicked at keepty/tests/integration.rs:50:10:
[INFO] [stdout] Failed to start keepty broker: Os { code: 2, kind: NotFound, message: "No such file or directory" }
[INFO] [stdout] stack backtrace:
[INFO] [stdout]    0:     0x63e45521b601 - <<std[617be2ca0a6fd877]::sys::backtrace::BacktraceLock>::print::DisplayBacktrace as core[a373ad73a504971]::fmt::Display>::fmt
[INFO] [stdout]    1:     0x63e45523013a - core[a373ad73a504971]::fmt::write
[INFO] [stdout]    2:     0x63e45521fdbc - <alloc[2e1b2a31b91974c5]::vec::Vec<u8> as core[a373ad73a504971]::io::write::Write>::write_fmt
[INFO] [stdout]    3:     0x63e4551f5416 - std[617be2ca0a6fd877]::panicking::default_hook::{closure#0}
[INFO] [stdout]    4:     0x63e455212e19 - std[617be2ca0a6fd877]::panicking::default_hook
[INFO] [stdout]    5:     0x63e4551acfd0 - test[aada8e7e76ba119b]::test_main_inner::{closure#0}
[INFO] [stdout]    6:     0x63e455212fd2 - std[617be2ca0a6fd877]::panicking::panic_with_hook
[INFO] [stdout]    7:     0x63e4551f54c2 - std[617be2ca0a6fd877]::panicking::panic_handler::{closure#0}
[INFO] [stdout]    8:     0x63e4551edf29 - std[617be2ca0a6fd877]::sys::backtrace::__rust_end_short_backtrace::<std[617be2ca0a6fd877]::panicking::panic_handler::{closure#0}, !>
[INFO] [stdout]    9:     0x63e4551f60cd - __rustc[ea4f61d10b84890b]::rust_begin_unwind
[INFO] [stdout]   10:     0x63e45523086c - core[a373ad73a504971]::panicking::panic_fmt
[INFO] [stdout]   11:     0x63e455230642 - core[a373ad73a504971]::result::unwrap_failed
[INFO] [stdout]   12:     0x63e455170248 - integration[7eabf6e6de8c4b27]::start_broker
[INFO] [stdout]   13:     0x63e455178b48 - <integration[7eabf6e6de8c4b27]::cli_wait_text_quiet_timeout_and_exit::{closure#0} as core[a373ad73a504971]::ops::function::FnOnce<()>>::call_once
[INFO] [stdout]   14:     0x63e4551a041b - test[aada8e7e76ba119b]::__rust_begin_short_backtrace::<core[a373ad73a504971]::result::Result<(), alloc[2e1b2a31b91974c5]::string::String>, fn() -> core[a373ad73a504971]::result::Result<(), alloc[2e1b2a31b91974c5]::string::String>>
[INFO] [stdout]   15:     0x63e4551ad5f5 - test[aada8e7e76ba119b]::run_test::{closure#0}
[INFO] [stdout]   16:     0x63e4551a6ee4 - std[617be2ca0a6fd877]::sys::backtrace::__rust_begin_short_backtrace::<test[aada8e7e76ba119b]::run_test::{closure#1}, ()>
[INFO] [stdout]   17:     0x63e4551b0682 - <std[617be2ca0a6fd877]::thread::lifecycle::spawn_unchecked<test[aada8e7e76ba119b]::run_test::{closure#1}, ()>::{closure#1} as core[a373ad73a504971]::ops::function::FnOnce<()>>::call_once::{shim:vtable#0}
[INFO] [stdout]   18:     0x63e45521aaff - <std[617be2ca0a6fd877]::sys::thread::unix::Thread>::new::thread_start
[INFO] [stdout]   19:     0x7371f10abdfa - <unknown>
[INFO] [stdout]   20:     0x7371f113f3d4 - clone
[INFO] [stdout]   21:                0x0 - <unknown>
[INFO] [stdout] 
[INFO] [stdout] ---- monitor_with_vt100_reads_screen stdout ----
[INFO] [stdout] 
[INFO] [stdout] thread 'monitor_with_vt100_reads_screen' (1089) panicked at keepty/tests/integration.rs:50:10:
[INFO] [stdout] Failed to start keepty broker: Os { code: 2, kind: NotFound, message: "No such file or directory" }
[INFO] [stdout] stack backtrace:
[INFO] [stdout]    0:     0x63e45521b601 - <<std[617be2ca0a6fd877]::sys::backtrace::BacktraceLock>::print::DisplayBacktrace as core[a373ad73a504971]::fmt::Display>::fmt
[INFO] [stdout]    1:     0x63e45523013a - core[a373ad73a504971]::fmt::write
[INFO] [stdout]    2:     0x63e45521fdbc - <alloc[2e1b2a31b91974c5]::vec::Vec<u8> as core[a373ad73a504971]::io::write::Write>::write_fmt
[INFO] [stdout]    3:     0x63e4551f5416 - std[617be2ca0a6fd877]::panicking::default_hook::{closure#0}
[INFO] [stdout]    4:     0x63e455212e19 - std[617be2ca0a6fd877]::panicking::default_hook
[INFO] [stdout]    5:     0x63e4551acfd0 - test[aada8e7e76ba119b]::test_main_inner::{closure#0}
[INFO] [stdout]    6:     0x63e455212fd2 - std[617be2ca0a6fd877]::panicking::panic_with_hook
[INFO] [stdout]    7:     0x63e4551f54c2 - std[617be2ca0a6fd877]::panicking::panic_handler::{closure#0}
[INFO] [stdout]    8:     0x63e4551edf29 - std[617be2ca0a6fd877]::sys::backtrace::__rust_end_short_backtrace::<std[617be2ca0a6fd877]::panicking::panic_handler::{closure#0}, !>
[INFO] [stdout]    9:     0x63e4551f60cd - __rustc[ea4f61d10b84890b]::rust_begin_unwind
[INFO] [stdout]   10:     0x63e45523086c - core[a373ad73a504971]::panicking::panic_fmt
[INFO] [stdout]   11:     0x63e455230642 - core[a373ad73a504971]::result::unwrap_failed
[INFO] [stdout]   12:     0x63e455170248 - integration[7eabf6e6de8c4b27]::start_broker
[INFO] [stdout]   13:     0x63e455176f4b - <integration[7eabf6e6de8c4b27]::monitor_with_vt100_reads_screen::{closure#0} as core[a373ad73a504971]::ops::function::FnOnce<()>>::call_once
[INFO] [stdout]   14:     0x63e4551a041b - test[aada8e7e76ba119b]::__rust_begin_short_backtrace::<core[a373ad73a504971]::result::Result<(), alloc[2e1b2a31b91974c5]::string::String>, fn() -> core[a373ad73a504971]::result::Result<(), alloc[2e1b2a31b91974c5]::string::String>>
[INFO] [stdout]   15:     0x63e4551ad5f5 - test[aada8e7e76ba119b]::run_test::{closure#0}
[INFO] [stdout]   16:     0x63e4551a6ee4 - std[617be2ca0a6fd877]::sys::backtrace::__rust_begin_short_backtrace::<test[aada8e7e76ba119b]::run_test::{closure#1}, ()>
[INFO] [stdout]   17:     0x63e4551b0682 - <std[617be2ca0a6fd877]::thread::lifecycle::spawn_unchecked<test[aada8e7e76ba119b]::run_test::{closure#1}, ()>::{closure#1} as core[a373ad73a504971]::ops::function::FnOnce<()>>::call_once::{shim:vtable#0}
[INFO] [stdout]   18:     0x63e45521aaff - <std[617be2ca0a6fd877]::sys::thread::unix::Thread>::new::thread_start
[INFO] [stdout]   19:     0x7371f10abdfa - <unknown>
[INFO] [stdout]   20:     0x7371f113f3d4 - clone
[INFO] [stdout]   21:                0x0 - <unknown>
[INFO] [stdout] 
[INFO] [stdout] ---- multiple_clients_receive_same_output stdout ----
[INFO] [stdout] 
[INFO] [stdout] thread 'multiple_clients_receive_same_output' (1090) panicked at keepty/tests/integration.rs:50:10:
[INFO] [stdout] Failed to start keepty broker: Os { code: 2, kind: NotFound, message: "No such file or directory" }
[INFO] [stdout] stack backtrace:
[INFO] [stdout]    0:     0x63e45521b601 - <<std[617be2ca0a6fd877]::sys::backtrace::BacktraceLock>::print::DisplayBacktrace as core[a373ad73a504971]::fmt::Display>::fmt
[INFO] [stdout]    1:     0x63e45523013a - core[a373ad73a504971]::fmt::write
[INFO] [stdout]    2:     0x63e45521fdbc - <alloc[2e1b2a31b91974c5]::vec::Vec<u8> as core[a373ad73a504971]::io::write::Write>::write_fmt
[INFO] [stdout]    3:     0x63e4551f5416 - std[617be2ca0a6fd877]::panicking::default_hook::{closure#0}
[INFO] [stdout]    4:     0x63e455212e19 - std[617be2ca0a6fd877]::panicking::default_hook
[INFO] [stdout]    5:     0x63e4551acfd0 - test[aada8e7e76ba119b]::test_main_inner::{closure#0}
[INFO] [stdout]    6:     0x63e455212fd2 - std[617be2ca0a6fd877]::panicking::panic_with_hook
[INFO] [stdout]    7:     0x63e4551f54c2 - std[617be2ca0a6fd877]::panicking::panic_handler::{closure#0}
[INFO] [stdout]    8:     0x63e4551edf29 - std[617be2ca0a6fd877]::sys::backtrace::__rust_end_short_backtrace::<std[617be2ca0a6fd877]::panicking::panic_handler::{closure#0}, !>
[INFO] [stdout]    9:     0x63e4551f60cd - __rustc[ea4f61d10b84890b]::rust_begin_unwind
[INFO] [stdout]   10:     0x63e45523086c - core[a373ad73a504971]::panicking::panic_fmt
[INFO] [stdout]   11:     0x63e455230642 - core[a373ad73a504971]::result::unwrap_failed
[INFO] [stdout]   12:     0x63e455170248 - integration[7eabf6e6de8c4b27]::start_broker
[INFO] [stdout]   13:     0x63e45517945b - <integration[7eabf6e6de8c4b27]::multiple_clients_receive_same_output::{closure#0} as core[a373ad73a504971]::ops::function::FnOnce<()>>::call_once
[INFO] [stdout]   14:     0x63e4551a041b - test[aada8e7e76ba119b]::__rust_begin_short_backtrace::<core[a373ad73a504971]::result::Result<(), alloc[2e1b2a31b91974c5]::string::String>, fn() -> core[a373ad73a504971]::result::Result<(), alloc[2e1b2a31b91974c5]::string::String>>
[INFO] [stdout]   15:     0x63e4551ad5f5 - test[aada8e7e76ba119b]::run_test::{closure#0}
[INFO] [stdout]   16:     0x63e4551a6ee4 - std[617be2ca0a6fd877]::sys::backtrace::__rust_begin_short_backtrace::<test[aada8e7e76ba119b]::run_test::{closure#1}, ()>
[INFO] [stdout]   17:     0x63e4551b0682 - <std[617be2ca0a6fd877]::thread::lifecycle::spawn_unchecked<test[aada8e7e76ba119b]::run_test::{closure#1}, ()>::{closure#1} as core[a373ad73a504971]::ops::function::FnOnce<()>>::call_once::{shim:vtable#0}
[INFO] [stdout]   18:     0x63e45521aaff - <std[617be2ca0a6fd877]::sys::thread::unix::Thread>::new::thread_start
[INFO] [stdout]   19:     0x7371f10abdfa - <unknown>
[INFO] [stdout]   20:     0x7371f113f3d4 - clone
[INFO] [stdout]   21:                0x0 - <unknown>
[INFO] [stdout] 
[INFO] [stdout] ---- list_prunes_refused_sockets_and_preserves_live_sessions stdout ----
[INFO] [stdout] 
[INFO] [stdout] thread 'list_prunes_refused_sockets_and_preserves_live_sessions' (1088) panicked at keepty/tests/integration.rs:596:10:
[INFO] [stdout] called `Result::unwrap()` on an `Err` value: Os { code: 2, kind: NotFound, message: "No such file or directory" }
[INFO] [stdout] stack backtrace:
[INFO] [stdout]    0:     0x63e45521b601 - <<std[617be2ca0a6fd877]::sys::backtrace::BacktraceLock>::print::DisplayBacktrace as core[a373ad73a504971]::fmt::Display>::fmt
[INFO] [stdout]    1:     0x63e45523013a - core[a373ad73a504971]::fmt::write
[INFO] [stdout]    2:     0x63e45521fdbc - <alloc[2e1b2a31b91974c5]::vec::Vec<u8> as core[a373ad73a504971]::io::write::Write>::write_fmt
[INFO] [stdout]    3:     0x63e4551f5416 - std[617be2ca0a6fd877]::panicking::default_hook::{closure#0}
[INFO] [stdout]    4:     0x63e455212e19 - std[617be2ca0a6fd877]::panicking::default_hook
[INFO] [stdout]    5:     0x63e4551acfd0 - test[aada8e7e76ba119b]::test_main_inner::{closure#0}
[INFO] [stdout]    6:     0x63e455212fd2 - std[617be2ca0a6fd877]::panicking::panic_with_hook
[INFO] [stdout]    7:     0x63e4551f54c2 - std[617be2ca0a6fd877]::panicking::panic_handler::{closure#0}
[INFO] [stdout]    8:     0x63e4551edf29 - std[617be2ca0a6fd877]::sys::backtrace::__rust_end_short_backtrace::<std[617be2ca0a6fd877]::panicking::panic_handler::{closure#0}, !>
[INFO] [stdout]    9:     0x63e4551f60cd - __rustc[ea4f61d10b84890b]::rust_begin_unwind
[INFO] [stdout]   10:     0x63e45523086c - core[a373ad73a504971]::panicking::panic_fmt
[INFO] [stdout]   11:     0x63e455230642 - core[a373ad73a504971]::result::unwrap_failed
[INFO] [stdout]   12:     0x63e4551833c2 - <integration[7eabf6e6de8c4b27]::list_prunes_refused_sockets_and_preserves_live_sessions::{closure#0} as core[a373ad73a504971]::ops::function::FnOnce<()>>::call_once
[INFO] [stdout]   13:     0x63e4551a041b - test[aada8e7e76ba119b]::__rust_begin_short_backtrace::<core[a373ad73a504971]::result::Result<(), alloc[2e1b2a31b91974c5]::string::String>, fn() -> core[a373ad73a504971]::result::Result<(), alloc[2e1b2a31b91974c5]::string::String>>
[INFO] [stdout]   14:     0x63e4551ad5f5 - test[aada8e7e76ba119b]::run_test::{closure#0}
[INFO] [stdout]   15:     0x63e4551a6ee4 - std[617be2ca0a6fd877]::sys::backtrace::__rust_begin_short_backtrace::<test[aada8e7e76ba119b]::run_test::{closure#1}, ()>
[INFO] [stdout]   16:     0x63e4551b0682 - <std[617be2ca0a6fd877]::thread::lifecycle::spawn_unchecked<test[aada8e7e76ba119b]::run_test::{closure#1}, ()>::{closure#1} as core[a373ad73a504971]::ops::function::FnOnce<()>>::call_once::{shim:vtable#0}
[INFO] [stdout]   17:     0x63e45521aaff - <std[617be2ca0a6fd877]::sys::thread::unix::Thread>::new::thread_start
[INFO] [stdout]   18:     0x7371f10abdfa - <unknown>
[INFO] [stdout]   19:     0x7371f113f3d4 - clone
[INFO] [stdout]   20:                0x0 - <unknown>
[INFO] [stdout] 
[INFO] [stdout] ---- cli_wait_new_ignores_existing_text_and_default_still_matches stdout ----
[INFO] [stdout] 
[INFO] [stdout] thread 'cli_wait_new_ignores_existing_text_and_default_still_matches' (1071) panicked at keepty/tests/integration.rs:50:10:
[INFO] [stdout] Failed to start keepty broker: Os { code: 2, kind: NotFound, message: "No such file or directory" }
[INFO] [stdout] stack backtrace:
[INFO] [stdout]    0:     0x63e45521b601 - <<std[617be2ca0a6fd877]::sys::backtrace::BacktraceLock>::print::DisplayBacktrace as core[a373ad73a504971]::fmt::Display>::fmt
[INFO] [stdout]    1:     0x63e45523013a - core[a373ad73a504971]::fmt::write
[INFO] [stdout]    2:     0x63e45521fdbc - <alloc[2e1b2a31b91974c5]::vec::Vec<u8> as core[a373ad73a504971]::io::write::Write>::write_fmt
[INFO] [stdout]    3:     0x63e4551f5416 - std[617be2ca0a6fd877]::panicking::default_hook::{closure#0}
[INFO] [stdout]    4:     0x63e455212e19 - std[617be2ca0a6fd877]::panicking::default_hook
[INFO] [stdout]    5:     0x63e4551acfd0 - test[aada8e7e76ba119b]::test_main_inner::{closure#0}
[INFO] [stdout]    6:     0x63e455212fd2 - std[617be2ca0a6fd877]::panicking::panic_with_hook
[INFO] [stdout]    7:     0x63e4551f54c2 - std[617be2ca0a6fd877]::panicking::panic_handler::{closure#0}
[INFO] [stdout]    8:     0x63e4551edf29 - std[617be2ca0a6fd877]::sys::backtrace::__rust_end_short_backtrace::<std[617be2ca0a6fd877]::panicking::panic_handler::{closure#0}, !>
[INFO] [stdout]    9:     0x63e4551f60cd - __rustc[ea4f61d10b84890b]::rust_begin_unwind
[INFO] [stdout]   10:     0x63e45523086c - core[a373ad73a504971]::panicking::panic_fmt
[INFO] [stdout]   11:     0x63e455230642 - core[a373ad73a504971]::result::unwrap_failed
[INFO] [stdout]   12:     0x63e455170248 - integration[7eabf6e6de8c4b27]::start_broker
[INFO] [stdout]   13:     0x63e45518381f - <integration[7eabf6e6de8c4b27]::cli_wait_new_ignores_existing_text_and_default_still_matches::{closure#0} as core[a373ad73a504971]::ops::function::FnOnce<()>>::call_once
[INFO] [stdout]   14:     0x63e4551a041b - test[aada8e7e76ba119b]::__rust_begin_short_backtrace::<core[a373ad73a504971]::result::Result<(), alloc[2e1b2a31b91974c5]::string::String>, fn() -> core[a373ad73a504971]::result::Result<(), alloc[2e1b2a31b91974c5]::string::String>>
[INFO] [stdout]   15:     0x63e4551ad5f5 - test[aada8e7e76ba119b]::run_test::{closure#0}
[INFO] [stdout]   16:     0x63e4551a6ee4 - std[617be2ca0a6fd877]::sys::backtrace::__rust_begin_short_backtrace::<test[aada8e7e76ba119b]::run_test::{closure#1}, ()>
[INFO] [stdout]   17:     0x63e4551b0682 - <std[617be2ca0a6fd877]::thread::lifecycle::spawn_unchecked<test[aada8e7e76ba119b]::run_test::{closure#1}, ()>::{closure#1} as core[a373ad73a504971]::ops::function::FnOnce<()>>::call_once::{shim:vtable#0}
[INFO] [stdout]   18:     0x63e45521aaff - <std[617be2ca0a6fd877]::sys::thread::unix::Thread>::new::thread_start
[INFO] [stdout]   19:     0x7371f10abdfa - <unknown>
[INFO] [stdout]   20:     0x7371f113f3d4 - clone
[INFO] [stdout]   21:                0x0 - <unknown>
[INFO] [stdout] 
[INFO] [stdout] ---- start_during_shutdown_survives stdout ----
[INFO] [stdout] 
[INFO] [stdout] thread 'start_during_shutdown_survives' (1108) panicked at keepty/tests/integration.rs:50:10:
[INFO] [stdout] Failed to start keepty broker: Os { code: 2, kind: NotFound, message: "No such file or directory" }
[INFO] [stdout] stack backtrace:
[INFO] [stdout]    0:     0x63e45521b601 - <<std[617be2ca0a6fd877]::sys::backtrace::BacktraceLock>::print::DisplayBacktrace as core[a373ad73a504971]::fmt::Display>::fmt
[INFO] [stdout]    1:     0x63e45523013a - core[a373ad73a504971]::fmt::write
[INFO] [stdout]    2:     0x63e45521fdbc - <alloc[2e1b2a31b91974c5]::vec::Vec<u8> as core[a373ad73a504971]::io::write::Write>::write_fmt
[INFO] [stdout]    3:     0x63e4551f5416 - std[617be2ca0a6fd877]::panicking::default_hook::{closure#0}
[INFO] [stdout]    4:     0x63e455212e19 - std[617be2ca0a6fd877]::panicking::default_hook
[INFO] [stdout]    5:     0x63e4551acfd0 - test[aada8e7e76ba119b]::test_main_inner::{closure#0}
[INFO] [stdout]    6:     0x63e455212fd2 - std[617be2ca0a6fd877]::panicking::panic_with_hook
[INFO] [stdout]    7:     0x63e4551f54c2 - std[617be2ca0a6fd877]::panicking::panic_handler::{closure#0}
[INFO] [stdout]    8:     0x63e4551edf29 - std[617be2ca0a6fd877]::sys::backtrace::__rust_end_short_backtrace::<std[617be2ca0a6fd877]::panicking::panic_handler::{closure#0}, !>
[INFO] [stdout]    9:     0x63e4551f60cd - __rustc[ea4f61d10b84890b]::rust_begin_unwind
[INFO] [stdout]   10:     0x63e45523086c - core[a373ad73a504971]::panicking::panic_fmt
[INFO] [stdout]   11:     0x63e455230642 - core[a373ad73a504971]::result::unwrap_failed
[INFO] [stdout]   12:     0x63e455170248 - integration[7eabf6e6de8c4b27]::start_broker
[INFO] [stdout]   13:     0x63e4551759d3 - <integration[7eabf6e6de8c4b27]::start_during_shutdown_survives::{closure#0} as core[a373ad73a504971]::ops::function::FnOnce<()>>::call_once
[INFO] [stdout]   14:     0x63e4551a041b - test[aada8e7e76ba119b]::__rust_begin_short_backtrace::<core[a373ad73a504971]::result::Result<(), alloc[2e1b2a31b91974c5]::string::String>, fn() -> core[a373ad73a504971]::result::Result<(), alloc[2e1b2a31b91974c5]::string::String>>
[INFO] [stdout]   15:     0x63e4551ad5f5 - test[aada8e7e76ba119b]::run_test::{closure#0}
[INFO] [stdout]   16:     0x63e4551a6ee4 - std[617be2ca0a6fd877]::sys::backtrace::__rust_begin_short_backtrace::<test[aada8e7e76ba119b]::run_test::{closure#1}, ()>
[INFO] [stdout]   17:     0x63e4551b0682 - <std[617be2ca0a6fd877]::thread::lifecycle::spawn_unchecked<test[aada8e7e76ba119b]::run_test::{closure#1}, ()>::{closure#1} as core[a373ad73a504971]::ops::function::FnOnce<()>>::call_once::{shim:vtable#0}
[INFO] [stdout]   18:     0x63e45521aaff - <std[617be2ca0a6fd877]::sys::thread::unix::Thread>::new::thread_start
[INFO] [stdout]   19:     0x7371f10abdfa - <unknown>
[INFO] [stdout]   20:     0x7371f113f3d4 - clone
[INFO] [stdout]   21:                0x0 - <unknown>
[INFO] [stdout] 
[INFO] [stdout] ---- stop_kills_setsid_descendant stdout ----
[INFO] [stdout] 
[INFO] [stdout] thread 'stop_kills_setsid_descendant' (1116) panicked at keepty/tests/integration.rs:50:10:
[INFO] [stdout] Failed to start keepty broker: Os { code: 2, kind: NotFound, message: "No such file or directory" }
[INFO] [stdout] stack backtrace:
[INFO] [stdout]    0:     0x63e45521b601 - <<std[617be2ca0a6fd877]::sys::backtrace::BacktraceLock>::print::DisplayBacktrace as core[a373ad73a504971]::fmt::Display>::fmt
[INFO] [stdout]    1:     0x63e45523013a - core[a373ad73a504971]::fmt::write
[INFO] [stdout]    2:     0x63e45521fdbc - <alloc[2e1b2a31b91974c5]::vec::Vec<u8> as core[a373ad73a504971]::io::write::Write>::write_fmt
[INFO] [stdout]    3:     0x63e4551f5416 - std[617be2ca0a6fd877]::panicking::default_hook::{closure#0}
[INFO] [stdout]    4:     0x63e455212e19 - std[617be2ca0a6fd877]::panicking::default_hook
[INFO] [stdout]    5:     0x63e4551acfd0 - test[aada8e7e76ba119b]::test_main_inner::{closure#0}
[INFO] [stdout]    6:     0x63e455212fd2 - std[617be2ca0a6fd877]::panicking::panic_with_hook
[INFO] [stdout]    7:     0x63e4551f54c2 - std[617be2ca0a6fd877]::panicking::panic_handler::{closure#0}
[INFO] [stdout]    8:     0x63e4551edf29 - std[617be2ca0a6fd877]::sys::backtrace::__rust_end_short_backtrace::<std[617be2ca0a6fd877]::panicking::panic_handler::{closure#0}, !>
[INFO] [stdout]    9:     0x63e4551f60cd - __rustc[ea4f61d10b84890b]::rust_begin_unwind
[INFO] [stdout]   10:     0x63e45523086c - core[a373ad73a504971]::panicking::panic_fmt
[INFO] [stdout]   11:     0x63e455230642 - core[a373ad73a504971]::result::unwrap_failed
[INFO] [stdout]   12:     0x63e455170248 - integration[7eabf6e6de8c4b27]::start_broker
[INFO] [stdout]   13:     0x63e455170598 - integration[7eabf6e6de8c4b27]::assert_descendant_cleanup
[INFO] [stdout]   14:     0x63e4551758e0 - <integration[7eabf6e6de8c4b27]::stop_kills_setsid_descendant::{closure#0} as core[a373ad73a504971]::ops::function::FnOnce<()>>::call_once
[INFO] [stdout]   15:     0x63e4551a041b - test[aada8e7e76ba119b]::__rust_begin_short_backtrace::<core[a373ad73a504971]::result::Result<(), alloc[2e1b2a31b91974c5]::string::String>, fn() -> core[a373ad73a504971]::result::Result<(), alloc[2e1b2a31b91974c5]::string::String>>
[INFO] [stdout]   16:     0x63e4551ad5f5 - test[aada8e7e76ba119b]::run_test::{closure#0}
[INFO] [stdout]   17:     0x63e4551a6ee4 - std[617be2ca0a6fd877]::sys::backtrace::__rust_begin_short_backtrace::<test[aada8e7e76ba119b]::run_test::{closure#1}, ()>
[INFO] [stdout]   18:     0x63e4551b0682 - <std[617be2ca0a6fd877]::thread::lifecycle::spawn_unchecked<test[aada8e7e76ba119b]::run_test::{closure#1}, ()>::{closure#1} as core[a373ad73a504971]::ops::function::FnOnce<()>>::call_once::{shim:vtable#0}
[INFO] [stdout]   19:     0x63e45521aaff - <std[617be2ca0a6fd877]::sys::thread::unix::Thread>::new::thread_start
[INFO] [stdout]   20:     0x7371f10abdfa - <unknown>
[INFO] [stdout]   21:     0x7371f113f3d4 - clone
[INFO] [stdout]   22:                0x0 - <unknown>
[INFO] [stdout] 
[INFO] [stdout] ---- cli_send_child_exits_on_first_input_byte stdout ----
[INFO] [stdout] 
[INFO] [stdout] thread 'cli_send_child_exits_on_first_input_byte' (1065) panicked at keepty/tests/integration.rs:50:10:
[INFO] [stdout] Failed to start keepty broker: Os { code: 2, kind: NotFound, message: "No such file or directory" }
[INFO] [stdout] stack backtrace:
[INFO] [stdout]    0:     0x63e45521b601 - <<std[617be2ca0a6fd877]::sys::backtrace::BacktraceLock>::print::DisplayBacktrace as core[a373ad73a504971]::fmt::Display>::fmt
[INFO] [stdout]    1:     0x63e45523013a - core[a373ad73a504971]::fmt::write
[INFO] [stdout]    2:     0x63e45521fdbc - <alloc[2e1b2a31b91974c5]::vec::Vec<u8> as core[a373ad73a504971]::io::write::Write>::write_fmt
[INFO] [stdout]    3:     0x63e4551f5416 - std[617be2ca0a6fd877]::panicking::default_hook::{closure#0}
[INFO] [stdout]    4:     0x63e455212e19 - std[617be2ca0a6fd877]::panicking::default_hook
[INFO] [stdout]    5:     0x63e4551acfd0 - test[aada8e7e76ba119b]::test_main_inner::{closure#0}
[INFO] [stdout]    6:     0x63e455212fd2 - std[617be2ca0a6fd877]::panicking::panic_with_hook
[INFO] [stdout]    7:     0x63e4551f54c2 - std[617be2ca0a6fd877]::panicking::panic_handler::{closure#0}
[INFO] [stdout]    8:     0x63e4551edf29 - std[617be2ca0a6fd877]::sys::backtrace::__rust_end_short_backtrace::<std[617be2ca0a6fd877]::panicking::panic_handler::{closure#0}, !>
[INFO] [stdout]    9:     0x63e4551f60cd - __rustc[ea4f61d10b84890b]::rust_begin_unwind
[INFO] [stdout]   10:     0x63e45523086c - core[a373ad73a504971]::panicking::panic_fmt
[INFO] [stdout]   11:     0x63e455230642 - core[a373ad73a504971]::result::unwrap_failed
[INFO] [stdout]   12:     0x63e455170248 - integration[7eabf6e6de8c4b27]::start_broker
[INFO] [stdout]   13:     0x63e45517a0e7 - <integration[7eabf6e6de8c4b27]::cli_send_child_exits_on_first_input_byte::{closure#0} as core[a373ad73a504971]::ops::function::FnOnce<()>>::call_once
[INFO] [stdout]   14:     0x63e4551a041b - test[aada8e7e76ba119b]::__rust_begin_short_backtrace::<core[a373ad73a504971]::result::Result<(), alloc[2e1b2a31b91974c5]::string::String>, fn() -> core[a373ad73a504971]::result::Result<(), alloc[2e1b2a31b91974c5]::string::String>>
[INFO] [stdout]   15:     0x63e4551ad5f5 - test[aada8e7e76ba119b]::run_test::{closure#0}
[INFO] [stdout]   16:     0x63e4551a6ee4 - std[617be2ca0a6fd877]::sys::backtrace::__rust_begin_short_backtrace::<test[aada8e7e76ba119b]::run_test::{closure#1}, ()>
[INFO] [stdout]   17:     0x63e4551b0682 - <std[617be2ca0a6fd877]::thread::lifecycle::spawn_unchecked<test[aada8e7e76ba119b]::run_test::{closure#1}, ()>::{closure#1} as core[a373ad73a504971]::ops::function::FnOnce<()>>::call_once::{shim:vtable#0}
[INFO] [stdout]   18:     0x63e45521aaff - <std[617be2ca0a6fd877]::sys::thread::unix::Thread>::new::thread_start
[INFO] [stdout]   19:     0x7371f10abdfa - <unknown>
[INFO] [stdout]   20:     0x7371f113f3d4 - clone
[INFO] [stdout]   21:                0x0 - <unknown>
[INFO] [stdout] 
[INFO] [stdout] ---- broker_starts_and_accepts_connection stdout ----
[INFO] [stdout] 
[INFO] [stdout] thread 'broker_starts_and_accepts_connection' (1059) panicked at keepty/tests/integration.rs:50:10:
[INFO] [stdout] Failed to start keepty broker: Os { code: 2, kind: NotFound, message: "No such file or directory" }
[INFO] [stdout] stack backtrace:
[INFO] [stdout]    0:     0x63e45521b601 - <<std[617be2ca0a6fd877]::sys::backtrace::BacktraceLock>::print::DisplayBacktrace as core[a373ad73a504971]::fmt::Display>::fmt
[INFO] [stdout]    1:     0x63e45523013a - core[a373ad73a504971]::fmt::write
[INFO] [stdout]    2:     0x63e45521fdbc - <alloc[2e1b2a31b91974c5]::vec::Vec<u8> as core[a373ad73a504971]::io::write::Write>::write_fmt
[INFO] [stdout]    3:     0x63e4551f5416 - std[617be2ca0a6fd877]::panicking::default_hook::{closure#0}
[INFO] [stdout]    4:     0x63e455212e19 - std[617be2ca0a6fd877]::panicking::default_hook
[INFO] [stdout]    5:     0x63e4551acfd0 - test[aada8e7e76ba119b]::test_main_inner::{closure#0}
[INFO] [stdout]    6:     0x63e455212fd2 - std[617be2ca0a6fd877]::panicking::panic_with_hook
[INFO] [stdout]    7:     0x63e4551f54c2 - std[617be2ca0a6fd877]::panicking::panic_handler::{closure#0}
[INFO] [stdout]    8:     0x63e4551edf29 - std[617be2ca0a6fd877]::sys::backtrace::__rust_end_short_backtrace::<std[617be2ca0a6fd877]::panicking::panic_handler::{closure#0}, !>
[INFO] [stdout]    9:     0x63e4551f60cd - __rustc[ea4f61d10b84890b]::rust_begin_unwind
[INFO] [stdout]   10:     0x63e45523086c - core[a373ad73a504971]::panicking::panic_fmt
[INFO] [stdout]   11:     0x63e455230642 - core[a373ad73a504971]::result::unwrap_failed
[INFO] [stdout]   12:     0x63e455170248 - integration[7eabf6e6de8c4b27]::start_broker
[INFO] [stdout]   13:     0x63e4551788f0 - <integration[7eabf6e6de8c4b27]::broker_starts_and_accepts_connection::{closure#0} as core[a373ad73a504971]::ops::function::FnOnce<()>>::call_once
[INFO] [stdout]   14:     0x63e4551a041b - test[aada8e7e76ba119b]::__rust_begin_short_backtrace::<core[a373ad73a504971]::result::Result<(), alloc[2e1b2a31b91974c5]::string::String>, fn() -> core[a373ad73a504971]::result::Result<(), alloc[2e1b2a31b91974c5]::string::String>>
[INFO] [stdout]   15:     0x63e4551ad5f5 - test[aada8e7e76ba119b]::run_test::{closure#0}
[INFO] [stdout]   16:     0x63e4551a6ee4 - std[617be2ca0a6fd877]::sys::backtrace::__rust_begin_short_backtrace::<test[aada8e7e76ba119b]::run_test::{closure#1}, ()>
[INFO] [stdout]   17:     0x63e4551b0682 - <std[617be2ca0a6fd877]::thread::lifecycle::spawn_unchecked<test[aada8e7e76ba119b]::run_test::{closure#1}, ()>::{closure#1} as core[a373ad73a504971]::ops::function::FnOnce<()>>::call_once::{shim:vtable#0}
[INFO] [stdout]   18:     0x63e45521aaff - <std[617be2ca0a6fd877]::sys::thread::unix::Thread>::new::thread_start
[INFO] [stdout]   19:     0x7371f10abdfa - <unknown>
[INFO] [stdout]   20:     0x7371f113f3d4 - clone
[INFO] [stdout]   21:                0x0 - <unknown>
[INFO] [stdout] 
[INFO] [stdout] ---- stop_bounds_slow_monitor_shutdown stdout ----
[INFO] [stdout] 
[INFO] [stdout] thread 'stop_bounds_slow_monitor_shutdown' (1109) panicked at keepty/tests/integration.rs:50:10:
[INFO] [stdout] Failed to start keepty broker: Os { code: 2, kind: NotFound, message: "No such file or directory" }
[INFO] [stdout] stack backtrace:
[INFO] [stdout]    0:     0x63e45521b601 - <<std[617be2ca0a6fd877]::sys::backtrace::BacktraceLock>::print::DisplayBacktrace as core[a373ad73a504971]::fmt::Display>::fmt
[INFO] [stdout]    1:     0x63e45523013a - core[a373ad73a504971]::fmt::write
[INFO] [stdout]    2:     0x63e45521fdbc - <alloc[2e1b2a31b91974c5]::vec::Vec<u8> as core[a373ad73a504971]::io::write::Write>::write_fmt
[INFO] [stdout]    3:     0x63e4551f5416 - std[617be2ca0a6fd877]::panicking::default_hook::{closure#0}
[INFO] [stdout]    4:     0x63e455212e19 - std[617be2ca0a6fd877]::panicking::default_hook
[INFO] [stdout]    5:     0x63e4551acfd0 - test[aada8e7e76ba119b]::test_main_inner::{closure#0}
[INFO] [stdout]    6:     0x63e455212fd2 - std[617be2ca0a6fd877]::panicking::panic_with_hook
[INFO] [stdout]    7:     0x63e4551f54c2 - std[617be2ca0a6fd877]::panicking::panic_handler::{closure#0}
[INFO] [stdout]    8:     0x63e4551edf29 - std[617be2ca0a6fd877]::sys::backtrace::__rust_end_short_backtrace::<std[617be2ca0a6fd877]::panicking::panic_handler::{closure#0}, !>
[INFO] [stdout]    9:     0x63e4551f60cd - __rustc[ea4f61d10b84890b]::rust_begin_unwind
[INFO] [stdout]   10:     0x63e45523086c - core[a373ad73a504971]::panicking::panic_fmt
[INFO] [stdout]   11:     0x63e455230642 - core[a373ad73a504971]::result::unwrap_failed
[INFO] [stdout]   12:     0x63e455170248 - integration[7eabf6e6de8c4b27]::start_broker
[INFO] [stdout]   13:     0x63e455177c59 - <integration[7eabf6e6de8c4b27]::stop_bounds_slow_monitor_shutdown::{closure#0} as core[a373ad73a504971]::ops::function::FnOnce<()>>::call_once
[INFO] [stdout]   14:     0x63e4551a041b - test[aada8e7e76ba119b]::__rust_begin_short_backtrace::<core[a373ad73a504971]::result::Result<(), alloc[2e1b2a31b91974c5]::string::String>, fn() -> core[a373ad73a504971]::result::Result<(), alloc[2e1b2a31b91974c5]::string::String>>
[INFO] [stdout]   15:     0x63e4551ad5f5 - test[aada8e7e76ba119b]::run_test::{closure#0}
[INFO] [stdout]   16:     0x63e4551a6ee4 - std[617be2ca0a6fd877]::sys::backtrace::__rust_begin_short_backtrace::<test[aada8e7e76ba119b]::run_test::{closure#1}, ()>
[INFO] [stdout]   17:     0x63e4551b0682 - <std[617be2ca0a6fd877]::thread::lifecycle::spawn_unchecked<test[aada8e7e76ba119b]::run_test::{closure#1}, ()>::{closure#1} as core[a373ad73a504971]::ops::function::FnOnce<()>>::call_once::{shim:vtable#0}
[INFO] [stdout]   18:     0x63e45521aaff - <std[617be2ca0a6fd877]::sys::thread::unix::Thread>::new::thread_start
[INFO] [stdout]   19:     0x7371f10abdfa - <unknown>
[INFO] [stdout]   20:     0x7371f113f3d4 - clone
[INFO] [stdout]   21:                0x0 - <unknown>
[INFO] [stdout] 
[INFO] [stdout] ---- cli_wait_new_timeout_bounds_handshake_and_sync stdout ----
[INFO] [stdout] 
[INFO] [stdout] thread 'cli_wait_new_timeout_bounds_handshake_and_sync' (1073) panicked at keepty/tests/integration.rs:607:52:
[INFO] [stdout] called `Result::unwrap()` on an `Err` value: Os { code: 2, kind: NotFound, message: "No such file or directory" }
[INFO] [stdout] stack backtrace:
[INFO] [stdout]    0:     0x63e45521b601 - <<std[617be2ca0a6fd877]::sys::backtrace::BacktraceLock>::print::DisplayBacktrace as core[a373ad73a504971]::fmt::Display>::fmt
[INFO] [stdout]    1:     0x63e45523013a - core[a373ad73a504971]::fmt::write
[INFO] [stdout]    2:     0x63e45521fdbc - <alloc[2e1b2a31b91974c5]::vec::Vec<u8> as core[a373ad73a504971]::io::write::Write>::write_fmt
[INFO] [stdout]    3:     0x63e4551f5416 - std[617be2ca0a6fd877]::panicking::default_hook::{closure#0}
[INFO] [stdout]    4:     0x63e455212e19 - std[617be2ca0a6fd877]::panicking::default_hook
[INFO] [stdout]    5:     0x63e4551acfd0 - test[aada8e7e76ba119b]::test_main_inner::{closure#0}
[INFO] [stdout]    6:     0x63e455212fd2 - std[617be2ca0a6fd877]::panicking::panic_with_hook
[INFO] [stdout]    7:     0x63e4551f54c2 - std[617be2ca0a6fd877]::panicking::panic_handler::{closure#0}
[INFO] [stdout]    8:     0x63e4551edf29 - std[617be2ca0a6fd877]::sys::backtrace::__rust_end_short_backtrace::<std[617be2ca0a6fd877]::panicking::panic_handler::{closure#0}, !>
[INFO] [stdout]    9:     0x63e4551f60cd - __rustc[ea4f61d10b84890b]::rust_begin_unwind
[INFO] [stdout]   10:     0x63e45523086c - core[a373ad73a504971]::panicking::panic_fmt
[INFO] [stdout]   11:     0x63e455230642 - core[a373ad73a504971]::result::unwrap_failed
[INFO] [stdout]   12:     0x63e4551721a1 - integration[7eabf6e6de8c4b27]::agent_cli
[INFO] [stdout]   13:     0x63e45517d711 - <integration[7eabf6e6de8c4b27]::cli_wait_new_timeout_bounds_handshake_and_sync::{closure#0} as core[a373ad73a504971]::ops::function::FnOnce<()>>::call_once
[INFO] [stdout]   14:     0x63e4551a041b - test[aada8e7e76ba119b]::__rust_begin_short_backtrace::<core[a373ad73a504971]::result::Result<(), alloc[2e1b2a31b91974c5]::string::String>, fn() -> core[a373ad73a504971]::result::Result<(), alloc[2e1b2a31b91974c5]::string::String>>
[INFO] [stdout]   15:     0x63e4551ad5f5 - test[aada8e7e76ba119b]::run_test::{closure#0}
[INFO] [stdout]   16:     0x63e4551a6ee4 - std[617be2ca0a6fd877]::sys::backtrace::__rust_begin_short_backtrace::<test[aada8e7e76ba119b]::run_test::{closure#1}, ()>
[INFO] [stdout]   17:     0x63e4551b0682 - <std[617be2ca0a6fd877]::thread::lifecycle::spawn_unchecked<test[aada8e7e76ba119b]::run_test::{closure#1}, ()>::{closure#1} as core[a373ad73a504971]::ops::function::FnOnce<()>>::call_once::{shim:vtable#0}
[INFO] [stdout]   18:     0x63e45521aaff - <std[617be2ca0a6fd877]::sys::thread::unix::Thread>::new::thread_start
[INFO] [stdout]   19:     0x7371f10abdfa - <unknown>
[INFO] [stdout]   20:     0x7371f113f3d4 - clone
[INFO] [stdout]   21:                0x0 - <unknown>
[INFO] [stdout] 
[INFO] [stdout] ---- writer_handoff_rejects_old_writer_input stdout ----
[INFO] [stdout] 
[INFO] [stdout] thread 'writer_handoff_rejects_old_writer_input' (1126) panicked at keepty/tests/integration.rs:50:10:
[INFO] [stdout] Failed to start keepty broker: Os { code: 2, kind: NotFound, message: "No such file or directory" }
[INFO] [stdout] stack backtrace:
[INFO] [stdout]    0:     0x63e45521b601 - <<std[617be2ca0a6fd877]::sys::backtrace::BacktraceLock>::print::DisplayBacktrace as core[a373ad73a504971]::fmt::Display>::fmt
[INFO] [stdout]    1:     0x63e45523013a - core[a373ad73a504971]::fmt::write
[INFO] [stdout]    2:     0x63e45521fdbc - <alloc[2e1b2a31b91974c5]::vec::Vec<u8> as core[a373ad73a504971]::io::write::Write>::write_fmt
[INFO] [stdout]    3:     0x63e4551f5416 - std[617be2ca0a6fd877]::panicking::default_hook::{closure#0}
[INFO] [stdout]    4:     0x63e455212e19 - std[617be2ca0a6fd877]::panicking::default_hook
[INFO] [stdout]    5:     0x63e4551acfd0 - test[aada8e7e76ba119b]::test_main_inner::{closure#0}
[INFO] [stdout]    6:     0x63e455212fd2 - std[617be2ca0a6fd877]::panicking::panic_with_hook
[INFO] [stdout]    7:     0x63e4551f54c2 - std[617be2ca0a6fd877]::panicking::panic_handler::{closure#0}
[INFO] [stdout]    8:     0x63e4551edf29 - std[617be2ca0a6fd877]::sys::backtrace::__rust_end_short_backtrace::<std[617be2ca0a6fd877]::panicking::panic_handler::{closure#0}, !>
[INFO] [stdout]    9:     0x63e4551f60cd - __rustc[ea4f61d10b84890b]::rust_begin_unwind
[INFO] [stdout]   10:     0x63e45523086c - core[a373ad73a504971]::panicking::panic_fmt
[INFO] [stdout]   11:     0x63e455230642 - core[a373ad73a504971]::result::unwrap_failed
[INFO] [stdout]   12:     0x63e455170248 - integration[7eabf6e6de8c4b27]::start_broker
[INFO] [stdout]   13:     0x63e45517989a - <integration[7eabf6e6de8c4b27]::writer_handoff_rejects_old_writer_input::{closure#0} as core[a373ad73a504971]::ops::function::FnOnce<()>>::call_once
[INFO] [stdout]   14:     0x63e4551a041b - test[aada8e7e76ba119b]::__rust_begin_short_backtrace::<core[a373ad73a504971]::result::Result<(), alloc[2e1b2a31b91974c5]::string::String>, fn() -> core[a373ad73a504971]::result::Result<(), alloc[2e1b2a31b91974c5]::string::String>>
[INFO] [stdout]   15:     0x63e4551ad5f5 - test[aada8e7e76ba119b]::run_test::{closure#0}
[INFO] [stdout]   16:     0x63e4551a6ee4 - std[617be2ca0a6fd877]::sys::backtrace::__rust_begin_short_backtrace::<test[aada8e7e76ba119b]::run_test::{closure#1}, ()>
[INFO] [stdout]   17:     0x63e4551b0682 - <std[617be2ca0a6fd877]::thread::lifecycle::spawn_unchecked<test[aada8e7e76ba119b]::run_test::{closure#1}, ()>::{closure#1} as core[a373ad73a504971]::ops::function::FnOnce<()>>::call_once::{shim:vtable#0}
[INFO] [stdout]   18:     0x63e45521aaff - <std[617be2ca0a6fd877]::sys::thread::unix::Thread>::new::thread_start
[INFO] [stdout]   19:     0x7371f10abdfa - <unknown>
[INFO] [stdout]   20:     0x7371f113f3d4 - clone
[INFO] [stdout]   21:                0x0 - <unknown>
[INFO] [stdout] 
[INFO] [stdout] ---- cli_wait_changing_letters_timeout_and_invalid_arguments stdout ----
[INFO] [stdout] 
[INFO] [stdout] thread 'cli_wait_changing_letters_timeout_and_invalid_arguments' (1069) panicked at keepty/tests/integration.rs:50:10:
[INFO] [stdout] Failed to start keepty broker: Os { code: 2, kind: NotFound, message: "No such file or directory" }
[INFO] [stdout] stack backtrace:
[INFO] [stdout]    0:     0x63e45521b601 - <<std[617be2ca0a6fd877]::sys::backtrace::BacktraceLock>::print::DisplayBacktrace as core[a373ad73a504971]::fmt::Display>::fmt
[INFO] [stdout]    1:     0x63e45523013a - core[a373ad73a504971]::fmt::write
[INFO] [stdout]    2:     0x63e45521fdbc - <alloc[2e1b2a31b91974c5]::vec::Vec<u8> as core[a373ad73a504971]::io::write::Write>::write_fmt
[INFO] [stdout]    3:     0x63e4551f5416 - std[617be2ca0a6fd877]::panicking::default_hook::{closure#0}
[INFO] [stdout]    4:     0x63e455212e19 - std[617be2ca0a6fd877]::panicking::default_hook
[INFO] [stdout]    5:     0x63e4551acfd0 - test[aada8e7e76ba119b]::test_main_inner::{closure#0}
[INFO] [stdout]    6:     0x63e455212fd2 - std[617be2ca0a6fd877]::panicking::panic_with_hook
[INFO] [stdout]    7:     0x63e4551f54c2 - std[617be2ca0a6fd877]::panicking::panic_handler::{closure#0}
[INFO] [stdout]    8:     0x63e4551edf29 - std[617be2ca0a6fd877]::sys::backtrace::__rust_end_short_backtrace::<std[617be2ca0a6fd877]::panicking::panic_handler::{closure#0}, !>
[INFO] [stdout]    9:     0x63e4551f60cd - __rustc[ea4f61d10b84890b]::rust_begin_unwind
[INFO] [stdout]   10:     0x63e45523086c - core[a373ad73a504971]::panicking::panic_fmt
[INFO] [stdout]   11:     0x63e455230642 - core[a373ad73a504971]::result::unwrap_failed
[INFO] [stdout]   12:     0x63e455170248 - integration[7eabf6e6de8c4b27]::start_broker
[INFO] [stdout]   13:     0x63e45518270f - <integration[7eabf6e6de8c4b27]::cli_wait_changing_letters_timeout_and_invalid_arguments::{closure#0} as core[a373ad73a504971]::ops::function::FnOnce<()>>::call_once
[INFO] [stdout]   14:     0x63e4551a041b - test[aada8e7e76ba119b]::__rust_begin_short_backtrace::<core[a373ad73a504971]::result::Result<(), alloc[2e1b2a31b91974c5]::string::String>, fn() -> core[a373ad73a504971]::result::Result<(), alloc[2e1b2a31b91974c5]::string::String>>
[INFO] [stdout]   15:     0x63e4551ad5f5 - test[aada8e7e76ba119b]::run_test::{closure#0}
[INFO] [stdout]   16:     0x63e4551a6ee4 - std[617be2ca0a6fd877]::sys::backtrace::__rust_begin_short_backtrace::<test[aada8e7e76ba119b]::run_test::{closure#1}, ()>
[INFO] [stdout]   17:     0x63e4551b0682 - <std[617be2ca0a6fd877]::thread::lifecycle::spawn_unchecked<test[aada8e7e76ba119b]::run_test::{closure#1}, ()>::{closure#1} as core[a373ad73a504971]::ops::function::FnOnce<()>>::call_once::{shim:vtable#0}
[INFO] [stdout]   18:     0x63e45521aaff - <std[617be2ca0a6fd877]::sys::thread::unix::Thread>::new::thread_start
[INFO] [stdout]   19:     0x7371f10abdfa - <unknown>
[INFO] [stdout]   20:     0x7371f113f3d4 - clone
[INFO] [stdout]   21:                0x0 - <unknown>
[INFO] [stdout] 
[INFO] [stdout] ---- watcher_receives_output stdout ----
[INFO] [stdout] 
[INFO] [stdout] thread 'watcher_receives_output' (1124) panicked at keepty/tests/integration.rs:50:10:
[INFO] [stdout] Failed to start keepty broker: Os { code: 2, kind: NotFound, message: "No such file or directory" }
[INFO] [stdout] stack backtrace:
[INFO] [stdout]    0:     0x63e45521b601 - <<std[617be2ca0a6fd877]::sys::backtrace::BacktraceLock>::print::DisplayBacktrace as core[a373ad73a504971]::fmt::Display>::fmt
[INFO] [stdout]    1:     0x63e45523013a - core[a373ad73a504971]::fmt::write
[INFO] [stdout]    2:     0x63e45521fdbc - <alloc[2e1b2a31b91974c5]::vec::Vec<u8> as core[a373ad73a504971]::io::write::Write>::write_fmt
[INFO] [stdout]    3:     0x63e4551f5416 - std[617be2ca0a6fd877]::panicking::default_hook::{closure#0}
[INFO] [stdout]    4:     0x63e455212e19 - std[617be2ca0a6fd877]::panicking::default_hook
[INFO] [stdout]    5:     0x63e4551acfd0 - test[aada8e7e76ba119b]::test_main_inner::{closure#0}
[INFO] [stdout]    6:     0x63e455212fd2 - std[617be2ca0a6fd877]::panicking::panic_with_hook
[INFO] [stdout]    7:     0x63e4551f54c2 - std[617be2ca0a6fd877]::panicking::panic_handler::{closure#0}
[INFO] [stdout]    8:     0x63e4551edf29 - std[617be2ca0a6fd877]::sys::backtrace::__rust_end_short_backtrace::<std[617be2ca0a6fd877]::panicking::panic_handler::{closure#0}, !>
[INFO] [stdout]    9:     0x63e4551f60cd - __rustc[ea4f61d10b84890b]::rust_begin_unwind
[INFO] [stdout]   10:     0x63e45523086c - core[a373ad73a504971]::panicking::panic_fmt
[INFO] [stdout]   11:     0x63e455230642 - core[a373ad73a504971]::result::unwrap_failed
[INFO] [stdout]   12:     0x63e455170248 - integration[7eabf6e6de8c4b27]::start_broker
[INFO] [stdout]   13:     0x63e455174c6f - <integration[7eabf6e6de8c4b27]::watcher_receives_output::{closure#0} as core[a373ad73a504971]::ops::function::FnOnce<()>>::call_once
[INFO] [stdout]   14:     0x63e4551a041b - test[aada8e7e76ba119b]::__rust_begin_short_backtrace::<core[a373ad73a504971]::result::Result<(), alloc[2e1b2a31b91974c5]::string::String>, fn() -> core[a373ad73a504971]::result::Result<(), alloc[2e1b2a31b91974c5]::string::String>>
[INFO] [stdout]   15:     0x63e4551ad5f5 - test[aada8e7e76ba119b]::run_test::{closure#0}
[INFO] [stdout]   16:     0x63e4551a6ee4 - std[617be2ca0a6fd877]::sys::backtrace::__rust_begin_short_backtrace::<test[aada8e7e76ba119b]::run_test::{closure#1}, ()>
[INFO] [stdout]   17:     0x63e4551b0682 - <std[617be2ca0a6fd877]::thread::lifecycle::spawn_unchecked<test[aada8e7e76ba119b]::run_test::{closure#1}, ()>::{closure#1} as core[a373ad73a504971]::ops::function::FnOnce<()>>::call_once::{shim:vtable#0}
[INFO] [stdout]   18:     0x63e45521aaff - <std[617be2ca0a6fd877]::sys::thread::unix::Thread>::new::thread_start
[INFO] [stdout]   19:     0x7371f10abdfa - <unknown>
[INFO] [stdout]   20:     0x7371f113f3d4 - clone
[INFO] [stdout]   21:                0x0 - <unknown>
[INFO] [stdout] 
[INFO] [stdout] ---- child_exit_kills_setsid_descendant stdout ----
[INFO] [stdout] 
[INFO] [stdout] thread 'child_exit_kills_setsid_descendant' (1060) panicked at keepty/tests/integration.rs:50:10:
[INFO] [stdout] Failed to start keepty broker: Os { code: 2, kind: NotFound, message: "No such file or directory" }
[INFO] [stdout] stack backtrace:
[INFO] [stdout]    0:     0x63e45521b601 - <<std[617be2ca0a6fd877]::sys::backtrace::BacktraceLock>::print::DisplayBacktrace as core[a373ad73a504971]::fmt::Display>::fmt
[INFO] [stdout]    1:     0x63e45523013a - core[a373ad73a504971]::fmt::write
[INFO] [stdout]    2:     0x63e45521fdbc - <alloc[2e1b2a31b91974c5]::vec::Vec<u8> as core[a373ad73a504971]::io::write::Write>::write_fmt
[INFO] [stdout]    3:     0x63e4551f5416 - std[617be2ca0a6fd877]::panicking::default_hook::{closure#0}
[INFO] [stdout]    4:     0x63e455212e19 - std[617be2ca0a6fd877]::panicking::default_hook
[INFO] [stdout]    5:     0x63e4551acfd0 - test[aada8e7e76ba119b]::test_main_inner::{closure#0}
[INFO] [stdout]    6:     0x63e455212fd2 - std[617be2ca0a6fd877]::panicking::panic_with_hook
[INFO] [stdout]    7:     0x63e4551f54c2 - std[617be2ca0a6fd877]::panicking::panic_handler::{closure#0}
[INFO] [stdout]    8:     0x63e4551edf29 - std[617be2ca0a6fd877]::sys::backtrace::__rust_end_short_backtrace::<std[617be2ca0a6fd877]::panicking::panic_handler::{closure#0}, !>
[INFO] [stdout]    9:     0x63e4551f60cd - __rustc[ea4f61d10b84890b]::rust_begin_unwind
[INFO] [stdout]   10:     0x63e45523086c - core[a373ad73a504971]::panicking::panic_fmt
[INFO] [stdout]   11:     0x63e455230642 - core[a373ad73a504971]::result::unwrap_failed
[INFO] [stdout]   12:     0x63e455170248 - integration[7eabf6e6de8c4b27]::start_broker
[INFO] [stdout]   13:     0x63e455170598 - integration[7eabf6e6de8c4b27]::assert_descendant_cleanup
[INFO] [stdout]   14:     0x63e455178823 - <integration[7eabf6e6de8c4b27]::child_exit_kills_setsid_descendant::{closure#0} as core[a373ad73a504971]::ops::function::FnOnce<()>>::call_once
[INFO] [stdout]   15:     0x63e4551a041b - test[aada8e7e76ba119b]::__rust_begin_short_backtrace::<core[a373ad73a504971]::result::Result<(), alloc[2e1b2a31b91974c5]::string::String>, fn() -> core[a373ad73a504971]::result::Result<(), alloc[2e1b2a31b91974c5]::string::String>>
[INFO] [stdout]   16:     0x63e4551ad5f5 - test[aada8e7e76ba119b]::run_test::{closure#0}
[INFO] [stdout]   17:     0x63e4551a6ee4 - std[617be2ca0a6fd877]::sys::backtrace::__rust_begin_short_backtrace::<test[aada8e7e76ba119b]::run_test::{closure#1}, ()>
[INFO] [stdout]   18:     0x63e4551b0682 - <std[617be2ca0a6fd877]::thread::lifecycle::spawn_unchecked<test[aada8e7e76ba119b]::run_test::{closure#1}, ()>::{closure#1} as core[a373ad73a504971]::ops::function::FnOnce<()>>::call_once::{shim:vtable#0}
[INFO] [stdout]   19:     0x63e45521aaff - <std[617be2ca0a6fd877]::sys::thread::unix::Thread>::new::thread_start
[INFO] [stdout]   20:     0x7371f10abdfa - <unknown>
[INFO] [stdout]   21:     0x7371f113f3d4 - clone
[INFO] [stdout]   22:                0x0 - <unknown>
[INFO] [stdout] 
[INFO] [stdout] ---- unread_monitor_is_evicted_without_blocking_writer stdout ----
[INFO] [stdout] 
[INFO] [stdout] thread 'unread_monitor_is_evicted_without_blocking_writer' (1122) panicked at keepty/tests/integration.rs:50:10:
[INFO] [stdout] Failed to start keepty broker: Os { code: 2, kind: NotFound, message: "No such file or directory" }
[INFO] [stdout] stack backtrace:
[INFO] [stdout]    0:     0x63e45521b601 - <<std[617be2ca0a6fd877]::sys::backtrace::BacktraceLock>::print::DisplayBacktrace as core[a373ad73a504971]::fmt::Display>::fmt
[INFO] [stdout]    1:     0x63e45523013a - core[a373ad73a504971]::fmt::write
[INFO] [stdout]    2:     0x63e45521fdbc - <alloc[2e1b2a31b91974c5]::vec::Vec<u8> as core[a373ad73a504971]::io::write::Write>::write_fmt
[INFO] [stdout]    3:     0x63e4551f5416 - std[617be2ca0a6fd877]::panicking::default_hook::{closure#0}
[INFO] [stdout]    4:     0x63e455212e19 - std[617be2ca0a6fd877]::panicking::default_hook
[INFO] [stdout]    5:     0x63e4551acfd0 - test[aada8e7e76ba119b]::test_main_inner::{closure#0}
[INFO] [stdout]    6:     0x63e455212fd2 - std[617be2ca0a6fd877]::panicking::panic_with_hook
[INFO] [stdout]    7:     0x63e4551f54c2 - std[617be2ca0a6fd877]::panicking::panic_handler::{closure#0}
[INFO] [stdout]    8:     0x63e4551edf29 - std[617be2ca0a6fd877]::sys::backtrace::__rust_end_short_backtrace::<std[617be2ca0a6fd877]::panicking::panic_handler::{closure#0}, !>
[INFO] [stdout]    9:     0x63e4551f60cd - __rustc[ea4f61d10b84890b]::rust_begin_unwind
[INFO] [stdout]   10:     0x63e45523086c - core[a373ad73a504971]::panicking::panic_fmt
[INFO] [stdout]   11:     0x63e455230642 - core[a373ad73a504971]::result::unwrap_failed
[INFO] [stdout]   12:     0x63e455170248 - integration[7eabf6e6de8c4b27]::start_broker
[INFO] [stdout]   13:     0x63e45517fbcb - <integration[7eabf6e6de8c4b27]::unread_monitor_is_evicted_without_blocking_writer::{closure#0} as core[a373ad73a504971]::ops::function::FnOnce<()>>::call_once
[INFO] [stdout]   14:     0x63e4551a041b - test[aada8e7e76ba119b]::__rust_begin_short_backtrace::<core[a373ad73a504971]::result::Result<(), alloc[2e1b2a31b91974c5]::string::String>, fn() -> core[a373ad73a504971]::result::Result<(), alloc[2e1b2a31b91974c5]::string::String>>
[INFO] [stdout]   15:     0x63e4551ad5f5 - test[aada8e7e76ba119b]::run_test::{closure#0}
[INFO] [stdout]   16:     0x63e4551a6ee4 - std[617be2ca0a6fd877]::sys::backtrace::__rust_begin_short_backtrace::<test[aada8e7e76ba119b]::run_test::{closure#1}, ()>
[INFO] [stdout]   17:     0x63e4551b0682 - <std[617be2ca0a6fd877]::thread::lifecycle::spawn_unchecked<test[aada8e7e76ba119b]::run_test::{closure#1}, ()>::{closure#1} as core[a373ad73a504971]::ops::function::FnOnce<()>>::call_once::{shim:vtable#0}
[INFO] [stdout]   18:     0x63e45521aaff - <std[617be2ca0a6fd877]::sys::thread::unix::Thread>::new::thread_start
[INFO] [stdout]   19:     0x7371f10abdfa - <unknown>
[INFO] [stdout]   20:     0x7371f113f3d4 - clone
[INFO] [stdout]   21:                0x0 - <unknown>
[INFO] [stdout] 
[INFO] [stdout] ---- cli_keys_encodes_named_keys_and_rejects_unknown stdout ----
[INFO] [stdout] 
[INFO] [stdout] thread 'cli_keys_encodes_named_keys_and_rejects_unknown' (1061) panicked at keepty/tests/integration.rs:607:52:
[INFO] [stdout] called `Result::unwrap()` on an `Err` value: Os { code: 2, kind: NotFound, message: "No such file or directory" }
[INFO] [stdout] stack backtrace:
[INFO] [stdout]    0:     0x63e45521b601 - <<std[617be2ca0a6fd877]::sys::backtrace::BacktraceLock>::print::DisplayBacktrace as core[a373ad73a504971]::fmt::Display>::fmt
[INFO] [stdout]    1:     0x63e45523013a - core[a373ad73a504971]::fmt::write
[INFO] [stdout]    2:     0x63e45521fdbc - <alloc[2e1b2a31b91974c5]::vec::Vec<u8> as core[a373ad73a504971]::io::write::Write>::write_fmt
[INFO] [stdout]    3:     0x63e4551f5416 - std[617be2ca0a6fd877]::panicking::default_hook::{closure#0}
[INFO] [stdout]    4:     0x63e455212e19 - std[617be2ca0a6fd877]::panicking::default_hook
[INFO] [stdout]    5:     0x63e4551acfd0 - test[aada8e7e76ba119b]::test_main_inner::{closure#0}
[INFO] [stdout]    6:     0x63e455212fd2 - std[617be2ca0a6fd877]::panicking::panic_with_hook
[INFO] [stdout]    7:     0x63e4551f54c2 - std[617be2ca0a6fd877]::panicking::panic_handler::{closure#0}
[INFO] [stdout]    8:     0x63e4551edf29 - std[617be2ca0a6fd877]::sys::backtrace::__rust_end_short_backtrace::<std[617be2ca0a6fd877]::panicking::panic_handler::{closure#0}, !>
[INFO] [stdout]    9:     0x63e4551f60cd - __rustc[ea4f61d10b84890b]::rust_begin_unwind
[INFO] [stdout]   10:     0x63e45523086c - core[a373ad73a504971]::panicking::panic_fmt
[INFO] [stdout]   11:     0x63e455230642 - core[a373ad73a504971]::result::unwrap_failed
[INFO] [stdout]   12:     0x63e4551721a1 - integration[7eabf6e6de8c4b27]::agent_cli
[INFO] [stdout]   13:     0x63e45517e26d - <integration[7eabf6e6de8c4b27]::cli_keys_encodes_named_keys_and_rejects_unknown::{closure#0} as core[a373ad73a504971]::ops::function::FnOnce<()>>::call_once
[INFO] [stdout]   14:     0x63e4551a041b - test[aada8e7e76ba119b]::__rust_begin_short_backtrace::<core[a373ad73a504971]::result::Result<(), alloc[2e1b2a31b91974c5]::string::String>, fn() -> core[a373ad73a504971]::result::Result<(), alloc[2e1b2a31b91974c5]::string::String>>
[INFO] [stdout]   15:     0x63e4551ad5f5 - test[aada8e7e76ba119b]::run_test::{closure#0}
[INFO] [stdout]   16:     0x63e4551a6ee4 - std[617be2ca0a6fd877]::sys::backtrace::__rust_begin_short_backtrace::<test[aada8e7e76ba119b]::run_test::{closure#1}, ()>
[INFO] [stdout]   17:     0x63e4551b0682 - <std[617be2ca0a6fd877]::thread::lifecycle::spawn_unchecked<test[aada8e7e76ba119b]::run_test::{closure#1}, ()>::{closure#1} as core[a373ad73a504971]::ops::function::FnOnce<()>>::call_once::{shim:vtable#0}
[INFO] [stdout]   18:     0x63e45521aaff - <std[617be2ca0a6fd877]::sys::thread::unix::Thread>::new::thread_start
[INFO] [stdout]   19:     0x7371f10abdfa - <unknown>
[INFO] [stdout]   20:     0x7371f113f3d4 - clone
[INFO] [stdout]   21:                0x0 - <unknown>
[INFO] [stdout] 
[INFO] [stdout] ---- stop_then_start_same_id_after_heavy_output stdout ----
[INFO] [stdout] 
[INFO] [stdout] thread 'stop_then_start_same_id_after_heavy_output' (1121) panicked at keepty/tests/integration.rs:50:10:
[INFO] [stdout] Failed to start keepty broker: Os { code: 2, kind: NotFound, message: "No such file or directory" }
[INFO] [stdout] stack backtrace:
[INFO] [stdout]    0:     0x63e45521b601 - <<std[617be2ca0a6fd877]::sys::backtrace::BacktraceLock>::print::DisplayBacktrace as core[a373ad73a504971]::fmt::Display>::fmt
[INFO] [stdout]    1:     0x63e45523013a - core[a373ad73a504971]::fmt::write
[INFO] [stdout]    2:     0x63e45521fdbc - <alloc[2e1b2a31b91974c5]::vec::Vec<u8> as core[a373ad73a504971]::io::write::Write>::write_fmt
[INFO] [stdout]    3:     0x63e4551f5416 - std[617be2ca0a6fd877]::panicking::default_hook::{closure#0}
[INFO] [stdout]    4:     0x63e455212e19 - std[617be2ca0a6fd877]::panicking::default_hook
[INFO] [stdout]    5:     0x63e4551acfd0 - test[aada8e7e76ba119b]::test_main_inner::{closure#0}
[INFO] [stdout]    6:     0x63e455212fd2 - std[617be2ca0a6fd877]::panicking::panic_with_hook
[INFO] [stdout]    7:     0x63e4551f54c2 - std[617be2ca0a6fd877]::panicking::panic_handler::{closure#0}
[INFO] [stdout]    8:     0x63e4551edf29 - std[617be2ca0a6fd877]::sys::backtrace::__rust_end_short_backtrace::<std[617be2ca0a6fd877]::panicking::panic_handler::{closure#0}, !>
[INFO] [stdout]    9:     0x63e4551f60cd - __rustc[ea4f61d10b84890b]::rust_begin_unwind
[INFO] [stdout]   10:     0x63e45523086c - core[a373ad73a504971]::panicking::panic_fmt
[INFO] [stdout]   11:     0x63e455230642 - core[a373ad73a504971]::result::unwrap_failed
[INFO] [stdout]   12:     0x63e455170248 - integration[7eabf6e6de8c4b27]::start_broker
[INFO] [stdout]   13:     0x63e45517b167 - <integration[7eabf6e6de8c4b27]::stop_then_start_same_id_after_heavy_output::{closure#0} as core[a373ad73a504971]::ops::function::FnOnce<()>>::call_once
[INFO] [stdout]   14:     0x63e4551a041b - test[aada8e7e76ba119b]::__rust_begin_short_backtrace::<core[a373ad73a504971]::result::Result<(), alloc[2e1b2a31b91974c5]::string::String>, fn() -> core[a373ad73a504971]::result::Result<(), alloc[2e1b2a31b91974c5]::string::String>>
[INFO] [stdout]   15:     0x63e4551ad5f5 - test[aada8e7e76ba119b]::run_test::{closure#0}
[INFO] [stdout]   16:     0x63e4551a6ee4 - std[617be2ca0a6fd877]::sys::backtrace::__rust_begin_short_backtrace::<test[aada8e7e76ba119b]::run_test::{closure#1}, ()>
[INFO] [stdout]   17:     0x63e4551b0682 - <std[617be2ca0a6fd877]::thread::lifecycle::spawn_unchecked<test[aada8e7e76ba119b]::run_test::{closure#1}, ()>::{closure#1} as core[a373ad73a504971]::ops::function::FnOnce<()>>::call_once::{shim:vtable#0}
[INFO] [stdout]   18:     0x63e45521aaff - <std[617be2ca0a6fd877]::sys::thread::unix::Thread>::new::thread_start
[INFO] [stdout]   19:     0x7371f10abdfa - <unknown>
[INFO] [stdout]   20:     0x7371f113f3d4 - clone
[INFO] [stdout]   21:                0x0 - <unknown>
[INFO] [stdout] 
[INFO] [stdout] ---- writer_can_send_input stdout ----
[INFO] [stdout] 
[INFO] [stdout] thread 'writer_can_send_input' (1125) panicked at keepty/tests/integration.rs:50:10:
[INFO] [stdout] Failed to start keepty broker: Os { code: 2, kind: NotFound, message: "No such file or directory" }
[INFO] [stdout] stack backtrace:
[INFO] [stdout]    0:     0x63e45521b601 - <<std[617be2ca0a6fd877]::sys::backtrace::BacktraceLock>::print::DisplayBacktrace as core[a373ad73a504971]::fmt::Display>::fmt
[INFO] [stdout]    1:     0x63e45523013a - core[a373ad73a504971]::fmt::write
[INFO] [stdout]    2:     0x63e45521fdbc - <alloc[2e1b2a31b91974c5]::vec::Vec<u8> as core[a373ad73a504971]::io::write::Write>::write_fmt
[INFO] [stdout]    3:     0x63e4551f5416 - std[617be2ca0a6fd877]::panicking::default_hook::{closure#0}
[INFO] [stdout]    4:     0x63e455212e19 - std[617be2ca0a6fd877]::panicking::default_hook
[INFO] [stdout]    5:     0x63e4551acfd0 - test[aada8e7e76ba119b]::test_main_inner::{closure#0}
[INFO] [stdout]    6:     0x63e455212fd2 - std[617be2ca0a6fd877]::panicking::panic_with_hook
[INFO] [stdout]    7:     0x63e4551f54c2 - std[617be2ca0a6fd877]::panicking::panic_handler::{closure#0}
[INFO] [stdout]    8:     0x63e4551edf29 - std[617be2ca0a6fd877]::sys::backtrace::__rust_end_short_backtrace::<std[617be2ca0a6fd877]::panicking::panic_handler::{closure#0}, !>
[INFO] [stdout]    9:     0x63e4551f60cd - __rustc[ea4f61d10b84890b]::rust_begin_unwind
[INFO] [stdout]   10:     0x63e45523086c - core[a373ad73a504971]::panicking::panic_fmt
[INFO] [stdout]   11:     0x63e455230642 - core[a373ad73a504971]::result::unwrap_failed
[INFO] [stdout]   12:     0x63e455170248 - integration[7eabf6e6de8c4b27]::start_broker
[INFO] [stdout]   13:     0x63e45517325f - <integration[7eabf6e6de8c4b27]::writer_can_send_input::{closure#0} as core[a373ad73a504971]::ops::function::FnOnce<()>>::call_once
[INFO] [stdout]   14:     0x63e4551a041b - test[aada8e7e76ba119b]::__rust_begin_short_backtrace::<core[a373ad73a504971]::result::Result<(), alloc[2e1b2a31b91974c5]::string::String>, fn() -> core[a373ad73a504971]::result::Result<(), alloc[2e1b2a31b91974c5]::string::String>>
[INFO] [stdout]   15:     0x63e4551ad5f5 - test[aada8e7e76ba119b]::run_test::{closure#0}
[INFO] [stdout]   16:     0x63e4551a6ee4 - std[617be2ca0a6fd877]::sys::backtrace::__rust_begin_short_backtrace::<test[aada8e7e76ba119b]::run_test::{closure#1}, ()>
[INFO] [stdout]   17:     0x63e4551b0682 - <std[617be2ca0a6fd877]::thread::lifecycle::spawn_unchecked<test[aada8e7e76ba119b]::run_test::{closure#1}, ()>::{closure#1} as core[a373ad73a504971]::ops::function::FnOnce<()>>::call_once::{shim:vtable#0}
[INFO] [stdout]   18:     0x63e45521aaff - <std[617be2ca0a6fd877]::sys::thread::unix::Thread>::new::thread_start
[INFO] [stdout]   19:     0x7371f10abdfa - <unknown>
[INFO] [stdout]   20:     0x7371f113f3d4 - clone
[INFO] [stdout]   21:                0x0 - <unknown>
[INFO] [stdout] 
[INFO] [stdout] ---- watcher_input_is_ignored stdout ----
[INFO] [stdout] 
[INFO] [stdout] thread 'watcher_input_is_ignored' (1123) panicked at keepty/tests/integration.rs:50:10:
[INFO] [stdout] Failed to start keepty broker: Os { code: 2, kind: NotFound, message: "No such file or directory" }
[INFO] [stdout] stack backtrace:
[INFO] [stdout]    0:     0x63e45521b601 - <<std[617be2ca0a6fd877]::sys::backtrace::BacktraceLock>::print::DisplayBacktrace as core[a373ad73a504971]::fmt::Display>::fmt
[INFO] [stdout]    1:     0x63e45523013a - core[a373ad73a504971]::fmt::write
[INFO] [stdout]    2:     0x63e45521fdbc - <alloc[2e1b2a31b91974c5]::vec::Vec<u8> as core[a373ad73a504971]::io::write::Write>::write_fmt
[INFO] [stdout]    3:     0x63e4551f5416 - std[617be2ca0a6fd877]::panicking::default_hook::{closure#0}
[INFO] [stdout]    4:     0x63e455212e19 - std[617be2ca0a6fd877]::panicking::default_hook
[INFO] [stdout]    5:     0x63e4551acfd0 - test[aada8e7e76ba119b]::test_main_inner::{closure#0}
[INFO] [stdout]    6:     0x63e455212fd2 - std[617be2ca0a6fd877]::panicking::panic_with_hook
[INFO] [stdout]    7:     0x63e4551f54c2 - std[617be2ca0a6fd877]::panicking::panic_handler::{closure#0}
[INFO] [stdout]    8:     0x63e4551edf29 - std[617be2ca0a6fd877]::sys::backtrace::__rust_end_short_backtrace::<std[617be2ca0a6fd877]::panicking::panic_handler::{closure#0}, !>
[INFO] [stdout]    9:     0x63e4551f60cd - __rustc[ea4f61d10b84890b]::rust_begin_unwind
[INFO] [stdout]   10:     0x63e45523086c - core[a373ad73a504971]::panicking::panic_fmt
[INFO] [stdout]   11:     0x63e455230642 - core[a373ad73a504971]::result::unwrap_failed
[INFO] [stdout]   12:     0x63e455170248 - integration[7eabf6e6de8c4b27]::start_broker
[INFO] [stdout]   13:     0x63e45517501f - <integration[7eabf6e6de8c4b27]::watcher_input_is_ignored::{closure#0} as core[a373ad73a504971]::ops::function::FnOnce<()>>::call_once
[INFO] [stdout]   14:     0x63e4551a041b - test[aada8e7e76ba119b]::__rust_begin_short_backtrace::<core[a373ad73a504971]::result::Result<(), alloc[2e1b2a31b91974c5]::string::String>, fn() -> core[a373ad73a504971]::result::Result<(), alloc[2e1b2a31b91974c5]::string::String>>
[INFO] [stdout]   15:     0x63e4551ad5f5 - test[aada8e7e76ba119b]::run_test::{closure#0}
[INFO] [stdout]   16:     0x63e4551a6ee4 - std[617be2ca0a6fd877]::sys::backtrace::__rust_begin_short_backtrace::<test[aada8e7e76ba119b]::run_test::{closure#1}, ()>
[INFO] [stdout]   17:     0x63e4551b0682 - <std[617be2ca0a6fd877]::thread::lifecycle::spawn_unchecked<test[aada8e7e76ba119b]::run_test::{closure#1}, ()>::{closure#1} as core[a373ad73a504971]::ops::function::FnOnce<()>>::call_once::{shim:vtable#0}
[INFO] [stdout]   18:     0x63e45521aaff - <std[617be2ca0a6fd877]::sys::thread::unix::Thread>::new::thread_start
[INFO] [stdout]   19:     0x7371f10abdfa - <unknown>
[INFO] [stdout]   20:     0x7371f113f3d4 - clone
[INFO] [stdout]   21:                0x0 - <unknown>
[INFO] [stdout] 
[INFO] [stdout] 
[INFO] [stdout] failures:
[INFO] [stdout]     broker_starts_and_accepts_connection
[INFO] [stdout]     child_exit_kills_setsid_descendant
[INFO] [stdout]     cli_keys_encodes_named_keys_and_rejects_unknown
[INFO] [stdout]     cli_screen_replays_without_resize_or_redraw
[INFO] [stdout]     cli_screen_scrollback_replays_numbered_lines
[INFO] [stdout]     cli_send_carriage_return_paste_and_drains_noisy_output
[INFO] [stdout]     cli_send_child_exits_on_first_input_byte
[INFO] [stdout]     cli_send_paste_and_separate_delayed_submit
[INFO] [stdout]     cli_send_real_broker_preserves_size_separates_submit_and_restores_writer
[INFO] [stdout]     cli_send_restores_old_paste_mode_and_delivers_submit_before_exit
[INFO] [stdout]     cli_wait_changing_letters_timeout_and_invalid_arguments
[INFO] [stdout]     cli_wait_matches_final_output_before_exit_and_screen_reports_exit
[INFO] [stdout]     cli_wait_new_ignores_existing_text_and_default_still_matches
[INFO] [stdout]     cli_wait_new_raw_output
[INFO] [stdout]     cli_wait_new_timeout_bounds_handshake_and_sync
[INFO] [stdout]     cli_wait_quiet_ignores_continuous_braille_spinner
[INFO] [stdout]     cli_wait_text_quiet_timeout_and_exit
[INFO] [stdout]     list_prunes_refused_sockets_and_preserves_live_sessions
[INFO] [stdout]     monitor_with_vt100_reads_screen
[INFO] [stdout]     multiple_clients_receive_same_output
[INFO] [stdout]     readonly_clients_replay_current_alternate_screen
[INFO] [stdout]     resize_is_accepted
[INFO] [stdout]     resize_sends_resize_ack
[INFO] [stdout]     ring_buffer_replays_on_reconnect
[INFO] [stdout]     shutdown_terminates_session
[INFO] [stdout]     slow_monitor_preserves_output_resize_fence_and_exit
[INFO] [stdout]     start_during_shutdown_survives
[INFO] [stdout]     stop_bounds_slow_monitor_shutdown
[INFO] [stdout]     stop_kills_background_grandchild
[INFO] [stdout]     stop_kills_setsid_descendant
[INFO] [stdout]     stop_then_start_same_id_after_heavy_output
[INFO] [stdout]     unread_monitor_is_evicted_without_blocking_writer
[INFO] [stdout]     watcher_input_is_ignored
[INFO] [stdout]     watcher_receives_output
[INFO] [stdout]     writer_can_send_input
[INFO] [stdout]     writer_handoff_rejects_old_writer_input
[INFO] [stdout] 
[INFO] [stdout] test result: FAILED. 0 passed; 36 failed; 0 ignored; 0 measured; 0 filtered out; finished in 0.08s
[INFO] [stdout] 
[INFO] [stderr] error: test failed, to rerun pass `-p keepty --test integration`
[INFO] running `Command { std: "docker" "inspect" "4f22c2a4859d873871cb9d097540514176a932aaeeeceabe9781ddc68b172b76", kill_on_drop: false }`
[INFO] running `Command { std: "docker" "rm" "-f" "4f22c2a4859d873871cb9d097540514176a932aaeeeceabe9781ddc68b172b76", kill_on_drop: false }`
[INFO] [stdout] 4f22c2a4859d873871cb9d097540514176a932aaeeeceabe9781ddc68b172b76
