[INFO] cloning repository https://github.com/BhaveshThapar/Keel
[INFO] running `Command { std: "git" "-c" "credential.helper=" "-c" "credential.helper=/workspace/cargo-home/bin/git-credential-null" "clone" "--bare" "https://github.com/BhaveshThapar/Keel" "/workspace/cache/git-repos/https%3A%2F%2Fgithub.com%2FBhaveshThapar%2FKeel", kill_on_drop: false }`
[INFO] [stderr] Cloning into bare repository '/workspace/cache/git-repos/https%3A%2F%2Fgithub.com%2FBhaveshThapar%2FKeel'...
[INFO] running `Command { std: "git" "rev-parse" "HEAD", kill_on_drop: false }`
[INFO] [stdout] d30bffa05493b0e87749b476d6027f1616d3d3af
[INFO] testing BhaveshThapar/Keel against 1.100.0-beta.1+cargoflags=--release for beta-release-1.100-2
[INFO] running `Command { std: "git" "clone" "/workspace/cache/git-repos/https%3A%2F%2Fgithub.com%2FBhaveshThapar%2FKeel" "/workspace/builds/worker-4-tc2/source", kill_on_drop: false }`
[INFO] [stderr] Cloning into '/workspace/builds/worker-4-tc2/source'...
[INFO] [stderr] done.
[INFO] removed /workspace/builds/worker-4-tc2/source/rust-toolchain.toml
[INFO] started tweaking git repo https://github.com/BhaveshThapar/Keel
[INFO] finished tweaking git repo https://github.com/BhaveshThapar/Keel
[INFO] tweaked toml for git repo https://github.com/BhaveshThapar/Keel written to /workspace/builds/worker-4-tc2/source/Cargo.toml
[INFO] validating manifest of git repo https://github.com/BhaveshThapar/Keel on toolchain 1.100.0-beta.1
[INFO] running `Command { std: CARGO_HOME="/workspace/cargo-home" RUSTUP_HOME="/workspace/rustup-home" "/workspace/cargo-home/bin/cargo" "+1.100.0-beta.1" "metadata" "--manifest-path" "Cargo.toml" "--no-deps", kill_on_drop: false }`
[INFO] crate git repo https://github.com/BhaveshThapar/Keel already has a lockfile, it will not be regenerated
[INFO] running `Command { std: CARGO_HOME="/workspace/cargo-home" RUSTUP_HOME="/workspace/rustup-home" "/workspace/cargo-home/bin/cargo" "+1.100.0-beta.1" "fetch" "--manifest-path" "Cargo.toml", kill_on_drop: false }`
[INFO] [stderr] warning: unused workspace dependency `anyhow`
[INFO] [stderr]  --> Cargo.toml:6:1
[INFO] [stderr]   |
[INFO] [stderr] 6 | anyhow = "1"
[INFO] [stderr]   | ^^^^^^
[INFO] [stderr]   |
[INFO] [stderr]   = note: `cargo::unused_workspace_dependencies` is set to `warn` by default
[INFO] [stderr] help: consider removing the workspace dependency `anyhow`
[INFO] [stderr] warning: unused workspace dependency `keel-bench`
[INFO] [stderr]   --> Cargo.toml:26:25
[INFO] [stderr]    |
[INFO] [stderr] 26 | [workspace.dependencies.keel-bench]
[INFO] [stderr]    |                         ^^^^^^^^^^
[INFO] [stderr]    |
[INFO] [stderr] help: consider removing the workspace dependency `keel-bench`
[INFO] [stderr] warning: unused workspace dependency `keel-fuzz`
[INFO] [stderr]   --> Cargo.toml:38:25
[INFO] [stderr]    |
[INFO] [stderr] 38 | [workspace.dependencies.keel-fuzz]
[INFO] [stderr]    |                         ^^^^^^^^^
[INFO] [stderr]    |
[INFO] [stderr] help: consider removing the workspace dependency `keel-fuzz`
[INFO] [stderr] warning: unused workspace dependency `keel-maelstrom`
[INFO] [stderr]   --> Cargo.toml:46:25
[INFO] [stderr]    |
[INFO] [stderr] 46 | [workspace.dependencies.keel-maelstrom]
[INFO] [stderr]    |                         ^^^^^^^^^^^^^^
[INFO] [stderr]    |
[INFO] [stderr] help: consider removing the workspace dependency `keel-maelstrom`
[INFO] [stderr] warning: workspace (manifest) generated 4 warnings
[INFO] [stderr] warning: missing `[lints]` to inherit `[workspace.lints]`
[INFO] [stderr]   --> crates/lsm-kv/Cargo.toml
[INFO] [stderr]    = note: `cargo::missing_lints_inheritance` is set to `warn` by default
[INFO] [stderr] help: to inherit `workspace.lints, add:
[INFO] [stderr]    |
[INFO] [stderr] 43 ~ fuzzing = []
[INFO] [stderr] 44 + [lints]
[INFO] [stderr] 45 + workspace = true
[INFO] [stderr]    |
[INFO] [stderr] help: to clarify your intent to not inherit, add:
[INFO] [stderr]    |
[INFO] [stderr] 43 ~ fuzzing = []
[INFO] [stderr] 44 + [lints]
[INFO] [stderr]    |
[INFO] [stderr] warning: `lsm_kv` (manifest) generated 1 warning
[INFO] running `Command { std: "docker" "create" "-v" "/var/lib/crater-agent-workspace/builds/worker-4-tc2/source:/opt/rustwide/workdir:ro,Z" "-v" "/var/lib/crater-agent-workspace/builds/worker-4-tc2/target:/opt/rustwide/target:rw,Z" "-v" "/var/lib/crater-agent-workspace/cargo-home:/opt/rustwide/cargo-home:ro,Z" "-v" "/var/lib/crater-agent-workspace/rustup-home:/opt/rustwide/rustup-home:ro,Z" "-m" "1610612736" "--network" "none" "ghcr.io/rust-lang/crates-build-env/linux@sha256:77db811e55d90add9212f6832c23229e3de5f1c1f9905e8cb07319ea15df73ac" "sleep" "infinity", kill_on_drop: false }`
[INFO] [stdout] ff44207e7af671567cc84e37a3bf543cfc3d888bc8e9dbc807eb8e945763bae2
[INFO] running `Command { std: "docker" "start" "ff44207e7af671567cc84e37a3bf543cfc3d888bc8e9dbc807eb8e945763bae2", kill_on_drop: false }`
[INFO] running `Command { std: "docker" "inspect" "ff44207e7af671567cc84e37a3bf543cfc3d888bc8e9dbc807eb8e945763bae2", kill_on_drop: false }`
[INFO] running `Command { std: "docker" "exec" "-e" "SOURCE_DIR=/opt/rustwide/workdir" "-e" "CARGO_HOME=/opt/rustwide/cargo-home" "-e" "RUSTUP_HOME=/opt/rustwide/rustup-home" "-e" "CARGO_TARGET_DIR=/opt/rustwide/target" "-w" "/opt/rustwide/workdir" "--user" "0:0" "ff44207e7af671567cc84e37a3bf543cfc3d888bc8e9dbc807eb8e945763bae2" "/opt/rustwide/cargo-home/bin/cargo" "+1.100.0-beta.1" "metadata" "--no-deps" "--format-version=1", kill_on_drop: false }`
[INFO] running `Command { std: "docker" "inspect" "ff44207e7af671567cc84e37a3bf543cfc3d888bc8e9dbc807eb8e945763bae2", kill_on_drop: false }`
[INFO] running `Command { std: "docker" "exec" "-e" "SOURCE_DIR=/opt/rustwide/workdir" "-e" "CARGO_HOME=/opt/rustwide/cargo-home" "-e" "RUSTUP_HOME=/opt/rustwide/rustup-home" "-e" "CARGO_TARGET_DIR=/opt/rustwide/target" "-e" "CARGO_INCREMENTAL=0" "-e" "RUST_BACKTRACE=full" "-e" "RUSTFLAGS=--cap-lints=warn" "-e" "RUSTDOCFLAGS=--cap-lints=warn" "-w" "/opt/rustwide/workdir" "--user" "0:0" "ff44207e7af671567cc84e37a3bf543cfc3d888bc8e9dbc807eb8e945763bae2" "/opt/rustwide/cargo-home/bin/cargo" "+1.100.0-beta.1" "build" "--frozen" "--message-format=json" "--release", kill_on_drop: false }`
[INFO] [stderr] warning: unused workspace dependency `anyhow`
[INFO] [stderr]  --> Cargo.toml:6:1
[INFO] [stderr]   |
[INFO] [stderr] 6 | anyhow = "1"
[INFO] [stderr]   | ^^^^^^
[INFO] [stderr]   |
[INFO] [stderr]   = note: `cargo::unused_workspace_dependencies` is set to `warn` by default
[INFO] [stderr] help: consider removing the workspace dependency `anyhow`
[INFO] [stderr] warning: unused workspace dependency `keel-bench`
[INFO] [stderr]   --> Cargo.toml:26:25
[INFO] [stderr]    |
[INFO] [stderr] 26 | [workspace.dependencies.keel-bench]
[INFO] [stderr]    |                         ^^^^^^^^^^
[INFO] [stderr]    |
[INFO] [stderr] help: consider removing the workspace dependency `keel-bench`
[INFO] [stderr] warning: unused workspace dependency `keel-fuzz`
[INFO] [stderr]   --> Cargo.toml:38:25
[INFO] [stderr]    |
[INFO] [stderr] 38 | [workspace.dependencies.keel-fuzz]
[INFO] [stderr]    |                         ^^^^^^^^^
[INFO] [stderr]    |
[INFO] [stderr] help: consider removing the workspace dependency `keel-fuzz`
[INFO] [stderr] warning: unused workspace dependency `keel-maelstrom`
[INFO] [stderr]   --> Cargo.toml:46:25
[INFO] [stderr]    |
[INFO] [stderr] 46 | [workspace.dependencies.keel-maelstrom]
[INFO] [stderr]    |                         ^^^^^^^^^^^^^^
[INFO] [stderr]    |
[INFO] [stderr] help: consider removing the workspace dependency `keel-maelstrom`
[INFO] [stderr] warning: workspace (manifest) generated 4 warnings
[INFO] [stderr] warning: missing `[lints]` to inherit `[workspace.lints]`
[INFO] [stderr]   --> crates/lsm-kv/Cargo.toml
[INFO] [stderr]    = note: `cargo::missing_lints_inheritance` is set to `warn` by default
[INFO] [stderr] help: to inherit `workspace.lints, add:
[INFO] [stderr]    |
[INFO] [stderr] 43 ~ fuzzing = []
[INFO] [stderr] 44 + [lints]
[INFO] [stderr] 45 + workspace = true
[INFO] [stderr]    |
[INFO] [stderr] help: to clarify your intent to not inherit, add:
[INFO] [stderr]    |
[INFO] [stderr] 43 ~ fuzzing = []
[INFO] [stderr] 44 + [lints]
[INFO] [stderr]    |
[INFO] [stderr] warning: `lsm_kv` (manifest) generated 1 warning
[INFO] [stderr]    Compiling proc-macro2 v1.0.107
[INFO] [stderr]    Compiling quote v1.0.47
[INFO] [stderr]    Compiling unicode-ident v1.0.24
[INFO] [stderr]    Compiling semver v1.0.28
[INFO] [stderr]    Compiling thiserror v2.0.20
[INFO] [stderr]    Compiling serde_core v1.0.229
[INFO] [stderr]    Compiling serde v1.0.229
[INFO] [stderr]    Compiling lock_api v0.4.14
[INFO] [stderr]    Compiling libc v0.2.189
[INFO] [stderr]    Compiling cfg-if v1.0.4
[INFO] [stderr]    Compiling byteorder v1.5.0
[INFO] [stderr]    Compiling stable_deref_trait v1.2.1
[INFO] [stderr]    Compiling utf8parse v0.2.2
[INFO] [stderr]    Compiling rustix v1.1.4
[INFO] [stderr]    Compiling rustc_version v0.4.1
[INFO] [stderr]    Compiling spin v0.9.9
[INFO] [stderr]    Compiling hash32 v0.2.1
[INFO] [stderr]    Compiling anstyle-parse v1.0.0
[INFO] [stderr]    Compiling colorchoice v1.0.5
[INFO] [stderr]    Compiling heapless v0.7.17
[INFO] [stderr]    Compiling crc32c v0.6.8
[INFO] [stderr]    Compiling is_terminal_polyfill v1.70.2
[INFO] [stderr]    Compiling smallvec v1.15.2
[INFO] [stderr]    Compiling anstyle v1.0.14
[INFO] [stderr]    Compiling linux-raw-sys v0.12.1
[INFO] [stderr]    Compiling anstyle-query v1.1.5
[INFO] [stderr]    Compiling parking_lot_core v0.9.12
[INFO] [stderr]    Compiling once_cell v1.21.4
[INFO] [stderr]    Compiling bitflags v2.13.1
[INFO] [stderr]    Compiling anstream v1.0.0
[INFO] [stderr]    Compiling clap_lex v1.1.0
[INFO] [stderr]    Compiling strsim v0.11.1
[INFO] [stderr]    Compiling syn v3.0.3
[INFO] [stderr]    Compiling heck v0.5.0
[INFO] [stderr]    Compiling crc32fast v1.5.1
[INFO] [stderr]    Compiling clap_builder v4.6.6
[INFO] [stderr]    Compiling getrandom v0.4.3
[INFO] [stderr]    Compiling twox-hash v2.1.3
[INFO] [stderr]    Compiling lz4_flex v0.11.6
[INFO] [stderr]    Compiling xxhash-rust v0.8.18
[INFO] [stderr]    Compiling parking_lot v0.12.5
[INFO] [stderr]    Compiling fastrand v2.5.0
[INFO] [stderr]    Compiling keel-rand v3.1.6 (/opt/rustwide/workdir/crates/keel-rand)
[INFO] [stderr]    Compiling syn v2.0.119
[INFO] [stderr]    Compiling tracing-core v0.1.36
[INFO] [stderr]    Compiling regex-syntax v0.8.11
[INFO] [stderr]    Compiling pin-project-lite v0.2.17
[INFO] [stderr]    Compiling lazy_static v1.5.0
[INFO] [stderr]    Compiling log v0.4.34
[INFO] [stderr]    Compiling tracing-log v0.2.0
[INFO] [stderr]    Compiling sharded-slab v0.1.7
[INFO] [stderr]    Compiling tempfile v3.27.0
[INFO] [stderr]    Compiling thread_local v1.1.10
[INFO] [stderr]    Compiling zmij v1.0.23
[INFO] [stderr]    Compiling nu-ansi-term v0.50.3
[INFO] [stderr]    Compiling serde_json v1.0.151
[INFO] [stderr]    Compiling regex-automata v0.4.18
[INFO] [stderr]    Compiling itoa v1.0.18
[INFO] [stderr]    Compiling memchr v2.8.3
[INFO] [stderr]    Compiling thiserror-impl v2.0.20
[INFO] [stderr]    Compiling serde_derive v1.0.229
[INFO] [stderr]    Compiling clap_derive v4.6.4
[INFO] [stderr]    Compiling cobs v0.3.0
[INFO] [stderr]    Compiling lsm_kv v0.1.0 (/opt/rustwide/workdir/crates/lsm-kv)
[INFO] [stderr]    Compiling tracing-attributes v0.1.31
[INFO] [stderr]    Compiling clap v4.6.6
[INFO] [stderr]    Compiling keel-net v3.1.6 (/opt/rustwide/workdir/crates/keel-net)
[INFO] [stderr]    Compiling tracing v0.1.44
[INFO] [stderr]    Compiling matchers v0.2.0
[INFO] [stderr]    Compiling keel-chaos v3.1.6 (/opt/rustwide/workdir/crates/keel-chaos)
[INFO] [stderr]    Compiling tracing-subscriber v0.3.23
[INFO] [stderr]    Compiling bytes v1.12.1
[INFO] [stderr]    Compiling postcard v1.1.3
[INFO] [stderr]    Compiling keel-raft v3.1.6 (/opt/rustwide/workdir/crates/keel-raft)
[INFO] [stderr]    Compiling keel-api v3.1.6 (/opt/rustwide/workdir/crates/keel-api)
[INFO] [stderr]    Compiling keel-log v3.1.6 (/opt/rustwide/workdir/crates/keel-log)
[INFO] [stderr]    Compiling keel-sm v3.1.6 (/opt/rustwide/workdir/crates/keel-sm)
[INFO] [stderr]    Compiling keel-client v3.1.6 (/opt/rustwide/workdir/crates/keel-client)
[INFO] [stderr]    Compiling keel-node v3.1.6 (/opt/rustwide/workdir/crates/keel-node)
[INFO] [stderr]    Compiling keel-sim v3.1.6 (/opt/rustwide/workdir/crates/keel-sim)
[INFO] [stderr]    Compiling keel-bench v3.1.6 (/opt/rustwide/workdir/crates/keel-bench)
[INFO] [stderr]    Compiling keel-fuzz v3.1.6 (/opt/rustwide/workdir/crates/keel-fuzz)
[INFO] [stderr]    Compiling keel-server v3.1.6 (/opt/rustwide/workdir/crates/keel-server)
[INFO] [stderr]    Compiling keel-maelstrom v3.1.6 (/opt/rustwide/workdir/crates/keel-maelstrom)
[INFO] [stderr] warning: unused dependency `keel-sm`
[INFO] [stderr]   --> crates/keel-maelstrom/Cargo.toml:20:1
[INFO] [stderr]    |
[INFO] [stderr] 20 | keel-sm = { workspace = true }
[INFO] [stderr]    | ^^^^^^^^^^^^^^^^^^^^^^^^^^^^^^
[INFO] [stderr]    |
[INFO] [stderr]    = note: `cargo::unused_dependencies` is set to `warn` by default
[INFO] [stderr] help: consider removing the dependency on `keel-sm`
[INFO] [stderr] warning: `keel-maelstrom` (manifest) generated 1 warning
[INFO] [stderr] warning: unused dependency `tempfile`
[INFO] [stderr]   --> crates/keel-sm/Cargo.toml:22:1
[INFO] [stderr]    |
[INFO] [stderr] 22 | tempfile = { workspace = true, optional = true }
[INFO] [stderr]    | ^^^^^^^^^^^^^^^^^^^^^^^^^^^^^^^^^^^^^^^^^^^^^^^^
[INFO] [stderr]    |
[INFO] [stderr]    = note: `cargo::unused_dependencies` is set to `warn` by default
[INFO] [stderr] help: consider removing the dependency on `tempfile`
[INFO] [stderr] warning: `keel-sm` (manifest) generated 1 warning
[INFO] [stderr]     Finished `release` profile [optimized] target(s) in 2m 49s
[INFO] running `Command { std: "docker" "inspect" "ff44207e7af671567cc84e37a3bf543cfc3d888bc8e9dbc807eb8e945763bae2", kill_on_drop: false }`
[INFO] running `Command { std: "docker" "exec" "-e" "SOURCE_DIR=/opt/rustwide/workdir" "-e" "CARGO_HOME=/opt/rustwide/cargo-home" "-e" "RUSTUP_HOME=/opt/rustwide/rustup-home" "-e" "CARGO_TARGET_DIR=/opt/rustwide/target" "-e" "CARGO_INCREMENTAL=0" "-e" "RUST_BACKTRACE=full" "-e" "RUSTFLAGS=--cap-lints=warn" "-e" "RUSTDOCFLAGS=--cap-lints=warn" "-w" "/opt/rustwide/workdir" "--user" "0:0" "ff44207e7af671567cc84e37a3bf543cfc3d888bc8e9dbc807eb8e945763bae2" "/opt/rustwide/cargo-home/bin/cargo" "+1.100.0-beta.1" "test" "--frozen" "--no-run" "--message-format=json" "--release", kill_on_drop: false }`
[INFO] [stderr] warning: unused workspace dependency `anyhow`
[INFO] [stderr]  --> Cargo.toml:6:1
[INFO] [stderr]   |
[INFO] [stderr] 6 | anyhow = "1"
[INFO] [stderr]   | ^^^^^^
[INFO] [stderr]   |
[INFO] [stderr]   = note: `cargo::unused_workspace_dependencies` is set to `warn` by default
[INFO] [stderr] help: consider removing the workspace dependency `anyhow`
[INFO] [stderr] warning: unused workspace dependency `keel-bench`
[INFO] [stderr]   --> Cargo.toml:26:25
[INFO] [stderr]    |
[INFO] [stderr] 26 | [workspace.dependencies.keel-bench]
[INFO] [stderr]    |                         ^^^^^^^^^^
[INFO] [stderr]    |
[INFO] [stderr] help: consider removing the workspace dependency `keel-bench`
[INFO] [stderr] warning: unused workspace dependency `keel-fuzz`
[INFO] [stderr]   --> Cargo.toml:38:25
[INFO] [stderr]    |
[INFO] [stderr] 38 | [workspace.dependencies.keel-fuzz]
[INFO] [stderr]    |                         ^^^^^^^^^
[INFO] [stderr]    |
[INFO] [stderr] help: consider removing the workspace dependency `keel-fuzz`
[INFO] [stderr] warning: unused workspace dependency `keel-maelstrom`
[INFO] [stderr]   --> Cargo.toml:46:25
[INFO] [stderr]    |
[INFO] [stderr] 46 | [workspace.dependencies.keel-maelstrom]
[INFO] [stderr]    |                         ^^^^^^^^^^^^^^
[INFO] [stderr]    |
[INFO] [stderr] help: consider removing the workspace dependency `keel-maelstrom`
[INFO] [stderr] warning: workspace (manifest) generated 4 warnings
[INFO] [stderr] warning: missing `[lints]` to inherit `[workspace.lints]`
[INFO] [stderr]   --> crates/lsm-kv/Cargo.toml
[INFO] [stderr]    = note: `cargo::missing_lints_inheritance` is set to `warn` by default
[INFO] [stderr] help: to inherit `workspace.lints, add:
[INFO] [stderr]    |
[INFO] [stderr] 43 ~ fuzzing = []
[INFO] [stderr] 44 + [lints]
[INFO] [stderr] 45 + workspace = true
[INFO] [stderr]    |
[INFO] [stderr] help: to clarify your intent to not inherit, add:
[INFO] [stderr]    |
[INFO] [stderr] 43 ~ fuzzing = []
[INFO] [stderr] 44 + [lints]
[INFO] [stderr]    |
[INFO] [stderr] warning: `lsm_kv` (manifest) generated 1 warning
[INFO] [stderr]    Compiling keel-log v3.1.6 (/opt/rustwide/workdir/crates/keel-log)
[INFO] [stderr]    Compiling regex-syntax v0.8.11
[INFO] [stderr]    Compiling keel-net v3.1.6 (/opt/rustwide/workdir/crates/keel-net)
[INFO] [stderr]    Compiling keel-sm v3.1.6 (/opt/rustwide/workdir/crates/keel-sm)
[INFO] [stderr]    Compiling getrandom v0.3.4
[INFO] [stderr]    Compiling zerocopy v0.8.56
[INFO] [stderr]    Compiling autocfg v1.5.1
[INFO] [stderr]    Compiling wait-timeout v0.2.1
[INFO] [stderr]    Compiling rand_core v0.9.5
[INFO] [stderr]    Compiling num-traits v0.2.19
[INFO] [stderr]    Compiling quick-error v1.2.3
[INFO] [stderr]    Compiling bit-vec v0.8.0
[INFO] [stderr]    Compiling fnv v1.0.7
[INFO] [stderr]    Compiling rusty-fork v0.3.1
[INFO] [stderr]    Compiling bit-set v0.8.0
[INFO] [stderr]    Compiling keel-node v3.1.6 (/opt/rustwide/workdir/crates/keel-node)
[INFO] [stderr]    Compiling rand_xorshift v0.4.0
[INFO] [stderr]    Compiling rand v0.9.5
[INFO] [stderr]    Compiling unarray v0.1.4
[INFO] [stderr]    Compiling keel-sim v3.1.6 (/opt/rustwide/workdir/crates/keel-sim)
[INFO] [stderr]    Compiling keel-bench v3.1.6 (/opt/rustwide/workdir/crates/keel-bench)
[INFO] [stderr]    Compiling keel-fuzz v3.1.6 (/opt/rustwide/workdir/crates/keel-fuzz)
[INFO] [stderr]    Compiling regex-automata v0.4.18
[INFO] [stderr]    Compiling ppv-lite86 v0.2.21
[INFO] [stderr]    Compiling rand_chacha v0.9.0
[INFO] [stderr]    Compiling proptest v1.11.0
[INFO] [stderr]    Compiling matchers v0.2.0
[INFO] [stderr]    Compiling tracing-subscriber v0.3.23
[INFO] [stderr]    Compiling keel-server v3.1.6 (/opt/rustwide/workdir/crates/keel-server)
[INFO] [stderr]    Compiling keel-maelstrom v3.1.6 (/opt/rustwide/workdir/crates/keel-maelstrom)
[INFO] [stderr]    Compiling keel-raft v3.1.6 (/opt/rustwide/workdir/crates/keel-raft)
[INFO] [stderr]    Compiling lsm_kv v0.1.0 (/opt/rustwide/workdir/crates/lsm-kv)
[INFO] [stderr]    Compiling keel-chaos v3.1.6 (/opt/rustwide/workdir/crates/keel-chaos)
[INFO] [stderr]    Compiling keel-client v3.1.6 (/opt/rustwide/workdir/crates/keel-client)
[INFO] [stderr]    Compiling keel-api v3.1.6 (/opt/rustwide/workdir/crates/keel-api)
[INFO] [stderr]    Compiling keel-rand v3.1.6 (/opt/rustwide/workdir/crates/keel-rand)
[INFO] [stderr] warning: unused dependency `keel-sm`
[INFO] [stderr]   --> crates/keel-maelstrom/Cargo.toml:20:1
[INFO] [stderr]    |
[INFO] [stderr] 20 | keel-sm = { workspace = true }
[INFO] [stderr]    | ^^^^^^^^^^^^^^^^^^^^^^^^^^^^^^
[INFO] [stderr]    |
[INFO] [stderr]    = note: `cargo::unused_dependencies` is set to `warn` by default
[INFO] [stderr] help: consider removing the dependency on `keel-sm`
[INFO] [stderr] warning: `keel-maelstrom` (manifest) generated 1 warning
[INFO] [stderr] warning: unused dependency `tempfile`
[INFO] [stderr]   --> crates/keel-sm/Cargo.toml:22:1
[INFO] [stderr]    |
[INFO] [stderr] 22 | tempfile = { workspace = true, optional = true }
[INFO] [stderr]    | ^^^^^^^^^^^^^^^^^^^^^^^^^^^^^^^^^^^^^^^^^^^^^^^^
[INFO] [stderr]    |
[INFO] [stderr]    = note: `cargo::unused_dependencies` is set to `warn` by default
[INFO] [stderr] help: consider removing the dependency on `tempfile`
[INFO] [stderr] help: to still use for development builds, move to `dev-dependencies`
[INFO] [stderr] warning: `keel-sm` (manifest) generated 1 warning
[INFO] [stderr]     Finished `release` profile [optimized] target(s) in 4m 13s
[INFO] running `Command { std: "docker" "inspect" "ff44207e7af671567cc84e37a3bf543cfc3d888bc8e9dbc807eb8e945763bae2", kill_on_drop: false }`
[INFO] running `Command { std: "docker" "exec" "-e" "SOURCE_DIR=/opt/rustwide/workdir" "-e" "CARGO_HOME=/opt/rustwide/cargo-home" "-e" "RUSTUP_HOME=/opt/rustwide/rustup-home" "-e" "CARGO_TARGET_DIR=/opt/rustwide/target" "-e" "CARGO_INCREMENTAL=0" "-e" "RUST_BACKTRACE=full" "-e" "RUSTFLAGS=--cap-lints=warn" "-e" "RUSTDOCFLAGS=--cap-lints=warn" "-w" "/opt/rustwide/workdir" "--user" "0:0" "ff44207e7af671567cc84e37a3bf543cfc3d888bc8e9dbc807eb8e945763bae2" "/opt/rustwide/cargo-home/bin/cargo" "+1.100.0-beta.1" "test" "--frozen" "--release", kill_on_drop: false }`
[INFO] [stderr] warning: unused workspace dependency `anyhow`
[INFO] [stderr]  --> Cargo.toml:6:1
[INFO] [stderr]   |
[INFO] [stderr] 6 | anyhow = "1"
[INFO] [stderr]   | ^^^^^^
[INFO] [stderr]   |
[INFO] [stderr]   = note: `cargo::unused_workspace_dependencies` is set to `warn` by default
[INFO] [stderr] help: consider removing the workspace dependency `anyhow`
[INFO] [stderr] warning: unused workspace dependency `keel-bench`
[INFO] [stderr]   --> Cargo.toml:26:25
[INFO] [stderr]    |
[INFO] [stderr] 26 | [workspace.dependencies.keel-bench]
[INFO] [stderr]    |                         ^^^^^^^^^^
[INFO] [stderr]    |
[INFO] [stderr] help: consider removing the workspace dependency `keel-bench`
[INFO] [stderr] warning: unused workspace dependency `keel-fuzz`
[INFO] [stderr]   --> Cargo.toml:38:25
[INFO] [stderr]    |
[INFO] [stderr] 38 | [workspace.dependencies.keel-fuzz]
[INFO] [stderr]    |                         ^^^^^^^^^
[INFO] [stderr]    |
[INFO] [stderr] help: consider removing the workspace dependency `keel-fuzz`
[INFO] [stderr] warning: unused workspace dependency `keel-maelstrom`
[INFO] [stderr]   --> Cargo.toml:46:25
[INFO] [stderr]    |
[INFO] [stderr] 46 | [workspace.dependencies.keel-maelstrom]
[INFO] [stderr]    |                         ^^^^^^^^^^^^^^
[INFO] [stderr]    |
[INFO] [stderr] help: consider removing the workspace dependency `keel-maelstrom`
[INFO] [stderr] warning: workspace (manifest) generated 4 warnings
[INFO] [stderr] warning: missing `[lints]` to inherit `[workspace.lints]`
[INFO] [stderr]   --> crates/lsm-kv/Cargo.toml
[INFO] [stderr]    = note: `cargo::missing_lints_inheritance` is set to `warn` by default
[INFO] [stderr] help: to inherit `workspace.lints, add:
[INFO] [stderr]    |
[INFO] [stderr] 43 ~ fuzzing = []
[INFO] [stderr] 44 + [lints]
[INFO] [stderr] 45 + workspace = true
[INFO] [stderr]    |
[INFO] [stderr] help: to clarify your intent to not inherit, add:
[INFO] [stderr]    |
[INFO] [stderr] 43 ~ fuzzing = []
[INFO] [stderr] 44 + [lints]
[INFO] [stderr]    |
[INFO] [stderr] warning: `lsm_kv` (manifest) generated 1 warning
[INFO] [stderr] warning: unused dependency `keel-sm`
[INFO] [stderr]   --> crates/keel-maelstrom/Cargo.toml:20:1
[INFO] [stderr]    |
[INFO] [stderr] 20 | keel-sm = { workspace = true }
[INFO] [stderr]    | ^^^^^^^^^^^^^^^^^^^^^^^^^^^^^^
[INFO] [stderr]    |
[INFO] [stderr]    = note: `cargo::unused_dependencies` is set to `warn` by default
[INFO] [stderr] help: consider removing the dependency on `keel-sm`
[INFO] [stderr] warning: `keel-maelstrom` (manifest) generated 1 warning
[INFO] [stderr] warning: unused dependency `tempfile`
[INFO] [stderr]   --> crates/keel-sm/Cargo.toml:22:1
[INFO] [stderr]    |
[INFO] [stderr] 22 | tempfile = { workspace = true, optional = true }
[INFO] [stderr]    | ^^^^^^^^^^^^^^^^^^^^^^^^^^^^^^^^^^^^^^^^^^^^^^^^
[INFO] [stderr]    |
[INFO] [stderr]    = note: `cargo::unused_dependencies` is set to `warn` by default
[INFO] [stderr] help: consider removing the dependency on `tempfile`
[INFO] [stderr] help: to still use for development builds, move to `dev-dependencies`
[INFO] [stderr] warning: `keel-sm` (manifest) generated 1 warning
[INFO] [stderr]     Finished `release` profile [optimized] target(s) in 0.28s
[INFO] [stderr]      Running unittests src/lib.rs (/opt/rustwide/target/release/build/keel-api/d326859f0d9a4829/out/keel_api-d326859f0d9a4829)
[INFO] [stdout] 
[INFO] [stdout] running 11 tests
[INFO] [stdout] test tests::every_peer_message_round_trips ... ok
[INFO] [stdout] test tests::a_truncated_payload_is_refused_rather_than_guessed ... ok
[INFO] [stdout] test tests::every_request_round_trips ... ok
[INFO] [stdout] test tests::every_response_round_trips ... ok
[INFO] [stdout] test tests::an_oversized_payload_is_refused_before_it_is_parsed ... ok
[INFO] [stderr]      Running unittests src/lib.rs (/opt/rustwide/target/release/build/keel-bench/ace2380dbe51ee03/out/keel_bench-ace2380dbe51ee03)
[INFO] [stdout] test tests::distinct_requests_encode_distinctly ... ok
[INFO] [stdout] test tests::a_payload_with_bytes_appended_is_refused ... ok
[INFO] [stdout] test tests::an_envelope_round_trips_and_is_distinct_from_its_body ... ok
[INFO] [stdout] test tests::arbitrary_bytes_do_not_panic_the_decoder ... ok
[INFO] [stdout] test tests::every_proposal_round_trips ... ok
[INFO] [stdout] test tests::envelopes_with_the_same_body_and_different_labels_are_distinct ... ok
[INFO] [stdout] 
[INFO] [stdout] test result: ok. 11 passed; 0 failed; 0 ignored; 0 measured; 0 filtered out; finished in 0.01s
[INFO] [stdout] 
[INFO] [stdout] 
[INFO] [stdout] running 45 tests
[INFO] [stdout] test environment::tests::a_path_that_does_not_exist_is_unknown_rather_than_durable ... ok
[INFO] [stdout] test failover::tests::a_summary_counts_each_outcome_and_only_times_the_recoveries ... ok
[INFO] [stdout] test failover::tests::a_median_that_moves_between_the_halves_is_reported_as_unstable ... ok
[INFO] [stdout] test failover::tests::a_median_that_holds_across_the_halves_is_reported_as_stable ... ok
[INFO] [stdout] test failover::tests::a_report_with_too_few_trials_says_its_percentiles_describe_the_draw ... ok
[INFO] [stdout] test environment::tests::a_temporary_directory_is_on_a_named_filesystem ... ok
[INFO] [stdout] test histogram::tests::a_weighted_sample_counts_for_every_request_it_stands_for ... ok
[INFO] [stdout] test histogram::tests::an_empty_histogram_answers_without_dividing_by_zero ... ok
[INFO] [stdout] test histogram::tests::merging_two_histograms_is_the_same_as_recording_into_one ... ok
[INFO] [stdout] test histogram::tests::a_percentile_is_never_optimistic ... ok
[INFO] [stdout] test histogram::tests::the_relative_error_is_bounded_at_every_magnitude ... ok
[INFO] [stdout] test plot::tests::axes_end_on_round_numbers ... ok
[INFO] [stdout] test plot::tests::a_series_recorded_out_of_order_draws_the_same_picture ... ok
[INFO] [stdout] test plot::tests::a_single_point_is_refused_because_it_is_not_a_curve ... ok
[INFO] [stdout] test histogram::tests::small_values_are_recorded_exactly ... ok
[INFO] [stdout] test plot::tests::markup_in_a_series_name_is_escaped ... ok
[INFO] [stdout] test plot::tests::the_caption_is_rendered_into_the_image ... ok
[INFO] [stdout] test plot::tests::the_same_data_renders_the_same_bytes ... ok
[INFO] [stdout] test publishable::tests::a_filesystem_nobody_could_identify_is_refused ... ok
[INFO] [stdout] test publishable::tests::a_host_nobody_described_is_refused ... ok
[INFO] [stdout] test plot::tests::numbers_are_formatted_by_integer_arithmetic ... ok
[INFO] [stdout] test publishable::tests::a_modified_tree_and_an_unknown_commit_are_both_refused ... ok
[INFO] [stdout] test publishable::tests::a_run_on_memory_is_refused ... ok
[INFO] [stdout] test publishable::tests::a_stated_durable_host_with_enough_runs_passes ... ok
[INFO] [stdout] test publishable::tests::an_admitted_run_carries_the_reason_it_cannot_be_published ... ok
[INFO] [stdout] test publishable::tests::full_fsync_is_durable_and_publishable ... ok
[INFO] [stdout] test record::tests::a_publishable_result_is_written_with_its_header_first ... ok
[INFO] [stdout] test publishable::tests::a_run_without_fsync_is_refused ... ok
[INFO] [stdout] test publishable::tests::one_run_is_refused_and_three_is_the_floor ... ok
[INFO] [stdout] test record::tests::an_unheadlineable_result_repeats_the_qualifier_above_the_numbers ... ok
[INFO] [stdout] test record::tests::an_admitted_result_is_written_and_says_why_it_is_not_publishable ... ok
[INFO] [stdout] test record::tests::anything_that_is_not_a_plain_file_name_is_refused ... ok
[INFO] [stdout] test publishable::tests::only_the_reference_tier_may_be_headlined ... ok
[INFO] [stdout] test workload::tests::a_run_that_fell_behind_its_schedule_says_so ... ok
[INFO] [stdout] test workload::tests::a_mix_draws_the_proportion_it_names ... ok
[INFO] [stdout] test workload::tests::a_plan_is_a_pure_function_of_its_seed ... ok
[INFO] [stdout] test workload::tests::keys_are_fixed_width_and_values_are_the_size_asked_for ... ok
[INFO] [stdout] test workload::tests::node_addresses_parse_and_bad_ones_are_dropped ... ok
[INFO] [stdout] test environment::tests::a_probed_environment_is_stated_and_an_unknown_one_is_not ... ok
[INFO] [stdout] test environment::tests::the_header_names_the_hardware_and_the_filesystem ... ok
[INFO] [stdout] test workload::tests::a_closed_loop_run_reports_throughput_and_a_latency_distribution ... ok
[INFO] [stdout] test workload::tests::a_deep_pipeline_charges_each_operation_its_own_latency ... ok
[INFO] [stdout] test workload::tests::an_open_loop_charges_a_stall_to_every_request_it_delayed ... ok
[INFO] [stdout] test workload::tests::depth_lifts_the_throughput_ceiling_a_closed_client_imposes ... ok
[INFO] [stdout] test failover::tests::a_trial_that_killed_nothing_is_discarded_rather_than_timed ... ok
[INFO] [stdout] 
[INFO] [stdout] test result: ok. 45 passed; 0 failed; 0 ignored; 0 measured; 0 filtered out; finished in 10.16s
[INFO] [stdout] 
[INFO] [stderr]      Running unittests src/main.rs (/opt/rustwide/target/release/build/keel-bench/cf1956aed2c8749a/out/keel_bench-cf1956aed2c8749a)
[INFO] [stdout] 
[INFO] [stderr]      Running tests/gate.rs (/opt/rustwide/target/release/build/keel-bench/5d7496822620785a/out/gate-5d7496822620785a)
[INFO] [stdout] running 0 tests
[INFO] [stdout] 
[INFO] [stdout] test result: ok. 0 passed; 0 failed; 0 ignored; 0 measured; 0 filtered out; finished in 0.00s
[INFO] [stdout] 
[INFO] [stdout] 
[INFO] [stdout] running 4 tests
[INFO] [stdout] test tmpfs_and_zero_fsync_are_refused_and_their_controls_are_admitted ... ok
[INFO] [stdout] test a_result_cannot_be_written_outside_the_bench_directory ... ok
[INFO] [stdout] test the_tier_is_a_claim_the_caller_makes_and_the_gate_records ... ok
[INFO] [stdout] test this_host_can_produce_an_exploratory_result ... ok
[INFO] [stderr]      Running unittests src/lib.rs (/opt/rustwide/target/release/build/keel-chaos/766aa14960de0557/out/keel_chaos-766aa14960de0557)
[INFO] [stdout] 
[INFO] [stdout] test result: ok. 4 passed; 0 failed; 0 ignored; 0 measured; 0 filtered out; finished in 0.09s
[INFO] [stdout] 
[INFO] [stdout] 
[INFO] [stdout] running 24 tests
[INFO] [stdout] test clock::tests::the_monotonic_clock_does_not_go_backwards ... ok
[INFO] [stdout] test clock::tests::a_probe_that_merely_waited_does_not_count_as_a_jump ... ok
[INFO] [stdout] test clock::tests::availability_either_finds_a_library_or_says_why_not ... ok
[INFO] [stdout] test cluster::tests::a_split_cuts_across_and_not_within ... ok
[INFO] [stdout] test cluster::tests::isolating_one_node_leaves_the_rest_of_the_cluster_connected ... ok
[INFO] [stdout] test cluster::tests::a_one_way_isolation_cuts_one_direction_only ... ok
[INFO] [stdout] test nemesis::tests::signalling_something_that_is_not_running_is_an_error_rather_than_a_silent_no_op ... ok
[INFO] [stdout] test cluster::tests::every_ordered_pair_gets_its_own_link ... ok
[INFO] [stdout] test proxy::tests::a_cut_blocks_the_direction_it_names_and_not_the_other ... ok
[INFO] [stdout] test schedule::tests::a_host_without_clock_control_gets_a_schedule_without_clock_jumps ... ok
[INFO] [stdout] test schedule::tests::a_seed_determines_the_whole_schedule ... ok
[INFO] [stdout] test schedule::tests::a_hundred_seeds_reach_every_kind_of_fault ... ok
[INFO] [stdout] test nemesis::tests::a_stopped_process_can_still_be_killed ... ok
[INFO] [stdout] test nemesis::tests::a_stopped_process_stays_alive_until_it_is_resumed ... ok
[INFO] [stdout] test nemesis::tests::a_killed_process_is_reaped_and_can_be_restarted ... ok
[INFO] [stdout] test cluster::tests::healing_restores_every_link ... ok
[INFO] [stdout] test schedule::tests::events_are_in_time_order ... ok
[INFO] [stdout] test schedule::tests::every_fault_is_repaired_and_the_cluster_ends_healthy ... ok
[INFO] [stdout] test schedule::tests::the_plan_is_printed_before_it_is_injected ... ok
[INFO] [stdout] test schedule::tests::every_node_named_is_a_node_that_exists ... ok
[INFO] [stdout] test schedule::tests::a_split_never_puts_a_majority_on_the_wrong_side ... ok
[INFO] [stdout] test schedule::tests::clock_jumps_do_occur_when_the_host_allows_them ... ok
[INFO] [stdout] test nemesis::tests::a_process_that_dies_during_startup_is_noticed_immediately ... ok
[INFO] [stdout] test nemesis::tests::a_process_that_never_gets_ready_is_reported_rather_than_waited_on_forever ... ok
[INFO] [stdout] 
[INFO] [stdout] test result: ok. 24 passed; 0 failed; 0 ignored; 0 measured; 0 filtered out; finished in 0.17s
[INFO] [stdout] 
[INFO] [stderr]      Running unittests src/main.rs (/opt/rustwide/target/release/build/keel-chaos/6a11f2338b58fc61/out/keel_chaos-6a11f2338b58fc61)
[INFO] [stdout] 
[INFO] [stdout] running 0 tests
[INFO] [stdout] 
[INFO] [stdout] test result: ok. 0 passed; 0 failed; 0 ignored; 0 measured; 0 filtered out; finished in 0.00s
[INFO] [stdout] 
[INFO] [stderr]      Running tests/real_cluster.rs (/opt/rustwide/target/release/build/keel-chaos/3726b09b94e75e4b/out/real_cluster-3726b09b94e75e4b)
[INFO] [stdout] 
[INFO] [stdout] running 3 tests
[INFO] [stdout] test a_one_way_partition_does_not_stop_the_majority ... FAILED
[INFO] [stdout] test a_cluster_survives_a_partition_a_pause_and_a_kill ... FAILED
[INFO] [stdout] test a_killed_node_rejoins_and_the_cluster_keeps_its_acknowledged_writes ... FAILED
[INFO] [stdout] 
[INFO] [stdout] failures:
[INFO] [stdout] 
[INFO] [stdout] ---- a_one_way_partition_does_not_stop_the_majority stdout ----
[INFO] [stdout] 
[INFO] [stdout] thread 'a_one_way_partition_does_not_stop_the_majority' (4543) panicked at crates/keel-chaos/tests/real_cluster.rs:43:5:
[INFO] [stdout] keel-server was not built at "/opt/rustwide/target/release/build/keel-chaos/3726b09b94e75e4b/out/keel-server"; it is a dev-dependency so that cargo builds it before this test runs
[INFO] [stdout] stack backtrace:
[INFO] [stdout]    0:     0x5593083c3081 - <<std[617be2ca0a6fd877]::sys::backtrace::BacktraceLock>::print::DisplayBacktrace as core[a373ad73a504971]::fmt::Display>::fmt
[INFO] [stdout]    1:     0x5593083d819a - core[a373ad73a504971]::fmt::write
[INFO] [stdout]    2:     0x5593083c78dc - <alloc[2e1b2a31b91974c5]::vec::Vec<u8> as core[a373ad73a504971]::io::write::Write>::write_fmt
[INFO] [stdout]    3:     0x55930839c2d6 - std[617be2ca0a6fd877]::panicking::default_hook::{closure#0}
[INFO] [stdout]    4:     0x5593083ba6e9 - std[617be2ca0a6fd877]::panicking::default_hook
[INFO] [stdout]    5:     0x55930833ebd0 - test[aada8e7e76ba119b]::test_main_inner::{closure#0}
[INFO] [stdout]    6:     0x5593083ba8a2 - std[617be2ca0a6fd877]::panicking::panic_with_hook
[INFO] [stdout]    7:     0x55930839c382 - std[617be2ca0a6fd877]::panicking::panic_handler::{closure#0}
[INFO] [stdout]    8:     0x559308394ec9 - std[617be2ca0a6fd877]::sys::backtrace::__rust_end_short_backtrace::<std[617be2ca0a6fd877]::panicking::panic_handler::{closure#0}, !>
[INFO] [stdout]    9:     0x55930839d17d - __rustc[ea4f61d10b84890b]::rust_begin_unwind
[INFO] [stdout]   10:     0x5593083d88cc - core[a373ad73a504971]::panicking::panic_fmt
[INFO] [stdout]   11:     0x55930832c91f - real_cluster[e2cff390d6e62177]::cluster
[INFO] [stdout]   12:     0x55930832d1fd - <real_cluster[e2cff390d6e62177]::a_one_way_partition_does_not_stop_the_majority::{closure#0} as core[a373ad73a504971]::ops::function::FnOnce<()>>::call_once
[INFO] [stdout]   13:     0x55930833201b - test[aada8e7e76ba119b]::__rust_begin_short_backtrace::<core[a373ad73a504971]::result::Result<(), alloc[2e1b2a31b91974c5]::string::String>, fn() -> core[a373ad73a504971]::result::Result<(), alloc[2e1b2a31b91974c5]::string::String>>
[INFO] [stdout]   14:     0x55930833f1f5 - test[aada8e7e76ba119b]::run_test::{closure#0}
[INFO] [stdout]   15:     0x559308338ae4 - std[617be2ca0a6fd877]::sys::backtrace::__rust_begin_short_backtrace::<test[aada8e7e76ba119b]::run_test::{closure#1}, ()>
[INFO] [stdout]   16:     0x559308342282 - <std[617be2ca0a6fd877]::thread::lifecycle::spawn_unchecked<test[aada8e7e76ba119b]::run_test::{closure#1}, ()>::{closure#1} as core[a373ad73a504971]::ops::function::FnOnce<()>>::call_once::{shim:vtable#0}
[INFO] [stdout]   17:     0x5593083c216f - <std[617be2ca0a6fd877]::sys::thread::unix::Thread>::new::thread_start
[INFO] [stdout]   18:     0x7ab0afbfbdfa - <unknown>
[INFO] [stdout]   19:     0x7ab0afc8f3d4 - clone
[INFO] [stdout]   20:                0x0 - <unknown>
[INFO] [stdout] 
[INFO] [stdout] ---- a_cluster_survives_a_partition_a_pause_and_a_kill stdout ----
[INFO] [stdout] 
[INFO] [stdout] thread 'a_cluster_survives_a_partition_a_pause_and_a_kill' (4541) panicked at crates/keel-chaos/tests/real_cluster.rs:43:5:
[INFO] [stdout] keel-server was not built at "/opt/rustwide/target/release/build/keel-chaos/3726b09b94e75e4b/out/keel-server"; it is a dev-dependency so that cargo builds it before this test runs
[INFO] [stdout] stack backtrace:
[INFO] [stdout]    0:     0x5593083c3081 - <<std[617be2ca0a6fd877]::sys::backtrace::BacktraceLock>::print::DisplayBacktrace as core[a373ad73a504971]::fmt::Display>::fmt
[INFO] [stdout]    1:     0x5593083d819a - core[a373ad73a504971]::fmt::write
[INFO] [stdout]    2:     0x5593083c78dc - <alloc[2e1b2a31b91974c5]::vec::Vec<u8> as core[a373ad73a504971]::io::write::Write>::write_fmt
[INFO] [stdout]    3:     0x55930839c2d6 - std[617be2ca0a6fd877]::panicking::default_hook::{closure#0}
[INFO] [stdout]    4:     0x5593083ba6e9 - std[617be2ca0a6fd877]::panicking::default_hook
[INFO] [stdout]    5:     0x55930833ebd0 - test[aada8e7e76ba119b]::test_main_inner::{closure#0}
[INFO] [stdout]    6:     0x5593083ba8a2 - std[617be2ca0a6fd877]::panicking::panic_with_hook
[INFO] [stdout]    7:     0x55930839c382 - std[617be2ca0a6fd877]::panicking::panic_handler::{closure#0}
[INFO] [stdout]    8:     0x559308394ec9 - std[617be2ca0a6fd877]::sys::backtrace::__rust_end_short_backtrace::<std[617be2ca0a6fd877]::panicking::panic_handler::{closure#0}, !>
[INFO] [stdout]    9:     0x55930839d17d - __rustc[ea4f61d10b84890b]::rust_begin_unwind
[INFO] [stdout]   10:     0x5593083d88cc - core[a373ad73a504971]::panicking::panic_fmt
[INFO] [stdout]   11:     0x55930832c91f - real_cluster[e2cff390d6e62177]::cluster
[INFO] [stdout]   12:     0x55930832d599 - <real_cluster[e2cff390d6e62177]::a_cluster_survives_a_partition_a_pause_and_a_kill::{closure#0} as core[a373ad73a504971]::ops::function::FnOnce<()>>::call_once
[INFO] [stdout]   13:     0x55930833201b - test[aada8e7e76ba119b]::__rust_begin_short_backtrace::<core[a373ad73a504971]::result::Result<(), alloc[2e1b2a31b91974c5]::string::String>, fn() -> core[a373ad73a504971]::result::Result<(), alloc[2e1b2a31b91974c5]::string::String>>
[INFO] [stdout]   14:     0x55930833f1f5 - test[aada8e7e76ba119b]::run_test::{closure#0}
[INFO] [stdout]   15:     0x559308338ae4 - std[617be2ca0a6fd877]::sys::backtrace::__rust_begin_short_backtrace::<test[aada8e7e76ba119b]::run_test::{closure#1}, ()>
[INFO] [stdout]   16:     0x559308342282 - <std[617be2ca0a6fd877]::thread::lifecycle::spawn_unchecked<test[aada8e7e76ba119b]::run_test::{closure#1}, ()>::{closure#1} as core[a373ad73a504971]::ops::function::FnOnce<()>>::call_once::{shim:vtable#0}
[INFO] [stdout]   17:     0x5593083c216f - <std[617be2ca0a6fd877]::sys::thread::unix::Thread>::new::thread_start
[INFO] [stdout]   18:     0x7ab0afbfbdfa - <unknown>
[INFO] [stdout]   19:     0x7ab0afc8f3d4 - clone
[INFO] [stdout]   20:                0x0 - <unknown>
[INFO] [stdout] 
[INFO] [stdout] ---- a_killed_node_rejoins_and_the_cluster_keeps_its_acknowledged_writes stdout ----
[INFO] [stdout] 
[INFO] [stdout] thread 'a_killed_node_rejoins_and_the_cluster_keeps_its_acknowledged_writes' (4542) panicked at crates/keel-chaos/tests/real_cluster.rs:43:5:
[INFO] [stdout] keel-server was not built at "/opt/rustwide/target/release/build/keel-chaos/3726b09b94e75e4b/out/keel-server"; it is a dev-dependency so that cargo builds it before this test runs
[INFO] [stdout] stack backtrace:
[INFO] [stdout]    0:     0x5593083c3081 - <<std[617be2ca0a6fd877]::sys::backtrace::BacktraceLock>::print::DisplayBacktrace as core[a373ad73a504971]::fmt::Display>::fmt
[INFO] [stdout]    1:     0x5593083d819a - core[a373ad73a504971]::fmt::write
[INFO] [stdout]    2:     0x5593083c78dc - <alloc[2e1b2a31b91974c5]::vec::Vec<u8> as core[a373ad73a504971]::io::write::Write>::write_fmt
[INFO] [stdout]    3:     0x55930839c2d6 - std[617be2ca0a6fd877]::panicking::default_hook::{closure#0}
[INFO] [stdout]    4:     0x5593083ba6e9 - std[617be2ca0a6fd877]::panicking::default_hook
[INFO] [stdout]    5:     0x55930833ebd0 - test[aada8e7e76ba119b]::test_main_inner::{closure#0}
[INFO] [stdout]    6:     0x5593083ba8a2 - std[617be2ca0a6fd877]::panicking::panic_with_hook
[INFO] [stdout]    7:     0x55930839c382 - std[617be2ca0a6fd877]::panicking::panic_handler::{closure#0}
[INFO] [stdout]    8:     0x559308394ec9 - std[617be2ca0a6fd877]::sys::backtrace::__rust_end_short_backtrace::<std[617be2ca0a6fd877]::panicking::panic_handler::{closure#0}, !>
[INFO] [stdout]    9:     0x55930839d17d - __rustc[ea4f61d10b84890b]::rust_begin_unwind
[INFO] [stdout]   10:     0x5593083d88cc - core[a373ad73a504971]::panicking::panic_fmt
[INFO] [stdout]   11:     0x55930832c91f - real_cluster[e2cff390d6e62177]::cluster
[INFO] [stdout]   12:     0x55930832e131 - <real_cluster[e2cff390d6e62177]::a_killed_node_rejoins_and_the_cluster_keeps_its_acknowledged_writes::{closure#0} as core[a373ad73a504971]::ops::function::FnOnce<()>>::call_once
[INFO] [stdout]   13:     0x55930833201b - test[aada8e7e76ba119b]::__rust_begin_short_backtrace::<core[a373ad73a504971]::result::Result<(), alloc[2e1b2a31b91974c5]::string::String>, fn() -> core[a373ad73a504971]::result::Result<(), alloc[2e1b2a31b91974c5]::string::String>>
[INFO] [stdout]   14:     0x55930833f1f5 - test[aada8e7e76ba119b]::run_test::{closure#0}
[INFO] [stdout]   15:     0x559308338ae4 - std[617be2ca0a6fd877]::sys::backtrace::__rust_begin_short_backtrace::<test[aada8e7e76ba119b]::run_test::{closure#1}, ()>
[INFO] [stdout]   16:     0x559308342282 - <std[617be2ca0a6fd877]::thread::lifecycle::spawn_unchecked<test[aada8e7e76ba119b]::run_test::{closure#1}, ()>::{closure#1} as core[a373ad73a504971]::ops::function::FnOnce<()>>::call_once::{shim:vtable#0}
[INFO] [stdout]   17:     0x5593083c216f - <std[617be2ca0a6fd877]::sys::thread::unix::Thread>::new::thread_start
[INFO] [stdout]   18:     0x7ab0afbfbdfa - <unknown>
[INFO] [stdout]   19:     0x7ab0afc8f3d4 - clone
[INFO] [stdout]   20:                0x0 - <unknown>
[INFO] [stdout] 
[INFO] [stdout] 
[INFO] [stdout] failures:
[INFO] [stdout]     a_cluster_survives_a_partition_a_pause_and_a_kill
[INFO] [stdout]     a_killed_node_rejoins_and_the_cluster_keeps_its_acknowledged_writes
[INFO] [stdout]     a_one_way_partition_does_not_stop_the_majority
[INFO] [stdout] 
[INFO] [stdout] test result: FAILED. 0 passed; 3 failed; 0 ignored; 0 measured; 0 filtered out; finished in 0.01s
[INFO] [stdout] 
[INFO] [stderr] error: test failed, to rerun pass `-p keel-chaos --test real_cluster`
[INFO] running `Command { std: "docker" "inspect" "ff44207e7af671567cc84e37a3bf543cfc3d888bc8e9dbc807eb8e945763bae2", kill_on_drop: false }`
[INFO] running `Command { std: "docker" "rm" "-f" "ff44207e7af671567cc84e37a3bf543cfc3d888bc8e9dbc807eb8e945763bae2", kill_on_drop: false }`
[INFO] [stdout] ff44207e7af671567cc84e37a3bf543cfc3d888bc8e9dbc807eb8e945763bae2
