[INFO] cloning repository https://github.com/Ayushjo/Strata
[INFO] running `Command { std: "git" "-c" "credential.helper=" "-c" "credential.helper=/workspace/cargo-home/bin/git-credential-null" "clone" "--bare" "https://github.com/Ayushjo/Strata" "/workspace/cache/git-repos/https%3A%2F%2Fgithub.com%2FAyushjo%2FStrata", kill_on_drop: false }`
[INFO] [stderr] Cloning into bare repository '/workspace/cache/git-repos/https%3A%2F%2Fgithub.com%2FAyushjo%2FStrata'...
[INFO] running `Command { std: "git" "rev-parse" "HEAD", kill_on_drop: false }`
[INFO] [stdout] aa6356c9bc6fbab4fb3cddabaf4d78b33c740de0
[INFO] testing Ayushjo/Strata against 1.100.0-beta.1+cargoflags=--release for beta-release-1.100-2
[INFO] running `Command { std: "git" "clone" "/workspace/cache/git-repos/https%3A%2F%2Fgithub.com%2FAyushjo%2FStrata" "/workspace/builds/worker-3-tc2/source", kill_on_drop: false }`
[INFO] [stderr] Cloning into '/workspace/builds/worker-3-tc2/source'...
[INFO] [stderr] done.
[INFO] started tweaking git repo https://github.com/Ayushjo/Strata
[INFO] finished tweaking git repo https://github.com/Ayushjo/Strata
[INFO] tweaked toml for git repo https://github.com/Ayushjo/Strata written to /workspace/builds/worker-3-tc2/source/Cargo.toml
[INFO] validating manifest of git repo https://github.com/Ayushjo/Strata on toolchain 1.100.0-beta.1
[INFO] running `Command { std: CARGO_HOME="/workspace/cargo-home" RUSTUP_HOME="/workspace/rustup-home" "/workspace/cargo-home/bin/cargo" "+1.100.0-beta.1" "metadata" "--manifest-path" "Cargo.toml" "--no-deps", kill_on_drop: false }`
[INFO] crate git repo https://github.com/Ayushjo/Strata already has a lockfile, it will not be regenerated
[INFO] running `Command { std: CARGO_HOME="/workspace/cargo-home" RUSTUP_HOME="/workspace/rustup-home" "/workspace/cargo-home/bin/cargo" "+1.100.0-beta.1" "fetch" "--manifest-path" "Cargo.toml", kill_on_drop: false }`
[INFO] running `Command { std: "docker" "create" "-v" "/var/lib/crater-agent-workspace/builds/worker-3-tc2/source:/opt/rustwide/workdir:ro,Z" "-v" "/var/lib/crater-agent-workspace/builds/worker-3-tc2/target:/opt/rustwide/target:rw,Z" "-v" "/var/lib/crater-agent-workspace/cargo-home:/opt/rustwide/cargo-home:ro,Z" "-v" "/var/lib/crater-agent-workspace/rustup-home:/opt/rustwide/rustup-home:ro,Z" "-m" "1610612736" "--network" "none" "ghcr.io/rust-lang/crates-build-env/linux@sha256:77db811e55d90add9212f6832c23229e3de5f1c1f9905e8cb07319ea15df73ac" "sleep" "infinity", kill_on_drop: false }`
[INFO] [stdout] 0b8ac5847df892f54c3a112d1490eccc4c3324917c89efbb0c90e6148d4c50d9
[INFO] running `Command { std: "docker" "start" "0b8ac5847df892f54c3a112d1490eccc4c3324917c89efbb0c90e6148d4c50d9", kill_on_drop: false }`
[INFO] running `Command { std: "docker" "inspect" "0b8ac5847df892f54c3a112d1490eccc4c3324917c89efbb0c90e6148d4c50d9", kill_on_drop: false }`
[INFO] running `Command { std: "docker" "exec" "-e" "SOURCE_DIR=/opt/rustwide/workdir" "-e" "CARGO_HOME=/opt/rustwide/cargo-home" "-e" "RUSTUP_HOME=/opt/rustwide/rustup-home" "-e" "CARGO_TARGET_DIR=/opt/rustwide/target" "-w" "/opt/rustwide/workdir" "--user" "0:0" "0b8ac5847df892f54c3a112d1490eccc4c3324917c89efbb0c90e6148d4c50d9" "/opt/rustwide/cargo-home/bin/cargo" "+1.100.0-beta.1" "metadata" "--no-deps" "--format-version=1", kill_on_drop: false }`
[INFO] running `Command { std: "docker" "inspect" "0b8ac5847df892f54c3a112d1490eccc4c3324917c89efbb0c90e6148d4c50d9", kill_on_drop: false }`
[INFO] running `Command { std: "docker" "exec" "-e" "SOURCE_DIR=/opt/rustwide/workdir" "-e" "CARGO_HOME=/opt/rustwide/cargo-home" "-e" "RUSTUP_HOME=/opt/rustwide/rustup-home" "-e" "CARGO_TARGET_DIR=/opt/rustwide/target" "-e" "CARGO_INCREMENTAL=0" "-e" "RUST_BACKTRACE=full" "-e" "RUSTFLAGS=--cap-lints=warn" "-e" "RUSTDOCFLAGS=--cap-lints=warn" "-w" "/opt/rustwide/workdir" "--user" "0:0" "0b8ac5847df892f54c3a112d1490eccc4c3324917c89efbb0c90e6148d4c50d9" "/opt/rustwide/cargo-home/bin/cargo" "+1.100.0-beta.1" "build" "--frozen" "--message-format=json" "--release", kill_on_drop: false }`
[INFO] [stderr]    Compiling proc-macro2 v1.0.107
[INFO] [stderr]    Compiling quote v1.0.47
[INFO] [stderr]    Compiling unicode-ident v1.0.24
[INFO] [stderr]    Compiling libc v0.2.189
[INFO] [stderr]    Compiling crossbeam-utils v0.8.22
[INFO] [stderr]    Compiling parking_lot_core v0.9.12
[INFO] [stderr]    Compiling cfg-if v1.0.4
[INFO] [stderr]    Compiling thiserror v1.0.69
[INFO] [stderr]    Compiling smallvec v1.15.2
[INFO] [stderr]    Compiling crc32fast v1.5.1
[INFO] [stderr]    Compiling lock_api v0.4.14
[INFO] [stderr]    Compiling crossbeam-channel v0.5.16
[INFO] [stderr]    Compiling syn v2.0.119
[INFO] [stderr]    Compiling memmap2 v0.9.11
[INFO] [stderr]    Compiling parking_lot v0.12.5
[INFO] [stderr]    Compiling thiserror-impl v1.0.69
[INFO] [stderr]    Compiling strata v0.1.0 (/opt/rustwide/workdir)
[INFO] [stderr]     Finished `release` profile [optimized] target(s) in 10.75s
[INFO] running `Command { std: "docker" "inspect" "0b8ac5847df892f54c3a112d1490eccc4c3324917c89efbb0c90e6148d4c50d9", kill_on_drop: false }`
[INFO] running `Command { std: "docker" "exec" "-e" "SOURCE_DIR=/opt/rustwide/workdir" "-e" "CARGO_HOME=/opt/rustwide/cargo-home" "-e" "RUSTUP_HOME=/opt/rustwide/rustup-home" "-e" "CARGO_TARGET_DIR=/opt/rustwide/target" "-e" "CARGO_INCREMENTAL=0" "-e" "RUST_BACKTRACE=full" "-e" "RUSTFLAGS=--cap-lints=warn" "-e" "RUSTDOCFLAGS=--cap-lints=warn" "-w" "/opt/rustwide/workdir" "--user" "0:0" "0b8ac5847df892f54c3a112d1490eccc4c3324917c89efbb0c90e6148d4c50d9" "/opt/rustwide/cargo-home/bin/cargo" "+1.100.0-beta.1" "test" "--frozen" "--no-run" "--message-format=json" "--release", kill_on_drop: false }`
[INFO] [stderr]    Compiling syn v2.0.119
[INFO] [stderr]    Compiling crossbeam-utils v0.8.22
[INFO] [stderr]    Compiling zerocopy v0.8.56
[INFO] [stderr]    Compiling crossbeam-epoch v0.9.20
[INFO] [stderr]    Compiling serde_core v1.0.229
[INFO] [stderr]    Compiling syn v3.0.4
[INFO] [stderr]    Compiling zmij v1.0.23
[INFO] [stderr]    Compiling serde v1.0.229
[INFO] [stderr]    Compiling crossbeam-deque v0.8.7
[INFO] [stderr]    Compiling autocfg v1.5.1
[INFO] [stderr]    Compiling rayon-core v1.13.0
[INFO] [stderr]    Compiling serde_json v1.0.151
[INFO] [stderr]    Compiling parking_lot_core v0.8.6
[INFO] [stderr]    Compiling either v1.18.0
[INFO] [stderr]    Compiling getrandom v0.2.17
[INFO] [stderr]    Compiling instant v0.1.13
[INFO] [stderr]    Compiling plotters-backend v0.3.7
[INFO] [stderr]    Compiling regex-syntax v0.8.11
[INFO] [stderr]    Compiling clap_lex v1.1.0
[INFO] [stderr]    Compiling anstyle v1.0.14
[INFO] [stderr]    Compiling itoa v1.0.18
[INFO] [stderr]    Compiling ciborium-io v0.2.2
[INFO] [stderr]    Compiling memchr v2.8.3
[INFO] [stderr]    Compiling getrandom v0.4.3
[INFO] [stderr]    Compiling rustix v1.1.4
[INFO] [stderr]    Compiling itertools v0.10.5
[INFO] [stderr]    Compiling rand_core v0.6.4
[INFO] [stderr]    Compiling plotters-svg v0.3.7
[INFO] [stderr]    Compiling num-traits v0.2.19
[INFO] [stderr]    Compiling clap_builder v4.6.6
[INFO] [stderr]    Compiling bitflags v2.13.1
[INFO] [stderr]    Compiling cast v0.3.0
[INFO] [stderr]    Compiling same-file v1.0.6
[INFO] [stderr]    Compiling byteorder v1.5.0
[INFO] [stderr]    Compiling once_cell v1.21.4
[INFO] [stderr]    Compiling linux-raw-sys v0.12.1
[INFO] [stderr]    Compiling walkdir v2.5.0
[INFO] [stderr]    Compiling crossbeam-channel v0.5.16
[INFO] [stderr]    Compiling fxhash v0.2.1
[INFO] [stderr]    Compiling parking_lot v0.11.2
[INFO] [stderr]    Compiling is-terminal v0.4.17
[INFO] [stderr]    Compiling fs2 v0.4.3
[INFO] [stderr]    Compiling log v0.4.34
[INFO] [stderr]    Compiling anes v0.1.6
[INFO] [stderr]    Compiling fastrand v2.5.0
[INFO] [stderr]    Compiling oorandom v11.1.5
[INFO] [stderr]    Compiling sled v0.34.7
[INFO] [stderr]    Compiling plotters v0.3.7
[INFO] [stderr]    Compiling rayon v1.12.0
[INFO] [stderr]    Compiling criterion-plot v0.5.0
[INFO] [stderr]    Compiling regex-automata v0.4.18
[INFO] [stderr]    Compiling serde_derive v1.0.229
[INFO] [stderr]    Compiling clap v4.6.6
[INFO] [stderr]    Compiling tempfile v3.27.0
[INFO] [stderr]    Compiling zerocopy-derive v0.8.56
[INFO] [stderr]    Compiling thiserror-impl v1.0.69
[INFO] [stderr]    Compiling regex v1.13.1
[INFO] [stderr]    Compiling thiserror v1.0.69
[INFO] [stderr]    Compiling strata v0.1.0 (/opt/rustwide/workdir)
[INFO] [stderr]    Compiling tinytemplate v1.2.1
[INFO] [stderr]    Compiling half v2.7.1
[INFO] [stderr]    Compiling ppv-lite86 v0.2.21
[INFO] [stderr]    Compiling ciborium-ll v0.2.2
[INFO] [stderr]    Compiling ciborium v0.2.2
[INFO] [stderr]    Compiling rand_chacha v0.3.1
[INFO] [stderr]    Compiling rand v0.8.8
[INFO] [stderr]    Compiling criterion v0.5.1
[INFO] [stderr]     Finished `release` profile [optimized] target(s) in 1m 06s
[INFO] running `Command { std: "docker" "inspect" "0b8ac5847df892f54c3a112d1490eccc4c3324917c89efbb0c90e6148d4c50d9", kill_on_drop: false }`
[INFO] running `Command { std: "docker" "exec" "-e" "SOURCE_DIR=/opt/rustwide/workdir" "-e" "CARGO_HOME=/opt/rustwide/cargo-home" "-e" "RUSTUP_HOME=/opt/rustwide/rustup-home" "-e" "CARGO_TARGET_DIR=/opt/rustwide/target" "-e" "CARGO_INCREMENTAL=0" "-e" "RUST_BACKTRACE=full" "-e" "RUSTFLAGS=--cap-lints=warn" "-e" "RUSTDOCFLAGS=--cap-lints=warn" "-w" "/opt/rustwide/workdir" "--user" "0:0" "0b8ac5847df892f54c3a112d1490eccc4c3324917c89efbb0c90e6148d4c50d9" "/opt/rustwide/cargo-home/bin/cargo" "+1.100.0-beta.1" "test" "--frozen" "--release", kill_on_drop: false }`
[INFO] [stderr]     Finished `release` profile [optimized] target(s) in 0.16s
[INFO] [stderr]      Running unittests src/lib.rs (/opt/rustwide/target/release/build/strata/acbd098e7c3a677d/out/strata-acbd098e7c3a677d)
[INFO] [stdout] 
[INFO] [stdout] running 28 tests
[INFO] [stdout] test encoding::tests::crc32_known_vector ... ok
[INFO] [stdout] test encoding::tests::crc32_differs_on_mutation ... ok
[INFO] [stdout] test bloom::tests::no_false_negatives ... ok
[INFO] [stdout] test bloom::tests::false_positive_rate_within_bound ... ok
[INFO] [stdout] test encoding::tests::crc32_empty ... ok
[INFO] [stdout] test bloom::tests::roundtrip_serialisation ... ok
[INFO] [stdout] test encoding::tests::roundtrip_bytes_empty ... ok
[INFO] [stdout] test memtable::tests::put_shadows_tombstone ... ok
[INFO] [stdout] test encoding::tests::roundtrip_bytes_nonempty ... ok
[INFO] [stdout] test memtable::tests::is_full_threshold ... ok
[INFO] [stdout] test encoding::tests::roundtrip_u32 ... ok
[INFO] [stdout] test encoding::tests::u64_little_endian_byte_order ... ok
[INFO] [stdout] test memtable::tests::into_sorted_entries_order ... ok
[INFO] [stdout] test memtable::tests::overwrite_does_not_double_count ... ok
[INFO] [stdout] test encoding::tests::roundtrip_u64 ... ok
[INFO] [stdout] test encoding::tests::u32_little_endian_byte_order ... ok
[INFO] [stdout] test memtable::tests::size_tracking_increases ... ok
[INFO] [stdout] test memtable::tests::sorted_iteration ... ok
[INFO] [stdout] test memtable::tests::tombstone_shadows_put ... ok
[INFO] [stdout] test wal::tests::create_and_replay_empty ... ok
[INFO] [stdout] test merge::tests::merge_single_iter ... ok
[INFO] [stdout] test wal::tests::crc_mismatch_returns_error ... ok
[INFO] [stdout] test wal::tests::truncated_record_is_tolerated ... ok
[INFO] [stdout] test merge::tests::merge_empty_iters ... ok
[INFO] [stdout] test wal::tests::delete_replays_as_tombstone ... ok
[INFO] [stdout] test merge::tests::merge_two_iters_interleaved ... ok
[INFO] [stdout] test wal::tests::put_and_replay ... ok
[INFO] [stderr]      Running unittests src/bin/crash_helper.rs (/opt/rustwide/target/release/build/strata/3f1a2a3bebeac3c0/out/crash_helper-3f1a2a3bebeac3c0)
[INFO] [stdout] test merge::tests::merge_deduplicates_newest_wins ... ok
[INFO] [stdout] 
[INFO] [stdout] test result: ok. 28 passed; 0 failed; 0 ignored; 0 measured; 0 filtered out; finished in 0.04s
[INFO] [stdout] 
[INFO] [stderr]      Running tests/bloom.rs (/opt/rustwide/target/release/build/strata/6364f07525754284/out/bloom-6364f07525754284)
[INFO] [stdout] 
[INFO] [stdout] running 0 tests
[INFO] [stdout] 
[INFO] [stdout] test result: ok. 0 passed; 0 failed; 0 ignored; 0 measured; 0 filtered out; finished in 0.00s
[INFO] [stdout] 
[INFO] [stdout] 
[INFO] [stdout] running 2 tests
[INFO] [stdout] test false_positive_rate_below_two_percent ... ok
[INFO] [stdout] test no_false_negatives_bloom ... ok
[INFO] [stdout] 
[INFO] [stdout] test result: ok. 2 passed; 0 failed; 0 ignored; 0 measured; 0 filtered out; finished in 0.00s
[INFO] [stdout] 
[INFO] [stderr]      Running tests/corruption.rs (/opt/rustwide/target/release/build/strata/c6720d4479ef0314/out/corruption-c6720d4479ef0314)
[INFO] [stdout] 
[INFO] [stdout] running 2 tests
[INFO] [stdout] test flipped_byte_returns_corruption_error ... ok
[INFO] [stdout] test truncated_crc_does_not_panic ... ok
[INFO] [stdout] 
[INFO] [stdout] test result: ok. 2 passed; 0 failed; 0 ignored; 0 measured; 0 filtered out; finished in 0.01s
[INFO] [stdout] 
[INFO] [stderr]      Running tests/crash_recovery.rs (/opt/rustwide/target/release/build/strata/5b14bb7fc93d5fad/out/crash_recovery-5b14bb7fc93d5fad)
[INFO] [stdout] 
[INFO] [stdout] running 4 tests
[INFO] [stdout] test crash_recovery_1000_keys ... FAILED
[INFO] [stdout] test crash_recovery_delete_key ... ok
[INFO] [stdout] test crash_recovery_overwrite_key ... ok
[INFO] [stdout] test crash_recovery_mixed_puts_and_deletes ... ok
[INFO] [stdout] 
[INFO] [stdout] failures:
[INFO] [stdout] 
[INFO] [stdout] ---- crash_recovery_1000_keys stdout ----
[INFO] [stdout] 
[INFO] [stdout] thread 'crash_recovery_1000_keys' (2242) panicked at tests/crash_recovery.rs:23:29:
[INFO] [stdout] failed to run crash_helper at "/opt/rustwide/target/release/build/strata/5b14bb7fc93d5fad/out/crash_helper": No such file or directory (os error 2)
[INFO] [stdout] stack backtrace:
[INFO] [stdout]    0:     0x6521d676bc11 - <<std[617be2ca0a6fd877]::sys::backtrace::BacktraceLock>::print::DisplayBacktrace as core[a373ad73a504971]::fmt::Display>::fmt
[INFO] [stdout]    1:     0x6521d678080a - core[a373ad73a504971]::fmt::write
[INFO] [stdout]    2:     0x6521d677018c - <alloc[2e1b2a31b91974c5]::vec::Vec<u8> as core[a373ad73a504971]::io::write::Write>::write_fmt
[INFO] [stdout]    3:     0x6521d6745546 - std[617be2ca0a6fd877]::panicking::default_hook::{closure#0}
[INFO] [stdout]    4:     0x6521d6762e89 - std[617be2ca0a6fd877]::panicking::default_hook
[INFO] [stdout]    5:     0x6521d66fd590 - test[aada8e7e76ba119b]::test_main_inner::{closure#0}
[INFO] [stdout]    6:     0x6521d6763042 - std[617be2ca0a6fd877]::panicking::panic_with_hook
[INFO] [stdout]    7:     0x6521d67455f2 - std[617be2ca0a6fd877]::panicking::panic_handler::{closure#0}
[INFO] [stdout]    8:     0x6521d673df59 - std[617be2ca0a6fd877]::sys::backtrace::__rust_end_short_backtrace::<std[617be2ca0a6fd877]::panicking::panic_handler::{closure#0}, !>
[INFO] [stdout]    9:     0x6521d67462ed - __rustc[ea4f61d10b84890b]::rust_begin_unwind
[INFO] [stdout]   10:     0x6521d6780f3c - core[a373ad73a504971]::panicking::panic_fmt
[INFO] [stdout]   11:     0x6521d66b8dba - crash_recovery[967b0fd3e513729]::run_crash_helper::{closure#0}
[INFO] [stdout]   12:     0x6521d66b99b9 - <crash_recovery[967b0fd3e513729]::crash_recovery_1000_keys::{closure#0} as core[a373ad73a504971]::ops::function::FnOnce<()>>::call_once
[INFO] [stdout]   13:     0x6521d66f09db - test[aada8e7e76ba119b]::__rust_begin_short_backtrace::<core[a373ad73a504971]::result::Result<(), alloc[2e1b2a31b91974c5]::string::String>, fn() -> core[a373ad73a504971]::result::Result<(), alloc[2e1b2a31b91974c5]::string::String>>
[INFO] [stdout]   14:     0x6521d66fdbb5 - test[aada8e7e76ba119b]::run_test::{closure#0}
[INFO] [stdout]   15:     0x6521d66f74a4 - std[617be2ca0a6fd877]::sys::backtrace::__rust_begin_short_backtrace::<test[aada8e7e76ba119b]::run_test::{closure#1}, ()>
[INFO] [stdout]   16:     0x6521d6700c42 - <std[617be2ca0a6fd877]::thread::lifecycle::spawn_unchecked<test[aada8e7e76ba119b]::run_test::{closure#1}, ()>::{closure#1} as core[a373ad73a504971]::ops::function::FnOnce<()>>::call_once::{shim:vtable#0}
[INFO] [stdout]   17:     0x6521d676aeff - <std[617be2ca0a6fd877]::sys::thread::unix::Thread>::new::thread_start
[INFO] [stdout]   18:     0x7d267f888dfa - <unknown>
[INFO] [stdout]   19:     0x7d267f91c3d4 - clone
[INFO] [stdout]   20:                0x0 - <unknown>
[INFO] [stdout] 
[INFO] [stdout] 
[INFO] [stdout] failures:
[INFO] [stdout]     crash_recovery_1000_keys
[INFO] [stdout] 
[INFO] [stdout] test result: FAILED. 3 passed; 1 failed; 0 ignored; 0 measured; 0 filtered out; finished in 0.97s
[INFO] [stdout] 
[INFO] [stderr] error: test failed, to rerun pass `--test crash_recovery`
[INFO] running `Command { std: "docker" "inspect" "0b8ac5847df892f54c3a112d1490eccc4c3324917c89efbb0c90e6148d4c50d9", kill_on_drop: false }`
[INFO] running `Command { std: "docker" "rm" "-f" "0b8ac5847df892f54c3a112d1490eccc4c3324917c89efbb0c90e6148d4c50d9", kill_on_drop: false }`
[INFO] [stdout] 0b8ac5847df892f54c3a112d1490eccc4c3324917c89efbb0c90e6148d4c50d9
