[INFO] cloning repository https://github.com/AxumCourse/rust-pg-uint
[INFO] running `Command { std: "git" "-c" "credential.helper=" "-c" "credential.helper=/workspace/cargo-home/bin/git-credential-null" "clone" "--bare" "https://github.com/AxumCourse/rust-pg-uint" "/workspace/cache/git-repos/https%3A%2F%2Fgithub.com%2FAxumCourse%2Frust-pg-uint", kill_on_drop: false }`
[INFO] [stderr] Cloning into bare repository '/workspace/cache/git-repos/https%3A%2F%2Fgithub.com%2FAxumCourse%2Frust-pg-uint'...
[INFO] running `Command { std: "git" "rev-parse" "HEAD", kill_on_drop: false }`
[INFO] [stdout] d5474415492e1a78711765e6109c98ddc331a6f3
[INFO] testing AxumCourse/rust-pg-uint against 1.99.0-beta.8+cargoflags=--release for beta-release-1.100-2
[INFO] running `Command { std: "git" "clone" "/workspace/cache/git-repos/https%3A%2F%2Fgithub.com%2FAxumCourse%2Frust-pg-uint" "/workspace/builds/worker-1-tc1/source", kill_on_drop: false }`
[INFO] [stderr] Cloning into '/workspace/builds/worker-1-tc1/source'...
[INFO] [stderr] done.
[INFO] started tweaking git repo https://github.com/AxumCourse/rust-pg-uint
[INFO] finished tweaking git repo https://github.com/AxumCourse/rust-pg-uint
[INFO] tweaked toml for git repo https://github.com/AxumCourse/rust-pg-uint written to /workspace/builds/worker-1-tc1/source/Cargo.toml
[INFO] validating manifest of git repo https://github.com/AxumCourse/rust-pg-uint on toolchain 1.99.0-beta.8
[INFO] running `Command { std: CARGO_HOME="/workspace/cargo-home" RUSTUP_HOME="/workspace/rustup-home" "/workspace/cargo-home/bin/cargo" "+1.99.0-beta.8" "metadata" "--manifest-path" "Cargo.toml" "--no-deps", kill_on_drop: false }`
[INFO] crate git repo https://github.com/AxumCourse/rust-pg-uint already has a lockfile, it will not be regenerated
[INFO] running `Command { std: CARGO_HOME="/workspace/cargo-home" RUSTUP_HOME="/workspace/rustup-home" "/workspace/cargo-home/bin/cargo" "+1.99.0-beta.8" "fetch" "--manifest-path" "Cargo.toml", kill_on_drop: false }`
[INFO] [stderr]     Blocking waiting for file lock on package cache
[INFO] [stderr]     Updating crates.io index
[INFO] [stderr]     Blocking waiting for file lock on package cache
[INFO] [stderr]  Downloading crates ...
[INFO] [stderr]   Downloaded winreg v0.8.0
[INFO] [stderr]   Downloaded xid v1.0.3
[INFO] [stderr]   Downloaded thiserror v1.0.46
[INFO] [stderr]   Downloaded thiserror-impl v1.0.46
[INFO] [stderr]   Downloaded windows-targets v0.48.2
[INFO] [stderr]   Downloaded pin-project-lite v0.2.12
[INFO] [stderr]   Downloaded quote v1.0.32
[INFO] [stderr]   Downloaded socket2 v0.5.3
[INFO] [stderr]   Downloaded hashlink v0.8.3
[INFO] [stderr]   Downloaded sqlx-sqlite v0.7.1
[INFO] [stderr]   Downloaded cc v1.0.82
[INFO] [stderr]   Downloaded serde v1.0.183
[INFO] [stderr]   Downloaded stringprep v0.1.3
[INFO] [stderr]   Downloaded sqlx-macros v0.7.1
[INFO] [stderr]   Downloaded syn v2.0.28
[INFO] [stderr]   Downloaded sqlx-mysql v0.7.1
[INFO] [stderr]   Downloaded sqlx-core v0.7.1
[INFO] [stderr]   Downloaded sqlx v0.7.1
[INFO] [stderr]   Downloaded serde_json v1.0.105
[INFO] [stderr]   Downloaded libm v0.2.7
[INFO] [stderr]   Downloaded errno v0.3.2
[INFO] [stderr]   Downloaded fastrand v2.0.0
[INFO] [stderr]   Downloaded sqlx-postgres v0.7.1
[INFO] [stderr]   Downloaded sqlx-macros-core v0.7.1
[INFO] [stderr]   Downloaded tempfile v3.7.1
[INFO] [stderr]   Downloaded matchit v0.7.2
[INFO] [stderr]   Downloaded serde_path_to_error v0.1.14
[INFO] [stderr]   Downloaded windows_aarch64_gnullvm v0.48.2
[INFO] [stderr]   Downloaded windows_x86_64_gnullvm v0.48.2
[INFO] [stderr]   Downloaded serde_derive v1.0.183
[INFO] [stderr]   Downloaded rustix v0.38.8
[INFO] [stderr]   Downloaded tokio v1.31.0
[INFO] [stderr]   Downloaded windows_aarch64_msvc v0.48.2
[INFO] [stderr]   Downloaded windows_x86_64_msvc v0.48.2
[INFO] [stderr]   Downloaded windows_i686_gnu v0.48.2
[INFO] [stderr]   Downloaded windows_x86_64_gnu v0.48.2
[INFO] [stderr]   Downloaded windows_i686_msvc v0.48.2
[INFO] [stderr]   Downloaded linux-raw-sys v0.4.5
[INFO] running `Command { std: "docker" "create" "-v" "/var/lib/crater-agent-workspace/builds/worker-1-tc1/source:/opt/rustwide/workdir:ro,Z" "-v" "/var/lib/crater-agent-workspace/builds/worker-1-tc1/target:/opt/rustwide/target:rw,Z" "-v" "/var/lib/crater-agent-workspace/cargo-home:/opt/rustwide/cargo-home:ro,Z" "-v" "/var/lib/crater-agent-workspace/rustup-home:/opt/rustwide/rustup-home:ro,Z" "-m" "1610612736" "--network" "none" "ghcr.io/rust-lang/crates-build-env/linux@sha256:77db811e55d90add9212f6832c23229e3de5f1c1f9905e8cb07319ea15df73ac" "sleep" "infinity", kill_on_drop: false }`
[INFO] [stdout] 7bd16ea8a6c2f4925bf85a1da38d0ec1bd8aa980b057e13128197d8f3d88bf22
[INFO] running `Command { std: "docker" "start" "7bd16ea8a6c2f4925bf85a1da38d0ec1bd8aa980b057e13128197d8f3d88bf22", kill_on_drop: false }`
[INFO] running `Command { std: "docker" "inspect" "7bd16ea8a6c2f4925bf85a1da38d0ec1bd8aa980b057e13128197d8f3d88bf22", kill_on_drop: false }`
[INFO] running `Command { std: "docker" "exec" "-e" "SOURCE_DIR=/opt/rustwide/workdir" "-e" "CARGO_HOME=/opt/rustwide/cargo-home" "-e" "RUSTUP_HOME=/opt/rustwide/rustup-home" "-e" "CARGO_TARGET_DIR=/opt/rustwide/target" "-w" "/opt/rustwide/workdir" "--user" "0:0" "7bd16ea8a6c2f4925bf85a1da38d0ec1bd8aa980b057e13128197d8f3d88bf22" "/opt/rustwide/cargo-home/bin/cargo" "+1.99.0-beta.8" "metadata" "--no-deps" "--format-version=1", kill_on_drop: false }`
[INFO] running `Command { std: "docker" "inspect" "7bd16ea8a6c2f4925bf85a1da38d0ec1bd8aa980b057e13128197d8f3d88bf22", kill_on_drop: false }`
[INFO] running `Command { std: "docker" "exec" "-e" "SOURCE_DIR=/opt/rustwide/workdir" "-e" "CARGO_HOME=/opt/rustwide/cargo-home" "-e" "RUSTUP_HOME=/opt/rustwide/rustup-home" "-e" "CARGO_TARGET_DIR=/opt/rustwide/target" "-e" "CARGO_INCREMENTAL=0" "-e" "RUST_BACKTRACE=full" "-e" "RUSTFLAGS=--cap-lints=warn" "-e" "RUSTDOCFLAGS=--cap-lints=warn" "-w" "/opt/rustwide/workdir" "--user" "0:0" "7bd16ea8a6c2f4925bf85a1da38d0ec1bd8aa980b057e13128197d8f3d88bf22" "/opt/rustwide/cargo-home/bin/cargo" "+1.99.0-beta.8" "build" "--frozen" "--message-format=json" "--release", kill_on_drop: false }`
[INFO] [stderr]    Compiling generic-array v0.14.7
[INFO] [stderr]    Compiling libc v0.2.147
[INFO] [stderr]    Compiling quote v1.0.32
[INFO] [stderr]    Compiling futures-core v0.3.28
[INFO] [stderr]    Compiling serde v1.0.183
[INFO] [stderr]    Compiling memchr v2.5.0
[INFO] [stderr]    Compiling lock_api v0.4.10
[INFO] [stderr]    Compiling serde_derive v1.0.183
[INFO] [stderr]    Compiling parking_lot_core v0.9.8
[INFO] [stderr]    Compiling ahash v0.8.3
[INFO] [stderr]    Compiling futures-task v0.3.28
[INFO] [stderr]    Compiling typenum v1.16.0
[INFO] [stderr]    Compiling futures-util v0.3.28
[INFO] [stderr]    Compiling num-traits v0.2.16
[INFO] [stderr]    Compiling once_cell v1.18.0
[INFO] [stderr]    Compiling crossbeam-utils v0.8.16
[INFO] [stderr]    Compiling getrandom v0.2.10
[INFO] [stderr]    Compiling pin-project-lite v0.2.12
[INFO] [stderr]    Compiling thiserror v1.0.46
[INFO] [stderr]    Compiling serde_json v1.0.105
[INFO] [stderr]    Compiling crossbeam-queue v0.3.8
[INFO] [stderr]    Compiling subtle v2.5.0
[INFO] [stderr]    Compiling bytes v1.4.0
[INFO] [stderr]    Compiling syn v2.0.28
[INFO] [stderr]    Compiling smallvec v1.11.0
[INFO] [stderr]    Compiling tinyvec v1.6.0
[INFO] [stderr]    Compiling futures-sink v0.3.28
[INFO] [stderr]    Compiling paste v1.0.14
[INFO] [stderr]    Compiling num_cpus v1.16.0
[INFO] [stderr]    Compiling socket2 v0.5.3
[INFO] [stderr]    Compiling signal-hook-registry v1.4.1
[INFO] [stderr]    Compiling mio v0.8.8
[INFO] [stderr]    Compiling parking_lot v0.12.1
[INFO] [stderr]    Compiling allocator-api2 v0.2.16
[INFO] [stderr]    Compiling rustversion v1.0.14
[INFO] [stderr]    Compiling futures-io v0.3.28
[INFO] [stderr]    Compiling unicode-bidi v0.3.13
[INFO] [stderr]    Compiling block-buffer v0.10.4
[INFO] [stderr]    Compiling crypto-common v0.1.6
[INFO] [stderr]    Compiling digest v0.10.7
[INFO] [stderr]    Compiling hashbrown v0.14.0
[INFO] [stderr]    Compiling unicode-normalization v0.1.22
[INFO] [stderr]    Compiling tracing-core v0.1.31
[INFO] [stderr]    Compiling slab v0.4.8
[INFO] [stderr]    Compiling futures-channel v0.3.28
[INFO] [stderr]    Compiling percent-encoding v2.3.0
[INFO] [stderr]    Compiling log v0.4.20
[INFO] [stderr]    Compiling cpufeatures v0.2.9
[INFO] [stderr]    Compiling nom v7.1.3
[INFO] [stderr]    Compiling form_urlencoded v1.2.0
[INFO] [stderr]    Compiling idna v0.4.0
[INFO] [stderr]    Compiling rand_core v0.6.4
[INFO] [stderr]    Compiling ryu v1.0.15
[INFO] [stderr]    Compiling equivalent v1.0.1
[INFO] [stderr]    Compiling bitflags v2.4.0
[INFO] [stderr]    Compiling tokio v1.31.0
[INFO] [stderr]    Compiling rustix v0.38.8
[INFO] [stderr]    Compiling ppv-lite86 v0.2.17
[INFO] [stderr]    Compiling crc-catalog v2.2.0
[INFO] [stderr]    Compiling itoa v1.0.9
[INFO] [stderr]    Compiling crc v3.0.1
[INFO] [stderr]    Compiling url v2.4.0
[INFO] [stderr]    Compiling indexmap v2.0.0
[INFO] [stderr]    Compiling atoi v2.0.0
[INFO] [stderr]    Compiling futures-intrusive v0.5.0
[INFO] [stderr]    Compiling hmac v0.12.1
[INFO] [stderr]    Compiling sha2 v0.10.7
[INFO] [stderr]    Compiling hashlink v0.8.3
[INFO] [stderr]    Compiling rand_chacha v0.3.1
[INFO] [stderr]    Compiling linux-raw-sys v0.4.5
[INFO] [stderr]    Compiling byteorder v1.4.3
[INFO] [stderr]    Compiling rand v0.8.5
[INFO] [stderr]    Compiling http v0.2.9
[INFO] [stderr]    Compiling hkdf v0.12.3
[INFO] [stderr]    Compiling either v1.9.0
[INFO] [stderr]    Compiling itertools v0.10.5
[INFO] [stderr]    Compiling md-5 v0.10.5
[INFO] [stderr]    Compiling sha1 v0.10.5
[INFO] [stderr]    Compiling stringprep v0.1.3
[INFO] [stderr]    Compiling fastrand v2.0.0
[INFO] [stderr]    Compiling unicode-segmentation v1.10.1
[INFO] [stderr]    Compiling async-trait v0.1.73
[INFO] [stderr]    Compiling whoami v1.4.1
[INFO] [stderr]    Compiling tower-service v0.3.2
[INFO] [stderr]    Compiling home v0.5.5
[INFO] [stderr]    Compiling base64 v0.21.2
[INFO] [stderr]    Compiling heck v0.4.1
[INFO] [stderr]    Compiling http-body v0.4.5
[INFO] [stderr]    Compiling syn v1.0.109
[INFO] [stderr]    Compiling axum-core v0.3.4
[INFO] [stderr]    Compiling sqlformat v0.2.1
[INFO] [stderr]    Compiling tower-layer v0.3.2
[INFO] [stderr]    Compiling want v0.3.1
[INFO] [stderr]    Compiling axum v0.6.20
[INFO] [stderr]    Compiling tempfile v3.7.1
[INFO] [stderr]    Compiling socket2 v0.4.9
[INFO] [stderr]    Compiling match_cfg v0.1.0
[INFO] [stderr]    Compiling serde_urlencoded v0.7.1
[INFO] [stderr]    Compiling serde_path_to_error v0.1.14
[INFO] [stderr]    Compiling hostname v0.3.1
[INFO] [stderr]    Compiling matchit v0.7.2
[INFO] [stderr]    Compiling md5 v0.7.0
[INFO] [stderr]    Compiling sync_wrapper v0.1.2
[INFO] [stderr]    Compiling tracing-attributes v0.1.26
[INFO] [stderr]    Compiling thiserror-impl v1.0.46
[INFO] [stderr]    Compiling tokio-macros v2.1.0
[INFO] [stderr]    Compiling pin-project-internal v1.1.3
[INFO] [stderr]    Compiling tokio-stream v0.1.14
[INFO] [stderr]    Compiling tracing v0.1.37
[INFO] [stderr]    Compiling xid v1.0.3
[INFO] [stderr]    Compiling pin-project v1.1.3
[INFO] [stderr]    Compiling sqlx-core v0.7.1
[INFO] [stderr]    Compiling sqlx-postgres v0.7.1
[INFO] [stderr]    Compiling tower v0.4.13
[INFO] [stderr]    Compiling hyper v0.14.27
[INFO] [stderr]    Compiling sqlx-macros-core v0.7.1
[INFO] [stderr]    Compiling sqlx-macros v0.7.1
[INFO] [stderr]    Compiling sqlx v0.7.1
[INFO] [stderr]    Compiling rust-pg-uint v0.1.0 (/opt/rustwide/workdir)
[INFO] [stderr]     Finished `release` profile [optimized] target(s) in 1m 50s
[INFO] [stderr] warning: the following packages contain code that will be rejected by a future version of Rust: sqlx-postgres v0.7.1
[INFO] [stderr] note: to see what the problems were, use the option `--future-incompat-report`, or run `cargo report future-incompatibilities --id 3`
[INFO] running `Command { std: "docker" "inspect" "7bd16ea8a6c2f4925bf85a1da38d0ec1bd8aa980b057e13128197d8f3d88bf22", kill_on_drop: false }`
[INFO] running `Command { std: "docker" "exec" "-e" "SOURCE_DIR=/opt/rustwide/workdir" "-e" "CARGO_HOME=/opt/rustwide/cargo-home" "-e" "RUSTUP_HOME=/opt/rustwide/rustup-home" "-e" "CARGO_TARGET_DIR=/opt/rustwide/target" "-e" "CARGO_INCREMENTAL=0" "-e" "RUST_BACKTRACE=full" "-e" "RUSTFLAGS=--cap-lints=warn" "-e" "RUSTDOCFLAGS=--cap-lints=warn" "-w" "/opt/rustwide/workdir" "--user" "0:0" "7bd16ea8a6c2f4925bf85a1da38d0ec1bd8aa980b057e13128197d8f3d88bf22" "/opt/rustwide/cargo-home/bin/cargo" "+1.99.0-beta.8" "test" "--frozen" "--no-run" "--message-format=json" "--release", kill_on_drop: false }`
[INFO] [stderr]    Compiling rust-pg-uint v0.1.0 (/opt/rustwide/workdir)
[INFO] [stderr]     Finished `release` profile [optimized] target(s) in 7.06s
[INFO] [stderr] warning: the following packages contain code that will be rejected by a future version of Rust: sqlx-postgres v0.7.1
[INFO] [stderr] note: to see what the problems were, use the option `--future-incompat-report`, or run `cargo report future-incompatibilities --id 3`
[INFO] running `Command { std: "docker" "inspect" "7bd16ea8a6c2f4925bf85a1da38d0ec1bd8aa980b057e13128197d8f3d88bf22", kill_on_drop: false }`
[INFO] running `Command { std: "docker" "exec" "-e" "SOURCE_DIR=/opt/rustwide/workdir" "-e" "CARGO_HOME=/opt/rustwide/cargo-home" "-e" "RUSTUP_HOME=/opt/rustwide/rustup-home" "-e" "CARGO_TARGET_DIR=/opt/rustwide/target" "-e" "CARGO_INCREMENTAL=0" "-e" "RUST_BACKTRACE=full" "-e" "RUSTFLAGS=--cap-lints=warn" "-e" "RUSTDOCFLAGS=--cap-lints=warn" "-w" "/opt/rustwide/workdir" "--user" "0:0" "7bd16ea8a6c2f4925bf85a1da38d0ec1bd8aa980b057e13128197d8f3d88bf22" "/opt/rustwide/cargo-home/bin/cargo" "+1.99.0-beta.8" "test" "--frozen" "--release", kill_on_drop: false }`
[INFO] [stderr]     Finished `release` profile [optimized] target(s) in 0.21s
[INFO] [stderr] warning: the following packages contain code that will be rejected by a future version of Rust: sqlx-postgres v0.7.1
[INFO] [stderr] note: to see what the problems were, use the option `--future-incompat-report`, or run `cargo report future-incompatibilities --id 3`
[INFO] [stderr]      Running unittests src/lib.rs (/opt/rustwide/target/release/deps/rust_pg_uint-3c5f371e52c52fb4)
[INFO] [stdout] 
[INFO] [stdout] running 5 tests
[INFO] [stdout] test db::test::test_u32_max_insert ... FAILED
[INFO] [stderr] error: test failed, to rerun pass `--lib`
[INFO] [stdout] test db::test::test_find ... FAILED
[INFO] [stdout] test db::test::test_i32_min_insert ... FAILED
[INFO] [stdout] test db::test::test_insert ... FAILED
[INFO] [stdout] test db::test::test_list ... FAILED
[INFO] [stdout] 
[INFO] [stdout] failures:
[INFO] [stdout] 
[INFO] [stdout] ---- db::test::test_u32_max_insert stdout ----
[INFO] [stdout] 
[INFO] [stdout] thread 'db::test::test_u32_max_insert' (3173) panicked at src/db.rs:37:14:
[INFO] [stdout] called `Result::unwrap()` on an `Err` value: PoolTimedOut
[INFO] [stdout] stack backtrace:
[INFO] [stdout]    0:     0x6147c5123281 - <<std[70759c8f55707aa4]::sys::backtrace::BacktraceLock>::print::DisplayBacktrace as core[df12db4294e9bfd3]::fmt::Display>::fmt
[INFO] [stdout]    1:     0x6147c513a61a - core[df12db4294e9bfd3]::fmt::write
[INFO] [stdout]    2:     0x6147c5127c5c - <alloc[2182bb758b4b3781]::vec::Vec<u8> as core[df12db4294e9bfd3]::io::write::Write>::write_fmt
[INFO] [stdout]    3:     0x6147c50fe1a6 - std[70759c8f55707aa4]::panicking::default_hook::{closure#0}
[INFO] [stdout]    4:     0x6147c511ac39 - std[70759c8f55707aa4]::panicking::default_hook
[INFO] [stdout]    5:     0x6147c5085600 - test[9d35eded1c95d3be]::test_main_inner::<test[9d35eded1c95d3be]::test_main_static::{closure#0}>::{closure#0}
[INFO] [stdout]    6:     0x6147c511af62 - std[70759c8f55707aa4]::panicking::panic_with_hook
[INFO] [stdout]    7:     0x6147c50fe252 - std[70759c8f55707aa4]::panicking::panic_handler::{closure#0}
[INFO] [stdout]    8:     0x6147c50f6d69 - std[70759c8f55707aa4]::sys::backtrace::__rust_end_short_backtrace::<std[70759c8f55707aa4]::panicking::panic_handler::{closure#0}, !>
[INFO] [stdout]    9:     0x6147c50ff03d - __rustc[8fa7c3cbc660c2b3]::rust_begin_unwind
[INFO] [stdout]   10:     0x6147c513ad7c - core[df12db4294e9bfd3]::panicking::panic_fmt
[INFO] [stdout]   11:     0x6147c513ab52 - core[df12db4294e9bfd3]::result::unwrap_failed
[INFO] [stdout]   12:     0x6147c4fbc889 - rust_pg_uint[f5ab9090f0739e29]::db::test::get_conn::{closure#0}
[INFO] [stdout]   13:     0x6147c4fbe71e - rust_pg_uint[f5ab9090f0739e29]::db::test::test_u32_max_insert::{closure#0}
[INFO] [stdout]   14:     0x6147c4fd5793 - <tokio[670733413b34c4a6]::runtime::scheduler::current_thread::Context>::enter::<core[df12db4294e9bfd3]::task::poll::Poll<()>, <tokio[670733413b34c4a6]::runtime::scheduler::current_thread::CoreGuard>::block_on<core[df12db4294e9bfd3]::pin::Pin<&mut core[df12db4294e9bfd3]::pin::Pin<&mut dyn core[df12db4294e9bfd3]::future::future::Future<Output = ()>>>>::{closure#0}::{closure#0}>
[INFO] [stdout]   15:     0x6147c4fdc682 - <tokio[670733413b34c4a6]::runtime::context::scoped::Scoped<tokio[670733413b34c4a6]::runtime::scheduler::Context>>::set::<<tokio[670733413b34c4a6]::runtime::scheduler::current_thread::CoreGuard>::enter<<tokio[670733413b34c4a6]::runtime::scheduler::current_thread::CoreGuard>::block_on<core[df12db4294e9bfd3]::pin::Pin<&mut core[df12db4294e9bfd3]::pin::Pin<&mut dyn core[df12db4294e9bfd3]::future::future::Future<Output = ()>>>>::{closure#0}, core[df12db4294e9bfd3]::option::Option<()>>::{closure#0}, (alloc[2182bb758b4b3781]::boxed::Box<tokio[670733413b34c4a6]::runtime::scheduler::current_thread::Core>, core[df12db4294e9bfd3]::option::Option<()>)>
[INFO] [stdout]   16:     0x6147c4fd5ae7 - <tokio[670733413b34c4a6]::runtime::scheduler::current_thread::CoreGuard>::block_on::<core[df12db4294e9bfd3]::pin::Pin<&mut core[df12db4294e9bfd3]::pin::Pin<&mut dyn core[df12db4294e9bfd3]::future::future::Future<Output = ()>>>>
[INFO] [stdout]   17:     0x6147c4fdb924 - tokio[670733413b34c4a6]::runtime::context::runtime::enter_runtime::<<tokio[670733413b34c4a6]::runtime::scheduler::current_thread::CurrentThread>::block_on<core[df12db4294e9bfd3]::pin::Pin<&mut dyn core[df12db4294e9bfd3]::future::future::Future<Output = ()>>>::{closure#0}, ()>
[INFO] [stdout]   18:     0x6147c4fe2ae5 - <tokio[670733413b34c4a6]::runtime::runtime::Runtime>::block_on::<core[df12db4294e9bfd3]::pin::Pin<&mut dyn core[df12db4294e9bfd3]::future::future::Future<Output = ()>>>
[INFO] [stdout]   19:     0x6147c4fbf83a - rust_pg_uint[f5ab9090f0739e29]::db::test::test_u32_max_insert
[INFO] [stdout]   20:     0x6147c4fec819 - <rust_pg_uint[f5ab9090f0739e29]::db::test::test_u32_max_insert::{closure#0} as core[df12db4294e9bfd3]::ops::function::FnOnce<()>>::call_once
[INFO] [stdout]   21:     0x6147c50788eb - test[9d35eded1c95d3be]::__rust_begin_short_backtrace::<core[df12db4294e9bfd3]::result::Result<(), alloc[2182bb758b4b3781]::string::String>, fn() -> core[df12db4294e9bfd3]::result::Result<(), alloc[2182bb758b4b3781]::string::String>>
[INFO] [stdout]   22:     0x6147c5085f55 - test[9d35eded1c95d3be]::run_test::{closure#0}
[INFO] [stdout]   23:     0x6147c507f814 - std[70759c8f55707aa4]::sys::backtrace::__rust_begin_short_backtrace::<test[9d35eded1c95d3be]::run_test::{closure#1}, ()>
[INFO] [stdout]   24:     0x6147c50890b2 - <std[70759c8f55707aa4]::thread::lifecycle::spawn_unchecked<test[9d35eded1c95d3be]::run_test::{closure#1}, ()>::{closure#1} as core[df12db4294e9bfd3]::ops::function::FnOnce<()>>::call_once::{shim:vtable#0}
[INFO] [stdout]   25:     0x6147c5122119 - <std[70759c8f55707aa4]::sys::thread::unix::Thread>::new::thread_start
[INFO] [stdout]   26:     0x78121cf11dfa - <unknown>
[INFO] [stdout]   27:     0x78121cfa53d4 - clone
[INFO] [stdout]   28:                0x0 - <unknown>
[INFO] [stdout] 
[INFO] [stdout] ---- db::test::test_find stdout ----
[INFO] [stdout] 
[INFO] [stdout] thread 'db::test::test_find' (3169) panicked at src/db.rs:37:14:
[INFO] [stdout] called `Result::unwrap()` on an `Err` value: PoolTimedOut
[INFO] [stdout] stack backtrace:
[INFO] [stdout]    0:     0x6147c5123281 - <<std[70759c8f55707aa4]::sys::backtrace::BacktraceLock>::print::DisplayBacktrace as core[df12db4294e9bfd3]::fmt::Display>::fmt
[INFO] [stdout]    1:     0x6147c513a61a - core[df12db4294e9bfd3]::fmt::write
[INFO] [stdout]    2:     0x6147c5127c5c - <alloc[2182bb758b4b3781]::vec::Vec<u8> as core[df12db4294e9bfd3]::io::write::Write>::write_fmt
[INFO] [stdout]    3:     0x6147c50fe1a6 - std[70759c8f55707aa4]::panicking::default_hook::{closure#0}
[INFO] [stdout]    4:     0x6147c511ac39 - std[70759c8f55707aa4]::panicking::default_hook
[INFO] [stdout]    5:     0x6147c5085600 - test[9d35eded1c95d3be]::test_main_inner::<test[9d35eded1c95d3be]::test_main_static::{closure#0}>::{closure#0}
[INFO] [stdout]    6:     0x6147c511af62 - std[70759c8f55707aa4]::panicking::panic_with_hook
[INFO] [stdout]    7:     0x6147c50fe252 - std[70759c8f55707aa4]::panicking::panic_handler::{closure#0}
[INFO] [stdout]    8:     0x6147c50f6d69 - std[70759c8f55707aa4]::sys::backtrace::__rust_end_short_backtrace::<std[70759c8f55707aa4]::panicking::panic_handler::{closure#0}, !>
[INFO] [stdout]    9:     0x6147c50ff03d - __rustc[8fa7c3cbc660c2b3]::rust_begin_unwind
[INFO] [stdout]   10:     0x6147c513ad7c - core[df12db4294e9bfd3]::panicking::panic_fmt
[INFO] [stdout]   11:     0x6147c513ab52 - core[df12db4294e9bfd3]::result::unwrap_failed
[INFO] [stdout]   12:     0x6147c4fbc889 - rust_pg_uint[f5ab9090f0739e29]::db::test::get_conn::{closure#0}
[INFO] [stdout]   13:     0x6147c4fbea61 - rust_pg_uint[f5ab9090f0739e29]::db::test::test_find::{closure#0}
[INFO] [stdout]   14:     0x6147c4fd5793 - <tokio[670733413b34c4a6]::runtime::scheduler::current_thread::Context>::enter::<core[df12db4294e9bfd3]::task::poll::Poll<()>, <tokio[670733413b34c4a6]::runtime::scheduler::current_thread::CoreGuard>::block_on<core[df12db4294e9bfd3]::pin::Pin<&mut core[df12db4294e9bfd3]::pin::Pin<&mut dyn core[df12db4294e9bfd3]::future::future::Future<Output = ()>>>>::{closure#0}::{closure#0}>
[INFO] [stdout]   15:     0x6147c4fdc682 - <tokio[670733413b34c4a6]::runtime::context::scoped::Scoped<tokio[670733413b34c4a6]::runtime::scheduler::Context>>::set::<<tokio[670733413b34c4a6]::runtime::scheduler::current_thread::CoreGuard>::enter<<tokio[670733413b34c4a6]::runtime::scheduler::current_thread::CoreGuard>::block_on<core[df12db4294e9bfd3]::pin::Pin<&mut core[df12db4294e9bfd3]::pin::Pin<&mut dyn core[df12db4294e9bfd3]::future::future::Future<Output = ()>>>>::{closure#0}, core[df12db4294e9bfd3]::option::Option<()>>::{closure#0}, (alloc[2182bb758b4b3781]::boxed::Box<tokio[670733413b34c4a6]::runtime::scheduler::current_thread::Core>, core[df12db4294e9bfd3]::option::Option<()>)>
[INFO] [stdout]   16:     0x6147c4fd5ae7 - <tokio[670733413b34c4a6]::runtime::scheduler::current_thread::CoreGuard>::block_on::<core[df12db4294e9bfd3]::pin::Pin<&mut core[df12db4294e9bfd3]::pin::Pin<&mut dyn core[df12db4294e9bfd3]::future::future::Future<Output = ()>>>>
[INFO] [stdout]   17:     0x6147c4fdb924 - tokio[670733413b34c4a6]::runtime::context::runtime::enter_runtime::<<tokio[670733413b34c4a6]::runtime::scheduler::current_thread::CurrentThread>::block_on<core[df12db4294e9bfd3]::pin::Pin<&mut dyn core[df12db4294e9bfd3]::future::future::Future<Output = ()>>>::{closure#0}, ()>
[INFO] [stdout]   18:     0x6147c4fe2ae5 - <tokio[670733413b34c4a6]::runtime::runtime::Runtime>::block_on::<core[df12db4294e9bfd3]::pin::Pin<&mut dyn core[df12db4294e9bfd3]::future::future::Future<Output = ()>>>
[INFO] [stdout]   19:     0x6147c4fbf99a - rust_pg_uint[f5ab9090f0739e29]::db::test::test_find
[INFO] [stdout]   20:     0x6147c4fec839 - <rust_pg_uint[f5ab9090f0739e29]::db::test::test_find::{closure#0} as core[df12db4294e9bfd3]::ops::function::FnOnce<()>>::call_once
[INFO] [stdout]   21:     0x6147c50788eb - test[9d35eded1c95d3be]::__rust_begin_short_backtrace::<core[df12db4294e9bfd3]::result::Result<(), alloc[2182bb758b4b3781]::string::String>, fn() -> core[df12db4294e9bfd3]::result::Result<(), alloc[2182bb758b4b3781]::string::String>>
[INFO] [stdout]   22:     0x6147c5085f55 - test[9d35eded1c95d3be]::run_test::{closure#0}
[INFO] [stdout]   23:     0x6147c507f814 - std[70759c8f55707aa4]::sys::backtrace::__rust_begin_short_backtrace::<test[9d35eded1c95d3be]::run_test::{closure#1}, ()>
[INFO] [stdout]   24:     0x6147c50890b2 - <std[70759c8f55707aa4]::thread::lifecycle::spawn_unchecked<test[9d35eded1c95d3be]::run_test::{closure#1}, ()>::{closure#1} as core[df12db4294e9bfd3]::ops::function::FnOnce<()>>::call_once::{shim:vtable#0}
[INFO] [stdout]   25:     0x6147c5122119 - <std[70759c8f55707aa4]::sys::thread::unix::Thread>::new::thread_start
[INFO] [stdout]   26:     0x78121cf11dfa - <unknown>
[INFO] [stdout]   27:     0x78121cfa53d4 - clone
[INFO] [stdout]   28:                0x0 - <unknown>
[INFO] [stdout] 
[INFO] [stdout] ---- db::test::test_i32_min_insert stdout ----
[INFO] [stdout] 
[INFO] [stdout] thread 'db::test::test_i32_min_insert' (3170) panicked at src/db.rs:37:14:
[INFO] [stdout] called `Result::unwrap()` on an `Err` value: PoolTimedOut
[INFO] [stdout] stack backtrace:
[INFO] [stdout]    0:     0x6147c5123281 - <<std[70759c8f55707aa4]::sys::backtrace::BacktraceLock>::print::DisplayBacktrace as core[df12db4294e9bfd3]::fmt::Display>::fmt
[INFO] [stdout]    1:     0x6147c513a61a - core[df12db4294e9bfd3]::fmt::write
[INFO] [stdout]    2:     0x6147c5127c5c - <alloc[2182bb758b4b3781]::vec::Vec<u8> as core[df12db4294e9bfd3]::io::write::Write>::write_fmt
[INFO] [stdout]    3:     0x6147c50fe1a6 - std[70759c8f55707aa4]::panicking::default_hook::{closure#0}
[INFO] [stdout]    4:     0x6147c511ac39 - std[70759c8f55707aa4]::panicking::default_hook
[INFO] [stdout]    5:     0x6147c5085600 - test[9d35eded1c95d3be]::test_main_inner::<test[9d35eded1c95d3be]::test_main_static::{closure#0}>::{closure#0}
[INFO] [stdout]    6:     0x6147c511af62 - std[70759c8f55707aa4]::panicking::panic_with_hook
[INFO] [stdout]    7:     0x6147c50fe252 - std[70759c8f55707aa4]::panicking::panic_handler::{closure#0}
[INFO] [stdout]    8:     0x6147c50f6d69 - std[70759c8f55707aa4]::sys::backtrace::__rust_end_short_backtrace::<std[70759c8f55707aa4]::panicking::panic_handler::{closure#0}, !>
[INFO] [stdout]    9:     0x6147c50ff03d - __rustc[8fa7c3cbc660c2b3]::rust_begin_unwind
[INFO] [stdout]   10:     0x6147c513ad7c - core[df12db4294e9bfd3]::panicking::panic_fmt
[INFO] [stdout]   11:     0x6147c513ab52 - core[df12db4294e9bfd3]::result::unwrap_failed
[INFO] [stdout]   12:     0x6147c4fbc889 - rust_pg_uint[f5ab9090f0739e29]::db::test::get_conn::{closure#0}
[INFO] [stdout]   13:     0x6147c4fbe3de - rust_pg_uint[f5ab9090f0739e29]::db::test::test_i32_min_insert::{closure#0}
[INFO] [stdout]   14:     0x6147c4fd5793 - <tokio[670733413b34c4a6]::runtime::scheduler::current_thread::Context>::enter::<core[df12db4294e9bfd3]::task::poll::Poll<()>, <tokio[670733413b34c4a6]::runtime::scheduler::current_thread::CoreGuard>::block_on<core[df12db4294e9bfd3]::pin::Pin<&mut core[df12db4294e9bfd3]::pin::Pin<&mut dyn core[df12db4294e9bfd3]::future::future::Future<Output = ()>>>>::{closure#0}::{closure#0}>
[INFO] [stdout]   15:     0x6147c4fdc682 - <tokio[670733413b34c4a6]::runtime::context::scoped::Scoped<tokio[670733413b34c4a6]::runtime::scheduler::Context>>::set::<<tokio[670733413b34c4a6]::runtime::scheduler::current_thread::CoreGuard>::enter<<tokio[670733413b34c4a6]::runtime::scheduler::current_thread::CoreGuard>::block_on<core[df12db4294e9bfd3]::pin::Pin<&mut core[df12db4294e9bfd3]::pin::Pin<&mut dyn core[df12db4294e9bfd3]::future::future::Future<Output = ()>>>>::{closure#0}, core[df12db4294e9bfd3]::option::Option<()>>::{closure#0}, (alloc[2182bb758b4b3781]::boxed::Box<tokio[670733413b34c4a6]::runtime::scheduler::current_thread::Core>, core[df12db4294e9bfd3]::option::Option<()>)>
[INFO] [stdout]   16:     0x6147c4fd5ae7 - <tokio[670733413b34c4a6]::runtime::scheduler::current_thread::CoreGuard>::block_on::<core[df12db4294e9bfd3]::pin::Pin<&mut core[df12db4294e9bfd3]::pin::Pin<&mut dyn core[df12db4294e9bfd3]::future::future::Future<Output = ()>>>>
[INFO] [stdout]   17:     0x6147c4fdb924 - tokio[670733413b34c4a6]::runtime::context::runtime::enter_runtime::<<tokio[670733413b34c4a6]::runtime::scheduler::current_thread::CurrentThread>::block_on<core[df12db4294e9bfd3]::pin::Pin<&mut dyn core[df12db4294e9bfd3]::future::future::Future<Output = ()>>>::{closure#0}, ()>
[INFO] [stdout]   18:     0x6147c4fe2ae5 - <tokio[670733413b34c4a6]::runtime::runtime::Runtime>::block_on::<core[df12db4294e9bfd3]::pin::Pin<&mut dyn core[df12db4294e9bfd3]::future::future::Future<Output = ()>>>
[INFO] [stdout]   19:     0x6147c4fbf6da - rust_pg_uint[f5ab9090f0739e29]::db::test::test_i32_min_insert
[INFO] [stdout]   20:     0x6147c4fec7f9 - <rust_pg_uint[f5ab9090f0739e29]::db::test::test_i32_min_insert::{closure#0} as core[df12db4294e9bfd3]::ops::function::FnOnce<()>>::call_once
[INFO] [stdout]   21:     0x6147c50788eb - test[9d35eded1c95d3be]::__rust_begin_short_backtrace::<core[df12db4294e9bfd3]::result::Result<(), alloc[2182bb758b4b3781]::string::String>, fn() -> core[df12db4294e9bfd3]::result::Result<(), alloc[2182bb758b4b3781]::string::String>>
[INFO] [stdout]   22:     0x6147c5085f55 - test[9d35eded1c95d3be]::run_test::{closure#0}
[INFO] [stdout]   23:     0x6147c507f814 - std[70759c8f55707aa4]::sys::backtrace::__rust_begin_short_backtrace::<test[9d35eded1c95d3be]::run_test::{closure#1}, ()>
[INFO] [stdout]   24:     0x6147c50890b2 - <std[70759c8f55707aa4]::thread::lifecycle::spawn_unchecked<test[9d35eded1c95d3be]::run_test::{closure#1}, ()>::{closure#1} as core[df12db4294e9bfd3]::ops::function::FnOnce<()>>::call_once::{shim:vtable#0}
[INFO] [stdout]   25:     0x6147c5122119 - <std[70759c8f55707aa4]::sys::thread::unix::Thread>::new::thread_start
[INFO] [stdout]   26:     0x78121cf11dfa - <unknown>
[INFO] [stdout]   27:     0x78121cfa53d4 - clone
[INFO] [stdout]   28:                0x0 - <unknown>
[INFO] [stdout] 
[INFO] [stdout] ---- db::test::test_insert stdout ----
[INFO] [stdout] 
[INFO] [stdout] thread 'db::test::test_insert' (3171) panicked at src/db.rs:37:14:
[INFO] [stdout] called `Result::unwrap()` on an `Err` value: PoolTimedOut
[INFO] [stdout] stack backtrace:
[INFO] [stdout]    0:     0x6147c5123281 - <<std[70759c8f55707aa4]::sys::backtrace::BacktraceLock>::print::DisplayBacktrace as core[df12db4294e9bfd3]::fmt::Display>::fmt
[INFO] [stdout]    1:     0x6147c513a61a - core[df12db4294e9bfd3]::fmt::write
[INFO] [stdout]    2:     0x6147c5127c5c - <alloc[2182bb758b4b3781]::vec::Vec<u8> as core[df12db4294e9bfd3]::io::write::Write>::write_fmt
[INFO] [stdout]    3:     0x6147c50fe1a6 - std[70759c8f55707aa4]::panicking::default_hook::{closure#0}
[INFO] [stdout]    4:     0x6147c511ac39 - std[70759c8f55707aa4]::panicking::default_hook
[INFO] [stdout]    5:     0x6147c5085600 - test[9d35eded1c95d3be]::test_main_inner::<test[9d35eded1c95d3be]::test_main_static::{closure#0}>::{closure#0}
[INFO] [stdout]    6:     0x6147c511af62 - std[70759c8f55707aa4]::panicking::panic_with_hook
[INFO] [stdout]    7:     0x6147c50fe252 - std[70759c8f55707aa4]::panicking::panic_handler::{closure#0}
[INFO] [stdout]    8:     0x6147c50f6d69 - std[70759c8f55707aa4]::sys::backtrace::__rust_end_short_backtrace::<std[70759c8f55707aa4]::panicking::panic_handler::{closure#0}, !>
[INFO] [stdout]    9:     0x6147c50ff03d - __rustc[8fa7c3cbc660c2b3]::rust_begin_unwind
[INFO] [stdout]   10:     0x6147c513ad7c - core[df12db4294e9bfd3]::panicking::panic_fmt
[INFO] [stdout]   11:     0x6147c513ab52 - core[df12db4294e9bfd3]::result::unwrap_failed
[INFO] [stdout]   12:     0x6147c4fbc889 - rust_pg_uint[f5ab9090f0739e29]::db::test::get_conn::{closure#0}
[INFO] [stdout]   13:     0x6147c4fbe0de - rust_pg_uint[f5ab9090f0739e29]::db::test::test_insert::{closure#0}
[INFO] [stdout]   14:     0x6147c4fd5793 - <tokio[670733413b34c4a6]::runtime::scheduler::current_thread::Context>::enter::<core[df12db4294e9bfd3]::task::poll::Poll<()>, <tokio[670733413b34c4a6]::runtime::scheduler::current_thread::CoreGuard>::block_on<core[df12db4294e9bfd3]::pin::Pin<&mut core[df12db4294e9bfd3]::pin::Pin<&mut dyn core[df12db4294e9bfd3]::future::future::Future<Output = ()>>>>::{closure#0}::{closure#0}>
[INFO] [stdout]   15:     0x6147c4fdc682 - <tokio[670733413b34c4a6]::runtime::context::scoped::Scoped<tokio[670733413b34c4a6]::runtime::scheduler::Context>>::set::<<tokio[670733413b34c4a6]::runtime::scheduler::current_thread::CoreGuard>::enter<<tokio[670733413b34c4a6]::runtime::scheduler::current_thread::CoreGuard>::block_on<core[df12db4294e9bfd3]::pin::Pin<&mut core[df12db4294e9bfd3]::pin::Pin<&mut dyn core[df12db4294e9bfd3]::future::future::Future<Output = ()>>>>::{closure#0}, core[df12db4294e9bfd3]::option::Option<()>>::{closure#0}, (alloc[2182bb758b4b3781]::boxed::Box<tokio[670733413b34c4a6]::runtime::scheduler::current_thread::Core>, core[df12db4294e9bfd3]::option::Option<()>)>
[INFO] [stdout]   16:     0x6147c4fd5ae7 - <tokio[670733413b34c4a6]::runtime::scheduler::current_thread::CoreGuard>::block_on::<core[df12db4294e9bfd3]::pin::Pin<&mut core[df12db4294e9bfd3]::pin::Pin<&mut dyn core[df12db4294e9bfd3]::future::future::Future<Output = ()>>>>
[INFO] [stdout]   17:     0x6147c4fdb924 - tokio[670733413b34c4a6]::runtime::context::runtime::enter_runtime::<<tokio[670733413b34c4a6]::runtime::scheduler::current_thread::CurrentThread>::block_on<core[df12db4294e9bfd3]::pin::Pin<&mut dyn core[df12db4294e9bfd3]::future::future::Future<Output = ()>>>::{closure#0}, ()>
[INFO] [stdout]   18:     0x6147c4fe2ae5 - <tokio[670733413b34c4a6]::runtime::runtime::Runtime>::block_on::<core[df12db4294e9bfd3]::pin::Pin<&mut dyn core[df12db4294e9bfd3]::future::future::Future<Output = ()>>>
[INFO] [stdout]   19:     0x6147c4fbf57a - rust_pg_uint[f5ab9090f0739e29]::db::test::test_insert
[INFO] [stdout]   20:     0x6147c4fec7d9 - <rust_pg_uint[f5ab9090f0739e29]::db::test::test_insert::{closure#0} as core[df12db4294e9bfd3]::ops::function::FnOnce<()>>::call_once
[INFO] [stdout]   21:     0x6147c50788eb - test[9d35eded1c95d3be]::__rust_begin_short_backtrace::<core[df12db4294e9bfd3]::result::Result<(), alloc[2182bb758b4b3781]::string::String>, fn() -> core[df12db4294e9bfd3]::result::Result<(), alloc[2182bb758b4b3781]::string::String>>
[INFO] [stdout]   22:     0x6147c5085f55 - test[9d35eded1c95d3be]::run_test::{closure#0}
[INFO] [stdout]   23:     0x6147c507f814 - std[70759c8f55707aa4]::sys::backtrace::__rust_begin_short_backtrace::<test[9d35eded1c95d3be]::run_test::{closure#1}, ()>
[INFO] [stdout]   24:     0x6147c50890b2 - <std[70759c8f55707aa4]::thread::lifecycle::spawn_unchecked<test[9d35eded1c95d3be]::run_test::{closure#1}, ()>::{closure#1} as core[df12db4294e9bfd3]::ops::function::FnOnce<()>>::call_once::{shim:vtable#0}
[INFO] [stdout]   25:     0x6147c5122119 - <std[70759c8f55707aa4]::sys::thread::unix::Thread>::new::thread_start
[INFO] [stdout]   26:     0x78121cf11dfa - <unknown>
[INFO] [stdout]   27:     0x78121cfa53d4 - clone
[INFO] [stdout]   28:                0x0 - <unknown>
[INFO] [stdout] 
[INFO] [stdout] ---- db::test::test_list stdout ----
[INFO] [stdout] 
[INFO] [stdout] thread 'db::test::test_list' (3172) panicked at src/db.rs:37:14:
[INFO] [stdout] called `Result::unwrap()` on an `Err` value: PoolTimedOut
[INFO] [stdout] stack backtrace:
[INFO] [stdout]    0:     0x6147c5123281 - <<std[70759c8f55707aa4]::sys::backtrace::BacktraceLock>::print::DisplayBacktrace as core[df12db4294e9bfd3]::fmt::Display>::fmt
[INFO] [stdout]    1:     0x6147c513a61a - core[df12db4294e9bfd3]::fmt::write
[INFO] [stdout]    2:     0x6147c5127c5c - <alloc[2182bb758b4b3781]::vec::Vec<u8> as core[df12db4294e9bfd3]::io::write::Write>::write_fmt
[INFO] [stdout]    3:     0x6147c50fe1a6 - std[70759c8f55707aa4]::panicking::default_hook::{closure#0}
[INFO] [stdout]    4:     0x6147c511ac39 - std[70759c8f55707aa4]::panicking::default_hook
[INFO] [stdout]    5:     0x6147c5085600 - test[9d35eded1c95d3be]::test_main_inner::<test[9d35eded1c95d3be]::test_main_static::{closure#0}>::{closure#0}
[INFO] [stdout]    6:     0x6147c511af62 - std[70759c8f55707aa4]::panicking::panic_with_hook
[INFO] [stdout]    7:     0x6147c50fe252 - std[70759c8f55707aa4]::panicking::panic_handler::{closure#0}
[INFO] [stdout]    8:     0x6147c50f6d69 - std[70759c8f55707aa4]::sys::backtrace::__rust_end_short_backtrace::<std[70759c8f55707aa4]::panicking::panic_handler::{closure#0}, !>
[INFO] [stdout]    9:     0x6147c50ff03d - __rustc[8fa7c3cbc660c2b3]::rust_begin_unwind
[INFO] [stdout]   10:     0x6147c513ad7c - core[df12db4294e9bfd3]::panicking::panic_fmt
[INFO] [stdout]   11:     0x6147c513ab52 - core[df12db4294e9bfd3]::result::unwrap_failed
[INFO] [stdout]   12:     0x6147c4fbc889 - rust_pg_uint[f5ab9090f0739e29]::db::test::get_conn::{closure#0}
[INFO] [stdout]   13:     0x6147c4fbefa1 - rust_pg_uint[f5ab9090f0739e29]::db::test::test_list::{closure#0}
[INFO] [stdout]   14:     0x6147c4fd5793 - <tokio[670733413b34c4a6]::runtime::scheduler::current_thread::Context>::enter::<core[df12db4294e9bfd3]::task::poll::Poll<()>, <tokio[670733413b34c4a6]::runtime::scheduler::current_thread::CoreGuard>::block_on<core[df12db4294e9bfd3]::pin::Pin<&mut core[df12db4294e9bfd3]::pin::Pin<&mut dyn core[df12db4294e9bfd3]::future::future::Future<Output = ()>>>>::{closure#0}::{closure#0}>
[INFO] [stdout]   15:     0x6147c4fdc682 - <tokio[670733413b34c4a6]::runtime::context::scoped::Scoped<tokio[670733413b34c4a6]::runtime::scheduler::Context>>::set::<<tokio[670733413b34c4a6]::runtime::scheduler::current_thread::CoreGuard>::enter<<tokio[670733413b34c4a6]::runtime::scheduler::current_thread::CoreGuard>::block_on<core[df12db4294e9bfd3]::pin::Pin<&mut core[df12db4294e9bfd3]::pin::Pin<&mut dyn core[df12db4294e9bfd3]::future::future::Future<Output = ()>>>>::{closure#0}, core[df12db4294e9bfd3]::option::Option<()>>::{closure#0}, (alloc[2182bb758b4b3781]::boxed::Box<tokio[670733413b34c4a6]::runtime::scheduler::current_thread::Core>, core[df12db4294e9bfd3]::option::Option<()>)>
[INFO] [stdout]   16:     0x6147c4fd5ae7 - <tokio[670733413b34c4a6]::runtime::scheduler::current_thread::CoreGuard>::block_on::<core[df12db4294e9bfd3]::pin::Pin<&mut core[df12db4294e9bfd3]::pin::Pin<&mut dyn core[df12db4294e9bfd3]::future::future::Future<Output = ()>>>>
[INFO] [stdout]   17:     0x6147c4fdb924 - tokio[670733413b34c4a6]::runtime::context::runtime::enter_runtime::<<tokio[670733413b34c4a6]::runtime::scheduler::current_thread::CurrentThread>::block_on<core[df12db4294e9bfd3]::pin::Pin<&mut dyn core[df12db4294e9bfd3]::future::future::Future<Output = ()>>>::{closure#0}, ()>
[INFO] [stdout]   18:     0x6147c4fe2ae5 - <tokio[670733413b34c4a6]::runtime::runtime::Runtime>::block_on::<core[df12db4294e9bfd3]::pin::Pin<&mut dyn core[df12db4294e9bfd3]::future::future::Future<Output = ()>>>
[INFO] [stdout]   19:     0x6147c4fbfbda - rust_pg_uint[f5ab9090f0739e29]::db::test::test_list
[INFO] [stdout]   20:     0x6147c4fec859 - <rust_pg_uint[f5ab9090f0739e29]::db::test::test_list::{closure#0} as core[df12db4294e9bfd3]::ops::function::FnOnce<()>>::call_once
[INFO] [stdout]   21:     0x6147c50788eb - test[9d35eded1c95d3be]::__rust_begin_short_backtrace::<core[df12db4294e9bfd3]::result::Result<(), alloc[2182bb758b4b3781]::string::String>, fn() -> core[df12db4294e9bfd3]::result::Result<(), alloc[2182bb758b4b3781]::string::String>>
[INFO] [stdout]   22:     0x6147c5085f55 - test[9d35eded1c95d3be]::run_test::{closure#0}
[INFO] [stdout]   23:     0x6147c507f814 - std[70759c8f55707aa4]::sys::backtrace::__rust_begin_short_backtrace::<test[9d35eded1c95d3be]::run_test::{closure#1}, ()>
[INFO] [stdout]   24:     0x6147c50890b2 - <std[70759c8f55707aa4]::thread::lifecycle::spawn_unchecked<test[9d35eded1c95d3be]::run_test::{closure#1}, ()>::{closure#1} as core[df12db4294e9bfd3]::ops::function::FnOnce<()>>::call_once::{shim:vtable#0}
[INFO] [stdout]   25:     0x6147c5122119 - <std[70759c8f55707aa4]::sys::thread::unix::Thread>::new::thread_start
[INFO] [stdout]   26:     0x78121cf11dfa - <unknown>
[INFO] [stdout]   27:     0x78121cfa53d4 - clone
[INFO] [stdout]   28:                0x0 - <unknown>
[INFO] [stdout] 
[INFO] [stdout] 
[INFO] [stdout] failures:
[INFO] [stdout]     db::test::test_find
[INFO] [stdout]     db::test::test_i32_min_insert
[INFO] [stdout]     db::test::test_insert
[INFO] [stdout]     db::test::test_list
[INFO] [stdout]     db::test::test_u32_max_insert
[INFO] [stdout] 
[INFO] [stdout] test result: FAILED. 0 passed; 5 failed; 0 ignored; 0 measured; 0 filtered out; finished in 30.02s
[INFO] [stdout] 
[INFO] running `Command { std: "docker" "inspect" "7bd16ea8a6c2f4925bf85a1da38d0ec1bd8aa980b057e13128197d8f3d88bf22", kill_on_drop: false }`
[INFO] running `Command { std: "docker" "rm" "-f" "7bd16ea8a6c2f4925bf85a1da38d0ec1bd8aa980b057e13128197d8f3d88bf22", kill_on_drop: false }`
[INFO] [stdout] 7bd16ea8a6c2f4925bf85a1da38d0ec1bd8aa980b057e13128197d8f3d88bf22
