[INFO] cloning repository https://github.com/ArseniyK/url_shortener
[INFO] running `Command { std: "git" "-c" "credential.helper=" "-c" "credential.helper=/workspace/cargo-home/bin/git-credential-null" "clone" "--bare" "https://github.com/ArseniyK/url_shortener" "/workspace/cache/git-repos/https%3A%2F%2Fgithub.com%2FArseniyK%2Furl_shortener", kill_on_drop: false }`
[INFO] [stderr] Cloning into bare repository '/workspace/cache/git-repos/https%3A%2F%2Fgithub.com%2FArseniyK%2Furl_shortener'...
[INFO] running `Command { std: "git" "rev-parse" "HEAD", kill_on_drop: false }`
[INFO] [stdout] 01cebd2f14ae2819dcaee68d9f90ef1686e3f603
[INFO] testing ArseniyK/url_shortener against 1.99.0-beta.8+cargoflags=--release for beta-release-1.100-2
[INFO] running `Command { std: "git" "clone" "/workspace/cache/git-repos/https%3A%2F%2Fgithub.com%2FArseniyK%2Furl_shortener" "/workspace/builds/worker-0-tc1/source", kill_on_drop: false }`
[INFO] [stderr] Cloning into '/workspace/builds/worker-0-tc1/source'...
[INFO] [stderr] done.
[INFO] started tweaking git repo https://github.com/ArseniyK/url_shortener
[INFO] finished tweaking git repo https://github.com/ArseniyK/url_shortener
[INFO] tweaked toml for git repo https://github.com/ArseniyK/url_shortener written to /workspace/builds/worker-0-tc1/source/Cargo.toml
[INFO] validating manifest of git repo https://github.com/ArseniyK/url_shortener on toolchain 1.99.0-beta.8
[INFO] running `Command { std: CARGO_HOME="/workspace/cargo-home" RUSTUP_HOME="/workspace/rustup-home" "/workspace/cargo-home/bin/cargo" "+1.99.0-beta.8" "metadata" "--manifest-path" "Cargo.toml" "--no-deps", kill_on_drop: false }`
[INFO] crate git repo https://github.com/ArseniyK/url_shortener already has a lockfile, it will not be regenerated
[INFO] running `Command { std: CARGO_HOME="/workspace/cargo-home" RUSTUP_HOME="/workspace/rustup-home" "/workspace/cargo-home/bin/cargo" "+1.99.0-beta.8" "fetch" "--manifest-path" "Cargo.toml", kill_on_drop: false }`
[INFO] [stderr]     Updating crates.io index
[INFO] [stderr]  Downloading crates ...
[INFO] [stderr]   Downloaded if_chain v1.0.1
[INFO] [stderr]   Downloaded validator_derive v0.12.0
[INFO] [stderr]   Downloaded validator v0.12.0
[INFO] [stderr]   Downloaded validator_types v0.12.0
[INFO] [stderr]   Downloaded tera v1.6.1
[INFO] [stderr]   Downloaded mio-uds v0.6.8
[INFO] [stderr]   Downloaded generic-array v0.12.3
[INFO] [stderr]   Downloaded globset v0.4.6
[INFO] [stderr]   Downloaded ignore v0.4.17
[INFO] [stderr]   Downloaded humansize v1.1.0
[INFO] [stderr]   Downloaded wasi v0.10.1+wasi-snapshot-preview1
[INFO] [stderr]   Downloaded dtoa v0.4.7
[INFO] [stderr]   Downloaded pin-project-lite v0.1.11
[INFO] [stderr]   Downloaded parse-zoneinfo v0.3.0
[INFO] [stderr]   Downloaded unic-segment v0.9.0
[INFO] [stderr]   Downloaded unic-ucd-segment v0.9.0
[INFO] [stderr]   Downloaded log v0.4.13
[INFO] [stderr]   Downloaded redis v0.17.0
[INFO] [stderr]   Downloaded bumpalo v3.5.0
[INFO] [stderr]   Downloaded tokio v0.2.24
[INFO] [stderr]   Downloaded libc v0.2.82
[INFO] [stderr]   Downloaded chrono-tz v0.5.3
[INFO] [stderr]   Downloaded predicates-core v1.0.1
[INFO] [stderr]   Downloaded predicates v1.0.6
[INFO] [stderr]   Downloaded mockall_derive v0.8.3
[INFO] [stderr]   Downloaded fragile v1.0.0
[INFO] [stderr]   Downloaded downcast v0.10.0
[INFO] [stderr]   Downloaded mockall v0.8.3
[INFO] [stderr]   Downloaded predicates-tree v1.0.1
[INFO] [stderr]   Downloaded treeline v0.1.0
[INFO] [stderr]   Downloaded float-cmp v0.8.0
[INFO] [stderr]   Downloaded actix-web v3.3.2
[INFO] [stderr]   Downloaded pin-project-internal v1.0.4
[INFO] [stderr]   Downloaded difference v2.0.0
[INFO] [stderr]   Downloaded harsh v0.2.1
[INFO] [stderr]   Downloaded actix-threadpool v0.3.3
[INFO] [stderr]   Downloaded awc v2.0.3
[INFO] [stderr]   Downloaded actix-service v1.0.6
[INFO] [stderr]   Downloaded actix-macros v0.1.3
[INFO] [stderr]   Downloaded pin-project v0.4.27
[INFO] [stderr]   Downloaded pin-project v1.0.4
[INFO] [stderr]   Downloaded pin-project-internal v0.4.27
[INFO] [stderr]   Downloaded parking_lot_core v0.8.2
[INFO] [stderr]   Downloaded sha-1 v0.9.2
[INFO] [stderr]   Downloaded actix-rt v1.1.1
[INFO] [stderr]   Downloaded derive_more v0.99.11
[INFO] [stderr]   Downloaded actix-http v2.2.0
[INFO] [stderr]   Downloaded encoding_rs v0.8.26
[INFO] [stderr]   Downloaded flate2 v1.0.19
[INFO] [stderr]   Downloaded actix-codec v0.3.0
[INFO] [stderr]   Downloaded addr2line v0.14.1
[INFO] [stderr]   Downloaded miniz_oxide v0.4.3
[INFO] [stderr]   Downloaded tracing-futures v0.2.4
[INFO] [stderr]   Downloaded actix-utils v2.0.0
[INFO] [stderr]   Downloaded nom v4.2.3
[INFO] [stderr]   Downloaded adler v0.2.3
[INFO] [stderr]   Downloaded sha2 v0.9.2
[INFO] [stderr]   Downloaded trust-dns-proto v0.19.6
[INFO] [stderr]   Downloaded tracing v0.1.22
[INFO] [stderr]   Downloaded actix v0.10.0
[INFO] [stderr]   Downloaded actix-connect v2.0.0
[INFO] [stderr]   Downloaded rustc-demangle v0.1.18
[INFO] [stderr]   Downloaded brotli2 v0.3.2
[INFO] [stderr]   Downloaded backtrace v0.3.56
[INFO] [stderr]   Downloaded http v0.2.3
[INFO] [stderr]   Downloaded enum-as-inner v0.3.3
[INFO] [stderr]   Downloaded trust-dns-resolver v0.19.6
[INFO] [stderr]   Downloaded httparse v1.3.4
[INFO] [stderr]   Downloaded brotli-sys v0.3.2
[INFO] [stderr]   Downloaded v_escape_derive v0.8.4
[INFO] [stderr]   Downloaded object v0.23.0
[INFO] [stderr]   Downloaded winreg v0.6.2
[INFO] [stderr]   Downloaded widestring v0.4.3
[INFO] [stderr]   Downloaded actix-testing v1.0.1
[INFO] [stderr]   Downloaded v_escape v0.15.0
[INFO] [stderr]   Downloaded buf-min v0.4.0
[INFO] [stderr]   Downloaded actix-tls v2.0.0
[INFO] [stderr]   Downloaded v_htmlescape v0.12.0
[INFO] [stderr]   Downloaded mime_guess v2.0.3
[INFO] [stderr]   Downloaded version_check v0.1.5
[INFO] [stderr]   Downloaded ipconfig v0.2.2
[INFO] [stderr]   Downloaded actix-server v1.0.4
[INFO] [stderr]   Downloaded actix-web-codegen v0.4.0
[INFO] [stderr]   Downloaded actix-files v0.5.0
[INFO] [stderr]   Downloaded actix-router v0.2.6
[INFO] [stderr]   Downloaded actix_derive v0.5.0
[INFO] [stderr]   Downloaded actix-identity v0.3.1
[INFO] [stderr]   Downloaded actix-cors v0.5.4
[INFO] [stderr]   Downloaded gimli v0.23.0
[INFO] running `Command { std: "docker" "create" "-v" "/var/lib/crater-agent-workspace/builds/worker-0-tc1/source:/opt/rustwide/workdir:ro,Z" "-v" "/var/lib/crater-agent-workspace/builds/worker-0-tc1/target:/opt/rustwide/target:rw,Z" "-v" "/var/lib/crater-agent-workspace/cargo-home:/opt/rustwide/cargo-home:ro,Z" "-v" "/var/lib/crater-agent-workspace/rustup-home:/opt/rustwide/rustup-home:ro,Z" "-m" "1610612736" "--network" "none" "ghcr.io/rust-lang/crates-build-env/linux@sha256:77db811e55d90add9212f6832c23229e3de5f1c1f9905e8cb07319ea15df73ac" "sleep" "infinity", kill_on_drop: false }`
[INFO] [stdout] 4aba3a354ab0184bda72660fd242a7f24dce491220509f845f5d55356c892786
[INFO] running `Command { std: "docker" "start" "4aba3a354ab0184bda72660fd242a7f24dce491220509f845f5d55356c892786", kill_on_drop: false }`
[INFO] running `Command { std: "docker" "inspect" "4aba3a354ab0184bda72660fd242a7f24dce491220509f845f5d55356c892786", kill_on_drop: false }`
[INFO] running `Command { std: "docker" "exec" "-e" "SOURCE_DIR=/opt/rustwide/workdir" "-e" "CARGO_HOME=/opt/rustwide/cargo-home" "-e" "RUSTUP_HOME=/opt/rustwide/rustup-home" "-e" "CARGO_TARGET_DIR=/opt/rustwide/target" "-w" "/opt/rustwide/workdir" "--user" "0:0" "4aba3a354ab0184bda72660fd242a7f24dce491220509f845f5d55356c892786" "/opt/rustwide/cargo-home/bin/cargo" "+1.99.0-beta.8" "metadata" "--no-deps" "--format-version=1", kill_on_drop: false }`
[INFO] running `Command { std: "docker" "inspect" "4aba3a354ab0184bda72660fd242a7f24dce491220509f845f5d55356c892786", kill_on_drop: false }`
[INFO] running `Command { std: "docker" "exec" "-e" "SOURCE_DIR=/opt/rustwide/workdir" "-e" "CARGO_HOME=/opt/rustwide/cargo-home" "-e" "RUSTUP_HOME=/opt/rustwide/rustup-home" "-e" "CARGO_TARGET_DIR=/opt/rustwide/target" "-e" "CARGO_INCREMENTAL=0" "-e" "RUST_BACKTRACE=full" "-e" "RUSTFLAGS=--cap-lints=warn" "-e" "RUSTDOCFLAGS=--cap-lints=warn" "-w" "/opt/rustwide/workdir" "--user" "0:0" "4aba3a354ab0184bda72660fd242a7f24dce491220509f845f5d55356c892786" "/opt/rustwide/cargo-home/bin/cargo" "+1.99.0-beta.8" "build" "--frozen" "--message-format=json" "--release", kill_on_drop: false }`
[INFO] [stderr]    Compiling libc v0.2.82
[INFO] [stderr]    Compiling proc-macro2 v1.0.24
[INFO] [stderr]    Compiling syn v1.0.60
[INFO] [stderr]    Compiling memchr v2.3.4
[INFO] [stderr]    Compiling version_check v0.9.2
[INFO] [stderr]    Compiling autocfg v1.0.1
[INFO] [stderr]    Compiling log v0.4.13
[INFO] [stderr]    Compiling once_cell v1.5.2
[INFO] [stderr]    Compiling futures-core v0.3.12
[INFO] [stderr]    Compiling lazy_static v1.4.0
[INFO] [stderr]    Compiling pin-project-lite v0.2.4
[INFO] [stderr]    Compiling futures-io v0.3.12
[INFO] [stderr]    Compiling proc-macro-hack v0.5.19
[INFO] [stderr]    Compiling slab v0.4.2
[INFO] [stderr]    Compiling typenum v1.12.0
[INFO] [stderr]    Compiling futures-sink v0.3.12
[INFO] [stderr]    Compiling bytes v0.5.6
[INFO] [stderr]    Compiling proc-macro-nested v0.1.7
[INFO] [stderr]    Compiling futures-channel v0.3.12
[INFO] [stderr]    Compiling pin-project-lite v0.1.11
[INFO] [stderr]    Compiling pin-project-internal v0.4.27
[INFO] [stderr]    Compiling smallvec v1.6.1
[INFO] [stderr]    Compiling matches v0.1.8
[INFO] [stderr]    Compiling bitflags v1.2.1
[INFO] [stderr]    Compiling generic-array v0.14.4
[INFO] [stderr]    Compiling percent-encoding v2.1.0
[INFO] [stderr]    Compiling futures-task v0.3.12
[INFO] [stderr]    Compiling instant v0.1.9
[INFO] [stderr]    Compiling ppv-lite86 v0.2.10
[INFO] [stderr]    Compiling getrandom v0.1.16
[INFO] [stderr]    Compiling tinyvec_macros v0.1.0
[INFO] [stderr]    Compiling lock_api v0.4.2
[INFO] [stderr]    Compiling tinyvec v1.1.1
[INFO] [stderr]    Compiling itoa v0.4.7
[INFO] [stderr]    Compiling thread_local v1.1.2
[INFO] [stderr]    Compiling form_urlencoded v1.0.0
[INFO] [stderr]    Compiling unicode-bidi v0.3.4
[INFO] [stderr]    Compiling aho-corasick v0.7.15
[INFO] [stderr]    Compiling miniz_oxide v0.4.3
[INFO] [stderr]    Compiling standback v0.2.14
[INFO] [stderr]    Compiling quote v1.0.8
[INFO] [stderr]    Compiling opaque-debug v0.3.0
[INFO] [stderr]    Compiling serde_derive v1.0.123
[INFO] [stderr]    Compiling regex-syntax v0.6.22
[INFO] [stderr]    Compiling subtle v2.4.0
[INFO] [stderr]    Compiling bytes v1.0.1
[INFO] [stderr]    Compiling serde v1.0.123
[INFO] [stderr]    Compiling copyless v0.1.5
[INFO] [stderr]    Compiling adler v0.2.3
[INFO] [stderr]    Compiling ryu v1.0.5
[INFO] [stderr]    Compiling gimli v0.23.0
[INFO] [stderr]    Compiling unicode-segmentation v1.7.1
[INFO] [stderr]    Compiling match_cfg v0.1.0
[INFO] [stderr]    Compiling iovec v0.1.4
[INFO] [stderr]    Compiling net2 v0.2.37
[INFO] [stderr]    Compiling signal-hook-registry v1.3.0
[INFO] [stderr]    Compiling num_cpus v1.13.0
[INFO] [stderr]    Compiling parking_lot_core v0.8.2
[INFO] [stderr]    Compiling either v1.6.1
[INFO] [stderr]    Compiling threadpool v1.8.1
[INFO] [stderr]    Compiling parking_lot v0.11.1
[INFO] [stderr]    Compiling rand_core v0.5.1
[INFO] [stderr]    Compiling heck v0.3.2
[INFO] [stderr]    Compiling mio v0.6.23
[INFO] [stderr]    Compiling rand_chacha v0.2.2
[INFO] [stderr]    Compiling object v0.23.0
[INFO] [stderr]    Compiling rand v0.7.3
[INFO] [stderr]    Compiling unicode-normalization v0.1.16
[INFO] [stderr]    Compiling rustc-demangle v0.1.18
[INFO] [stderr]    Compiling cipher v0.2.5
[INFO] [stderr]    Compiling digest v0.9.0
[INFO] [stderr]    Compiling universal-hash v0.4.0
[INFO] [stderr]    Compiling hostname v0.3.1
[INFO] [stderr]    Compiling serde_json v1.0.61
[INFO] [stderr]    Compiling linked-hash-map v0.5.4
[INFO] [stderr]    Compiling cc v1.0.66
[INFO] [stderr]    Compiling quick-error v1.2.3
[INFO] [stderr]    Compiling const_fn v0.4.5
[INFO] [stderr]    Compiling cpuid-bool v0.2.0
[INFO] [stderr]    Compiling resolv-conf v0.7.0
[INFO] [stderr]    Compiling polyval v0.4.5
[INFO] [stderr]    Compiling aes-soft v0.6.4
[INFO] [stderr]    Compiling lru-cache v0.1.2
[INFO] [stderr]    Compiling mio-uds v0.6.8
[INFO] [stderr]    Compiling crypto-mac v0.10.0
[INFO] [stderr]    Compiling block-buffer v0.9.0
[INFO] [stderr]    Compiling idna v0.2.0
[INFO] [stderr]    Compiling http v0.2.3
[INFO] [stderr]    Compiling tokio v0.2.24
[INFO] [stderr]    Compiling indexmap v1.6.1
[INFO] [stderr]    Compiling time v0.2.25
[INFO] [stderr]    Compiling tracing-core v0.1.17
[INFO] [stderr]    Compiling crc32fast v1.2.1
[INFO] [stderr]    Compiling url v2.2.0
[INFO] [stderr]    Compiling cpuid-bool v0.1.2
[INFO] [stderr]    Compiling aes v0.6.0
[INFO] [stderr]    Compiling hmac v0.10.1
[INFO] [stderr]    Compiling ghash v0.3.1
[INFO] [stderr]    Compiling ctr v0.6.0
[INFO] [stderr]    Compiling tracing v0.1.22
[INFO] [stderr]    Compiling aead v0.3.2
[INFO] [stderr]    Compiling brotli-sys v0.3.2
[INFO] [stderr]    Compiling unicase v2.6.0
[INFO] [stderr]    Compiling cookie v0.14.3
[INFO] [stderr]    Compiling encoding_rs v0.8.26
[INFO] [stderr]    Compiling cache-padded v1.1.1
[INFO] [stderr]    Compiling hashbrown v0.9.1
[INFO] [stderr]    Compiling httparse v1.3.4
[INFO] [stderr]    Compiling regex v1.4.3
[INFO] [stderr]    Compiling addr2line v0.14.1
[INFO] [stderr]    Compiling concurrent-queue v1.2.2
[INFO] [stderr]    Compiling aes-gcm v0.8.0
[INFO] [stderr]    Compiling hkdf v0.10.0
[INFO] [stderr]    Compiling sha2 v0.9.2
[INFO] [stderr]    Compiling crossbeam-utils v0.8.1
[INFO] [stderr]    Compiling byteorder v1.4.2
[INFO] [stderr]    Compiling parking v2.0.0
[INFO] [stderr]    Compiling mime v0.3.16
[INFO] [stderr]    Compiling waker-fn v1.1.0
[INFO] [stderr]    Compiling event-listener v2.5.1
[INFO] [stderr]    Compiling base64 v0.12.3
[INFO] [stderr]    Compiling version_check v0.1.5
[INFO] [stderr]    Compiling fastrand v1.4.0
[INFO] [stderr]    Compiling fxhash v0.2.1
[INFO] [stderr]    Compiling nom v4.2.3
[INFO] [stderr]    Compiling flate2 v1.0.19
[INFO] [stderr]    Compiling backtrace v0.3.56
[INFO] [stderr]    Compiling futures-lite v1.11.3
[INFO] [stderr]    Compiling sha-1 v0.9.2
[INFO] [stderr]    Compiling socket2 v0.3.19
[INFO] [stderr]    Compiling num-traits v0.2.14
[INFO] [stderr]    Compiling getrandom v0.2.2
[INFO] [stderr]    Compiling language-tags v0.2.2
[INFO] [stderr]    Compiling base64 v0.13.0
[INFO] [stderr]    Compiling bytestring v1.0.0
[INFO] [stderr]    Compiling num-integer v0.1.44
[INFO] [stderr]    Compiling proc-macro-error-attr v1.0.4
[INFO] [stderr]    Compiling vec-arena v1.0.0
[INFO] [stderr]    Compiling ucd-trie v0.1.3
[INFO] [stderr]    Compiling async-task v4.0.3
[INFO] [stderr]    Compiling pest v2.1.3
[INFO] [stderr]    Compiling async-channel v1.5.1
[INFO] [stderr]    Compiling polling v2.0.2
[INFO] [stderr]    Compiling nb-connect v1.0.2
[INFO] [stderr]    Compiling bstr v0.2.14
[INFO] [stderr]    Compiling crossbeam-utils v0.7.2
[INFO] [stderr]    Compiling tokio-util v0.3.1
[INFO] [stderr]    Compiling proc-macro-error v1.0.4
[INFO] [stderr]    Compiling unic-common v0.9.0
[INFO] [stderr]    Compiling maybe-uninit v2.0.0
[INFO] [stderr]    Compiling parse-zoneinfo v0.3.0
[INFO] [stderr]    Compiling maplit v1.0.2
[INFO] [stderr]    Compiling atomic-waker v1.0.0
[INFO] [stderr]    Compiling v_escape v0.15.0
[INFO] [stderr]    Compiling unic-char-range v0.9.0
[INFO] [stderr]    Compiling blocking v1.0.2
[INFO] [stderr]    Compiling pest_meta v2.1.3
[INFO] [stderr]    Compiling unic-char-property v0.9.0
[INFO] [stderr]    Compiling globset v0.4.6
[INFO] [stderr]    Compiling walkdir v2.3.1
[INFO] [stderr]    Compiling unic-ucd-version v0.9.0
[INFO] [stderr]    Compiling async-io v1.3.1
[INFO] [stderr]    Compiling rand_core v0.6.1
[INFO] [stderr]    Compiling mime_guess v2.0.3
[INFO] [stderr]    Compiling async-executor v1.4.0
[INFO] [stderr]    Compiling async-mutex v1.4.0
[INFO] [stderr]    Compiling chrono-tz v0.5.3
[INFO] [stderr]    Compiling time v0.1.43
[INFO] [stderr]    Compiling buf-min v0.4.0
[INFO] [stderr]    Compiling v_htmlescape v0.12.0
[INFO] [stderr]    Compiling async-global-executor v2.0.2
[INFO] [stderr]    Compiling chrono v0.4.19
[INFO] [stderr]    Compiling pest_generator v2.1.3
[INFO] [stderr]    Compiling rand_chacha v0.3.0
[INFO] [stderr]    Compiling ignore v0.4.17
[INFO] [stderr]    Compiling futures-macro v0.3.12
[INFO] [stderr]    Compiling derive_more v0.99.11
[INFO] [stderr]    Compiling actix-macros v0.1.3
[INFO] [stderr]    Compiling async-trait v0.1.42
[INFO] [stderr]    Compiling thiserror-impl v1.0.23
[INFO] [stderr]    Compiling enum-as-inner v0.3.3
[INFO] [stderr]    Compiling time-macros-impl v0.1.1
[INFO] [stderr]    Compiling futures-util v0.3.12
[INFO] [stderr]    Compiling pin-project-internal v1.0.4
[INFO] [stderr]    Compiling time-macros v0.1.1
[INFO] [stderr]    Compiling thiserror v1.0.23
[INFO] [stderr]    Compiling actix-web-codegen v0.4.0
[INFO] [stderr]    Compiling v_escape_derive v0.8.4
[INFO] [stderr]    Compiling pin-project v0.4.27
[INFO] [stderr]    Compiling actix-codec v0.3.0
[INFO] [stderr]    Compiling tracing-futures v0.2.4
[INFO] [stderr]    Compiling unic-ucd-segment v0.9.0
[INFO] [stderr]    Compiling async-lock v2.3.0
[INFO] [stderr]    Compiling kv-log-macro v1.0.7
[INFO] [stderr]    Compiling deunicode v0.4.3
[INFO] [stderr]    Compiling if_chain v1.0.1
[INFO] [stderr]    Compiling validator_types v0.12.0
[INFO] [stderr]    Compiling validator_derive v0.12.0
[INFO] [stderr]    Compiling unic-segment v0.9.0
[INFO] [stderr]    Compiling pin-project v1.0.4
[INFO] [stderr]    Compiling slug v0.1.4
[INFO] [stderr]    Compiling async-std v1.9.0
[INFO] [stderr]    Compiling crossbeam-channel v0.4.4
[INFO] [stderr]    Compiling globwalk v0.8.1
[INFO] [stderr]    Compiling pest_derive v2.1.0
[INFO] [stderr]    Compiling rand v0.8.3
[INFO] [stderr]    Compiling actix_derive v0.5.0
[INFO] [stderr]    Compiling atty v0.2.14
[INFO] [stderr]    Compiling sha1 v0.6.0
[INFO] [stderr]    Compiling termcolor v1.1.2
[INFO] [stderr]    Compiling dtoa v0.4.7
[INFO] [stderr]    Compiling humansize v1.1.0
[INFO] [stderr]    Compiling humantime v2.1.0
[INFO] [stderr]    Compiling dotenv v0.15.0
[INFO] [stderr]    Compiling harsh v0.2.1
[INFO] [stderr]    Compiling actix-threadpool v0.3.3
[INFO] [stderr]    Compiling env_logger v0.8.2
[INFO] [stderr]    Compiling actix-rt v1.1.1
[INFO] [stderr]    Compiling actix-service v1.0.6
[INFO] [stderr]    Compiling futures v0.3.12
[INFO] [stderr]    Compiling h2 v0.2.7
[INFO] [stderr]    Compiling combine v4.5.2
[INFO] [stderr]    Compiling trust-dns-proto v0.19.6
[INFO] [stderr]    Compiling actix-utils v2.0.0
[INFO] [stderr]    Compiling actix-server v1.0.4
[INFO] [stderr]    Compiling actix-tls v2.0.0
[INFO] [stderr]    Compiling actix-testing v1.0.1
[INFO] [stderr]    Compiling trust-dns-resolver v0.19.6
[INFO] [stderr]    Compiling serde_urlencoded v0.7.0
[INFO] [stderr]    Compiling actix-router v0.2.6
[INFO] [stderr]    Compiling actix-connect v2.0.0
[INFO] [stderr]    Compiling actix v0.10.0
[INFO] [stderr]    Compiling validator v0.12.0
[INFO] [stderr]    Compiling tera v1.6.1
[INFO] [stderr]    Compiling redis v0.17.0
[INFO] [stderr]    Compiling brotli2 v0.3.2
[INFO] [stderr]    Compiling actix-http v2.2.0
[INFO] [stderr]    Compiling awc v2.0.3
[INFO] [stderr]    Compiling actix-web v3.3.2
[INFO] [stderr]    Compiling actix-files v0.5.0
[INFO] [stderr]    Compiling actix-identity v0.3.1
[INFO] [stderr]    Compiling actix-cors v0.5.4
[INFO] [stderr]    Compiling url_shortener v0.1.0 (/opt/rustwide/workdir)
[INFO] [stdout] warning: unnecessary parentheses around closure body
[INFO] [stdout]   --> src/urls/redis_url_repo.rs:41:27
[INFO] [stdout]    |
[INFO] [stdout] 41 |             .map(|result| (self.hashids.encode(&[result])))
[INFO] [stdout]    |                           ^                              ^
[INFO] [stdout]    |
[INFO] [stdout]    = note: `#[warn(unused_parens)]` (part of `#[warn(unused)]`) on by default
[INFO] [stdout] help: remove these parentheses
[INFO] [stdout]    |
[INFO] [stdout] 41 -             .map(|result| (self.hashids.encode(&[result])))
[INFO] [stdout] 41 +             .map(|result| self.hashids.encode(&[result]))
[INFO] [stdout]    |
[INFO] [stdout] 
[INFO] [stdout] 
[INFO] [stdout] warning: this function depends on never type fallback being `()`
[INFO] [stdout]   --> src/urls/redis_url_repo.rs:65:5
[INFO] [stdout]    |
[INFO] [stdout] 65 |     async fn generate(&self, url: &str) -> Result<Url, UrlError> {
[INFO] [stdout]    |     ^^^^^^^^^^^^^^^^^^^^^^^^^^^^^^^^^^^^^^^^^^^^^^^^^^^^^^^^^^^^
[INFO] [stdout]    |
[INFO] [stdout]    = help: specify the types explicitly
[INFO] [stdout] note: in edition 2024, the requirement `!: FromRedisValue` will fail
[INFO] [stdout]   --> src/urls/redis_url_repo.rs:71:14
[INFO] [stdout]    |
[INFO] [stdout] 71 |         conn.hset_multiple(
[INFO] [stdout]    |              ^^^^^^^^^^^^^
[INFO] [stdout]    = warning: this was previously accepted by the compiler but is being phased out; it will become a hard error in Rust 2024 and in a future release in all editions!
[INFO] [stdout]    = note: for more information, see <https://doc.rust-lang.org/edition-guide/rust-2024/never-type-fallback.html>
[INFO] [stdout]    = note: `#[warn(dependency_on_unit_never_type_fallback)]` (part of `#[warn(rust_2024_compatibility)]`) on by default
[INFO] [stdout] help: use `()` annotations to avoid fallback changes
[INFO] [stdout]    |
[INFO] [stdout] 71 |         conn.hset_multiple::<_, _, _, ()>(
[INFO] [stdout]    |                           +++++++++++++++
[INFO] [stdout] 
[INFO] [stdout] 
[INFO] [stderr]     Finished `release` profile [optimized] target(s) in 2m 57s
[INFO] [stderr] warning: the following packages contain code that will be rejected by a future version of Rust: nom v4.2.3, redis v0.17.0, url_shortener v0.1.0 (/opt/rustwide/workdir)
[INFO] [stderr] note: to see what the problems were, use the option `--future-incompat-report`, or run `cargo report future-incompatibilities --id 1`
[INFO] running `Command { std: "docker" "inspect" "4aba3a354ab0184bda72660fd242a7f24dce491220509f845f5d55356c892786", kill_on_drop: false }`
[INFO] running `Command { std: "docker" "exec" "-e" "SOURCE_DIR=/opt/rustwide/workdir" "-e" "CARGO_HOME=/opt/rustwide/cargo-home" "-e" "RUSTUP_HOME=/opt/rustwide/rustup-home" "-e" "CARGO_TARGET_DIR=/opt/rustwide/target" "-e" "CARGO_INCREMENTAL=0" "-e" "RUST_BACKTRACE=full" "-e" "RUSTFLAGS=--cap-lints=warn" "-e" "RUSTDOCFLAGS=--cap-lints=warn" "-w" "/opt/rustwide/workdir" "--user" "0:0" "4aba3a354ab0184bda72660fd242a7f24dce491220509f845f5d55356c892786" "/opt/rustwide/cargo-home/bin/cargo" "+1.99.0-beta.8" "test" "--frozen" "--no-run" "--message-format=json" "--release", kill_on_drop: false }`
[INFO] [stderr]    Compiling predicates-core v1.0.1
[INFO] [stderr]    Compiling float-cmp v0.8.0
[INFO] [stderr]    Compiling treeline v0.1.0
[INFO] [stderr]    Compiling difference v2.0.0
[INFO] [stderr]    Compiling cfg-if v0.1.10
[INFO] [stderr]    Compiling normalize-line-endings v0.3.0
[INFO] [stderr]    Compiling fragile v1.0.0
[INFO] [stderr]    Compiling downcast v0.10.0
[INFO] [stderr]    Compiling mockall_derive v0.8.3
[INFO] [stderr]    Compiling predicates-tree v1.0.1
[INFO] [stderr]    Compiling predicates v1.0.6
[INFO] [stderr]    Compiling mockall v0.8.3
[INFO] [stderr]    Compiling url_shortener v0.1.0 (/opt/rustwide/workdir)
[INFO] [stdout] warning: unnecessary parentheses around closure body
[INFO] [stdout]   --> src/urls/redis_url_repo.rs:41:27
[INFO] [stdout]    |
[INFO] [stdout] 41 |             .map(|result| (self.hashids.encode(&[result])))
[INFO] [stdout]    |                           ^                              ^
[INFO] [stdout]    |
[INFO] [stdout]    = note: `#[warn(unused_parens)]` (part of `#[warn(unused)]`) on by default
[INFO] [stdout] help: remove these parentheses
[INFO] [stdout]    |
[INFO] [stdout] 41 -             .map(|result| (self.hashids.encode(&[result])))
[INFO] [stdout] 41 +             .map(|result| self.hashids.encode(&[result]))
[INFO] [stdout]    |
[INFO] [stdout] 
[INFO] [stdout] 
[INFO] [stdout] warning: this function depends on never type fallback being `()`
[INFO] [stdout]   --> src/urls/redis_url_repo.rs:65:5
[INFO] [stdout]    |
[INFO] [stdout] 65 |     async fn generate(&self, url: &str) -> Result<Url, UrlError> {
[INFO] [stdout]    |     ^^^^^^^^^^^^^^^^^^^^^^^^^^^^^^^^^^^^^^^^^^^^^^^^^^^^^^^^^^^^
[INFO] [stdout]    |
[INFO] [stdout]    = help: specify the types explicitly
[INFO] [stdout] note: in edition 2024, the requirement `!: FromRedisValue` will fail
[INFO] [stdout]   --> src/urls/redis_url_repo.rs:71:14
[INFO] [stdout]    |
[INFO] [stdout] 71 |         conn.hset_multiple(
[INFO] [stdout]    |              ^^^^^^^^^^^^^
[INFO] [stdout]    = warning: this was previously accepted by the compiler but is being phased out; it will become a hard error in Rust 2024 and in a future release in all editions!
[INFO] [stdout]    = note: for more information, see <https://doc.rust-lang.org/edition-guide/rust-2024/never-type-fallback.html>
[INFO] [stdout]    = note: `#[warn(dependency_on_unit_never_type_fallback)]` (part of `#[warn(rust_2024_compatibility)]`) on by default
[INFO] [stdout] help: use `()` annotations to avoid fallback changes
[INFO] [stdout]    |
[INFO] [stdout] 71 |         conn.hset_multiple::<_, _, _, ()>(
[INFO] [stdout]    |                           +++++++++++++++
[INFO] [stdout] 
[INFO] [stdout] 
[INFO] [stdout] warning: call to `.clone()` on a reference in this situation does nothing
[INFO] [stdout]   --> src/urls/url_service.rs:81:24
[INFO] [stdout]    |
[INFO] [stdout] 81 |             .with(eq(id.clone()))
[INFO] [stdout]    |                        ^^^^^^^^ help: remove this redundant call
[INFO] [stdout]    |
[INFO] [stdout]    = note: the type `str` does not implement `Clone`, so calling `clone` on `&str` copies the reference, which does not do anything and can be removed
[INFO] [stdout]    = note: `#[warn(noop_method_call)]` on by default
[INFO] [stdout] 
[INFO] [stdout] 
[INFO] [stderr]     Finished `release` profile [optimized] target(s) in 12.05s
[INFO] [stderr] warning: the following packages contain code that will be rejected by a future version of Rust: nom v4.2.3, redis v0.17.0, url_shortener v0.1.0 (/opt/rustwide/workdir)
[INFO] [stderr] note: to see what the problems were, use the option `--future-incompat-report`, or run `cargo report future-incompatibilities --id 1`
[INFO] running `Command { std: "docker" "inspect" "4aba3a354ab0184bda72660fd242a7f24dce491220509f845f5d55356c892786", kill_on_drop: false }`
[INFO] running `Command { std: "docker" "exec" "-e" "SOURCE_DIR=/opt/rustwide/workdir" "-e" "CARGO_HOME=/opt/rustwide/cargo-home" "-e" "RUSTUP_HOME=/opt/rustwide/rustup-home" "-e" "CARGO_TARGET_DIR=/opt/rustwide/target" "-e" "CARGO_INCREMENTAL=0" "-e" "RUST_BACKTRACE=full" "-e" "RUSTFLAGS=--cap-lints=warn" "-e" "RUSTDOCFLAGS=--cap-lints=warn" "-w" "/opt/rustwide/workdir" "--user" "0:0" "4aba3a354ab0184bda72660fd242a7f24dce491220509f845f5d55356c892786" "/opt/rustwide/cargo-home/bin/cargo" "+1.99.0-beta.8" "test" "--frozen" "--release", kill_on_drop: false }`
[INFO] [stderr] warning: unnecessary parentheses around closure body
[INFO] [stderr]   --> src/urls/redis_url_repo.rs:41:27
[INFO] [stderr]    |
[INFO] [stderr] 41 |             .map(|result| (self.hashids.encode(&[result])))
[INFO] [stderr]    |                           ^                              ^
[INFO] [stderr]    |
[INFO] [stderr]    = note: `#[warn(unused_parens)]` (part of `#[warn(unused)]`) on by default
[INFO] [stderr] help: remove these parentheses
[INFO] [stderr]    |
[INFO] [stderr] 41 -             .map(|result| (self.hashids.encode(&[result])))
[INFO] [stderr] 41 +             .map(|result| self.hashids.encode(&[result]))
[INFO] [stderr]    |
[INFO] [stderr] 
[INFO] [stderr] warning: this function depends on never type fallback being `()`
[INFO] [stderr]   --> src/urls/redis_url_repo.rs:65:5
[INFO] [stderr]    |
[INFO] [stderr] 65 |     async fn generate(&self, url: &str) -> Result<Url, UrlError> {
[INFO] [stderr]    |     ^^^^^^^^^^^^^^^^^^^^^^^^^^^^^^^^^^^^^^^^^^^^^^^^^^^^^^^^^^^^
[INFO] [stderr]    |
[INFO] [stderr]    = help: specify the types explicitly
[INFO] [stderr] note: in edition 2024, the requirement `!: FromRedisValue` will fail
[INFO] [stderr]   --> src/urls/redis_url_repo.rs:71:14
[INFO] [stderr]    |
[INFO] [stderr] 71 |         conn.hset_multiple(
[INFO] [stderr]    |              ^^^^^^^^^^^^^
[INFO] [stderr]    = warning: this was previously accepted by the compiler but is being phased out; it will become a hard error in Rust 2024 and in a future release in all editions!
[INFO] [stderr]    = note: for more information, see <https://doc.rust-lang.org/edition-guide/rust-2024/never-type-fallback.html>
[INFO] [stderr]    = note: `#[warn(dependency_on_unit_never_type_fallback)]` (part of `#[warn(rust_2024_compatibility)]`) on by default
[INFO] [stderr] help: use `()` annotations to avoid fallback changes
[INFO] [stderr]    |
[INFO] [stderr] 71 |         conn.hset_multiple::<_, _, _, ()>(
[INFO] [stderr]    |                           +++++++++++++++
[INFO] [stderr] 
[INFO] [stderr] warning: call to `.clone()` on a reference in this situation does nothing
[INFO] [stderr]   --> src/urls/url_service.rs:81:24
[INFO] [stderr]    |
[INFO] [stderr] 81 |             .with(eq(id.clone()))
[INFO] [stderr]    |                        ^^^^^^^^ help: remove this redundant call
[INFO] [stderr]    |
[INFO] [stderr]    = note: the type `str` does not implement `Clone`, so calling `clone` on `&str` copies the reference, which does not do anything and can be removed
[INFO] [stderr]    = note: `#[warn(noop_method_call)]` on by default
[INFO] [stderr] 
[INFO] [stderr] warning: `url_shortener` (bin "url_shortener" test) generated 3 warnings (run `cargo fix --bin "url_shortener" -p url_shortener --tests` to apply 3 suggestions)
[INFO] [stderr]     Finished `release` profile [optimized] target(s) in 0.47s
[INFO] [stderr] warning: the following packages contain code that will be rejected by a future version of Rust: nom v4.2.3, redis v0.17.0, url_shortener v0.1.0 (/opt/rustwide/workdir)
[INFO] [stderr] note: to see what the problems were, use the option `--future-incompat-report`, or run `cargo report future-incompatibilities --id 1`
[INFO] [stderr]      Running unittests src/main.rs (/opt/rustwide/target/release/deps/url_shortener-d3b7ea548d13fcf4)
[INFO] [stdout] 
[INFO] [stdout] running 13 tests
[INFO] [stdout] test urls::api::tests::test_shorten_wrong ... ok
[INFO] [stdout] test urls::api::tests::test_shorten_correct ... ok
[INFO] [stdout] test urls::url_service::tests::test_shorten_and_get_success ... ok
[INFO] [stdout] test urls::redis_url_repo::tests::test_count_for_user ... FAILED
[INFO] [stdout] test urls::redis_url_repo::tests::test_generate ... FAILED
[INFO] [stdout] test urls::redis_url_repo::tests::test_next_key ... FAILED
[INFO] [stdout] test urls::redis_url_repo::tests::test_get_key ... FAILED
[INFO] [stdout] test urls::redis_url_repo::tests::get_urls_for_user ... FAILED
[INFO] [stdout] test urls::redis_url_repo::tests::test_generate_for_user ... FAILED
[INFO] [stdout] test urls::redis_url_repo::tests::test_generate_and_get ... FAILED
[INFO] [stdout] test urls::api::tests::test_redirect ... ok
[INFO] [stdout] test urls::redis_url_repo::tests::test_incr ... FAILED
[INFO] [stdout] test urls::redis_url_repo::tests::test_new_user ... FAILED
[INFO] [stderr] error: test failed, to rerun pass `--bin url_shortener`
[INFO] [stdout] 
[INFO] [stdout] failures:
[INFO] [stdout] 
[INFO] [stdout] ---- urls::redis_url_repo::tests::test_count_for_user stdout ----
[INFO] [stdout] 
[INFO] [stdout] thread 'urls::redis_url_repo::tests::test_count_for_user' (5273) panicked at src/urls/redis_url_repo.rs:175:52:
[INFO] [stdout] REDIS_URL env var needs to be set: NotPresent
[INFO] [stdout] stack backtrace:
[INFO] [stdout]    0:     0x615639465971 - <<std[70759c8f55707aa4]::sys::backtrace::BacktraceLock>::print::DisplayBacktrace as core[df12db4294e9bfd3]::fmt::Display>::fmt
[INFO] [stdout]    1:     0x61563947c6ea - core[df12db4294e9bfd3]::fmt::write
[INFO] [stdout]    2:     0x61563946a38c - <alloc[2182bb758b4b3781]::vec::Vec<u8> as core[df12db4294e9bfd3]::io::write::Write>::write_fmt
[INFO] [stdout]    3:     0x615639440f26 - std[70759c8f55707aa4]::panicking::default_hook::{closure#0}
[INFO] [stdout]    4:     0x61563945da29 - std[70759c8f55707aa4]::panicking::default_hook
[INFO] [stdout]    5:     0x6156392ae7a0 - test[9d35eded1c95d3be]::test_main_inner::<test[9d35eded1c95d3be]::test_main_static::{closure#0}>::{closure#0}
[INFO] [stdout]    6:     0x61563945dbe2 - std[70759c8f55707aa4]::panicking::panic_with_hook
[INFO] [stdout]    7:     0x615639440fd2 - std[70759c8f55707aa4]::panicking::panic_handler::{closure#0}
[INFO] [stdout]    8:     0x615639439a39 - std[70759c8f55707aa4]::sys::backtrace::__rust_end_short_backtrace::<std[70759c8f55707aa4]::panicking::panic_handler::{closure#0}, !>
[INFO] [stdout]    9:     0x615639441e5d - __rustc[8fa7c3cbc660c2b3]::rust_begin_unwind
[INFO] [stdout]   10:     0x61563947ce4c - core[df12db4294e9bfd3]::panicking::panic_fmt
[INFO] [stdout]   11:     0x61563947cc22 - core[df12db4294e9bfd3]::result::unwrap_failed
[INFO] [stdout]   12:     0x61563923e286 - url_shortener[a1f13169bab6b591]::urls::redis_url_repo::tests::setup::{closure#0}
[INFO] [stdout]   13:     0x615639231002 - <std[70759c8f55707aa4]::thread::local::LocalKey<core[df12db4294e9bfd3]::cell::Cell<tokio[aa8f2c493e3c0f95]::coop::Budget>>>::with::<tokio[aa8f2c493e3c0f95]::coop::with_budget<core[df12db4294e9bfd3]::task::poll::Poll<()>, <tokio[aa8f2c493e3c0f95]::task::local::RunUntil<url_shortener[a1f13169bab6b591]::urls::redis_url_repo::tests::test_count_for_user::{closure#0}> as core[df12db4294e9bfd3]::future::future::Future>::poll::{closure#0}::{closure#0}>::{closure#0}, core[df12db4294e9bfd3]::task::poll::Poll<()>>
[INFO] [stdout]   14:     0x61563924d4af - <tokio[aa8f2c493e3c0f95]::macros::scoped_tls::ScopedKey<tokio[aa8f2c493e3c0f95]::task::local::Context>>::set::<<tokio[aa8f2c493e3c0f95]::task::local::RunUntil<url_shortener[a1f13169bab6b591]::urls::redis_url_repo::tests::test_count_for_user::{closure#0}> as core[df12db4294e9bfd3]::future::future::Future>::poll::{closure#0}, core[df12db4294e9bfd3]::task::poll::Poll<()>>
[INFO] [stdout]   15:     0x61563922d1b7 - <std[70759c8f55707aa4]::thread::local::LocalKey<core[df12db4294e9bfd3]::cell::Cell<tokio[aa8f2c493e3c0f95]::coop::Budget>>>::with::<tokio[aa8f2c493e3c0f95]::coop::with_budget<core[df12db4294e9bfd3]::task::poll::Poll<()>, <tokio[aa8f2c493e3c0f95]::runtime::shell::Shell>::block_on<<tokio[aa8f2c493e3c0f95]::task::local::LocalSet>::run_until<url_shortener[a1f13169bab6b591]::urls::redis_url_repo::tests::test_count_for_user::{closure#0}>::{closure#0}>::{closure#0}>::{closure#0}, core[df12db4294e9bfd3]::task::poll::Poll<()>>
[INFO] [stdout]   16:     0x61563924fffc - <tokio[aa8f2c493e3c0f95]::macros::scoped_tls::ScopedKey<tokio[aa8f2c493e3c0f95]::runtime::basic_scheduler::Context>>::set::<tokio[aa8f2c493e3c0f95]::runtime::basic_scheduler::enter<<tokio[aa8f2c493e3c0f95]::runtime::basic_scheduler::BasicScheduler<tokio[aa8f2c493e3c0f95]::park::either::Either<tokio[aa8f2c493e3c0f95]::time::driver::Driver<tokio[aa8f2c493e3c0f95]::park::either::Either<tokio[aa8f2c493e3c0f95]::io::driver::Driver, tokio[aa8f2c493e3c0f95]::park::thread::ParkThread>>, tokio[aa8f2c493e3c0f95]::park::either::Either<tokio[aa8f2c493e3c0f95]::io::driver::Driver, tokio[aa8f2c493e3c0f95]::park::thread::ParkThread>>>>::block_on<<tokio[aa8f2c493e3c0f95]::task::local::LocalSet>::run_until<url_shortener[a1f13169bab6b591]::urls::redis_url_repo::tests::test_count_for_user::{closure#0}>::{closure#0}>::{closure#0}, (), tokio[aa8f2c493e3c0f95]::park::either::Either<tokio[aa8f2c493e3c0f95]::time::driver::Driver<tokio[aa8f2c493e3c0f95]::park::either::Either<tokio[aa8f2c493e3c0f95]::io::driver::Driver, tokio[aa8f2c493e3c0f95]::park::thread::ParkThread>>, tokio[aa8f2c493e3c0f95]::park::either::Either<tokio[aa8f2c493e3c0f95]::io::driver::Driver, tokio[aa8f2c493e3c0f95]::park::thread::ParkThread>>>::{closure#0}, ()>
[INFO] [stdout]   17:     0x61563925ef12 - tokio[aa8f2c493e3c0f95]::runtime::basic_scheduler::enter::<<tokio[aa8f2c493e3c0f95]::runtime::basic_scheduler::BasicScheduler<tokio[aa8f2c493e3c0f95]::park::either::Either<tokio[aa8f2c493e3c0f95]::time::driver::Driver<tokio[aa8f2c493e3c0f95]::park::either::Either<tokio[aa8f2c493e3c0f95]::io::driver::Driver, tokio[aa8f2c493e3c0f95]::park::thread::ParkThread>>, tokio[aa8f2c493e3c0f95]::park::either::Either<tokio[aa8f2c493e3c0f95]::io::driver::Driver, tokio[aa8f2c493e3c0f95]::park::thread::ParkThread>>>>::block_on<<tokio[aa8f2c493e3c0f95]::task::local::LocalSet>::run_until<url_shortener[a1f13169bab6b591]::urls::redis_url_repo::tests::test_count_for_user::{closure#0}>::{closure#0}>::{closure#0}, (), tokio[aa8f2c493e3c0f95]::park::either::Either<tokio[aa8f2c493e3c0f95]::time::driver::Driver<tokio[aa8f2c493e3c0f95]::park::either::Either<tokio[aa8f2c493e3c0f95]::io::driver::Driver, tokio[aa8f2c493e3c0f95]::park::thread::ParkThread>>, tokio[aa8f2c493e3c0f95]::park::either::Either<tokio[aa8f2c493e3c0f95]::io::driver::Driver, tokio[aa8f2c493e3c0f95]::park::thread::ParkThread>>>
[INFO] [stdout]   18:     0x61563926568c - tokio[aa8f2c493e3c0f95]::runtime::context::enter::<<tokio[aa8f2c493e3c0f95]::runtime::Runtime>::block_on<<tokio[aa8f2c493e3c0f95]::task::local::LocalSet>::run_until<url_shortener[a1f13169bab6b591]::urls::redis_url_repo::tests::test_count_for_user::{closure#0}>::{closure#0}>::{closure#0}, ()>
[INFO] [stdout]   19:     0x615639292e30 - <actix_rt[d799cc6e22c94fc2]::builder::SystemRunner>::block_on::<url_shortener[a1f13169bab6b591]::urls::redis_url_repo::tests::test_count_for_user::{closure#0}, ()>
[INFO] [stdout]   20:     0x615639285403 - <url_shortener[a1f13169bab6b591]::urls::redis_url_repo::tests::test_count_for_user::{closure#0} as core[df12db4294e9bfd3]::ops::function::FnOnce<()>>::call_once
[INFO] [stdout]   21:     0x6156392a1a8b - test[9d35eded1c95d3be]::__rust_begin_short_backtrace::<core[df12db4294e9bfd3]::result::Result<(), alloc[2182bb758b4b3781]::string::String>, fn() -> core[df12db4294e9bfd3]::result::Result<(), alloc[2182bb758b4b3781]::string::String>>
[INFO] [stdout]   22:     0x6156392af0f5 - test[9d35eded1c95d3be]::run_test::{closure#0}
[INFO] [stdout]   23:     0x6156392a89b4 - std[70759c8f55707aa4]::sys::backtrace::__rust_begin_short_backtrace::<test[9d35eded1c95d3be]::run_test::{closure#1}, ()>
[INFO] [stdout]   24:     0x6156392b2252 - <std[70759c8f55707aa4]::thread::lifecycle::spawn_unchecked<test[9d35eded1c95d3be]::run_test::{closure#1}, ()>::{closure#1} as core[df12db4294e9bfd3]::ops::function::FnOnce<()>>::call_once::{shim:vtable#0}
[INFO] [stdout]   25:     0x615639464ea9 - <std[70759c8f55707aa4]::sys::thread::unix::Thread>::new::thread_start
[INFO] [stdout]   26:     0x735501fdddfa - <unknown>
[INFO] [stdout]   27:     0x7355020713d4 - clone
[INFO] [stdout]   28:                0x0 - <unknown>
[INFO] [stdout] Panic in Arbiter thread.
[INFO] [stdout] 
[INFO] [stdout] ---- urls::redis_url_repo::tests::test_generate stdout ----
[INFO] [stdout] 
[INFO] [stdout] thread 'urls::redis_url_repo::tests::test_generate' (5274) panicked at src/urls/redis_url_repo.rs:175:52:
[INFO] [stdout] REDIS_URL env var needs to be set: NotPresent
[INFO] [stdout] stack backtrace:
[INFO] [stdout]    0:     0x615639465971 - <<std[70759c8f55707aa4]::sys::backtrace::BacktraceLock>::print::DisplayBacktrace as core[df12db4294e9bfd3]::fmt::Display>::fmt
[INFO] [stdout]    1:     0x61563947c6ea - core[df12db4294e9bfd3]::fmt::write
[INFO] [stdout]    2:     0x61563946a38c - <alloc[2182bb758b4b3781]::vec::Vec<u8> as core[df12db4294e9bfd3]::io::write::Write>::write_fmt
[INFO] [stdout]    3:     0x615639440f26 - std[70759c8f55707aa4]::panicking::default_hook::{closure#0}
[INFO] [stdout]    4:     0x61563945da29 - std[70759c8f55707aa4]::panicking::default_hook
[INFO] [stdout]    5:     0x6156392ae7a0 - test[9d35eded1c95d3be]::test_main_inner::<test[9d35eded1c95d3be]::test_main_static::{closure#0}>::{closure#0}
[INFO] [stdout]    6:     0x61563945dbe2 - std[70759c8f55707aa4]::panicking::panic_with_hook
[INFO] [stdout]    7:     0x615639440fd2 - std[70759c8f55707aa4]::panicking::panic_handler::{closure#0}
[INFO] [stdout]    8:     0x615639439a39 - std[70759c8f55707aa4]::sys::backtrace::__rust_end_short_backtrace::<std[70759c8f55707aa4]::panicking::panic_handler::{closure#0}, !>
[INFO] [stdout]    9:     0x615639441e5d - __rustc[8fa7c3cbc660c2b3]::rust_begin_unwind
[INFO] [stdout]   10:     0x61563947ce4c - core[df12db4294e9bfd3]::panicking::panic_fmt
[INFO] [stdout]   11:     0x61563947cc22 - core[df12db4294e9bfd3]::result::unwrap_failed
[INFO] [stdout]   12:     0x61563923e286 - url_shortener[a1f13169bab6b591]::urls::redis_url_repo::tests::setup::{closure#0}
[INFO] [stdout]   13:     0x61563922ee0b - <std[70759c8f55707aa4]::thread::local::LocalKey<core[df12db4294e9bfd3]::cell::Cell<tokio[aa8f2c493e3c0f95]::coop::Budget>>>::with::<tokio[aa8f2c493e3c0f95]::coop::with_budget<core[df12db4294e9bfd3]::task::poll::Poll<()>, <tokio[aa8f2c493e3c0f95]::task::local::RunUntil<url_shortener[a1f13169bab6b591]::urls::redis_url_repo::tests::test_generate::{closure#0}> as core[df12db4294e9bfd3]::future::future::Future>::poll::{closure#0}::{closure#0}>::{closure#0}, core[df12db4294e9bfd3]::task::poll::Poll<()>>
[INFO] [stdout]   14:     0x61563924d06f - <tokio[aa8f2c493e3c0f95]::macros::scoped_tls::ScopedKey<tokio[aa8f2c493e3c0f95]::task::local::Context>>::set::<<tokio[aa8f2c493e3c0f95]::task::local::RunUntil<url_shortener[a1f13169bab6b591]::urls::redis_url_repo::tests::test_generate::{closure#0}> as core[df12db4294e9bfd3]::future::future::Future>::poll::{closure#0}, core[df12db4294e9bfd3]::task::poll::Poll<()>>
[INFO] [stdout]   15:     0x61563922cbf7 - <std[70759c8f55707aa4]::thread::local::LocalKey<core[df12db4294e9bfd3]::cell::Cell<tokio[aa8f2c493e3c0f95]::coop::Budget>>>::with::<tokio[aa8f2c493e3c0f95]::coop::with_budget<core[df12db4294e9bfd3]::task::poll::Poll<()>, <tokio[aa8f2c493e3c0f95]::runtime::shell::Shell>::block_on<<tokio[aa8f2c493e3c0f95]::task::local::LocalSet>::run_until<url_shortener[a1f13169bab6b591]::urls::redis_url_repo::tests::test_generate::{closure#0}>::{closure#0}>::{closure#0}>::{closure#0}, core[df12db4294e9bfd3]::task::poll::Poll<()>>
[INFO] [stdout]   16:     0x61563924ea3c - <tokio[aa8f2c493e3c0f95]::macros::scoped_tls::ScopedKey<tokio[aa8f2c493e3c0f95]::runtime::basic_scheduler::Context>>::set::<tokio[aa8f2c493e3c0f95]::runtime::basic_scheduler::enter<<tokio[aa8f2c493e3c0f95]::runtime::basic_scheduler::BasicScheduler<tokio[aa8f2c493e3c0f95]::park::either::Either<tokio[aa8f2c493e3c0f95]::time::driver::Driver<tokio[aa8f2c493e3c0f95]::park::either::Either<tokio[aa8f2c493e3c0f95]::io::driver::Driver, tokio[aa8f2c493e3c0f95]::park::thread::ParkThread>>, tokio[aa8f2c493e3c0f95]::park::either::Either<tokio[aa8f2c493e3c0f95]::io::driver::Driver, tokio[aa8f2c493e3c0f95]::park::thread::ParkThread>>>>::block_on<<tokio[aa8f2c493e3c0f95]::task::local::LocalSet>::run_until<url_shortener[a1f13169bab6b591]::urls::redis_url_repo::tests::test_generate::{closure#0}>::{closure#0}>::{closure#0}, (), tokio[aa8f2c493e3c0f95]::park::either::Either<tokio[aa8f2c493e3c0f95]::time::driver::Driver<tokio[aa8f2c493e3c0f95]::park::either::Either<tokio[aa8f2c493e3c0f95]::io::driver::Driver, tokio[aa8f2c493e3c0f95]::park::thread::ParkThread>>, tokio[aa8f2c493e3c0f95]::park::either::Either<tokio[aa8f2c493e3c0f95]::io::driver::Driver, tokio[aa8f2c493e3c0f95]::park::thread::ParkThread>>>::{closure#0}, ()>
[INFO] [stdout]   17:     0x61563925ead2 - tokio[aa8f2c493e3c0f95]::runtime::basic_scheduler::enter::<<tokio[aa8f2c493e3c0f95]::runtime::basic_scheduler::BasicScheduler<tokio[aa8f2c493e3c0f95]::park::either::Either<tokio[aa8f2c493e3c0f95]::time::driver::Driver<tokio[aa8f2c493e3c0f95]::park::either::Either<tokio[aa8f2c493e3c0f95]::io::driver::Driver, tokio[aa8f2c493e3c0f95]::park::thread::ParkThread>>, tokio[aa8f2c493e3c0f95]::park::either::Either<tokio[aa8f2c493e3c0f95]::io::driver::Driver, tokio[aa8f2c493e3c0f95]::park::thread::ParkThread>>>>::block_on<<tokio[aa8f2c493e3c0f95]::task::local::LocalSet>::run_until<url_shortener[a1f13169bab6b591]::urls::redis_url_repo::tests::test_generate::{closure#0}>::{closure#0}>::{closure#0}, (), tokio[aa8f2c493e3c0f95]::park::either::Either<tokio[aa8f2c493e3c0f95]::time::driver::Driver<tokio[aa8f2c493e3c0f95]::park::either::Either<tokio[aa8f2c493e3c0f95]::io::driver::Driver, tokio[aa8f2c493e3c0f95]::park::thread::ParkThread>>, tokio[aa8f2c493e3c0f95]::park::either::Either<tokio[aa8f2c493e3c0f95]::io::driver::Driver, tokio[aa8f2c493e3c0f95]::park::thread::ParkThread>>>
[INFO] [stdout]   18:     0x6156392652cc - tokio[aa8f2c493e3c0f95]::runtime::context::enter::<<tokio[aa8f2c493e3c0f95]::runtime::Runtime>::block_on<<tokio[aa8f2c493e3c0f95]::task::local::LocalSet>::run_until<url_shortener[a1f13169bab6b591]::urls::redis_url_repo::tests::test_generate::{closure#0}>::{closure#0}>::{closure#0}, ()>
[INFO] [stdout]   19:     0x615639292a30 - <actix_rt[d799cc6e22c94fc2]::builder::SystemRunner>::block_on::<url_shortener[a1f13169bab6b591]::urls::redis_url_repo::tests::test_generate::{closure#0}, ()>
[INFO] [stdout]   20:     0x615639285082 - <url_shortener[a1f13169bab6b591]::urls::redis_url_repo::tests::test_generate::{closure#0} as core[df12db4294e9bfd3]::ops::function::FnOnce<()>>::call_once
[INFO] [stdout]   21:     0x6156392a1a8b - test[9d35eded1c95d3be]::__rust_begin_short_backtrace::<core[df12db4294e9bfd3]::result::Result<(), alloc[2182bb758b4b3781]::string::String>, fn() -> core[df12db4294e9bfd3]::result::Result<(), alloc[2182bb758b4b3781]::string::String>>
[INFO] [stdout]   22:     0x6156392af0f5 - test[9d35eded1c95d3be]::run_test::{closure#0}
[INFO] [stdout]   23:     0x6156392a89b4 - std[70759c8f55707aa4]::sys::backtrace::__rust_begin_short_backtrace::<test[9d35eded1c95d3be]::run_test::{closure#1}, ()>
[INFO] [stdout]   24:     0x6156392b2252 - <std[70759c8f55707aa4]::thread::lifecycle::spawn_unchecked<test[9d35eded1c95d3be]::run_test::{closure#1}, ()>::{closure#1} as core[df12db4294e9bfd3]::ops::function::FnOnce<()>>::call_once::{shim:vtable#0}
[INFO] [stdout]   25:     0x615639464ea9 - <std[70759c8f55707aa4]::sys::thread::unix::Thread>::new::thread_start
[INFO] [stdout]   26:     0x735501fdddfa - <unknown>
[INFO] [stdout]   27:     0x7355020713d4 - clone
[INFO] [stdout]   28:                0x0 - <unknown>
[INFO] [stdout] Panic in Arbiter thread.
[INFO] [stdout] 
[INFO] [stdout] ---- urls::redis_url_repo::tests::test_next_key stdout ----
[INFO] [stdout] 
[INFO] [stdout] thread 'urls::redis_url_repo::tests::test_next_key' (5280) panicked at src/urls/redis_url_repo.rs:175:52:
[INFO] [stdout] REDIS_URL env var needs to be set: NotPresent
[INFO] [stdout] stack backtrace:
[INFO] [stdout]    0:     0x615639465971 - <<std[70759c8f55707aa4]::sys::backtrace::BacktraceLock>::print::DisplayBacktrace as core[df12db4294e9bfd3]::fmt::Display>::fmt
[INFO] [stdout]    1:     0x61563947c6ea - core[df12db4294e9bfd3]::fmt::write
[INFO] [stdout]    2:     0x61563946a38c - <alloc[2182bb758b4b3781]::vec::Vec<u8> as core[df12db4294e9bfd3]::io::write::Write>::write_fmt
[INFO] [stdout]    3:     0x615639440f26 - std[70759c8f55707aa4]::panicking::default_hook::{closure#0}
[INFO] [stdout]    4:     0x61563945da29 - std[70759c8f55707aa4]::panicking::default_hook
[INFO] [stdout]    5:     0x6156392ae7a0 - test[9d35eded1c95d3be]::test_main_inner::<test[9d35eded1c95d3be]::test_main_static::{closure#0}>::{closure#0}
[INFO] [stdout]    6:     0x61563945dbe2 - std[70759c8f55707aa4]::panicking::panic_with_hook
[INFO] [stdout]    7:     0x615639440fd2 - std[70759c8f55707aa4]::panicking::panic_handler::{closure#0}
[INFO] [stdout]    8:     0x615639439a39 - std[70759c8f55707aa4]::sys::backtrace::__rust_end_short_backtrace::<std[70759c8f55707aa4]::panicking::panic_handler::{closure#0}, !>
[INFO] [stdout]    9:     0x615639441e5d - __rustc[8fa7c3cbc660c2b3]::rust_begin_unwind
[INFO] [stdout]   10:     0x61563947ce4c - core[df12db4294e9bfd3]::panicking::panic_fmt
[INFO] [stdout]   11:     0x61563947cc22 - core[df12db4294e9bfd3]::result::unwrap_failed
[INFO] [stdout]   12:     0x61563923e286 - url_shortener[a1f13169bab6b591]::urls::redis_url_repo::tests::setup::{closure#0}
[INFO] [stdout]   13:     0x61563922f77a - <std[70759c8f55707aa4]::thread::local::LocalKey<core[df12db4294e9bfd3]::cell::Cell<tokio[aa8f2c493e3c0f95]::coop::Budget>>>::with::<tokio[aa8f2c493e3c0f95]::coop::with_budget<core[df12db4294e9bfd3]::task::poll::Poll<()>, <tokio[aa8f2c493e3c0f95]::task::local::RunUntil<url_shortener[a1f13169bab6b591]::urls::redis_url_repo::tests::test_next_key::{closure#0}> as core[df12db4294e9bfd3]::future::future::Future>::poll::{closure#0}::{closure#0}>::{closure#0}, core[df12db4294e9bfd3]::task::poll::Poll<()>>
[INFO] [stdout]   14:     0x61563924d28f - <tokio[aa8f2c493e3c0f95]::macros::scoped_tls::ScopedKey<tokio[aa8f2c493e3c0f95]::task::local::Context>>::set::<<tokio[aa8f2c493e3c0f95]::task::local::RunUntil<url_shortener[a1f13169bab6b591]::urls::redis_url_repo::tests::test_next_key::{closure#0}> as core[df12db4294e9bfd3]::future::future::Future>::poll::{closure#0}, core[df12db4294e9bfd3]::task::poll::Poll<()>>
[INFO] [stdout]   15:     0x61563922ced7 - <std[70759c8f55707aa4]::thread::local::LocalKey<core[df12db4294e9bfd3]::cell::Cell<tokio[aa8f2c493e3c0f95]::coop::Budget>>>::with::<tokio[aa8f2c493e3c0f95]::coop::with_budget<core[df12db4294e9bfd3]::task::poll::Poll<()>, <tokio[aa8f2c493e3c0f95]::runtime::shell::Shell>::block_on<<tokio[aa8f2c493e3c0f95]::task::local::LocalSet>::run_until<url_shortener[a1f13169bab6b591]::urls::redis_url_repo::tests::test_next_key::{closure#0}>::{closure#0}>::{closure#0}>::{closure#0}, core[df12db4294e9bfd3]::task::poll::Poll<()>>
[INFO] [stdout]   16:     0x61563924f51c - <tokio[aa8f2c493e3c0f95]::macros::scoped_tls::ScopedKey<tokio[aa8f2c493e3c0f95]::runtime::basic_scheduler::Context>>::set::<tokio[aa8f2c493e3c0f95]::runtime::basic_scheduler::enter<<tokio[aa8f2c493e3c0f95]::runtime::basic_scheduler::BasicScheduler<tokio[aa8f2c493e3c0f95]::park::either::Either<tokio[aa8f2c493e3c0f95]::time::driver::Driver<tokio[aa8f2c493e3c0f95]::park::either::Either<tokio[aa8f2c493e3c0f95]::io::driver::Driver, tokio[aa8f2c493e3c0f95]::park::thread::ParkThread>>, tokio[aa8f2c493e3c0f95]::park::either::Either<tokio[aa8f2c493e3c0f95]::io::driver::Driver, tokio[aa8f2c493e3c0f95]::park::thread::ParkThread>>>>::block_on<<tokio[aa8f2c493e3c0f95]::task::local::LocalSet>::run_until<url_shortener[a1f13169bab6b591]::urls::redis_url_repo::tests::test_next_key::{closure#0}>::{closure#0}>::{closure#0}, (), tokio[aa8f2c493e3c0f95]::park::either::Either<tokio[aa8f2c493e3c0f95]::time::driver::Driver<tokio[aa8f2c493e3c0f95]::park::either::Either<tokio[aa8f2c493e3c0f95]::io::driver::Driver, tokio[aa8f2c493e3c0f95]::park::thread::ParkThread>>, tokio[aa8f2c493e3c0f95]::park::either::Either<tokio[aa8f2c493e3c0f95]::io::driver::Driver, tokio[aa8f2c493e3c0f95]::park::thread::ParkThread>>>::{closure#0}, ()>
[INFO] [stdout]   17:     0x61563925ecf2 - tokio[aa8f2c493e3c0f95]::runtime::basic_scheduler::enter::<<tokio[aa8f2c493e3c0f95]::runtime::basic_scheduler::BasicScheduler<tokio[aa8f2c493e3c0f95]::park::either::Either<tokio[aa8f2c493e3c0f95]::time::driver::Driver<tokio[aa8f2c493e3c0f95]::park::either::Either<tokio[aa8f2c493e3c0f95]::io::driver::Driver, tokio[aa8f2c493e3c0f95]::park::thread::ParkThread>>, tokio[aa8f2c493e3c0f95]::park::either::Either<tokio[aa8f2c493e3c0f95]::io::driver::Driver, tokio[aa8f2c493e3c0f95]::park::thread::ParkThread>>>>::block_on<<tokio[aa8f2c493e3c0f95]::task::local::LocalSet>::run_until<url_shortener[a1f13169bab6b591]::urls::redis_url_repo::tests::test_next_key::{closure#0}>::{closure#0}>::{closure#0}, (), tokio[aa8f2c493e3c0f95]::park::either::Either<tokio[aa8f2c493e3c0f95]::time::driver::Driver<tokio[aa8f2c493e3c0f95]::park::either::Either<tokio[aa8f2c493e3c0f95]::io::driver::Driver, tokio[aa8f2c493e3c0f95]::park::thread::ParkThread>>, tokio[aa8f2c493e3c0f95]::park::either::Either<tokio[aa8f2c493e3c0f95]::io::driver::Driver, tokio[aa8f2c493e3c0f95]::park::thread::ParkThread>>>
[INFO] [stdout]   18:     0x6156392654ac - tokio[aa8f2c493e3c0f95]::runtime::context::enter::<<tokio[aa8f2c493e3c0f95]::runtime::Runtime>::block_on<<tokio[aa8f2c493e3c0f95]::task::local::LocalSet>::run_until<url_shortener[a1f13169bab6b591]::urls::redis_url_repo::tests::test_next_key::{closure#0}>::{closure#0}>::{closure#0}, ()>
[INFO] [stdout]   19:     0x615639292c30 - <actix_rt[d799cc6e22c94fc2]::builder::SystemRunner>::block_on::<url_shortener[a1f13169bab6b591]::urls::redis_url_repo::tests::test_next_key::{closure#0}, ()>
[INFO] [stdout]   20:     0x615639285242 - <url_shortener[a1f13169bab6b591]::urls::redis_url_repo::tests::test_next_key::{closure#0} as core[df12db4294e9bfd3]::ops::function::FnOnce<()>>::call_once
[INFO] [stdout]   21:     0x6156392a1a8b - test[9d35eded1c95d3be]::__rust_begin_short_backtrace::<core[df12db4294e9bfd3]::result::Result<(), alloc[2182bb758b4b3781]::string::String>, fn() -> core[df12db4294e9bfd3]::result::Result<(), alloc[2182bb758b4b3781]::string::String>>
[INFO] [stdout]   22:     0x6156392af0f5 - test[9d35eded1c95d3be]::run_test::{closure#0}
[INFO] [stdout]   23:     0x6156392a89b4 - std[70759c8f55707aa4]::sys::backtrace::__rust_begin_short_backtrace::<test[9d35eded1c95d3be]::run_test::{closure#1}, ()>
[INFO] [stdout]   24:     0x6156392b2252 - <std[70759c8f55707aa4]::thread::lifecycle::spawn_unchecked<test[9d35eded1c95d3be]::run_test::{closure#1}, ()>::{closure#1} as core[df12db4294e9bfd3]::ops::function::FnOnce<()>>::call_once::{shim:vtable#0}
[INFO] [stdout]   25:     0x615639464ea9 - <std[70759c8f55707aa4]::sys::thread::unix::Thread>::new::thread_start
[INFO] [stdout]   26:     0x735501fdddfa - <unknown>
[INFO] [stdout]   27:     0x7355020713d4 - clone
[INFO] [stdout]   28:                0x0 - <unknown>
[INFO] [stdout] Panic in Arbiter thread.
[INFO] [stdout] 
[INFO] [stdout] ---- urls::redis_url_repo::tests::test_get_key stdout ----
[INFO] [stdout] 
[INFO] [stdout] thread 'urls::redis_url_repo::tests::test_get_key' (5277) panicked at src/urls/redis_url_repo.rs:175:52:
[INFO] [stdout] REDIS_URL env var needs to be set: NotPresent
[INFO] [stdout] stack backtrace:
[INFO] [stdout]    0:     0x615639465971 - <<std[70759c8f55707aa4]::sys::backtrace::BacktraceLock>::print::DisplayBacktrace as core[df12db4294e9bfd3]::fmt::Display>::fmt
[INFO] [stdout]    1:     0x61563947c6ea - core[df12db4294e9bfd3]::fmt::write
[INFO] [stdout]    2:     0x61563946a38c - <alloc[2182bb758b4b3781]::vec::Vec<u8> as core[df12db4294e9bfd3]::io::write::Write>::write_fmt
[INFO] [stdout]    3:     0x615639440f26 - std[70759c8f55707aa4]::panicking::default_hook::{closure#0}
[INFO] [stdout]    4:     0x61563945da29 - std[70759c8f55707aa4]::panicking::default_hook
[INFO] [stdout]    5:     0x6156392ae7a0 - test[9d35eded1c95d3be]::test_main_inner::<test[9d35eded1c95d3be]::test_main_static::{closure#0}>::{closure#0}
[INFO] [stdout]    6:     0x61563945dbe2 - std[70759c8f55707aa4]::panicking::panic_with_hook
[INFO] [stdout]    7:     0x615639440fd2 - std[70759c8f55707aa4]::panicking::panic_handler::{closure#0}
[INFO] [stdout]    8:     0x615639439a39 - std[70759c8f55707aa4]::sys::backtrace::__rust_end_short_backtrace::<std[70759c8f55707aa4]::panicking::panic_handler::{closure#0}, !>
[INFO] [stdout]    9:     0x615639441e5d - __rustc[8fa7c3cbc660c2b3]::rust_begin_unwind
[INFO] [stdout]   10:     0x61563947ce4c - core[df12db4294e9bfd3]::panicking::panic_fmt
[INFO] [stdout]   11:     0x61563947cc22 - core[df12db4294e9bfd3]::result::unwrap_failed
[INFO] [stdout]   12:     0x61563923e286 - url_shortener[a1f13169bab6b591]::urls::redis_url_repo::tests::setup::{closure#0}
[INFO] [stdout]   13:     0x61563922eb28 - <std[70759c8f55707aa4]::thread::local::LocalKey<core[df12db4294e9bfd3]::cell::Cell<tokio[aa8f2c493e3c0f95]::coop::Budget>>>::with::<tokio[aa8f2c493e3c0f95]::coop::with_budget<core[df12db4294e9bfd3]::task::poll::Poll<()>, <tokio[aa8f2c493e3c0f95]::task::local::RunUntil<url_shortener[a1f13169bab6b591]::urls::redis_url_repo::tests::test_get_key::{closure#0}> as core[df12db4294e9bfd3]::future::future::Future>::poll::{closure#0}::{closure#0}>::{closure#0}, core[df12db4294e9bfd3]::task::poll::Poll<()>>
[INFO] [stdout]   14:     0x61563924cf5f - <tokio[aa8f2c493e3c0f95]::macros::scoped_tls::ScopedKey<tokio[aa8f2c493e3c0f95]::task::local::Context>>::set::<<tokio[aa8f2c493e3c0f95]::task::local::RunUntil<url_shortener[a1f13169bab6b591]::urls::redis_url_repo::tests::test_get_key::{closure#0}> as core[df12db4294e9bfd3]::future::future::Future>::poll::{closure#0}, core[df12db4294e9bfd3]::task::poll::Poll<()>>
[INFO] [stdout]   15:     0x61563922c9fe - <std[70759c8f55707aa4]::thread::local::LocalKey<core[df12db4294e9bfd3]::cell::Cell<tokio[aa8f2c493e3c0f95]::coop::Budget>>>::with::<tokio[aa8f2c493e3c0f95]::coop::with_budget<core[df12db4294e9bfd3]::task::poll::Poll<()>, <tokio[aa8f2c493e3c0f95]::runtime::shell::Shell>::block_on<<tokio[aa8f2c493e3c0f95]::task::local::LocalSet>::run_until<url_shortener[a1f13169bab6b591]::urls::redis_url_repo::tests::test_get_key::{closure#0}>::{closure#0}>::{closure#0}>::{closure#0}, core[df12db4294e9bfd3]::task::poll::Poll<()>>
[INFO] [stdout]   16:     0x61563924e24f - <tokio[aa8f2c493e3c0f95]::macros::scoped_tls::ScopedKey<tokio[aa8f2c493e3c0f95]::runtime::basic_scheduler::Context>>::set::<tokio[aa8f2c493e3c0f95]::runtime::basic_scheduler::enter<<tokio[aa8f2c493e3c0f95]::runtime::basic_scheduler::BasicScheduler<tokio[aa8f2c493e3c0f95]::park::either::Either<tokio[aa8f2c493e3c0f95]::time::driver::Driver<tokio[aa8f2c493e3c0f95]::park::either::Either<tokio[aa8f2c493e3c0f95]::io::driver::Driver, tokio[aa8f2c493e3c0f95]::park::thread::ParkThread>>, tokio[aa8f2c493e3c0f95]::park::either::Either<tokio[aa8f2c493e3c0f95]::io::driver::Driver, tokio[aa8f2c493e3c0f95]::park::thread::ParkThread>>>>::block_on<<tokio[aa8f2c493e3c0f95]::task::local::LocalSet>::run_until<url_shortener[a1f13169bab6b591]::urls::redis_url_repo::tests::test_get_key::{closure#0}>::{closure#0}>::{closure#0}, (), tokio[aa8f2c493e3c0f95]::park::either::Either<tokio[aa8f2c493e3c0f95]::time::driver::Driver<tokio[aa8f2c493e3c0f95]::park::either::Either<tokio[aa8f2c493e3c0f95]::io::driver::Driver, tokio[aa8f2c493e3c0f95]::park::thread::ParkThread>>, tokio[aa8f2c493e3c0f95]::park::either::Either<tokio[aa8f2c493e3c0f95]::io::driver::Driver, tokio[aa8f2c493e3c0f95]::park::thread::ParkThread>>>::{closure#0}, ()>
[INFO] [stdout]   17:     0x61563925e9c2 - tokio[aa8f2c493e3c0f95]::runtime::basic_scheduler::enter::<<tokio[aa8f2c493e3c0f95]::runtime::basic_scheduler::BasicScheduler<tokio[aa8f2c493e3c0f95]::park::either::Either<tokio[aa8f2c493e3c0f95]::time::driver::Driver<tokio[aa8f2c493e3c0f95]::park::either::Either<tokio[aa8f2c493e3c0f95]::io::driver::Driver, tokio[aa8f2c493e3c0f95]::park::thread::ParkThread>>, tokio[aa8f2c493e3c0f95]::park::either::Either<tokio[aa8f2c493e3c0f95]::io::driver::Driver, tokio[aa8f2c493e3c0f95]::park::thread::ParkThread>>>>::block_on<<tokio[aa8f2c493e3c0f95]::task::local::LocalSet>::run_until<url_shortener[a1f13169bab6b591]::urls::redis_url_repo::tests::test_get_key::{closure#0}>::{closure#0}>::{closure#0}, (), tokio[aa8f2c493e3c0f95]::park::either::Either<tokio[aa8f2c493e3c0f95]::time::driver::Driver<tokio[aa8f2c493e3c0f95]::park::either::Either<tokio[aa8f2c493e3c0f95]::io::driver::Driver, tokio[aa8f2c493e3c0f95]::park::thread::ParkThread>>, tokio[aa8f2c493e3c0f95]::park::either::Either<tokio[aa8f2c493e3c0f95]::io::driver::Driver, tokio[aa8f2c493e3c0f95]::park::thread::ParkThread>>>
[INFO] [stdout]   18:     0x6156392651dc - tokio[aa8f2c493e3c0f95]::runtime::context::enter::<<tokio[aa8f2c493e3c0f95]::runtime::Runtime>::block_on<<tokio[aa8f2c493e3c0f95]::task::local::LocalSet>::run_until<url_shortener[a1f13169bab6b591]::urls::redis_url_repo::tests::test_get_key::{closure#0}>::{closure#0}>::{closure#0}, ()>
[INFO] [stdout]   19:     0x615639292939 - <actix_rt[d799cc6e22c94fc2]::builder::SystemRunner>::block_on::<url_shortener[a1f13169bab6b591]::urls::redis_url_repo::tests::test_get_key::{closure#0}, ()>
[INFO] [stdout]   20:     0x615639284fa8 - <url_shortener[a1f13169bab6b591]::urls::redis_url_repo::tests::test_get_key::{closure#0} as core[df12db4294e9bfd3]::ops::function::FnOnce<()>>::call_once
[INFO] [stdout]   21:     0x6156392a1a8b - test[9d35eded1c95d3be]::__rust_begin_short_backtrace::<core[df12db4294e9bfd3]::result::Result<(), alloc[2182bb758b4b3781]::string::String>, fn() -> core[df12db4294e9bfd3]::result::Result<(), alloc[2182bb758b4b3781]::string::String>>
[INFO] [stdout]   22:     0x6156392af0f5 - test[9d35eded1c95d3be]::run_test::{closure#0}
[INFO] [stdout]   23:     0x6156392a89b4 - std[70759c8f55707aa4]::sys::backtrace::__rust_begin_short_backtrace::<test[9d35eded1c95d3be]::run_test::{closure#1}, ()>
[INFO] [stdout]   24:     0x6156392b2252 - <std[70759c8f55707aa4]::thread::lifecycle::spawn_unchecked<test[9d35eded1c95d3be]::run_test::{closure#1}, ()>::{closure#1} as core[df12db4294e9bfd3]::ops::function::FnOnce<()>>::call_once::{shim:vtable#0}
[INFO] [stdout]   25:     0x615639464ea9 - <std[70759c8f55707aa4]::sys::thread::unix::Thread>::new::thread_start
[INFO] [stdout]   26:     0x735501fdddfa - <unknown>
[INFO] [stdout]   27:     0x7355020713d4 - clone
[INFO] [stdout]   28:                0x0 - <unknown>
[INFO] [stdout] Panic in Arbiter thread.
[INFO] [stdout] 
[INFO] [stdout] ---- urls::redis_url_repo::tests::get_urls_for_user stdout ----
[INFO] [stdout] 
[INFO] [stdout] thread 'urls::redis_url_repo::tests::get_urls_for_user' (5272) panicked at src/urls/redis_url_repo.rs:175:52:
[INFO] [stdout] REDIS_URL env var needs to be set: NotPresent
[INFO] [stdout] stack backtrace:
[INFO] [stdout]    0:     0x615639465971 - <<std[70759c8f55707aa4]::sys::backtrace::BacktraceLock>::print::DisplayBacktrace as core[df12db4294e9bfd3]::fmt::Display>::fmt
[INFO] [stdout]    1:     0x61563947c6ea - core[df12db4294e9bfd3]::fmt::write
[INFO] [stdout]    2:     0x61563946a38c - <alloc[2182bb758b4b3781]::vec::Vec<u8> as core[df12db4294e9bfd3]::io::write::Write>::write_fmt
[INFO] [stdout]    3:     0x615639440f26 - std[70759c8f55707aa4]::panicking::default_hook::{closure#0}
[INFO] [stdout]    4:     0x61563945da29 - std[70759c8f55707aa4]::panicking::default_hook
[INFO] [stdout]    5:     0x6156392ae7a0 - test[9d35eded1c95d3be]::test_main_inner::<test[9d35eded1c95d3be]::test_main_static::{closure#0}>::{closure#0}
[INFO] [stdout]    6:     0x61563945dbe2 - std[70759c8f55707aa4]::panicking::panic_with_hook
[INFO] [stdout]    7:     0x615639440fd2 - std[70759c8f55707aa4]::panicking::panic_handler::{closure#0}
[INFO] [stdout]    8:     0x615639439a39 - std[70759c8f55707aa4]::sys::backtrace::__rust_end_short_backtrace::<std[70759c8f55707aa4]::panicking::panic_handler::{closure#0}, !>
[INFO] [stdout]    9:     0x615639441e5d - __rustc[8fa7c3cbc660c2b3]::rust_begin_unwind
[INFO] [stdout]   10:     0x61563947ce4c - core[df12db4294e9bfd3]::panicking::panic_fmt
[INFO] [stdout]   11:     0x61563947cc22 - core[df12db4294e9bfd3]::result::unwrap_failed
[INFO] [stdout]   12:     0x61563923e286 - url_shortener[a1f13169bab6b591]::urls::redis_url_repo::tests::setup::{closure#0}
[INFO] [stdout]   13:     0x61563922fb8b - <std[70759c8f55707aa4]::thread::local::LocalKey<core[df12db4294e9bfd3]::cell::Cell<tokio[aa8f2c493e3c0f95]::coop::Budget>>>::with::<tokio[aa8f2c493e3c0f95]::coop::with_budget<core[df12db4294e9bfd3]::task::poll::Poll<()>, <tokio[aa8f2c493e3c0f95]::task::local::RunUntil<url_shortener[a1f13169bab6b591]::urls::redis_url_repo::tests::get_urls_for_user::{closure#0}> as core[df12db4294e9bfd3]::future::future::Future>::poll::{closure#0}::{closure#0}>::{closure#0}, core[df12db4294e9bfd3]::task::poll::Poll<()>>
[INFO] [stdout]   14:     0x61563924d39f - <tokio[aa8f2c493e3c0f95]::macros::scoped_tls::ScopedKey<tokio[aa8f2c493e3c0f95]::task::local::Context>>::set::<<tokio[aa8f2c493e3c0f95]::task::local::RunUntil<url_shortener[a1f13169bab6b591]::urls::redis_url_repo::tests::get_urls_for_user::{closure#0}> as core[df12db4294e9bfd3]::future::future::Future>::poll::{closure#0}, core[df12db4294e9bfd3]::task::poll::Poll<()>>
[INFO] [stdout]   15:     0x61563922d047 - <std[70759c8f55707aa4]::thread::local::LocalKey<core[df12db4294e9bfd3]::cell::Cell<tokio[aa8f2c493e3c0f95]::coop::Budget>>>::with::<tokio[aa8f2c493e3c0f95]::coop::with_budget<core[df12db4294e9bfd3]::task::poll::Poll<()>, <tokio[aa8f2c493e3c0f95]::runtime::shell::Shell>::block_on<<tokio[aa8f2c493e3c0f95]::task::local::LocalSet>::run_until<url_shortener[a1f13169bab6b591]::urls::redis_url_repo::tests::get_urls_for_user::{closure#0}>::{closure#0}>::{closure#0}>::{closure#0}, core[df12db4294e9bfd3]::task::poll::Poll<()>>
[INFO] [stdout]   16:     0x61563924fa8c - <tokio[aa8f2c493e3c0f95]::macros::scoped_tls::ScopedKey<tokio[aa8f2c493e3c0f95]::runtime::basic_scheduler::Context>>::set::<tokio[aa8f2c493e3c0f95]::runtime::basic_scheduler::enter<<tokio[aa8f2c493e3c0f95]::runtime::basic_scheduler::BasicScheduler<tokio[aa8f2c493e3c0f95]::park::either::Either<tokio[aa8f2c493e3c0f95]::time::driver::Driver<tokio[aa8f2c493e3c0f95]::park::either::Either<tokio[aa8f2c493e3c0f95]::io::driver::Driver, tokio[aa8f2c493e3c0f95]::park::thread::ParkThread>>, tokio[aa8f2c493e3c0f95]::park::either::Either<tokio[aa8f2c493e3c0f95]::io::driver::Driver, tokio[aa8f2c493e3c0f95]::park::thread::ParkThread>>>>::block_on<<tokio[aa8f2c493e3c0f95]::task::local::LocalSet>::run_until<url_shortener[a1f13169bab6b591]::urls::redis_url_repo::tests::get_urls_for_user::{closure#0}>::{closure#0}>::{closure#0}, (), tokio[aa8f2c493e3c0f95]::park::either::Either<tokio[aa8f2c493e3c0f95]::time::driver::Driver<tokio[aa8f2c493e3c0f95]::park::either::Either<tokio[aa8f2c493e3c0f95]::io::driver::Driver, tokio[aa8f2c493e3c0f95]::park::thread::ParkThread>>, tokio[aa8f2c493e3c0f95]::park::either::Either<tokio[aa8f2c493e3c0f95]::io::driver::Driver, tokio[aa8f2c493e3c0f95]::park::thread::ParkThread>>>::{closure#0}, ()>
[INFO] [stdout]   17:     0x61563925ee02 - tokio[aa8f2c493e3c0f95]::runtime::basic_scheduler::enter::<<tokio[aa8f2c493e3c0f95]::runtime::basic_scheduler::BasicScheduler<tokio[aa8f2c493e3c0f95]::park::either::Either<tokio[aa8f2c493e3c0f95]::time::driver::Driver<tokio[aa8f2c493e3c0f95]::park::either::Either<tokio[aa8f2c493e3c0f95]::io::driver::Driver, tokio[aa8f2c493e3c0f95]::park::thread::ParkThread>>, tokio[aa8f2c493e3c0f95]::park::either::Either<tokio[aa8f2c493e3c0f95]::io::driver::Driver, tokio[aa8f2c493e3c0f95]::park::thread::ParkThread>>>>::block_on<<tokio[aa8f2c493e3c0f95]::task::local::LocalSet>::run_until<url_shortener[a1f13169bab6b591]::urls::redis_url_repo::tests::get_urls_for_user::{closure#0}>::{closure#0}>::{closure#0}, (), tokio[aa8f2c493e3c0f95]::park::either::Either<tokio[aa8f2c493e3c0f95]::time::driver::Driver<tokio[aa8f2c493e3c0f95]::park::either::Either<tokio[aa8f2c493e3c0f95]::io::driver::Driver, tokio[aa8f2c493e3c0f95]::park::thread::ParkThread>>, tokio[aa8f2c493e3c0f95]::park::either::Either<tokio[aa8f2c493e3c0f95]::io::driver::Driver, tokio[aa8f2c493e3c0f95]::park::thread::ParkThread>>>
[INFO] [stdout]   18:     0x61563926559c - tokio[aa8f2c493e3c0f95]::runtime::context::enter::<<tokio[aa8f2c493e3c0f95]::runtime::Runtime>::block_on<<tokio[aa8f2c493e3c0f95]::task::local::LocalSet>::run_until<url_shortener[a1f13169bab6b591]::urls::redis_url_repo::tests::get_urls_for_user::{closure#0}>::{closure#0}>::{closure#0}, ()>
[INFO] [stdout]   19:     0x615639292d30 - <actix_rt[d799cc6e22c94fc2]::builder::SystemRunner>::block_on::<url_shortener[a1f13169bab6b591]::urls::redis_url_repo::tests::get_urls_for_user::{closure#0}, ()>
[INFO] [stdout]   20:     0x61563928532a - <url_shortener[a1f13169bab6b591]::urls::redis_url_repo::tests::get_urls_for_user::{closure#0} as core[df12db4294e9bfd3]::ops::function::FnOnce<()>>::call_once
[INFO] [stdout]   21:     0x6156392a1a8b - test[9d35eded1c95d3be]::__rust_begin_short_backtrace::<core[df12db4294e9bfd3]::result::Result<(), alloc[2182bb758b4b3781]::string::String>, fn() -> core[df12db4294e9bfd3]::result::Result<(), alloc[2182bb758b4b3781]::string::String>>
[INFO] [stdout]   22:     0x6156392af0f5 - test[9d35eded1c95d3be]::run_test::{closure#0}
[INFO] [stdout]   23:     0x6156392a89b4 - std[70759c8f55707aa4]::sys::backtrace::__rust_begin_short_backtrace::<test[9d35eded1c95d3be]::run_test::{closure#1}, ()>
[INFO] [stdout]   24:     0x6156392b2252 - <std[70759c8f55707aa4]::thread::lifecycle::spawn_unchecked<test[9d35eded1c95d3be]::run_test::{closure#1}, ()>::{closure#1} as core[df12db4294e9bfd3]::ops::function::FnOnce<()>>::call_once::{shim:vtable#0}
[INFO] [stdout]   25:     0x615639464ea9 - <std[70759c8f55707aa4]::sys::thread::unix::Thread>::new::thread_start
[INFO] [stdout]   26:     0x735501fdddfa - <unknown>
[INFO] [stdout]   27:     0x7355020713d4 - clone
[INFO] [stdout]   28:                0x0 - <unknown>
[INFO] [stdout] Panic in Arbiter thread.
[INFO] [stdout] 
[INFO] [stdout] ---- urls::redis_url_repo::tests::test_generate_for_user stdout ----
[INFO] [stdout] 
[INFO] [stdout] thread 'urls::redis_url_repo::tests::test_generate_for_user' (5276) panicked at src/urls/redis_url_repo.rs:175:52:
[INFO] [stdout] REDIS_URL env var needs to be set: NotPresent
[INFO] [stdout] stack backtrace:
[INFO] [stdout]    0:     0x615639465971 - <<std[70759c8f55707aa4]::sys::backtrace::BacktraceLock>::print::DisplayBacktrace as core[df12db4294e9bfd3]::fmt::Display>::fmt
[INFO] [stdout]    1:     0x61563947c6ea - core[df12db4294e9bfd3]::fmt::write
[INFO] [stdout]    2:     0x61563946a38c - <alloc[2182bb758b4b3781]::vec::Vec<u8> as core[df12db4294e9bfd3]::io::write::Write>::write_fmt
[INFO] [stdout]    3:     0x615639440f26 - std[70759c8f55707aa4]::panicking::default_hook::{closure#0}
[INFO] [stdout]    4:     0x61563945da29 - std[70759c8f55707aa4]::panicking::default_hook
[INFO] [stdout]    5:     0x6156392ae7a0 - test[9d35eded1c95d3be]::test_main_inner::<test[9d35eded1c95d3be]::test_main_static::{closure#0}>::{closure#0}
[INFO] [stdout]    6:     0x61563945dbe2 - std[70759c8f55707aa4]::panicking::panic_with_hook
[INFO] [stdout]    7:     0x615639440fd2 - std[70759c8f55707aa4]::panicking::panic_handler::{closure#0}
[INFO] [stdout]    8:     0x615639439a39 - std[70759c8f55707aa4]::sys::backtrace::__rust_end_short_backtrace::<std[70759c8f55707aa4]::panicking::panic_handler::{closure#0}, !>
[INFO] [stdout]    9:     0x615639441e5d - __rustc[8fa7c3cbc660c2b3]::rust_begin_unwind
[INFO] [stdout]   10:     0x61563947ce4c - core[df12db4294e9bfd3]::panicking::panic_fmt
[INFO] [stdout]   11:     0x61563947cc22 - core[df12db4294e9bfd3]::result::unwrap_failed
[INFO] [stdout]   12:     0x61563923e286 - url_shortener[a1f13169bab6b591]::urls::redis_url_repo::tests::setup::{closure#0}
[INFO] [stdout]   13:     0x615639232436 - <std[70759c8f55707aa4]::thread::local::LocalKey<core[df12db4294e9bfd3]::cell::Cell<tokio[aa8f2c493e3c0f95]::coop::Budget>>>::with::<tokio[aa8f2c493e3c0f95]::coop::with_budget<core[df12db4294e9bfd3]::task::poll::Poll<()>, <tokio[aa8f2c493e3c0f95]::task::local::RunUntil<url_shortener[a1f13169bab6b591]::urls::redis_url_repo::tests::test_generate_for_user::{closure#0}> as core[df12db4294e9bfd3]::future::future::Future>::poll::{closure#0}::{closure#0}>::{closure#0}, core[df12db4294e9bfd3]::task::poll::Poll<()>>
[INFO] [stdout]   14:     0x61563924d6cf - <tokio[aa8f2c493e3c0f95]::macros::scoped_tls::ScopedKey<tokio[aa8f2c493e3c0f95]::task::local::Context>>::set::<<tokio[aa8f2c493e3c0f95]::task::local::RunUntil<url_shortener[a1f13169bab6b591]::urls::redis_url_repo::tests::test_generate_for_user::{closure#0}> as core[df12db4294e9bfd3]::future::future::Future>::poll::{closure#0}, core[df12db4294e9bfd3]::task::poll::Poll<()>>
[INFO] [stdout]   15:     0x61563922d497 - <std[70759c8f55707aa4]::thread::local::LocalKey<core[df12db4294e9bfd3]::cell::Cell<tokio[aa8f2c493e3c0f95]::coop::Budget>>>::with::<tokio[aa8f2c493e3c0f95]::coop::with_budget<core[df12db4294e9bfd3]::task::poll::Poll<()>, <tokio[aa8f2c493e3c0f95]::runtime::shell::Shell>::block_on<<tokio[aa8f2c493e3c0f95]::task::local::LocalSet>::run_until<url_shortener[a1f13169bab6b591]::urls::redis_url_repo::tests::test_generate_for_user::{closure#0}>::{closure#0}>::{closure#0}>::{closure#0}, core[df12db4294e9bfd3]::task::poll::Poll<()>>
[INFO] [stdout]   16:     0x615639250adc - <tokio[aa8f2c493e3c0f95]::macros::scoped_tls::ScopedKey<tokio[aa8f2c493e3c0f95]::runtime::basic_scheduler::Context>>::set::<tokio[aa8f2c493e3c0f95]::runtime::basic_scheduler::enter<<tokio[aa8f2c493e3c0f95]::runtime::basic_scheduler::BasicScheduler<tokio[aa8f2c493e3c0f95]::park::either::Either<tokio[aa8f2c493e3c0f95]::time::driver::Driver<tokio[aa8f2c493e3c0f95]::park::either::Either<tokio[aa8f2c493e3c0f95]::io::driver::Driver, tokio[aa8f2c493e3c0f95]::park::thread::ParkThread>>, tokio[aa8f2c493e3c0f95]::park::either::Either<tokio[aa8f2c493e3c0f95]::io::driver::Driver, tokio[aa8f2c493e3c0f95]::park::thread::ParkThread>>>>::block_on<<tokio[aa8f2c493e3c0f95]::task::local::LocalSet>::run_until<url_shortener[a1f13169bab6b591]::urls::redis_url_repo::tests::test_generate_for_user::{closure#0}>::{closure#0}>::{closure#0}, (), tokio[aa8f2c493e3c0f95]::park::either::Either<tokio[aa8f2c493e3c0f95]::time::driver::Driver<tokio[aa8f2c493e3c0f95]::park::either::Either<tokio[aa8f2c493e3c0f95]::io::driver::Driver, tokio[aa8f2c493e3c0f95]::park::thread::ParkThread>>, tokio[aa8f2c493e3c0f95]::park::either::Either<tokio[aa8f2c493e3c0f95]::io::driver::Driver, tokio[aa8f2c493e3c0f95]::park::thread::ParkThread>>>::{closure#0}, ()>
[INFO] [stdout]   17:     0x61563925f132 - tokio[aa8f2c493e3c0f95]::runtime::basic_scheduler::enter::<<tokio[aa8f2c493e3c0f95]::runtime::basic_scheduler::BasicScheduler<tokio[aa8f2c493e3c0f95]::park::either::Either<tokio[aa8f2c493e3c0f95]::time::driver::Driver<tokio[aa8f2c493e3c0f95]::park::either::Either<tokio[aa8f2c493e3c0f95]::io::driver::Driver, tokio[aa8f2c493e3c0f95]::park::thread::ParkThread>>, tokio[aa8f2c493e3c0f95]::park::either::Either<tokio[aa8f2c493e3c0f95]::io::driver::Driver, tokio[aa8f2c493e3c0f95]::park::thread::ParkThread>>>>::block_on<<tokio[aa8f2c493e3c0f95]::task::local::LocalSet>::run_until<url_shortener[a1f13169bab6b591]::urls::redis_url_repo::tests::test_generate_for_user::{closure#0}>::{closure#0}>::{closure#0}, (), tokio[aa8f2c493e3c0f95]::park::either::Either<tokio[aa8f2c493e3c0f95]::time::driver::Driver<tokio[aa8f2c493e3c0f95]::park::either::Either<tokio[aa8f2c493e3c0f95]::io::driver::Driver, tokio[aa8f2c493e3c0f95]::park::thread::ParkThread>>, tokio[aa8f2c493e3c0f95]::park::either::Either<tokio[aa8f2c493e3c0f95]::io::driver::Driver, tokio[aa8f2c493e3c0f95]::park::thread::ParkThread>>>
[INFO] [stdout]   18:     0x61563926586c - tokio[aa8f2c493e3c0f95]::runtime::context::enter::<<tokio[aa8f2c493e3c0f95]::runtime::Runtime>::block_on<<tokio[aa8f2c493e3c0f95]::task::local::LocalSet>::run_until<url_shortener[a1f13169bab6b591]::urls::redis_url_repo::tests::test_generate_for_user::{closure#0}>::{closure#0}>::{closure#0}, ()>
[INFO] [stdout]   19:     0x615639293030 - <actix_rt[d799cc6e22c94fc2]::builder::SystemRunner>::block_on::<url_shortener[a1f13169bab6b591]::urls::redis_url_repo::tests::test_generate_for_user::{closure#0}, ()>
[INFO] [stdout]   20:     0x6156392855af - <url_shortener[a1f13169bab6b591]::urls::redis_url_repo::tests::test_generate_for_user::{closure#0} as core[df12db4294e9bfd3]::ops::function::FnOnce<()>>::call_once
[INFO] [stdout]   21:     0x6156392a1a8b - test[9d35eded1c95d3be]::__rust_begin_short_backtrace::<core[df12db4294e9bfd3]::result::Result<(), alloc[2182bb758b4b3781]::string::String>, fn() -> core[df12db4294e9bfd3]::result::Result<(), alloc[2182bb758b4b3781]::string::String>>
[INFO] [stdout]   22:     0x6156392af0f5 - test[9d35eded1c95d3be]::run_test::{closure#0}
[INFO] [stdout]   23:     0x6156392a89b4 - std[70759c8f55707aa4]::sys::backtrace::__rust_begin_short_backtrace::<test[9d35eded1c95d3be]::run_test::{closure#1}, ()>
[INFO] [stdout]   24:     0x6156392b2252 - <std[70759c8f55707aa4]::thread::lifecycle::spawn_unchecked<test[9d35eded1c95d3be]::run_test::{closure#1}, ()>::{closure#1} as core[df12db4294e9bfd3]::ops::function::FnOnce<()>>::call_once::{shim:vtable#0}
[INFO] [stdout]   25:     0x615639464ea9 - <std[70759c8f55707aa4]::sys::thread::unix::Thread>::new::thread_start
[INFO] [stdout]   26:     0x735501fdddfa - <unknown>
[INFO] [stdout]   27:     0x7355020713d4 - clone
[INFO] [stdout]   28:                0x0 - <unknown>
[INFO] [stdout] Panic in Arbiter thread.
[INFO] [stdout] 
[INFO] [stdout] ---- urls::redis_url_repo::tests::test_generate_and_get stdout ----
[INFO] [stdout] 
[INFO] [stdout] thread 'urls::redis_url_repo::tests::test_generate_and_get' (5275) panicked at src/urls/redis_url_repo.rs:175:52:
[INFO] [stdout] REDIS_URL env var needs to be set: NotPresent
[INFO] [stdout] stack backtrace:
[INFO] [stdout]    0:     0x615639465971 - <<std[70759c8f55707aa4]::sys::backtrace::BacktraceLock>::print::DisplayBacktrace as core[df12db4294e9bfd3]::fmt::Display>::fmt
[INFO] [stdout]    1:     0x61563947c6ea - core[df12db4294e9bfd3]::fmt::write
[INFO] [stdout]    2:     0x61563946a38c - <alloc[2182bb758b4b3781]::vec::Vec<u8> as core[df12db4294e9bfd3]::io::write::Write>::write_fmt
[INFO] [stdout]    3:     0x615639440f26 - std[70759c8f55707aa4]::panicking::default_hook::{closure#0}
[INFO] [stdout]    4:     0x61563945da29 - std[70759c8f55707aa4]::panicking::default_hook
[INFO] [stdout]    5:     0x6156392ae7a0 - test[9d35eded1c95d3be]::test_main_inner::<test[9d35eded1c95d3be]::test_main_static::{closure#0}>::{closure#0}
[INFO] [stdout]    6:     0x61563945dbe2 - std[70759c8f55707aa4]::panicking::panic_with_hook
[INFO] [stdout]    7:     0x615639440fd2 - std[70759c8f55707aa4]::panicking::panic_handler::{closure#0}
[INFO] [stdout]    8:     0x615639439a39 - std[70759c8f55707aa4]::sys::backtrace::__rust_end_short_backtrace::<std[70759c8f55707aa4]::panicking::panic_handler::{closure#0}, !>
[INFO] [stdout]    9:     0x615639441e5d - __rustc[8fa7c3cbc660c2b3]::rust_begin_unwind
[INFO] [stdout]   10:     0x61563947ce4c - core[df12db4294e9bfd3]::panicking::panic_fmt
[INFO] [stdout]   11:     0x61563947cc22 - core[df12db4294e9bfd3]::result::unwrap_failed
[INFO] [stdout]   12:     0x61563923e286 - url_shortener[a1f13169bab6b591]::urls::redis_url_repo::tests::setup::{closure#0}
[INFO] [stdout]   13:     0x615639231b43 - <std[70759c8f55707aa4]::thread::local::LocalKey<core[df12db4294e9bfd3]::cell::Cell<tokio[aa8f2c493e3c0f95]::coop::Budget>>>::with::<tokio[aa8f2c493e3c0f95]::coop::with_budget<core[df12db4294e9bfd3]::task::poll::Poll<()>, <tokio[aa8f2c493e3c0f95]::task::local::RunUntil<url_shortener[a1f13169bab6b591]::urls::redis_url_repo::tests::test_generate_and_get::{closure#0}> as core[df12db4294e9bfd3]::future::future::Future>::poll::{closure#0}::{closure#0}>::{closure#0}, core[df12db4294e9bfd3]::task::poll::Poll<()>>
[INFO] [stdout]   14:     0x61563924d5bf - <tokio[aa8f2c493e3c0f95]::macros::scoped_tls::ScopedKey<tokio[aa8f2c493e3c0f95]::task::local::Context>>::set::<<tokio[aa8f2c493e3c0f95]::task::local::RunUntil<url_shortener[a1f13169bab6b591]::urls::redis_url_repo::tests::test_generate_and_get::{closure#0}> as core[df12db4294e9bfd3]::future::future::Future>::poll::{closure#0}, core[df12db4294e9bfd3]::task::poll::Poll<()>>
[INFO] [stdout]   15:     0x61563922d327 - <std[70759c8f55707aa4]::thread::local::LocalKey<core[df12db4294e9bfd3]::cell::Cell<tokio[aa8f2c493e3c0f95]::coop::Budget>>>::with::<tokio[aa8f2c493e3c0f95]::coop::with_budget<core[df12db4294e9bfd3]::task::poll::Poll<()>, <tokio[aa8f2c493e3c0f95]::runtime::shell::Shell>::block_on<<tokio[aa8f2c493e3c0f95]::task::local::LocalSet>::run_until<url_shortener[a1f13169bab6b591]::urls::redis_url_repo::tests::test_generate_and_get::{closure#0}>::{closure#0}>::{closure#0}>::{closure#0}, core[df12db4294e9bfd3]::task::poll::Poll<()>>
[INFO] [stdout]   16:     0x61563925056c - <tokio[aa8f2c493e3c0f95]::macros::scoped_tls::ScopedKey<tokio[aa8f2c493e3c0f95]::runtime::basic_scheduler::Context>>::set::<tokio[aa8f2c493e3c0f95]::runtime::basic_scheduler::enter<<tokio[aa8f2c493e3c0f95]::runtime::basic_scheduler::BasicScheduler<tokio[aa8f2c493e3c0f95]::park::either::Either<tokio[aa8f2c493e3c0f95]::time::driver::Driver<tokio[aa8f2c493e3c0f95]::park::either::Either<tokio[aa8f2c493e3c0f95]::io::driver::Driver, tokio[aa8f2c493e3c0f95]::park::thread::ParkThread>>, tokio[aa8f2c493e3c0f95]::park::either::Either<tokio[aa8f2c493e3c0f95]::io::driver::Driver, tokio[aa8f2c493e3c0f95]::park::thread::ParkThread>>>>::block_on<<tokio[aa8f2c493e3c0f95]::task::local::LocalSet>::run_until<url_shortener[a1f13169bab6b591]::urls::redis_url_repo::tests::test_generate_and_get::{closure#0}>::{closure#0}>::{closure#0}, (), tokio[aa8f2c493e3c0f95]::park::either::Either<tokio[aa8f2c493e3c0f95]::time::driver::Driver<tokio[aa8f2c493e3c0f95]::park::either::Either<tokio[aa8f2c493e3c0f95]::io::driver::Driver, tokio[aa8f2c493e3c0f95]::park::thread::ParkThread>>, tokio[aa8f2c493e3c0f95]::park::either::Either<tokio[aa8f2c493e3c0f95]::io::driver::Driver, tokio[aa8f2c493e3c0f95]::park::thread::ParkThread>>>::{closure#0}, ()>
[INFO] [stdout]   17:     0x61563925f022 - tokio[aa8f2c493e3c0f95]::runtime::basic_scheduler::enter::<<tokio[aa8f2c493e3c0f95]::runtime::basic_scheduler::BasicScheduler<tokio[aa8f2c493e3c0f95]::park::either::Either<tokio[aa8f2c493e3c0f95]::time::driver::Driver<tokio[aa8f2c493e3c0f95]::park::either::Either<tokio[aa8f2c493e3c0f95]::io::driver::Driver, tokio[aa8f2c493e3c0f95]::park::thread::ParkThread>>, tokio[aa8f2c493e3c0f95]::park::either::Either<tokio[aa8f2c493e3c0f95]::io::driver::Driver, tokio[aa8f2c493e3c0f95]::park::thread::ParkThread>>>>::block_on<<tokio[aa8f2c493e3c0f95]::task::local::LocalSet>::run_until<url_shortener[a1f13169bab6b591]::urls::redis_url_repo::tests::test_generate_and_get::{closure#0}>::{closure#0}>::{closure#0}, (), tokio[aa8f2c493e3c0f95]::park::either::Either<tokio[aa8f2c493e3c0f95]::time::driver::Driver<tokio[aa8f2c493e3c0f95]::park::either::Either<tokio[aa8f2c493e3c0f95]::io::driver::Driver, tokio[aa8f2c493e3c0f95]::park::thread::ParkThread>>, tokio[aa8f2c493e3c0f95]::park::either::Either<tokio[aa8f2c493e3c0f95]::io::driver::Driver, tokio[aa8f2c493e3c0f95]::park::thread::ParkThread>>>
[INFO] [stdout]   18:     0x61563926577c - tokio[aa8f2c493e3c0f95]::runtime::context::enter::<<tokio[aa8f2c493e3c0f95]::runtime::Runtime>::block_on<<tokio[aa8f2c493e3c0f95]::task::local::LocalSet>::run_until<url_shortener[a1f13169bab6b591]::urls::redis_url_repo::tests::test_generate_and_get::{closure#0}>::{closure#0}>::{closure#0}, ()>
[INFO] [stdout]   19:     0x615639292f30 - <actix_rt[d799cc6e22c94fc2]::builder::SystemRunner>::block_on::<url_shortener[a1f13169bab6b591]::urls::redis_url_repo::tests::test_generate_and_get::{closure#0}, ()>
[INFO] [stdout]   20:     0x6156392854db - <url_shortener[a1f13169bab6b591]::urls::redis_url_repo::tests::test_generate_and_get::{closure#0} as core[df12db4294e9bfd3]::ops::function::FnOnce<()>>::call_once
[INFO] [stdout]   21:     0x6156392a1a8b - test[9d35eded1c95d3be]::__rust_begin_short_backtrace::<core[df12db4294e9bfd3]::result::Result<(), alloc[2182bb758b4b3781]::string::String>, fn() -> core[df12db4294e9bfd3]::result::Result<(), alloc[2182bb758b4b3781]::string::String>>
[INFO] [stdout]   22:     0x6156392af0f5 - test[9d35eded1c95d3be]::run_test::{closure#0}
[INFO] [stdout]   23:     0x6156392a89b4 - std[70759c8f55707aa4]::sys::backtrace::__rust_begin_short_backtrace::<test[9d35eded1c95d3be]::run_test::{closure#1}, ()>
[INFO] [stdout]   24:     0x6156392b2252 - <std[70759c8f55707aa4]::thread::lifecycle::spawn_unchecked<test[9d35eded1c95d3be]::run_test::{closure#1}, ()>::{closure#1} as core[df12db4294e9bfd3]::ops::function::FnOnce<()>>::call_once::{shim:vtable#0}
[INFO] [stdout]   25:     0x615639464ea9 - <std[70759c8f55707aa4]::sys::thread::unix::Thread>::new::thread_start
[INFO] [stdout]   26:     0x735501fdddfa - <unknown>
[INFO] [stdout]   27:     0x7355020713d4 - clone
[INFO] [stdout]   28:                0x0 - <unknown>
[INFO] [stdout] Panic in Arbiter thread.
[INFO] [stdout] 
[INFO] [stdout] ---- urls::redis_url_repo::tests::test_incr stdout ----
[INFO] [stdout] 
[INFO] [stdout] thread 'urls::redis_url_repo::tests::test_incr' (5278) panicked at src/urls/redis_url_repo.rs:175:52:
[INFO] [stdout] REDIS_URL env var needs to be set: NotPresent
[INFO] [stdout] stack backtrace:
[INFO] [stdout]    0:     0x615639465971 - <<std[70759c8f55707aa4]::sys::backtrace::BacktraceLock>::print::DisplayBacktrace as core[df12db4294e9bfd3]::fmt::Display>::fmt
[INFO] [stdout]    1:     0x61563947c6ea - core[df12db4294e9bfd3]::fmt::write
[INFO] [stdout]    2:     0x61563946a38c - <alloc[2182bb758b4b3781]::vec::Vec<u8> as core[df12db4294e9bfd3]::io::write::Write>::write_fmt
[INFO] [stdout]    3:     0x615639440f26 - std[70759c8f55707aa4]::panicking::default_hook::{closure#0}
[INFO] [stdout]    4:     0x61563945da29 - std[70759c8f55707aa4]::panicking::default_hook
[INFO] [stdout]    5:     0x6156392ae7a0 - test[9d35eded1c95d3be]::test_main_inner::<test[9d35eded1c95d3be]::test_main_static::{closure#0}>::{closure#0}
[INFO] [stdout]    6:     0x61563945dbe2 - std[70759c8f55707aa4]::panicking::panic_with_hook
[INFO] [stdout]    7:     0x615639440fd2 - std[70759c8f55707aa4]::panicking::panic_handler::{closure#0}
[INFO] [stdout]    8:     0x615639439a39 - std[70759c8f55707aa4]::sys::backtrace::__rust_end_short_backtrace::<std[70759c8f55707aa4]::panicking::panic_handler::{closure#0}, !>
[INFO] [stdout]    9:     0x615639441e5d - __rustc[8fa7c3cbc660c2b3]::rust_begin_unwind
[INFO] [stdout]   10:     0x61563947ce4c - core[df12db4294e9bfd3]::panicking::panic_fmt
[INFO] [stdout]   11:     0x61563947cc22 - core[df12db4294e9bfd3]::result::unwrap_failed
[INFO] [stdout]   12:     0x61563923e286 - url_shortener[a1f13169bab6b591]::urls::redis_url_repo::tests::setup::{closure#0}
[INFO] [stdout]   13:     0x6156392328c3 - <std[70759c8f55707aa4]::thread::local::LocalKey<core[df12db4294e9bfd3]::cell::Cell<tokio[aa8f2c493e3c0f95]::coop::Budget>>>::with::<tokio[aa8f2c493e3c0f95]::coop::with_budget<core[df12db4294e9bfd3]::task::poll::Poll<()>, <tokio[aa8f2c493e3c0f95]::task::local::RunUntil<url_shortener[a1f13169bab6b591]::urls::redis_url_repo::tests::test_incr::{closure#0}> as core[df12db4294e9bfd3]::future::future::Future>::poll::{closure#0}::{closure#0}>::{closure#0}, core[df12db4294e9bfd3]::task::poll::Poll<()>>
[INFO] [stdout]   14:     0x61563924d7df - <tokio[aa8f2c493e3c0f95]::macros::scoped_tls::ScopedKey<tokio[aa8f2c493e3c0f95]::task::local::Context>>::set::<<tokio[aa8f2c493e3c0f95]::task::local::RunUntil<url_shortener[a1f13169bab6b591]::urls::redis_url_repo::tests::test_incr::{closure#0}> as core[df12db4294e9bfd3]::future::future::Future>::poll::{closure#0}, core[df12db4294e9bfd3]::task::poll::Poll<()>>
[INFO] [stdout]   15:     0x61563922d607 - <std[70759c8f55707aa4]::thread::local::LocalKey<core[df12db4294e9bfd3]::cell::Cell<tokio[aa8f2c493e3c0f95]::coop::Budget>>>::with::<tokio[aa8f2c493e3c0f95]::coop::with_budget<core[df12db4294e9bfd3]::task::poll::Poll<()>, <tokio[aa8f2c493e3c0f95]::runtime::shell::Shell>::block_on<<tokio[aa8f2c493e3c0f95]::task::local::LocalSet>::run_until<url_shortener[a1f13169bab6b591]::urls::redis_url_repo::tests::test_incr::{closure#0}>::{closure#0}>::{closure#0}>::{closure#0}, core[df12db4294e9bfd3]::task::poll::Poll<()>>
[INFO] [stdout]   16:     0x61563925104c - <tokio[aa8f2c493e3c0f95]::macros::scoped_tls::ScopedKey<tokio[aa8f2c493e3c0f95]::runtime::basic_scheduler::Context>>::set::<tokio[aa8f2c493e3c0f95]::runtime::basic_scheduler::enter<<tokio[aa8f2c493e3c0f95]::runtime::basic_scheduler::BasicScheduler<tokio[aa8f2c493e3c0f95]::park::either::Either<tokio[aa8f2c493e3c0f95]::time::driver::Driver<tokio[aa8f2c493e3c0f95]::park::either::Either<tokio[aa8f2c493e3c0f95]::io::driver::Driver, tokio[aa8f2c493e3c0f95]::park::thread::ParkThread>>, tokio[aa8f2c493e3c0f95]::park::either::Either<tokio[aa8f2c493e3c0f95]::io::driver::Driver, tokio[aa8f2c493e3c0f95]::park::thread::ParkThread>>>>::block_on<<tokio[aa8f2c493e3c0f95]::task::local::LocalSet>::run_until<url_shortener[a1f13169bab6b591]::urls::redis_url_repo::tests::test_incr::{closure#0}>::{closure#0}>::{closure#0}, (), tokio[aa8f2c493e3c0f95]::park::either::Either<tokio[aa8f2c493e3c0f95]::time::driver::Driver<tokio[aa8f2c493e3c0f95]::park::either::Either<tokio[aa8f2c493e3c0f95]::io::driver::Driver, tokio[aa8f2c493e3c0f95]::park::thread::ParkThread>>, tokio[aa8f2c493e3c0f95]::park::either::Either<tokio[aa8f2c493e3c0f95]::io::driver::Driver, tokio[aa8f2c493e3c0f95]::park::thread::ParkThread>>>::{closure#0}, ()>
[INFO] [stdout]   17:     0x61563925f242 - tokio[aa8f2c493e3c0f95]::runtime::basic_scheduler::enter::<<tokio[aa8f2c493e3c0f95]::runtime::basic_scheduler::BasicScheduler<tokio[aa8f2c493e3c0f95]::park::either::Either<tokio[aa8f2c493e3c0f95]::time::driver::Driver<tokio[aa8f2c493e3c0f95]::park::either::Either<tokio[aa8f2c493e3c0f95]::io::driver::Driver, tokio[aa8f2c493e3c0f95]::park::thread::ParkThread>>, tokio[aa8f2c493e3c0f95]::park::either::Either<tokio[aa8f2c493e3c0f95]::io::driver::Driver, tokio[aa8f2c493e3c0f95]::park::thread::ParkThread>>>>::block_on<<tokio[aa8f2c493e3c0f95]::task::local::LocalSet>::run_until<url_shortener[a1f13169bab6b591]::urls::redis_url_repo::tests::test_incr::{closure#0}>::{closure#0}>::{closure#0}, (), tokio[aa8f2c493e3c0f95]::park::either::Either<tokio[aa8f2c493e3c0f95]::time::driver::Driver<tokio[aa8f2c493e3c0f95]::park::either::Either<tokio[aa8f2c493e3c0f95]::io::driver::Driver, tokio[aa8f2c493e3c0f95]::park::thread::ParkThread>>, tokio[aa8f2c493e3c0f95]::park::either::Either<tokio[aa8f2c493e3c0f95]::io::driver::Driver, tokio[aa8f2c493e3c0f95]::park::thread::ParkThread>>>
[INFO] [stdout]   18:     0x61563926595c - tokio[aa8f2c493e3c0f95]::runtime::context::enter::<<tokio[aa8f2c493e3c0f95]::runtime::Runtime>::block_on<<tokio[aa8f2c493e3c0f95]::task::local::LocalSet>::run_until<url_shortener[a1f13169bab6b591]::urls::redis_url_repo::tests::test_incr::{closure#0}>::{closure#0}>::{closure#0}, ()>
[INFO] [stdout]   19:     0x615639293130 - <actix_rt[d799cc6e22c94fc2]::builder::SystemRunner>::block_on::<url_shortener[a1f13169bab6b591]::urls::redis_url_repo::tests::test_incr::{closure#0}, ()>
[INFO] [stdout]   20:     0x615639285680 - <url_shortener[a1f13169bab6b591]::urls::redis_url_repo::tests::test_incr::{closure#0} as core[df12db4294e9bfd3]::ops::function::FnOnce<()>>::call_once
[INFO] [stdout]   21:     0x6156392a1a8b - test[9d35eded1c95d3be]::__rust_begin_short_backtrace::<core[df12db4294e9bfd3]::result::Result<(), alloc[2182bb758b4b3781]::string::String>, fn() -> core[df12db4294e9bfd3]::result::Result<(), alloc[2182bb758b4b3781]::string::String>>
[INFO] [stdout]   22:     0x6156392af0f5 - test[9d35eded1c95d3be]::run_test::{closure#0}
[INFO] [stdout]   23:     0x6156392a89b4 - std[70759c8f55707aa4]::sys::backtrace::__rust_begin_short_backtrace::<test[9d35eded1c95d3be]::run_test::{closure#1}, ()>
[INFO] [stdout]   24:     0x6156392b2252 - <std[70759c8f55707aa4]::thread::lifecycle::spawn_unchecked<test[9d35eded1c95d3be]::run_test::{closure#1}, ()>::{closure#1} as core[df12db4294e9bfd3]::ops::function::FnOnce<()>>::call_once::{shim:vtable#0}
[INFO] [stdout]   25:     0x615639464ea9 - <std[70759c8f55707aa4]::sys::thread::unix::Thread>::new::thread_start
[INFO] [stdout]   26:     0x735501fdddfa - <unknown>
[INFO] [stdout]   27:     0x7355020713d4 - clone
[INFO] [stdout]   28:                0x0 - <unknown>
[INFO] [stdout] Panic in Arbiter thread.
[INFO] [stdout] 
[INFO] [stdout] ---- urls::redis_url_repo::tests::test_new_user stdout ----
[INFO] [stdout] 
[INFO] [stdout] thread 'urls::redis_url_repo::tests::test_new_user' (5279) panicked at src/urls/redis_url_repo.rs:175:52:
[INFO] [stdout] REDIS_URL env var needs to be set: NotPresent
[INFO] [stdout] stack backtrace:
[INFO] [stdout]    0:     0x615639465971 - <<std[70759c8f55707aa4]::sys::backtrace::BacktraceLock>::print::DisplayBacktrace as core[df12db4294e9bfd3]::fmt::Display>::fmt
[INFO] [stdout]    1:     0x61563947c6ea - core[df12db4294e9bfd3]::fmt::write
[INFO] [stdout]    2:     0x61563946a38c - <alloc[2182bb758b4b3781]::vec::Vec<u8> as core[df12db4294e9bfd3]::io::write::Write>::write_fmt
[INFO] [stdout]    3:     0x615639440f26 - std[70759c8f55707aa4]::panicking::default_hook::{closure#0}
[INFO] [stdout]    4:     0x61563945da29 - std[70759c8f55707aa4]::panicking::default_hook
[INFO] [stdout]    5:     0x6156392ae7a0 - test[9d35eded1c95d3be]::test_main_inner::<test[9d35eded1c95d3be]::test_main_static::{closure#0}>::{closure#0}
[INFO] [stdout]    6:     0x61563945dbe2 - std[70759c8f55707aa4]::panicking::panic_with_hook
[INFO] [stdout]    7:     0x615639440fd2 - std[70759c8f55707aa4]::panicking::panic_handler::{closure#0}
[INFO] [stdout]    8:     0x615639439a39 - std[70759c8f55707aa4]::sys::backtrace::__rust_end_short_backtrace::<std[70759c8f55707aa4]::panicking::panic_handler::{closure#0}, !>
[INFO] [stdout]    9:     0x615639441e5d - __rustc[8fa7c3cbc660c2b3]::rust_begin_unwind
[INFO] [stdout]   10:     0x61563947ce4c - core[df12db4294e9bfd3]::panicking::panic_fmt
[INFO] [stdout]   11:     0x61563947cc22 - core[df12db4294e9bfd3]::result::unwrap_failed
[INFO] [stdout]   12:     0x61563923e286 - url_shortener[a1f13169bab6b591]::urls::redis_url_repo::tests::setup::{closure#0}
[INFO] [stdout]   13:     0x61563922f1bb - <std[70759c8f55707aa4]::thread::local::LocalKey<core[df12db4294e9bfd3]::cell::Cell<tokio[aa8f2c493e3c0f95]::coop::Budget>>>::with::<tokio[aa8f2c493e3c0f95]::coop::with_budget<core[df12db4294e9bfd3]::task::poll::Poll<()>, <tokio[aa8f2c493e3c0f95]::task::local::RunUntil<url_shortener[a1f13169bab6b591]::urls::redis_url_repo::tests::test_new_user::{closure#0}> as core[df12db4294e9bfd3]::future::future::Future>::poll::{closure#0}::{closure#0}>::{closure#0}, core[df12db4294e9bfd3]::task::poll::Poll<()>>
[INFO] [stdout]   14:     0x61563924d17f - <tokio[aa8f2c493e3c0f95]::macros::scoped_tls::ScopedKey<tokio[aa8f2c493e3c0f95]::task::local::Context>>::set::<<tokio[aa8f2c493e3c0f95]::task::local::RunUntil<url_shortener[a1f13169bab6b591]::urls::redis_url_repo::tests::test_new_user::{closure#0}> as core[df12db4294e9bfd3]::future::future::Future>::poll::{closure#0}, core[df12db4294e9bfd3]::task::poll::Poll<()>>
[INFO] [stdout]   15:     0x61563922cd67 - <std[70759c8f55707aa4]::thread::local::LocalKey<core[df12db4294e9bfd3]::cell::Cell<tokio[aa8f2c493e3c0f95]::coop::Budget>>>::with::<tokio[aa8f2c493e3c0f95]::coop::with_budget<core[df12db4294e9bfd3]::task::poll::Poll<()>, <tokio[aa8f2c493e3c0f95]::runtime::shell::Shell>::block_on<<tokio[aa8f2c493e3c0f95]::task::local::LocalSet>::run_until<url_shortener[a1f13169bab6b591]::urls::redis_url_repo::tests::test_new_user::{closure#0}>::{closure#0}>::{closure#0}>::{closure#0}, core[df12db4294e9bfd3]::task::poll::Poll<()>>
[INFO] [stdout]   16:     0x61563924efac - <tokio[aa8f2c493e3c0f95]::macros::scoped_tls::ScopedKey<tokio[aa8f2c493e3c0f95]::runtime::basic_scheduler::Context>>::set::<tokio[aa8f2c493e3c0f95]::runtime::basic_scheduler::enter<<tokio[aa8f2c493e3c0f95]::runtime::basic_scheduler::BasicScheduler<tokio[aa8f2c493e3c0f95]::park::either::Either<tokio[aa8f2c493e3c0f95]::time::driver::Driver<tokio[aa8f2c493e3c0f95]::park::either::Either<tokio[aa8f2c493e3c0f95]::io::driver::Driver, tokio[aa8f2c493e3c0f95]::park::thread::ParkThread>>, tokio[aa8f2c493e3c0f95]::park::either::Either<tokio[aa8f2c493e3c0f95]::io::driver::Driver, tokio[aa8f2c493e3c0f95]::park::thread::ParkThread>>>>::block_on<<tokio[aa8f2c493e3c0f95]::task::local::LocalSet>::run_until<url_shortener[a1f13169bab6b591]::urls::redis_url_repo::tests::test_new_user::{closure#0}>::{closure#0}>::{closure#0}, (), tokio[aa8f2c493e3c0f95]::park::either::Either<tokio[aa8f2c493e3c0f95]::time::driver::Driver<tokio[aa8f2c493e3c0f95]::park::either::Either<tokio[aa8f2c493e3c0f95]::io::driver::Driver, tokio[aa8f2c493e3c0f95]::park::thread::ParkThread>>, tokio[aa8f2c493e3c0f95]::park::either::Either<tokio[aa8f2c493e3c0f95]::io::driver::Driver, tokio[aa8f2c493e3c0f95]::park::thread::ParkThread>>>::{closure#0}, ()>
[INFO] [stdout]   17:     0x61563925ebe2 - tokio[aa8f2c493e3c0f95]::runtime::basic_scheduler::enter::<<tokio[aa8f2c493e3c0f95]::runtime::basic_scheduler::BasicScheduler<tokio[aa8f2c493e3c0f95]::park::either::Either<tokio[aa8f2c493e3c0f95]::time::driver::Driver<tokio[aa8f2c493e3c0f95]::park::either::Either<tokio[aa8f2c493e3c0f95]::io::driver::Driver, tokio[aa8f2c493e3c0f95]::park::thread::ParkThread>>, tokio[aa8f2c493e3c0f95]::park::either::Either<tokio[aa8f2c493e3c0f95]::io::driver::Driver, tokio[aa8f2c493e3c0f95]::park::thread::ParkThread>>>>::block_on<<tokio[aa8f2c493e3c0f95]::task::local::LocalSet>::run_until<url_shortener[a1f13169bab6b591]::urls::redis_url_repo::tests::test_new_user::{closure#0}>::{closure#0}>::{closure#0}, (), tokio[aa8f2c493e3c0f95]::park::either::Either<tokio[aa8f2c493e3c0f95]::time::driver::Driver<tokio[aa8f2c493e3c0f95]::park::either::Either<tokio[aa8f2c493e3c0f95]::io::driver::Driver, tokio[aa8f2c493e3c0f95]::park::thread::ParkThread>>, tokio[aa8f2c493e3c0f95]::park::either::Either<tokio[aa8f2c493e3c0f95]::io::driver::Driver, tokio[aa8f2c493e3c0f95]::park::thread::ParkThread>>>
[INFO] [stdout]   18:     0x6156392653bc - tokio[aa8f2c493e3c0f95]::runtime::context::enter::<<tokio[aa8f2c493e3c0f95]::runtime::Runtime>::block_on<<tokio[aa8f2c493e3c0f95]::task::local::LocalSet>::run_until<url_shortener[a1f13169bab6b591]::urls::redis_url_repo::tests::test_new_user::{closure#0}>::{closure#0}>::{closure#0}, ()>
[INFO] [stdout]   19:     0x615639292b30 - <actix_rt[d799cc6e22c94fc2]::builder::SystemRunner>::block_on::<url_shortener[a1f13169bab6b591]::urls::redis_url_repo::tests::test_new_user::{closure#0}, ()>
[INFO] [stdout]   20:     0x615639285162 - <url_shortener[a1f13169bab6b591]::urls::redis_url_repo::tests::test_new_user::{closure#0} as core[df12db4294e9bfd3]::ops::function::FnOnce<()>>::call_once
[INFO] [stdout]   21:     0x6156392a1a8b - test[9d35eded1c95d3be]::__rust_begin_short_backtrace::<core[df12db4294e9bfd3]::result::Result<(), alloc[2182bb758b4b3781]::string::String>, fn() -> core[df12db4294e9bfd3]::result::Result<(), alloc[2182bb758b4b3781]::string::String>>
[INFO] [stdout]   22:     0x6156392af0f5 - test[9d35eded1c95d3be]::run_test::{closure#0}
[INFO] [stdout]   23:     0x6156392a89b4 - std[70759c8f55707aa4]::sys::backtrace::__rust_begin_short_backtrace::<test[9d35eded1c95d3be]::run_test::{closure#1}, ()>
[INFO] [stdout]   24:     0x6156392b2252 - <std[70759c8f55707aa4]::thread::lifecycle::spawn_unchecked<test[9d35eded1c95d3be]::run_test::{closure#1}, ()>::{closure#1} as core[df12db4294e9bfd3]::ops::function::FnOnce<()>>::call_once::{shim:vtable#0}
[INFO] [stdout]   25:     0x615639464ea9 - <std[70759c8f55707aa4]::sys::thread::unix::Thread>::new::thread_start
[INFO] [stdout]   26:     0x735501fdddfa - <unknown>
[INFO] [stdout]   27:     0x7355020713d4 - clone
[INFO] [stdout]   28:                0x0 - <unknown>
[INFO] [stdout] Panic in Arbiter thread.
[INFO] [stdout] 
[INFO] [stdout] 
[INFO] [stdout] failures:
[INFO] [stdout]     urls::redis_url_repo::tests::get_urls_for_user
[INFO] [stdout]     urls::redis_url_repo::tests::test_count_for_user
[INFO] [stdout]     urls::redis_url_repo::tests::test_generate
[INFO] [stdout]     urls::redis_url_repo::tests::test_generate_and_get
[INFO] [stdout]     urls::redis_url_repo::tests::test_generate_for_user
[INFO] [stdout]     urls::redis_url_repo::tests::test_get_key
[INFO] [stdout]     urls::redis_url_repo::tests::test_incr
[INFO] [stdout]     urls::redis_url_repo::tests::test_new_user
[INFO] [stdout]     urls::redis_url_repo::tests::test_next_key
[INFO] [stdout] 
[INFO] [stdout] test result: FAILED. 4 passed; 9 failed; 0 ignored; 0 measured; 0 filtered out; finished in 0.01s
[INFO] [stdout] 
[INFO] running `Command { std: "docker" "inspect" "4aba3a354ab0184bda72660fd242a7f24dce491220509f845f5d55356c892786", kill_on_drop: false }`
[INFO] running `Command { std: "docker" "rm" "-f" "4aba3a354ab0184bda72660fd242a7f24dce491220509f845f5d55356c892786", kill_on_drop: false }`
[INFO] [stdout] 4aba3a354ab0184bda72660fd242a7f24dce491220509f845f5d55356c892786
