[INFO] cloning repository https://github.com/AlesPokorny/rustier-chess
[INFO] running `Command { std: "git" "-c" "credential.helper=" "-c" "credential.helper=/workspace/cargo-home/bin/git-credential-null" "clone" "--bare" "https://github.com/AlesPokorny/rustier-chess" "/workspace/cache/git-repos/https%3A%2F%2Fgithub.com%2FAlesPokorny%2Frustier-chess", kill_on_drop: false }`
[INFO] [stderr] Cloning into bare repository '/workspace/cache/git-repos/https%3A%2F%2Fgithub.com%2FAlesPokorny%2Frustier-chess'...
[INFO] running `Command { std: "git" "rev-parse" "HEAD", kill_on_drop: false }`
[INFO] [stdout] d4fa00fe280cd7a51a7e31cea5b31df890a2d829
[INFO] testing AlesPokorny/rustier-chess against 1.100.0-beta.1+cargoflags=--release for beta-release-1.100-2
[INFO] running `Command { std: "git" "clone" "/workspace/cache/git-repos/https%3A%2F%2Fgithub.com%2FAlesPokorny%2Frustier-chess" "/workspace/builds/worker-1-tc2/source", kill_on_drop: false }`
[INFO] [stderr] Cloning into '/workspace/builds/worker-1-tc2/source'...
[INFO] [stderr] done.
[INFO] started tweaking git repo https://github.com/AlesPokorny/rustier-chess
[INFO] finished tweaking git repo https://github.com/AlesPokorny/rustier-chess
[INFO] tweaked toml for git repo https://github.com/AlesPokorny/rustier-chess written to /workspace/builds/worker-1-tc2/source/Cargo.toml
[INFO] validating manifest of git repo https://github.com/AlesPokorny/rustier-chess on toolchain 1.100.0-beta.1
[INFO] running `Command { std: CARGO_HOME="/workspace/cargo-home" RUSTUP_HOME="/workspace/rustup-home" "/workspace/cargo-home/bin/cargo" "+1.100.0-beta.1" "metadata" "--manifest-path" "Cargo.toml" "--no-deps", kill_on_drop: false }`
[INFO] crate git repo https://github.com/AlesPokorny/rustier-chess already has a lockfile, it will not be regenerated
[INFO] running `Command { std: CARGO_HOME="/workspace/cargo-home" RUSTUP_HOME="/workspace/rustup-home" "/workspace/cargo-home/bin/cargo" "+1.100.0-beta.1" "fetch" "--manifest-path" "Cargo.toml", kill_on_drop: false }`
[INFO] [stderr] warning: Cargo.toml: `edition` is set on binary `rustier-chess-bin` which is deprecated
[INFO] [stderr] warning: `rustier-chess` (manifest) generated 1 warning
[INFO] running `Command { std: "docker" "create" "-v" "/var/lib/crater-agent-workspace/builds/worker-1-tc2/source:/opt/rustwide/workdir:ro,Z" "-v" "/var/lib/crater-agent-workspace/builds/worker-1-tc2/target:/opt/rustwide/target:rw,Z" "-v" "/var/lib/crater-agent-workspace/cargo-home:/opt/rustwide/cargo-home:ro,Z" "-v" "/var/lib/crater-agent-workspace/rustup-home:/opt/rustwide/rustup-home:ro,Z" "-m" "1610612736" "--network" "none" "ghcr.io/rust-lang/crates-build-env/linux@sha256:77db811e55d90add9212f6832c23229e3de5f1c1f9905e8cb07319ea15df73ac" "sleep" "infinity", kill_on_drop: false }`
[INFO] [stdout] 161fce93538c67fed9a49a456d52c9dcbec0afb6b072052f5a120a4ba4b3080a
[INFO] running `Command { std: "docker" "start" "161fce93538c67fed9a49a456d52c9dcbec0afb6b072052f5a120a4ba4b3080a", kill_on_drop: false }`
[INFO] running `Command { std: "docker" "inspect" "161fce93538c67fed9a49a456d52c9dcbec0afb6b072052f5a120a4ba4b3080a", kill_on_drop: false }`
[INFO] running `Command { std: "docker" "exec" "-e" "SOURCE_DIR=/opt/rustwide/workdir" "-e" "CARGO_HOME=/opt/rustwide/cargo-home" "-e" "RUSTUP_HOME=/opt/rustwide/rustup-home" "-e" "CARGO_TARGET_DIR=/opt/rustwide/target" "-w" "/opt/rustwide/workdir" "--user" "0:0" "161fce93538c67fed9a49a456d52c9dcbec0afb6b072052f5a120a4ba4b3080a" "/opt/rustwide/cargo-home/bin/cargo" "+1.100.0-beta.1" "metadata" "--no-deps" "--format-version=1", kill_on_drop: false }`
[INFO] running `Command { std: "docker" "inspect" "161fce93538c67fed9a49a456d52c9dcbec0afb6b072052f5a120a4ba4b3080a", kill_on_drop: false }`
[INFO] running `Command { std: "docker" "exec" "-e" "SOURCE_DIR=/opt/rustwide/workdir" "-e" "CARGO_HOME=/opt/rustwide/cargo-home" "-e" "RUSTUP_HOME=/opt/rustwide/rustup-home" "-e" "CARGO_TARGET_DIR=/opt/rustwide/target" "-e" "CARGO_INCREMENTAL=0" "-e" "RUST_BACKTRACE=full" "-e" "RUSTFLAGS=--cap-lints=warn" "-e" "RUSTDOCFLAGS=--cap-lints=warn" "-w" "/opt/rustwide/workdir" "--user" "0:0" "161fce93538c67fed9a49a456d52c9dcbec0afb6b072052f5a120a4ba4b3080a" "/opt/rustwide/cargo-home/bin/cargo" "+1.100.0-beta.1" "build" "--frozen" "--message-format=json" "--release", kill_on_drop: false }`
[INFO] [stderr] warning: Cargo.toml: `edition` is set on binary `rustier-chess-bin` which is deprecated
[INFO] [stderr] warning: `rustier-chess` (manifest) generated 1 warning
[INFO] [stderr]    Compiling proc-macro2 v1.0.93
[INFO] [stderr]    Compiling unicode-ident v1.0.14
[INFO] [stderr]    Compiling libc v0.2.169
[INFO] [stderr]    Compiling crossbeam-utils v0.8.21
[INFO] [stderr]    Compiling getrandom v0.3.1
[INFO] [stderr]    Compiling zerocopy v0.8.14
[INFO] [stderr]    Compiling byteorder v1.5.0
[INFO] [stderr]    Compiling cfg-if v1.0.0
[INFO] [stderr]    Compiling serde v1.0.217
[INFO] [stderr]    Compiling rayon-core v1.12.1
[INFO] [stderr]    Compiling either v1.13.0
[INFO] [stderr]    Compiling itertools v0.14.0
[INFO] [stderr]    Compiling quote v1.0.38
[INFO] [stderr]    Compiling crossbeam-epoch v0.9.18
[INFO] [stderr]    Compiling syn v2.0.96
[INFO] [stderr]    Compiling crossbeam-deque v0.8.6
[INFO] [stderr]    Compiling rayon v1.10.0
[INFO] [stderr]    Compiling rand_core v0.9.0
[INFO] [stderr]    Compiling zerocopy-derive v0.7.35
[INFO] [stderr]    Compiling serde_derive v1.0.217
[INFO] [stderr]    Compiling zerocopy v0.7.35
[INFO] [stderr]    Compiling bincode v1.3.3
[INFO] [stderr]    Compiling ppv-lite86 v0.2.20
[INFO] [stderr]    Compiling rand_chacha v0.9.0
[INFO] [stderr]    Compiling rand v0.9.0
[INFO] [stderr]    Compiling rustier-chess v0.1.0 (/opt/rustwide/workdir)
[INFO] [stderr] warning: unused dependency `itertools`
[INFO] [stderr]   --> Cargo.toml:16:1
[INFO] [stderr]    |
[INFO] [stderr] 16 | itertools = "0.14.0"
[INFO] [stderr]    | ^^^^^^^^^^^^^^^^^^^^
[INFO] [stderr]    |
[INFO] [stderr]    = note: `cargo::unused_dependencies` is set to `warn` by default
[INFO] [stderr] help: consider removing the dependency on `itertools`
[INFO] [stderr] warning: `rustier-chess` (manifest) generated 1 warning
[INFO] [stderr]     Finished `release` profile [optimized] target(s) in 36.06s
[INFO] running `Command { std: "docker" "inspect" "161fce93538c67fed9a49a456d52c9dcbec0afb6b072052f5a120a4ba4b3080a", kill_on_drop: false }`
[INFO] running `Command { std: "docker" "exec" "-e" "SOURCE_DIR=/opt/rustwide/workdir" "-e" "CARGO_HOME=/opt/rustwide/cargo-home" "-e" "RUSTUP_HOME=/opt/rustwide/rustup-home" "-e" "CARGO_TARGET_DIR=/opt/rustwide/target" "-e" "CARGO_INCREMENTAL=0" "-e" "RUST_BACKTRACE=full" "-e" "RUSTFLAGS=--cap-lints=warn" "-e" "RUSTDOCFLAGS=--cap-lints=warn" "-w" "/opt/rustwide/workdir" "--user" "0:0" "161fce93538c67fed9a49a456d52c9dcbec0afb6b072052f5a120a4ba4b3080a" "/opt/rustwide/cargo-home/bin/cargo" "+1.100.0-beta.1" "test" "--frozen" "--no-run" "--message-format=json" "--release", kill_on_drop: false }`
[INFO] [stderr] warning: Cargo.toml: `edition` is set on binary `rustier-chess-bin` which is deprecated
[INFO] [stderr] warning: `rustier-chess` (manifest) generated 1 warning
[INFO] [stderr]    Compiling once_cell v1.20.2
[INFO] [stderr]    Compiling rustier-chess v0.1.0 (/opt/rustwide/workdir)
[INFO] [stderr] warning: unused dependency `itertools`
[INFO] [stderr]   --> Cargo.toml:16:1
[INFO] [stderr]    |
[INFO] [stderr] 16 | itertools = "0.14.0"
[INFO] [stderr]    | ^^^^^^^^^^^^^^^^^^^^
[INFO] [stderr]    |
[INFO] [stderr]    = note: `cargo::unused_dependencies` is set to `warn` by default
[INFO] [stderr] help: consider removing the dependency on `itertools`
[INFO] [stderr] warning: `rustier-chess` (manifest) generated 1 warning
[INFO] [stderr]     Finished `release` profile [optimized] target(s) in 5.65s
[INFO] running `Command { std: "docker" "inspect" "161fce93538c67fed9a49a456d52c9dcbec0afb6b072052f5a120a4ba4b3080a", kill_on_drop: false }`
[INFO] running `Command { std: "docker" "exec" "-e" "SOURCE_DIR=/opt/rustwide/workdir" "-e" "CARGO_HOME=/opt/rustwide/cargo-home" "-e" "RUSTUP_HOME=/opt/rustwide/rustup-home" "-e" "CARGO_TARGET_DIR=/opt/rustwide/target" "-e" "CARGO_INCREMENTAL=0" "-e" "RUST_BACKTRACE=full" "-e" "RUSTFLAGS=--cap-lints=warn" "-e" "RUSTDOCFLAGS=--cap-lints=warn" "-w" "/opt/rustwide/workdir" "--user" "0:0" "161fce93538c67fed9a49a456d52c9dcbec0afb6b072052f5a120a4ba4b3080a" "/opt/rustwide/cargo-home/bin/cargo" "+1.100.0-beta.1" "test" "--frozen" "--release", kill_on_drop: false }`
[INFO] [stderr] warning: Cargo.toml: `edition` is set on binary `rustier-chess-bin` which is deprecated
[INFO] [stderr] warning: `rustier-chess` (manifest) generated 1 warning
[INFO] [stderr] warning: unused dependency `itertools`
[INFO] [stderr]   --> Cargo.toml:16:1
[INFO] [stderr]    |
[INFO] [stderr] 16 | itertools = "0.14.0"
[INFO] [stderr]    | ^^^^^^^^^^^^^^^^^^^^
[INFO] [stderr]    |
[INFO] [stderr]    = note: `cargo::unused_dependencies` is set to `warn` by default
[INFO] [stderr] help: consider removing the dependency on `itertools`
[INFO] [stderr] warning: `rustier-chess` (manifest) generated 1 warning
[INFO] [stderr]     Finished `release` profile [optimized] target(s) in 0.07s
[INFO] [stderr]      Running unittests src/lib.rs (/opt/rustwide/target/release/build/rustier-chess/9c12601769898fa2/out/rustier_chess-9c12601769898fa2)
[INFO] [stdout] 
[INFO] [stdout] running 34 tests
[INFO] [stdout] test board::test_board::test_to_fen ... ok
[INFO] [stdout] test moves::moves_calculation::test_move_calculation::test_get_black_pawn_moves ... ok
[INFO] [stdout] test moves::moves_calculation::test_move_calculation::test_get_white_pawn_moves ... ok
[INFO] [stdout] test moves::moves_calculation::test_move_calculation::test_get_all_moves ... ok
[INFO] [stdout] test bots::bot::test_bot_evaluation::test_b ... ok
[INFO] [stdout] test moves::moves_calculation::test_move_calculation::test_get_castling_moves_white ... ok
[INFO] [stdout] test moves::moves_calculation::test_move_calculation::test_is_square_in_check ... ok
[INFO] [stdout] test moves::moves_calculation::test_move_calculation::test_get_castling_moves_black ... ok
[INFO] [stdout] test bots::bot::test_bot_evaluation::test_a ... FAILED
[INFO] [stdout] test types::bitboard::test_bitboard::test_get_ones ... ok
[INFO] [stdout] test types::bitboard::test_bitboard::test_get_zeros ... ok
[INFO] [stdout] test types::bitboard::test_bitboard::test_read_bit ... ok
[INFO] [stdout] test types::bitboard::test_bitboard::test_set_one ... ok
[INFO] [stdout] test types::bitboard::test_bitboard::test_set_zero ... ok
[INFO] [stdout] test utils::zobrist::test_zobrist::test_zobrist_castling_hash ... ok
[INFO] [stdout] test utils::zobrist::test_zobrist::test_zobrist_hash_board ... ok
[INFO] [stdout] test utils::zobrist::test_zobrist::test_zobrist_hash_everything_1 ... ok
[INFO] [stdout] test utils::zobrist::test_zobrist::test_zobrist_hash_everything_2 ... ok
[INFO] [stdout] test utils::zobrist::test_zobrist::test_zobrist_hash_everything_3 ... ok
[INFO] [stdout] test utils::zobrist::test_zobrist::test_zobrist_hash_everything_4 ... ok
[INFO] [stdout] test utils::zobrist::test_zobrist::test_zobrist_hash_everything_5 ... ok
[INFO] [stdout] test utils::zobrist::test_zobrist::test_zobrist_hash_everything_6 ... ok
[INFO] [stdout] test utils::zobrist::test_zobrist::test_zobrist_hash_everything_8 ... ok
[INFO] [stdout] test utils::zobrist::test_zobrist::test_zobrist_hash_everything_9 ... ok
[INFO] [stdout] test perft::test_perft::test_poition_4a ... ok
[INFO] [stdout] test utils::zobrist::test_zobrist::test_zobrist_make_unmake ... ok
[INFO] [stdout] test utils::zobrist::test_zobrist::test_zobrist_turn_hash ... ok
[INFO] [stdout] test perft::test_perft::test_poition_4 ... ok
[INFO] [stdout] test utils::zobrist::test_zobrist::test_zobrist_hash_moves ... ok
[INFO] [stdout] test perft::test_perft::test_position_1_default has been running for over 60 seconds
[INFO] [stdout] test perft::test_perft::test_position_2_kiwipete has been running for over 60 seconds
[INFO] [stdout] test perft::test_perft::test_position_3 has been running for over 60 seconds
[INFO] [stdout] test perft::test_perft::test_position_5 has been running for over 60 seconds
[INFO] [stdout] test perft::test_perft::test_position_6 has been running for over 60 seconds
[INFO] [stdout] test perft::test_perft::test_position_5 ... ok
[INFO] [stdout] test perft::test_perft::test_position_6 ... ok
[INFO] [stdout] test perft::test_perft::test_position_1_default ... ok
[INFO] [stdout] test perft::test_perft::test_position_3 ... ok
[INFO] [stderr] error: test failed, to rerun pass `--lib`
[INFO] [stdout] test perft::test_perft::test_position_2_kiwipete ... ok
[INFO] [stdout] 
[INFO] [stdout] failures:
[INFO] [stdout] 
[INFO] [stdout] ---- bots::bot::test_bot_evaluation::test_a stdout ----
[INFO] [stdout] info time for move 10
[INFO] [stdout] info depth 1 seldepth 10
[INFO] [stdout] info score cp -1000000  depth 1 nodes 0
[INFO] [stdout] info nps 0
[INFO] [stdout] Checked 0 nodes
[INFO] [stdout] 
[INFO] [stdout] thread 'bots::bot::test_bot_evaluation::test_a' (703) panicked at src/bots/bot.rs:227:80:
[INFO] [stdout] called `Option::unwrap()` on a `None` value
[INFO] [stdout] stack backtrace:
[INFO] [stdout]    0:     0x6255cfca50b1 - <<std[617be2ca0a6fd877]::sys::backtrace::BacktraceLock>::print::DisplayBacktrace as core[a373ad73a504971]::fmt::Display>::fmt
[INFO] [stdout]    1:     0x6255cfcb985a - core[a373ad73a504971]::fmt::write
[INFO] [stdout]    2:     0x6255cfca92cc - <alloc[2e1b2a31b91974c5]::vec::Vec<u8> as core[a373ad73a504971]::io::write::Write>::write_fmt
[INFO] [stdout]    3:     0x6255cfc812d6 - std[617be2ca0a6fd877]::panicking::default_hook::{closure#0}
[INFO] [stdout]    4:     0x6255cfc9d509 - std[617be2ca0a6fd877]::panicking::default_hook
[INFO] [stdout]    5:     0x6255cfc39800 - test[aada8e7e76ba119b]::test_main_inner::{closure#0}
[INFO] [stdout]    6:     0x6255cfc9d6c2 - std[617be2ca0a6fd877]::panicking::panic_with_hook
[INFO] [stdout]    7:     0x6255cfc813b4 - std[617be2ca0a6fd877]::panicking::panic_handler::{closure#0}
[INFO] [stdout]    8:     0x6255cfc7a099 - std[617be2ca0a6fd877]::sys::backtrace::__rust_end_short_backtrace::<std[617be2ca0a6fd877]::panicking::panic_handler::{closure#0}, !>
[INFO] [stdout]    9:     0x6255cfc81f8d - __rustc[ea4f61d10b84890b]::rust_begin_unwind
[INFO] [stdout]   10:     0x6255cfcb9f8c - core[a373ad73a504971]::panicking::panic_fmt
[INFO] [stdout]   11:     0x6255cfcb9f52 - core[a373ad73a504971]::panicking::panic
[INFO] [stdout]   12:     0x6255cfcb9d09 - core[a373ad73a504971]::option::unwrap_failed
[INFO] [stdout]   13:     0x6255cfc201a0 - <rustier_chess[a5f67e80e110313e]::bots::bot::Bot>::get_best_move
[INFO] [stdout]   14:     0x6255cfc22c97 - <rustier_chess[a5f67e80e110313e]::bots::bot::test_bot_evaluation::test_a::{closure#0} as core[a373ad73a504971]::ops::function::FnOnce<()>>::call_once
[INFO] [stdout]   15:     0x6255cfc2cc4b - test[aada8e7e76ba119b]::__rust_begin_short_backtrace::<core[a373ad73a504971]::result::Result<(), alloc[2e1b2a31b91974c5]::string::String>, fn() -> core[a373ad73a504971]::result::Result<(), alloc[2e1b2a31b91974c5]::string::String>>
[INFO] [stdout]   16:     0x6255cfc39e25 - test[aada8e7e76ba119b]::run_test::{closure#0}
[INFO] [stdout]   17:     0x6255cfc33714 - std[617be2ca0a6fd877]::sys::backtrace::__rust_begin_short_backtrace::<test[aada8e7e76ba119b]::run_test::{closure#1}, ()>
[INFO] [stdout]   18:     0x6255cfc3ceb2 - <std[617be2ca0a6fd877]::thread::lifecycle::spawn_unchecked<test[aada8e7e76ba119b]::run_test::{closure#1}, ()>::{closure#1} as core[a373ad73a504971]::ops::function::FnOnce<()>>::call_once::{shim:vtable#0}
[INFO] [stdout]   19:     0x6255cfca48df - <std[617be2ca0a6fd877]::sys::thread::unix::Thread>::new::thread_start
[INFO] [stdout]   20:     0x76f809786dfa - <unknown>
[INFO] [stdout]   21:     0x76f80981a3d4 - clone
[INFO] [stdout]   22:                0x0 - <unknown>
[INFO] [stdout] 
[INFO] [stdout] 
[INFO] [stdout] failures:
[INFO] [stdout]     bots::bot::test_bot_evaluation::test_a
[INFO] [stdout] 
[INFO] [stdout] test result: FAILED. 33 passed; 1 failed; 0 ignored; 0 measured; 0 filtered out; finished in 92.04s
[INFO] [stdout] 
[INFO] running `Command { std: "docker" "inspect" "161fce93538c67fed9a49a456d52c9dcbec0afb6b072052f5a120a4ba4b3080a", kill_on_drop: false }`
[INFO] running `Command { std: "docker" "rm" "-f" "161fce93538c67fed9a49a456d52c9dcbec0afb6b072052f5a120a4ba4b3080a", kill_on_drop: false }`
[INFO] [stdout] 161fce93538c67fed9a49a456d52c9dcbec0afb6b072052f5a120a4ba4b3080a
