[INFO] cloning repository https://github.com/Ajay-26/rivet
[INFO] running `Command { std: "git" "-c" "credential.helper=" "-c" "credential.helper=/workspace/cargo-home/bin/git-credential-null" "clone" "--bare" "https://github.com/Ajay-26/rivet" "/workspace/cache/git-repos/https%3A%2F%2Fgithub.com%2FAjay-26%2Frivet", kill_on_drop: false }`
[INFO] [stderr] Cloning into bare repository '/workspace/cache/git-repos/https%3A%2F%2Fgithub.com%2FAjay-26%2Frivet'...
[INFO] running `Command { std: "git" "rev-parse" "HEAD", kill_on_drop: false }`
[INFO] [stdout] 1417afc537591be741c452838b3ae79378c7c58e
[INFO] testing Ajay-26/rivet against 1.100.0-beta.1+cargoflags=--release for beta-release-1.100-2
[INFO] running `Command { std: "git" "clone" "/workspace/cache/git-repos/https%3A%2F%2Fgithub.com%2FAjay-26%2Frivet" "/workspace/builds/worker-1-tc2/source", kill_on_drop: false }`
[INFO] [stderr] Cloning into '/workspace/builds/worker-1-tc2/source'...
[INFO] [stderr] done.
[INFO] started tweaking git repo https://github.com/Ajay-26/rivet
[INFO] finished tweaking git repo https://github.com/Ajay-26/rivet
[INFO] tweaked toml for git repo https://github.com/Ajay-26/rivet written to /workspace/builds/worker-1-tc2/source/Cargo.toml
[INFO] validating manifest of git repo https://github.com/Ajay-26/rivet on toolchain 1.100.0-beta.1
[INFO] running `Command { std: CARGO_HOME="/workspace/cargo-home" RUSTUP_HOME="/workspace/rustup-home" "/workspace/cargo-home/bin/cargo" "+1.100.0-beta.1" "metadata" "--manifest-path" "Cargo.toml" "--no-deps", kill_on_drop: false }`
[INFO] crate git repo https://github.com/Ajay-26/rivet already has a lockfile, it will not be regenerated
[INFO] running `Command { std: CARGO_HOME="/workspace/cargo-home" RUSTUP_HOME="/workspace/rustup-home" "/workspace/cargo-home/bin/cargo" "+1.100.0-beta.1" "fetch" "--manifest-path" "Cargo.toml", kill_on_drop: false }`
[INFO] running `Command { std: "docker" "create" "-v" "/var/lib/crater-agent-workspace/builds/worker-1-tc2/source:/opt/rustwide/workdir:ro,Z" "-v" "/var/lib/crater-agent-workspace/builds/worker-1-tc2/target:/opt/rustwide/target:rw,Z" "-v" "/var/lib/crater-agent-workspace/cargo-home:/opt/rustwide/cargo-home:ro,Z" "-v" "/var/lib/crater-agent-workspace/rustup-home:/opt/rustwide/rustup-home:ro,Z" "-m" "1610612736" "--network" "none" "ghcr.io/rust-lang/crates-build-env/linux@sha256:77db811e55d90add9212f6832c23229e3de5f1c1f9905e8cb07319ea15df73ac" "sleep" "infinity", kill_on_drop: false }`
[INFO] [stdout] 9cb10ebc2b89760b268b0220dd67358ce4a780404f33d26461779ebdc4370443
[INFO] running `Command { std: "docker" "start" "9cb10ebc2b89760b268b0220dd67358ce4a780404f33d26461779ebdc4370443", kill_on_drop: false }`
[INFO] running `Command { std: "docker" "inspect" "9cb10ebc2b89760b268b0220dd67358ce4a780404f33d26461779ebdc4370443", kill_on_drop: false }`
[INFO] running `Command { std: "docker" "exec" "-e" "SOURCE_DIR=/opt/rustwide/workdir" "-e" "CARGO_HOME=/opt/rustwide/cargo-home" "-e" "RUSTUP_HOME=/opt/rustwide/rustup-home" "-e" "CARGO_TARGET_DIR=/opt/rustwide/target" "-w" "/opt/rustwide/workdir" "--user" "0:0" "9cb10ebc2b89760b268b0220dd67358ce4a780404f33d26461779ebdc4370443" "/opt/rustwide/cargo-home/bin/cargo" "+1.100.0-beta.1" "metadata" "--no-deps" "--format-version=1", kill_on_drop: false }`
[INFO] running `Command { std: "docker" "inspect" "9cb10ebc2b89760b268b0220dd67358ce4a780404f33d26461779ebdc4370443", kill_on_drop: false }`
[INFO] running `Command { std: "docker" "exec" "-e" "SOURCE_DIR=/opt/rustwide/workdir" "-e" "CARGO_HOME=/opt/rustwide/cargo-home" "-e" "RUSTUP_HOME=/opt/rustwide/rustup-home" "-e" "CARGO_TARGET_DIR=/opt/rustwide/target" "-e" "CARGO_INCREMENTAL=0" "-e" "RUST_BACKTRACE=full" "-e" "RUSTFLAGS=--cap-lints=warn" "-e" "RUSTDOCFLAGS=--cap-lints=warn" "-w" "/opt/rustwide/workdir" "--user" "0:0" "9cb10ebc2b89760b268b0220dd67358ce4a780404f33d26461779ebdc4370443" "/opt/rustwide/cargo-home/bin/cargo" "+1.100.0-beta.1" "build" "--frozen" "--message-format=json" "--release", kill_on_drop: false }`
[INFO] [stderr]    Compiling proc-macro2 v1.0.107
[INFO] [stderr]    Compiling quote v1.0.47
[INFO] [stderr]    Compiling unicode-ident v1.0.24
[INFO] [stderr]    Compiling serde_core v1.0.229
[INFO] [stderr]    Compiling zmij v1.0.23
[INFO] [stderr]    Compiling serde v1.0.229
[INFO] [stderr]    Compiling serde_json v1.0.151
[INFO] [stderr]    Compiling itoa v1.0.18
[INFO] [stderr]    Compiling memchr v2.8.3
[INFO] [stderr]    Compiling syn v3.0.4
[INFO] [stderr]    Compiling serde_derive v1.0.229
[INFO] [stderr]    Compiling rivet-core v0.1.0 (/opt/rustwide/workdir/crates/rivet-core)
[INFO] [stderr]    Compiling rivet-worker v0.1.0 (/opt/rustwide/workdir/crates/rivet-worker)
[INFO] [stderr]    Compiling rivet-scheduler v0.1.0 (/opt/rustwide/workdir/crates/rivet-scheduler)
[INFO] [stderr]    Compiling rivet-client v0.1.0 (/opt/rustwide/workdir/crates/rivet-client)
[INFO] [stderr]     Finished `release` profile [optimized] target(s) in 22.57s
[INFO] running `Command { std: "docker" "inspect" "9cb10ebc2b89760b268b0220dd67358ce4a780404f33d26461779ebdc4370443", kill_on_drop: false }`
[INFO] running `Command { std: "docker" "exec" "-e" "SOURCE_DIR=/opt/rustwide/workdir" "-e" "CARGO_HOME=/opt/rustwide/cargo-home" "-e" "RUSTUP_HOME=/opt/rustwide/rustup-home" "-e" "CARGO_TARGET_DIR=/opt/rustwide/target" "-e" "CARGO_INCREMENTAL=0" "-e" "RUST_BACKTRACE=full" "-e" "RUSTFLAGS=--cap-lints=warn" "-e" "RUSTDOCFLAGS=--cap-lints=warn" "-w" "/opt/rustwide/workdir" "--user" "0:0" "9cb10ebc2b89760b268b0220dd67358ce4a780404f33d26461779ebdc4370443" "/opt/rustwide/cargo-home/bin/cargo" "+1.100.0-beta.1" "test" "--frozen" "--no-run" "--message-format=json" "--release", kill_on_drop: false }`
[INFO] [stderr]    Compiling rivet-core v0.1.0 (/opt/rustwide/workdir/crates/rivet-core)
[INFO] [stderr]    Compiling rivet-worker v0.1.0 (/opt/rustwide/workdir/crates/rivet-worker)
[INFO] [stderr]    Compiling rivet-scheduler v0.1.0 (/opt/rustwide/workdir/crates/rivet-scheduler)
[INFO] [stderr]    Compiling rivet-client v0.1.0 (/opt/rustwide/workdir/crates/rivet-client)
[INFO] [stderr]     Finished `release` profile [optimized] target(s) in 14.11s
[INFO] running `Command { std: "docker" "inspect" "9cb10ebc2b89760b268b0220dd67358ce4a780404f33d26461779ebdc4370443", kill_on_drop: false }`
[INFO] running `Command { std: "docker" "exec" "-e" "SOURCE_DIR=/opt/rustwide/workdir" "-e" "CARGO_HOME=/opt/rustwide/cargo-home" "-e" "RUSTUP_HOME=/opt/rustwide/rustup-home" "-e" "CARGO_TARGET_DIR=/opt/rustwide/target" "-e" "CARGO_INCREMENTAL=0" "-e" "RUST_BACKTRACE=full" "-e" "RUSTFLAGS=--cap-lints=warn" "-e" "RUSTDOCFLAGS=--cap-lints=warn" "-w" "/opt/rustwide/workdir" "--user" "0:0" "9cb10ebc2b89760b268b0220dd67358ce4a780404f33d26461779ebdc4370443" "/opt/rustwide/cargo-home/bin/cargo" "+1.100.0-beta.1" "test" "--frozen" "--release", kill_on_drop: false }`
[INFO] [stderr]     Finished `release` profile [optimized] target(s) in 0.05s
[INFO] [stderr]      Running unittests src/lib.rs (/opt/rustwide/target/release/build/rivet-client/cae0c1ac19f7d03a/out/rivet_client-cae0c1ac19f7d03a)
[INFO] [stdout] 
[INFO] [stdout] running 25 tests
[INFO] [stdout] test error::tests::client_error_is_send_and_sync ... ok
[INFO] [stdout] test error::tests::display_names_the_thing_that_went_wrong ... ok
[INFO] [stdout] test error::tests::a_rivet_error_converts_into_a_client_error ... ok
[INFO] [stdout] test error::tests::submit_failed_includes_the_underlying_cause ... ok
[INFO] [stdout] test local::tests::the_client_is_send_and_sync ... ok
[INFO] [stdout] test local::tests::an_unknown_id_reads_as_pending ... ok
[INFO] [stdout] test local::tests::a_client_really_can_be_used_from_another_thread ... ok
[INFO] [stdout] test local::tests::two_clients_do_not_hand_out_the_same_id ... ok
[INFO] [stdout] test local::dependency_tests::a_task_with_no_dependencies_still_works ... ok
[INFO] [stdout] test local::tests::get_result_releases_the_lock ... ok
[INFO] [stdout] test runtime::tests::a_dead_worker_does_not_strand_its_tasks ... ok
[INFO] [stdout] test runtime::tests::pool_ids_match_registered_worker_ids ... ok
[INFO] [stdout] test runtime::tests::a_client_still_works_after_the_runtime_is_dropped ... ok
[INFO] [stdout] test runtime::tests::shutdown_can_be_called_twice ... ok
[INFO] [stdout] test runtime::tests::registered_capacity_matches_the_thread_count ... ok
[INFO] [stdout] test runtime::tests::dropping_the_runtime_shuts_the_pool_down ... ok
[INFO] [stdout] test local::dependency_tests::a_dependent_task_waits_for_its_dependency ... ok
[INFO] [stdout] test runtime::tests::tick_on_an_idle_runtime_does_nothing ... ok
[INFO] [stdout] test runtime::tests::shutdown_waits_for_work_already_in_flight ... ok
[INFO] [stdout] test runtime::tests::tick_dispatches_and_collects_one_task ... ok
[INFO] [stdout] test runtime::tests::capacity_is_returned_after_completion ... ok
[INFO] [stdout] test local::dependency_tests::the_runtime_completes_a_dependency_chain ... ok
[INFO] [stdout] test runtime::tests::backlog_drains_over_several_ticks ... ok
[INFO] [stdout] test local::dependency_tests::a_failed_dependency_gives_the_dependent_a_result ... ok
[INFO] [stdout] test runtime::tests::the_runtime_recovers_from_a_panicking_task ... ok
[INFO] [stdout] 
[INFO] [stdout] test result: ok. 25 passed; 0 failed; 0 ignored; 0 measured; 0 filtered out; finished in 0.70s
[INFO] [stdout] 
[INFO] [stderr]      Running unittests src/bin/rivet.rs (/opt/rustwide/target/release/build/rivet-client/babe3d08f4008cd9/out/rivet-babe3d08f4008cd9)
[INFO] [stderr]      Running tests/integration_test.rs (/opt/rustwide/target/release/build/rivet-client/a1a2f337c92441ed/out/integration_test-a1a2f337c92441ed)
[INFO] [stdout] 
[INFO] [stdout] running 0 tests
[INFO] [stdout] 
[INFO] [stdout] test result: ok. 0 passed; 0 failed; 0 ignored; 0 measured; 0 filtered out; finished in 0.00s
[INFO] [stdout] 
[INFO] [stdout] 
[INFO] [stdout] running 8 tests
[INFO] [stdout] test two_submissions_return_different_ids ... ok
[INFO] [stdout] test get_result_is_none_before_tick ... ok
[INFO] [stdout] test client_can_be_constructed ... ok
[INFO] [stdout] test submit_returns_a_task_id ... ok
[INFO] [stdout] test client_sees_result_after_tick ... ok
[INFO] [stdout] test two_tasks_complete ... ok
[INFO] [stdout] test two_clients_share_one_runtime ... ok
[INFO] [stdout] test a_clients_task_is_visible_to_its_sibling ... ok
[INFO] [stdout] 
[INFO] [stdout] test result: ok. 8 passed; 0 failed; 0 ignored; 0 measured; 0 filtered out; finished in 0.11s
[INFO] [stdout] 
[INFO] [stderr]      Running tests/remote_integration.rs (/opt/rustwide/target/release/build/rivet-client/e9a28859a3c228b0/out/remote_integration-e9a28859a3c228b0)
[INFO] [stdout] 
[INFO] [stdout] running 6 tests
[INFO] [stdout] test connecting_to_a_dead_address_is_an_error ... ok
[INFO] [stdout] test a_task_runs_in_another_process ... FAILED
[INFO] [stdout] test two_worker_processes_get_distinct_ids ... FAILED
[INFO] [stdout] test a_worker_process_starts_and_announces_its_port ... FAILED
[INFO] [stdout] test a_workers_capacity_comes_from_its_handshake ... FAILED
[INFO] [stdout] test a_killed_worker_process_does_not_strand_its_tasks ... FAILED
[INFO] [stdout] 
[INFO] [stdout] failures:
[INFO] [stdout] 
[INFO] [stdout] ---- a_task_runs_in_another_process stdout ----
[INFO] [stdout] 
[INFO] [stdout] thread 'a_task_runs_in_another_process' (859) panicked at crates/rivet-client/tests/remote_integration.rs:48:9:
[INFO] [stdout] /opt/rustwide/target/release/build/rivet-client/e9a28859a3c228b0/out/rivet-worker is missing. Run `cargo test --workspace`, or `cargo build` first — `cargo test -p rivet-client` alone does not build the worker binary.
[INFO] [stdout] stack backtrace:
[INFO] [stdout]    0:     0x5bb6c30ac9e1 - <<std[617be2ca0a6fd877]::sys::backtrace::BacktraceLock>::print::DisplayBacktrace as core[a373ad73a504971]::fmt::Display>::fmt
[INFO] [stdout]    1:     0x5bb6c30c228a - core[a373ad73a504971]::fmt::write
[INFO] [stdout]    2:     0x5bb6c30b114c - <alloc[2e1b2a31b91974c5]::vec::Vec<u8> as core[a373ad73a504971]::io::write::Write>::write_fmt
[INFO] [stdout]    3:     0x5bb6c3087a76 - std[617be2ca0a6fd877]::panicking::default_hook::{closure#0}
[INFO] [stdout]    4:     0x5bb6c30a4849 - std[617be2ca0a6fd877]::panicking::default_hook
[INFO] [stdout]    5:     0x5bb6c3020a20 - test[aada8e7e76ba119b]::test_main_inner::{closure#0}
[INFO] [stdout]    6:     0x5bb6c30a4a02 - std[617be2ca0a6fd877]::panicking::panic_with_hook
[INFO] [stdout]    7:     0x5bb6c3087b22 - std[617be2ca0a6fd877]::panicking::panic_handler::{closure#0}
[INFO] [stdout]    8:     0x5bb6c3080789 - std[617be2ca0a6fd877]::sys::backtrace::__rust_end_short_backtrace::<std[617be2ca0a6fd877]::panicking::panic_handler::{closure#0}, !>
[INFO] [stdout]    9:     0x5bb6c308891d - __rustc[ea4f61d10b84890b]::rust_begin_unwind
[INFO] [stdout]   10:     0x5bb6c30c29bc - core[a373ad73a504971]::panicking::panic_fmt
[INFO] [stdout]   11:     0x5bb6c300f178 - <remote_integration[f46adacaf050cebb]::WorkerProcess>::start
[INFO] [stdout]   12:     0x5bb6c300fb1c - <remote_integration[f46adacaf050cebb]::a_task_runs_in_another_process::{closure#0} as core[a373ad73a504971]::ops::function::FnOnce<()>>::call_once
[INFO] [stdout]   13:     0x5bb6c3013e6b - test[aada8e7e76ba119b]::__rust_begin_short_backtrace::<core[a373ad73a504971]::result::Result<(), alloc[2e1b2a31b91974c5]::string::String>, fn() -> core[a373ad73a504971]::result::Result<(), alloc[2e1b2a31b91974c5]::string::String>>
[INFO] [stdout]   14:     0x5bb6c3021045 - test[aada8e7e76ba119b]::run_test::{closure#0}
[INFO] [stdout]   15:     0x5bb6c301a934 - std[617be2ca0a6fd877]::sys::backtrace::__rust_begin_short_backtrace::<test[aada8e7e76ba119b]::run_test::{closure#1}, ()>
[INFO] [stdout]   16:     0x5bb6c30240d2 - <std[617be2ca0a6fd877]::thread::lifecycle::spawn_unchecked<test[aada8e7e76ba119b]::run_test::{closure#1}, ()>::{closure#1} as core[a373ad73a504971]::ops::function::FnOnce<()>>::call_once::{shim:vtable#0}
[INFO] [stdout]   17:     0x5bb6c30abacf - <std[617be2ca0a6fd877]::sys::thread::unix::Thread>::new::thread_start
[INFO] [stdout]   18:     0x747cea487dfa - <unknown>
[INFO] [stdout]   19:     0x747cea51b3d4 - clone
[INFO] [stdout]   20:                0x0 - <unknown>
[INFO] [stdout] 
[INFO] [stdout] ---- two_worker_processes_get_distinct_ids stdout ----
[INFO] [stdout] 
[INFO] [stdout] thread 'two_worker_processes_get_distinct_ids' (863) panicked at crates/rivet-client/tests/remote_integration.rs:48:9:
[INFO] [stdout] /opt/rustwide/target/release/build/rivet-client/e9a28859a3c228b0/out/rivet-worker is missing. Run `cargo test --workspace`, or `cargo build` first — `cargo test -p rivet-client` alone does not build the worker binary.
[INFO] [stdout] stack backtrace:
[INFO] [stdout]    0:     0x5bb6c30ac9e1 - <<std[617be2ca0a6fd877]::sys::backtrace::BacktraceLock>::print::DisplayBacktrace as core[a373ad73a504971]::fmt::Display>::fmt
[INFO] [stdout]    1:     0x5bb6c30c228a - core[a373ad73a504971]::fmt::write
[INFO] [stdout]    2:     0x5bb6c30b114c - <alloc[2e1b2a31b91974c5]::vec::Vec<u8> as core[a373ad73a504971]::io::write::Write>::write_fmt
[INFO] [stdout]    3:     0x5bb6c3087a76 - std[617be2ca0a6fd877]::panicking::default_hook::{closure#0}
[INFO] [stdout]    4:     0x5bb6c30a4849 - std[617be2ca0a6fd877]::panicking::default_hook
[INFO] [stdout]    5:     0x5bb6c3020a20 - test[aada8e7e76ba119b]::test_main_inner::{closure#0}
[INFO] [stdout]    6:     0x5bb6c30a4a02 - std[617be2ca0a6fd877]::panicking::panic_with_hook
[INFO] [stdout]    7:     0x5bb6c3087b22 - std[617be2ca0a6fd877]::panicking::panic_handler::{closure#0}
[INFO] [stdout]    8:     0x5bb6c3080789 - std[617be2ca0a6fd877]::sys::backtrace::__rust_end_short_backtrace::<std[617be2ca0a6fd877]::panicking::panic_handler::{closure#0}, !>
[INFO] [stdout]    9:     0x5bb6c308891d - __rustc[ea4f61d10b84890b]::rust_begin_unwind
[INFO] [stdout]   10:     0x5bb6c30c29bc - core[a373ad73a504971]::panicking::panic_fmt
[INFO] [stdout]   11:     0x5bb6c300f178 - <remote_integration[f46adacaf050cebb]::WorkerProcess>::start
[INFO] [stdout]   12:     0x5bb6c300fefe - <remote_integration[f46adacaf050cebb]::two_worker_processes_get_distinct_ids::{closure#0} as core[a373ad73a504971]::ops::function::FnOnce<()>>::call_once
[INFO] [stdout]   13:     0x5bb6c3013e6b - test[aada8e7e76ba119b]::__rust_begin_short_backtrace::<core[a373ad73a504971]::result::Result<(), alloc[2e1b2a31b91974c5]::string::String>, fn() -> core[a373ad73a504971]::result::Result<(), alloc[2e1b2a31b91974c5]::string::String>>
[INFO] [stdout]   14:     0x5bb6c3021045 - test[aada8e7e76ba119b]::run_test::{closure#0}
[INFO] [stdout]   15:     0x5bb6c301a934 - std[617be2ca0a6fd877]::sys::backtrace::__rust_begin_short_backtrace::<test[aada8e7e76ba119b]::run_test::{closure#1}, ()>
[INFO] [stdout]   16:     0x5bb6c30240d2 - <std[617be2ca0a6fd877]::thread::lifecycle::spawn_unchecked<test[aada8e7e76ba119b]::run_test::{closure#1}, ()>::{closure#1} as core[a373ad73a504971]::ops::function::FnOnce<()>>::call_once::{shim:vtable#0}
[INFO] [stdout]   17:     0x5bb6c30abacf - <std[617be2ca0a6fd877]::sys::thread::unix::Thread>::new::thread_start
[INFO] [stdout]   18:     0x747cea487dfa - <unknown>
[INFO] [stdout]   19:     0x747cea51b3d4 - clone
[INFO] [stdout]   20:                0x0 - <unknown>
[INFO] [stdout] 
[INFO] [stdout] ---- a_worker_process_starts_and_announces_its_port stdout ----
[INFO] [stdout] 
[INFO] [stdout] thread 'a_worker_process_starts_and_announces_its_port' (860) panicked at crates/rivet-client/tests/remote_integration.rs:48:9:
[INFO] [stdout] /opt/rustwide/target/release/build/rivet-client/e9a28859a3c228b0/out/rivet-worker is missing. Run `cargo test --workspace`, or `cargo build` first — `cargo test -p rivet-client` alone does not build the worker binary.
[INFO] [stdout] stack backtrace:
[INFO] [stdout]    0:     0x5bb6c30ac9e1 - <<std[617be2ca0a6fd877]::sys::backtrace::BacktraceLock>::print::DisplayBacktrace as core[a373ad73a504971]::fmt::Display>::fmt
[INFO] [stdout]    1:     0x5bb6c30c228a - core[a373ad73a504971]::fmt::write
[INFO] [stdout]    2:     0x5bb6c30b114c - <alloc[2e1b2a31b91974c5]::vec::Vec<u8> as core[a373ad73a504971]::io::write::Write>::write_fmt
[INFO] [stdout]    3:     0x5bb6c3087a76 - std[617be2ca0a6fd877]::panicking::default_hook::{closure#0}
[INFO] [stdout]    4:     0x5bb6c30a4849 - std[617be2ca0a6fd877]::panicking::default_hook
[INFO] [stdout]    5:     0x5bb6c3020a20 - test[aada8e7e76ba119b]::test_main_inner::{closure#0}
[INFO] [stdout]    6:     0x5bb6c30a4a02 - std[617be2ca0a6fd877]::panicking::panic_with_hook
[INFO] [stdout]    7:     0x5bb6c3087b22 - std[617be2ca0a6fd877]::panicking::panic_handler::{closure#0}
[INFO] [stdout]    8:     0x5bb6c3080789 - std[617be2ca0a6fd877]::sys::backtrace::__rust_end_short_backtrace::<std[617be2ca0a6fd877]::panicking::panic_handler::{closure#0}, !>
[INFO] [stdout]    9:     0x5bb6c308891d - __rustc[ea4f61d10b84890b]::rust_begin_unwind
[INFO] [stdout]   10:     0x5bb6c30c29bc - core[a373ad73a504971]::panicking::panic_fmt
[INFO] [stdout]   11:     0x5bb6c300f178 - <remote_integration[f46adacaf050cebb]::WorkerProcess>::start
[INFO] [stdout]   12:     0x5bb6c301090b - <remote_integration[f46adacaf050cebb]::a_worker_process_starts_and_announces_its_port::{closure#0} as core[a373ad73a504971]::ops::function::FnOnce<()>>::call_once
[INFO] [stdout]   13:     0x5bb6c3013e6b - test[aada8e7e76ba119b]::__rust_begin_short_backtrace::<core[a373ad73a504971]::result::Result<(), alloc[2e1b2a31b91974c5]::string::String>, fn() -> core[a373ad73a504971]::result::Result<(), alloc[2e1b2a31b91974c5]::string::String>>
[INFO] [stdout]   14:     0x5bb6c3021045 - test[aada8e7e76ba119b]::run_test::{closure#0}
[INFO] [stdout]   15:     0x5bb6c301a934 - std[617be2ca0a6fd877]::sys::backtrace::__rust_begin_short_backtrace::<test[aada8e7e76ba119b]::run_test::{closure#1}, ()>
[INFO] [stdout]   16:     0x5bb6c30240d2 - <std[617be2ca0a6fd877]::thread::lifecycle::spawn_unchecked<test[aada8e7e76ba119b]::run_test::{closure#1}, ()>::{closure#1} as core[a373ad73a504971]::ops::function::FnOnce<()>>::call_once::{shim:vtable#0}
[INFO] [stdout]   17:     0x5bb6c30abacf - <std[617be2ca0a6fd877]::sys::thread::unix::Thread>::new::thread_start
[INFO] [stdout]   18:     0x747cea487dfa - <unknown>
[INFO] [stdout]   19:     0x747cea51b3d4 - clone
[INFO] [stdout]   20:                0x0 - <unknown>
[INFO] [stdout] 
[INFO] [stdout] ---- a_workers_capacity_comes_from_its_handshake stdout ----
[INFO] [stdout] 
[INFO] [stdout] thread 'a_workers_capacity_comes_from_its_handshake' (861) panicked at crates/rivet-client/tests/remote_integration.rs:48:9:
[INFO] [stdout] /opt/rustwide/target/release/build/rivet-client/e9a28859a3c228b0/out/rivet-worker is missing. Run `cargo test --workspace`, or `cargo build` first — `cargo test -p rivet-client` alone does not build the worker binary.
[INFO] [stdout] stack backtrace:
[INFO] [stdout]    0:     0x5bb6c30ac9e1 - <<std[617be2ca0a6fd877]::sys::backtrace::BacktraceLock>::print::DisplayBacktrace as core[a373ad73a504971]::fmt::Display>::fmt
[INFO] [stdout]    1:     0x5bb6c30c228a - core[a373ad73a504971]::fmt::write
[INFO] [stdout]    2:     0x5bb6c30b114c - <alloc[2e1b2a31b91974c5]::vec::Vec<u8> as core[a373ad73a504971]::io::write::Write>::write_fmt
[INFO] [stdout]    3:     0x5bb6c3087a76 - std[617be2ca0a6fd877]::panicking::default_hook::{closure#0}
[INFO] [stdout]    4:     0x5bb6c30a4849 - std[617be2ca0a6fd877]::panicking::default_hook
[INFO] [stdout]    5:     0x5bb6c3020a20 - test[aada8e7e76ba119b]::test_main_inner::{closure#0}
[INFO] [stdout]    6:     0x5bb6c30a4a02 - std[617be2ca0a6fd877]::panicking::panic_with_hook
[INFO] [stdout]    7:     0x5bb6c3087b22 - std[617be2ca0a6fd877]::panicking::panic_handler::{closure#0}
[INFO] [stdout]    8:     0x5bb6c3080789 - std[617be2ca0a6fd877]::sys::backtrace::__rust_end_short_backtrace::<std[617be2ca0a6fd877]::panicking::panic_handler::{closure#0}, !>
[INFO] [stdout]    9:     0x5bb6c308891d - __rustc[ea4f61d10b84890b]::rust_begin_unwind
[INFO] [stdout]   10:     0x5bb6c30c29bc - core[a373ad73a504971]::panicking::panic_fmt
[INFO] [stdout]   11:     0x5bb6c300f178 - <remote_integration[f46adacaf050cebb]::WorkerProcess>::start
[INFO] [stdout]   12:     0x5bb6c30105c2 - <remote_integration[f46adacaf050cebb]::a_workers_capacity_comes_from_its_handshake::{closure#0} as core[a373ad73a504971]::ops::function::FnOnce<()>>::call_once
[INFO] [stdout]   13:     0x5bb6c3013e6b - test[aada8e7e76ba119b]::__rust_begin_short_backtrace::<core[a373ad73a504971]::result::Result<(), alloc[2e1b2a31b91974c5]::string::String>, fn() -> core[a373ad73a504971]::result::Result<(), alloc[2e1b2a31b91974c5]::string::String>>
[INFO] [stdout]   14:     0x5bb6c3021045 - test[aada8e7e76ba119b]::run_test::{closure#0}
[INFO] [stdout]   15:     0x5bb6c301a934 - std[617be2ca0a6fd877]::sys::backtrace::__rust_begin_short_backtrace::<test[aada8e7e76ba119b]::run_test::{closure#1}, ()>
[INFO] [stdout]   16:     0x5bb6c30240d2 - <std[617be2ca0a6fd877]::thread::lifecycle::spawn_unchecked<test[aada8e7e76ba119b]::run_test::{closure#1}, ()>::{closure#1} as core[a373ad73a504971]::ops::function::FnOnce<()>>::call_once::{shim:vtable#0}
[INFO] [stdout]   17:     0x5bb6c30abacf - <std[617be2ca0a6fd877]::sys::thread::unix::Thread>::new::thread_start
[INFO] [stdout]   18:     0x747cea487dfa - <unknown>
[INFO] [stdout]   19:     0x747cea51b3d4 - clone
[INFO] [stdout]   20:                0x0 - <unknown>
[INFO] [stdout] 
[INFO] [stdout] ---- a_killed_worker_process_does_not_strand_its_tasks stdout ----
[INFO] [stdout] 
[INFO] [stdout] thread 'a_killed_worker_process_does_not_strand_its_tasks' (858) panicked at crates/rivet-client/tests/remote_integration.rs:48:9:
[INFO] [stdout] /opt/rustwide/target/release/build/rivet-client/e9a28859a3c228b0/out/rivet-worker is missing. Run `cargo test --workspace`, or `cargo build` first — `cargo test -p rivet-client` alone does not build the worker binary.
[INFO] [stdout] stack backtrace:
[INFO] [stdout]    0:     0x5bb6c30ac9e1 - <<std[617be2ca0a6fd877]::sys::backtrace::BacktraceLock>::print::DisplayBacktrace as core[a373ad73a504971]::fmt::Display>::fmt
[INFO] [stdout]    1:     0x5bb6c30c228a - core[a373ad73a504971]::fmt::write
[INFO] [stdout]    2:     0x5bb6c30b114c - <alloc[2e1b2a31b91974c5]::vec::Vec<u8> as core[a373ad73a504971]::io::write::Write>::write_fmt
[INFO] [stdout]    3:     0x5bb6c3087a76 - std[617be2ca0a6fd877]::panicking::default_hook::{closure#0}
[INFO] [stdout]    4:     0x5bb6c30a4849 - std[617be2ca0a6fd877]::panicking::default_hook
[INFO] [stdout]    5:     0x5bb6c3020a20 - test[aada8e7e76ba119b]::test_main_inner::{closure#0}
[INFO] [stdout]    6:     0x5bb6c30a4a02 - std[617be2ca0a6fd877]::panicking::panic_with_hook
[INFO] [stdout]    7:     0x5bb6c3087b22 - std[617be2ca0a6fd877]::panicking::panic_handler::{closure#0}
[INFO] [stdout]    8:     0x5bb6c3080789 - std[617be2ca0a6fd877]::sys::backtrace::__rust_end_short_backtrace::<std[617be2ca0a6fd877]::panicking::panic_handler::{closure#0}, !>
[INFO] [stdout]    9:     0x5bb6c308891d - __rustc[ea4f61d10b84890b]::rust_begin_unwind
[INFO] [stdout]   10:     0x5bb6c30c29bc - core[a373ad73a504971]::panicking::panic_fmt
[INFO] [stdout]   11:     0x5bb6c300f178 - <remote_integration[f46adacaf050cebb]::WorkerProcess>::start
[INFO] [stdout]   12:     0x5bb6c3010b40 - <remote_integration[f46adacaf050cebb]::a_killed_worker_process_does_not_strand_its_tasks::{closure#0} as core[a373ad73a504971]::ops::function::FnOnce<()>>::call_once
[INFO] [stdout]   13:     0x5bb6c3013e6b - test[aada8e7e76ba119b]::__rust_begin_short_backtrace::<core[a373ad73a504971]::result::Result<(), alloc[2e1b2a31b91974c5]::string::String>, fn() -> core[a373ad73a504971]::result::Result<(), alloc[2e1b2a31b91974c5]::string::String>>
[INFO] [stdout]   14:     0x5bb6c3021045 - test[aada8e7e76ba119b]::run_test::{closure#0}
[INFO] [stdout]   15:     0x5bb6c301a934 - std[617be2ca0a6fd877]::sys::backtrace::__rust_begin_short_backtrace::<test[aada8e7e76ba119b]::run_test::{closure#1}, ()>
[INFO] [stdout]   16:     0x5bb6c30240d2 - <std[617be2ca0a6fd877]::thread::lifecycle::spawn_unchecked<test[aada8e7e76ba119b]::run_test::{closure#1}, ()>::{closure#1} as core[a373ad73a504971]::ops::function::FnOnce<()>>::call_once::{shim:vtable#0}
[INFO] [stdout]   17:     0x5bb6c30abacf - <std[617be2ca0a6fd877]::sys::thread::unix::Thread>::new::thread_start
[INFO] [stdout]   18:     0x747cea487dfa - <unknown>
[INFO] [stdout]   19:     0x747cea51b3d4 - clone
[INFO] [stdout]   20:                0x0 - <unknown>
[INFO] [stdout] 
[INFO] [stdout] 
[INFO] [stdout] failures:
[INFO] [stdout]     a_killed_worker_process_does_not_strand_its_tasks
[INFO] [stdout]     a_task_runs_in_another_process
[INFO] [stdout]     a_worker_process_starts_and_announces_its_port
[INFO] [stdout]     a_workers_capacity_comes_from_its_handshake
[INFO] [stdout]     two_worker_processes_get_distinct_ids
[INFO] [stdout] 
[INFO] [stdout] test result: FAILED. 1 passed; 5 failed; 0 ignored; 0 measured; 0 filtered out; finished in 0.01s
[INFO] [stdout] 
[INFO] [stderr] error: test failed, to rerun pass `-p rivet-client --test remote_integration`
[INFO] running `Command { std: "docker" "inspect" "9cb10ebc2b89760b268b0220dd67358ce4a780404f33d26461779ebdc4370443", kill_on_drop: false }`
[INFO] running `Command { std: "docker" "rm" "-f" "9cb10ebc2b89760b268b0220dd67358ce4a780404f33d26461779ebdc4370443", kill_on_drop: false }`
[INFO] [stdout] 9cb10ebc2b89760b268b0220dd67358ce4a780404f33d26461779ebdc4370443
