[INFO] cloning repository https://github.com/418-Error/craby_city
[INFO] running `Command { std: "git" "-c" "credential.helper=" "-c" "credential.helper=/workspace/cargo-home/bin/git-credential-null" "clone" "--bare" "https://github.com/418-Error/craby_city" "/workspace/cache/git-repos/https%3A%2F%2Fgithub.com%2F418-Error%2Fcraby_city", kill_on_drop: false }`
[INFO] [stderr] Cloning into bare repository '/workspace/cache/git-repos/https%3A%2F%2Fgithub.com%2F418-Error%2Fcraby_city'...
[INFO] running `Command { std: "git" "rev-parse" "HEAD", kill_on_drop: false }`
[INFO] [stdout] 9599fe4239f99d1e9198c6fa80bce9223a397c8d
[INFO] testing 418-Error/craby_city against 1.99.0-beta.8+cargoflags=--release for beta-release-1.100-2
[INFO] running `Command { std: "git" "clone" "/workspace/cache/git-repos/https%3A%2F%2Fgithub.com%2F418-Error%2Fcraby_city" "/workspace/builds/worker-6-tc1/source", kill_on_drop: false }`
[INFO] [stderr] Cloning into '/workspace/builds/worker-6-tc1/source'...
[INFO] [stderr] done.
[INFO] started tweaking git repo https://github.com/418-Error/craby_city
[INFO] finished tweaking git repo https://github.com/418-Error/craby_city
[INFO] tweaked toml for git repo https://github.com/418-Error/craby_city written to /workspace/builds/worker-6-tc1/source/Cargo.toml
[INFO] validating manifest of git repo https://github.com/418-Error/craby_city on toolchain 1.99.0-beta.8
[INFO] running `Command { std: CARGO_HOME="/workspace/cargo-home" RUSTUP_HOME="/workspace/rustup-home" "/workspace/cargo-home/bin/cargo" "+1.99.0-beta.8" "metadata" "--manifest-path" "Cargo.toml" "--no-deps", kill_on_drop: false }`
[INFO] crate git repo https://github.com/418-Error/craby_city already has a lockfile, it will not be regenerated
[INFO] running `Command { std: CARGO_HOME="/workspace/cargo-home" RUSTUP_HOME="/workspace/rustup-home" "/workspace/cargo-home/bin/cargo" "+1.99.0-beta.8" "fetch" "--manifest-path" "Cargo.toml", kill_on_drop: false }`
[INFO] [stderr]     Blocking waiting for file lock on package cache
[INFO] [stderr]     Updating crates.io index
[INFO] [stderr]     Blocking waiting for file lock on package cache
[INFO] [stderr]  Downloading crates ...
[INFO] [stderr]   Downloaded sqlformat v0.2.3
[INFO] [stderr]   Downloaded parking_lot v0.12.2
[INFO] [stderr]   Downloaded num-iter v0.1.44
[INFO] [stderr]   Downloaded dotenv v0.15.0
[INFO] [stderr]   Downloaded bytestring v1.3.1
[INFO] [stderr]   Downloaded actix-web-prometheus v0.1.2
[INFO] [stderr]   Downloaded quanta v0.10.1
[INFO] [stderr]   Downloaded actix-service v2.0.2
[INFO] [stderr]   Downloaded actix-router v0.5.2
[INFO] [stderr]   Downloaded actix-web-codegen v4.2.2
[INFO] [stderr]   Downloaded zstd-safe v7.1.0
[INFO] [stderr]   Downloaded zstd v0.13.1
[INFO] [stderr]   Downloaded actix-server v2.3.0
[INFO] [stderr]   Downloaded actix-rt v2.9.0
[INFO] [stderr]   Downloaded prometheus v0.13.4
[INFO] [stderr]   Downloaded raw-cpuid v10.7.0
[INFO] [stderr]   Downloaded actix-http v3.6.0
[INFO] [stderr]   Downloaded actix-web v4.5.1
[INFO] [stderr]   Downloaded libc v0.2.154
[INFO] [stderr]   Downloaded zstd-sys v2.0.10+zstd.1.5.6
[INFO] running `Command { std: "docker" "create" "-v" "/var/lib/crater-agent-workspace/builds/worker-6-tc1/source:/opt/rustwide/workdir:ro,Z" "-v" "/var/lib/crater-agent-workspace/builds/worker-6-tc1/target:/opt/rustwide/target:rw,Z" "-v" "/var/lib/crater-agent-workspace/cargo-home:/opt/rustwide/cargo-home:ro,Z" "-v" "/var/lib/crater-agent-workspace/rustup-home:/opt/rustwide/rustup-home:ro,Z" "-m" "1610612736" "--network" "none" "ghcr.io/rust-lang/crates-build-env/linux@sha256:77db811e55d90add9212f6832c23229e3de5f1c1f9905e8cb07319ea15df73ac" "sleep" "infinity", kill_on_drop: false }`
[INFO] [stdout] edb7ff71578b2cdceb0442ed48771c408d83815aba427d6169126398818a1f1e
[INFO] running `Command { std: "docker" "start" "edb7ff71578b2cdceb0442ed48771c408d83815aba427d6169126398818a1f1e", kill_on_drop: false }`
[INFO] running `Command { std: "docker" "inspect" "edb7ff71578b2cdceb0442ed48771c408d83815aba427d6169126398818a1f1e", kill_on_drop: false }`
[INFO] running `Command { std: "docker" "exec" "-e" "SOURCE_DIR=/opt/rustwide/workdir" "-e" "CARGO_HOME=/opt/rustwide/cargo-home" "-e" "RUSTUP_HOME=/opt/rustwide/rustup-home" "-e" "CARGO_TARGET_DIR=/opt/rustwide/target" "-w" "/opt/rustwide/workdir" "--user" "0:0" "edb7ff71578b2cdceb0442ed48771c408d83815aba427d6169126398818a1f1e" "/opt/rustwide/cargo-home/bin/cargo" "+1.99.0-beta.8" "metadata" "--no-deps" "--format-version=1", kill_on_drop: false }`
[INFO] running `Command { std: "docker" "inspect" "edb7ff71578b2cdceb0442ed48771c408d83815aba427d6169126398818a1f1e", kill_on_drop: false }`
[INFO] running `Command { std: "docker" "exec" "-e" "SOURCE_DIR=/opt/rustwide/workdir" "-e" "CARGO_HOME=/opt/rustwide/cargo-home" "-e" "RUSTUP_HOME=/opt/rustwide/rustup-home" "-e" "CARGO_TARGET_DIR=/opt/rustwide/target" "-e" "CARGO_INCREMENTAL=0" "-e" "RUST_BACKTRACE=full" "-e" "RUSTFLAGS=--cap-lints=warn" "-e" "RUSTDOCFLAGS=--cap-lints=warn" "-w" "/opt/rustwide/workdir" "--user" "0:0" "edb7ff71578b2cdceb0442ed48771c408d83815aba427d6169126398818a1f1e" "/opt/rustwide/cargo-home/bin/cargo" "+1.99.0-beta.8" "build" "--frozen" "--message-format=json" "--release", kill_on_drop: false }`
[INFO] [stderr]    Compiling libc v0.2.154
[INFO] [stderr]    Compiling proc-macro2 v1.0.81
[INFO] [stderr]    Compiling unicode-ident v1.0.12
[INFO] [stderr]    Compiling version_check v0.9.4
[INFO] [stderr]    Compiling autocfg v1.2.0
[INFO] [stderr]    Compiling once_cell v1.19.0
[INFO] [stderr]    Compiling cfg-if v1.0.0
[INFO] [stderr]    Compiling typenum v1.17.0
[INFO] [stderr]    Compiling pkg-config v0.3.30
[INFO] [stderr]    Compiling parking_lot_core v0.9.10
[INFO] [stderr]    Compiling serde v1.0.199
[INFO] [stderr]    Compiling log v0.4.21
[INFO] [stderr]    Compiling generic-array v0.14.7
[INFO] [stderr]    Compiling lock_api v0.4.12
[INFO] [stderr]    Compiling ahash v0.8.11
[INFO] [stderr]    Compiling pin-project-lite v0.2.14
[INFO] [stderr]    Compiling vcpkg v0.2.15
[INFO] [stderr]    Compiling futures-core v0.3.30
[INFO] [stderr]    Compiling memchr v2.7.2
[INFO] [stderr]    Compiling smallvec v1.13.2
[INFO] [stderr]    Compiling slab v0.4.9
[INFO] [stderr]    Compiling scopeguard v1.2.0
[INFO] [stderr]    Compiling bytes v1.6.0
[INFO] [stderr]    Compiling jobserver v0.1.31
[INFO] [stderr]    Compiling quote v1.0.36
[INFO] [stderr]    Compiling syn v2.0.60
[INFO] [stderr]    Compiling cc v1.0.95
[INFO] [stderr]    Compiling signal-hook-registry v1.4.2
[INFO] [stderr]    Compiling parking_lot v0.12.2
[INFO] [stderr]    Compiling getrandom v0.2.14
[INFO] [stderr]    Compiling mio v0.8.11
[INFO] [stderr]    Compiling num_cpus v1.16.0
[INFO] [stderr]    Compiling socket2 v0.5.7
[INFO] [stderr]    Compiling tracing-core v0.1.32
[INFO] [stderr]    Compiling paste v1.0.14
[INFO] [stderr]    Compiling num-traits v0.2.18
[INFO] [stderr]    Compiling futures-sink v0.3.30
[INFO] [stderr]    Compiling openssl-sys v0.9.102
[INFO] [stderr]    Compiling thiserror v1.0.59
[INFO] [stderr]    Compiling itoa v1.0.11
[INFO] [stderr]    Compiling serde_json v1.0.116
[INFO] [stderr]    Compiling openssl v0.10.64
[INFO] [stderr]    Compiling block-buffer v0.10.4
[INFO] [stderr]    Compiling crypto-common v0.1.6
[INFO] [stderr]    Compiling subtle v2.5.0
[INFO] [stderr]    Compiling native-tls v0.2.12
[INFO] [stderr]    Compiling zerocopy v0.7.32
[INFO] [stderr]    Compiling digest v0.10.7
[INFO] [stderr]    Compiling allocator-api2 v0.2.18
[INFO] [stderr]    Compiling futures-io v0.3.30
[INFO] [stderr]    Compiling tinyvec_macros v0.1.1
[INFO] [stderr]    Compiling percent-encoding v2.3.1
[INFO] [stderr]    Compiling tinyvec v1.6.0
[INFO] [stderr]    Compiling pin-utils v0.1.0
[INFO] [stderr]    Compiling futures-task v0.3.30
[INFO] [stderr]    Compiling bitflags v2.5.0
[INFO] [stderr]    Compiling syn v1.0.109
[INFO] [stderr]    Compiling hashbrown v0.14.5
[INFO] [stderr]    Compiling futures-util v0.3.30
[INFO] [stderr]    Compiling zstd-sys v2.0.10+zstd.1.5.6
[INFO] [stderr]    Compiling unicode-bidi v0.3.15
[INFO] [stderr]    Compiling unicode-normalization v0.1.23
[INFO] [stderr]    Compiling crossbeam-utils v0.8.19
[INFO] [stderr]    Compiling cpufeatures v0.2.12
[INFO] [stderr]    Compiling foreign-types-shared v0.1.1
[INFO] [stderr]    Compiling equivalent v1.0.1
[INFO] [stderr]    Compiling foreign-types v0.3.2
[INFO] [stderr]    Compiling indexmap v2.2.6
[INFO] [stderr]    Compiling form_urlencoded v1.2.1
[INFO] [stderr]    Compiling rand_core v0.6.4
[INFO] [stderr]    Compiling aho-corasick v1.1.3
[INFO] [stderr]    Compiling ryu v1.0.17
[INFO] [stderr]    Compiling ppv-lite86 v0.2.17
[INFO] [stderr]    Compiling minimal-lexical v0.2.1
[INFO] [stderr]    Compiling regex-syntax v0.8.3
[INFO] [stderr]    Compiling fnv v1.0.7
[INFO] [stderr]    Compiling rand_chacha v0.3.1
[INFO] [stderr]    Compiling serde_derive v1.0.199
[INFO] [stderr]    Compiling tracing-attributes v0.1.27
[INFO] [stderr]    Compiling tokio-macros v2.2.0
[INFO] [stderr]    Compiling openssl-macros v0.1.1
[INFO] [stderr]    Compiling thiserror-impl v1.0.59
[INFO] [stderr]    Compiling tokio v1.37.0
[INFO] [stderr]    Compiling tracing v0.1.40
[INFO] [stderr]    Compiling nom v7.1.3
[INFO] [stderr]    Compiling regex-automata v0.4.6
[INFO] [stderr]    Compiling either v1.11.0
[INFO] [stderr]    Compiling itertools v0.12.1
[INFO] [stderr]    Compiling idna v0.5.0
[INFO] [stderr]    Compiling unicode_categories v0.1.1
[INFO] [stderr]    Compiling openssl-probe v0.1.5
[INFO] [stderr]    Compiling crc-catalog v2.4.0
[INFO] [stderr]    Compiling local-waker v0.1.4
[INFO] [stderr]    Compiling rustix v0.38.34
[INFO] [stderr]    Compiling crc32fast v1.4.0
[INFO] [stderr]    Compiling alloc-no-stdlib v2.0.4
[INFO] [stderr]    Compiling zstd-safe v7.1.0
[INFO] [stderr]    Compiling sha2 v0.10.8
[INFO] [stderr]    Compiling alloc-stdlib v0.2.2
[INFO] [stderr]    Compiling tokio-stream v0.1.15
[INFO] [stderr]    Compiling crc v3.2.1
[INFO] [stderr]    Compiling url v2.5.0
[INFO] [stderr]    Compiling sqlformat v0.2.3
[INFO] [stderr]    Compiling crossbeam-queue v0.3.11
[INFO] [stderr]    Compiling futures-intrusive v0.5.0
[INFO] [stderr]    Compiling atoi v2.0.0
[INFO] [stderr]    Compiling tokio-util v0.7.10
[INFO] [stderr]    Compiling regex v1.10.4
[INFO] [stderr]    Compiling rand v0.8.5
[INFO] [stderr]    Compiling http v0.2.12
[INFO] [stderr]    Compiling futures-channel v0.3.30
[INFO] [stderr]    Compiling hashlink v0.8.4
[INFO] [stderr]    Compiling hmac v0.12.1
[INFO] [stderr]    Compiling finl_unicode v1.2.0
[INFO] [stderr]    Compiling byteorder v1.5.0
[INFO] [stderr]    Compiling httparse v1.8.0
[INFO] [stderr]    Compiling hex v0.4.3
[INFO] [stderr]    Compiling linux-raw-sys v0.4.13
[INFO] [stderr]    Compiling base64 v0.21.7
[INFO] [stderr]    Compiling event-listener v2.5.3
[INFO] [stderr]    Compiling num-conv v0.1.0
[INFO] [stderr]    Compiling time-core v0.1.2
[INFO] [stderr]    Compiling powerfmt v0.2.0
[INFO] [stderr]    Compiling adler v1.0.2
[INFO] [stderr]    Compiling miniz_oxide v0.7.2
[INFO] [stderr]    Compiling deranged v0.3.11
[INFO] [stderr]    Compiling time-macros v0.2.18
[INFO] [stderr]    Compiling sqlx-core v0.7.4
[INFO] [stderr]    Compiling stringprep v0.1.4
[INFO] [stderr]    Compiling hkdf v0.12.4
[INFO] [stderr]    Compiling brotli-decompressor v2.5.1
[INFO] [stderr]    Compiling actix-utils v3.0.1
[INFO] [stderr]    Compiling actix-rt v2.9.0
[INFO] [stderr]    Compiling md-5 v0.10.6
[INFO] [stderr]    Compiling actix-service v2.0.2
[INFO] [stderr]    Compiling bytestring v1.3.1
[INFO] [stderr]    Compiling cookie v0.16.2
[INFO] [stderr]    Compiling home v0.5.9
[INFO] [stderr]    Compiling whoami v1.5.1
[INFO] [stderr]    Compiling lazy_static v1.4.0
[INFO] [stderr]    Compiling fastrand v2.1.0
[INFO] [stderr]    Compiling convert_case v0.4.0
[INFO] [stderr]    Compiling unicode-segmentation v1.11.0
[INFO] [stderr]    Compiling dotenvy v0.15.7
[INFO] [stderr]    Compiling sqlx-postgres v0.7.4
[INFO] [stderr]    Compiling derive_more v0.99.17
[INFO] [stderr]    Compiling heck v0.4.1
[INFO] [stderr]    Compiling tempfile v3.10.1
[INFO] [stderr]    Compiling time v0.3.36
[INFO] [stderr]    Compiling brotli v3.5.0
[INFO] [stderr]    Compiling actix-router v0.5.2
[INFO] [stderr]    Compiling flate2 v1.0.30
[INFO] [stderr]    Compiling h2 v0.3.26
[INFO] [stderr]    Compiling actix-codec v0.5.2
[INFO] [stderr]    Compiling local-channel v0.1.5
[INFO] [stderr]    Compiling sha1 v0.10.6
[INFO] [stderr]    Compiling encoding_rs v0.8.34
[INFO] [stderr]    Compiling bitflags v1.3.2
[INFO] [stderr]    Compiling httpdate v1.0.3
[INFO] [stderr]    Compiling prometheus v0.13.4
[INFO] [stderr]    Compiling language-tags v0.3.2
[INFO] [stderr]    Compiling mime v0.3.17
[INFO] [stderr]    Compiling utf8parse v0.2.1
[INFO] [stderr]    Compiling anstyle-parse v0.2.3
[INFO] [stderr]    Compiling raw-cpuid v10.7.0
[INFO] [stderr]    Compiling sqlx-macros-core v0.7.4
[INFO] [stderr]    Compiling actix-web-codegen v4.2.2
[INFO] [stderr]    Compiling actix-server v2.3.0
[INFO] [stderr]    Compiling serde_urlencoded v0.7.1
[INFO] [stderr]    Compiling actix-macros v0.2.4
[INFO] [stderr]    Compiling pin-project-internal v1.1.5
[INFO] [stderr]    Compiling async-stream-impl v0.3.5
[INFO] [stderr]    Compiling anstyle v1.0.6
[INFO] [stderr]    Compiling fastrand v1.9.0
[INFO] [stderr]    Compiling anstyle-query v1.0.2
[INFO] [stderr]    Compiling overload v0.1.1
[INFO] [stderr]    Compiling parking v2.2.0
[INFO] [stderr]    Compiling colorchoice v1.0.0
[INFO] [stderr]    Compiling waker-fn v1.2.0
[INFO] [stderr]    Compiling futures-lite v1.13.0
[INFO] [stderr]    Compiling anstream v0.6.13
[INFO] [stderr]    Compiling nu-ansi-term v0.46.0
[INFO] [stderr]    Compiling pin-project v1.1.5
[INFO] [stderr]    Compiling async-stream v0.3.5
[INFO] [stderr]    Compiling sqlx-macros v0.7.4
[INFO] [stderr]    Compiling quanta v0.10.1
[INFO] [stderr]    Compiling sharded-slab v0.1.7
[INFO] [stderr]    Compiling env_filter v0.1.0
[INFO] [stderr]    Compiling tracing-log v0.2.0
[INFO] [stderr]    Compiling thread_local v1.1.8
[INFO] [stderr]    Compiling humantime v2.1.0
[INFO] [stderr]    Compiling tracing-subscriber v0.3.18
[INFO] [stderr]    Compiling tokio-test v0.4.4
[INFO] [stderr]    Compiling env_logger v0.11.3
[INFO] [stderr]    Compiling dotenv v0.15.0
[INFO] [stderr]    Compiling sqlx v0.7.4
[INFO] [stderr]    Compiling zstd v0.13.1
[INFO] [stderr]    Compiling actix-http v3.6.0
[INFO] [stderr]    Compiling actix-web v4.5.1
[INFO] [stderr]    Compiling actix-web-prometheus v0.1.2
[INFO] [stderr]    Compiling craby-city v0.1.0 (/opt/rustwide/workdir)
[INFO] [stderr]     Finished `release` profile [optimized] target(s) in 7m 29s
[INFO] [stderr] warning: the following packages contain code that will be rejected by a future version of Rust: sqlx-postgres v0.7.4
[INFO] [stderr] note: to see what the problems were, use the option `--future-incompat-report`, or run `cargo report future-incompatibilities --id 1`
[INFO] running `Command { std: "docker" "inspect" "edb7ff71578b2cdceb0442ed48771c408d83815aba427d6169126398818a1f1e", kill_on_drop: false }`
[INFO] running `Command { std: "docker" "exec" "-e" "SOURCE_DIR=/opt/rustwide/workdir" "-e" "CARGO_HOME=/opt/rustwide/cargo-home" "-e" "RUSTUP_HOME=/opt/rustwide/rustup-home" "-e" "CARGO_TARGET_DIR=/opt/rustwide/target" "-e" "CARGO_INCREMENTAL=0" "-e" "RUST_BACKTRACE=full" "-e" "RUSTFLAGS=--cap-lints=warn" "-e" "RUSTDOCFLAGS=--cap-lints=warn" "-w" "/opt/rustwide/workdir" "--user" "0:0" "edb7ff71578b2cdceb0442ed48771c408d83815aba427d6169126398818a1f1e" "/opt/rustwide/cargo-home/bin/cargo" "+1.99.0-beta.8" "test" "--frozen" "--no-run" "--message-format=json" "--release", kill_on_drop: false }`
[INFO] [stderr]    Compiling craby-city v0.1.0 (/opt/rustwide/workdir)
[INFO] [stderr]     Finished `release` profile [optimized] target(s) in 18.96s
[INFO] [stderr] warning: the following packages contain code that will be rejected by a future version of Rust: sqlx-postgres v0.7.4
[INFO] [stderr] note: to see what the problems were, use the option `--future-incompat-report`, or run `cargo report future-incompatibilities --id 1`
[INFO] running `Command { std: "docker" "inspect" "edb7ff71578b2cdceb0442ed48771c408d83815aba427d6169126398818a1f1e", kill_on_drop: false }`
[INFO] running `Command { std: "docker" "exec" "-e" "SOURCE_DIR=/opt/rustwide/workdir" "-e" "CARGO_HOME=/opt/rustwide/cargo-home" "-e" "RUSTUP_HOME=/opt/rustwide/rustup-home" "-e" "CARGO_TARGET_DIR=/opt/rustwide/target" "-e" "CARGO_INCREMENTAL=0" "-e" "RUST_BACKTRACE=full" "-e" "RUSTFLAGS=--cap-lints=warn" "-e" "RUSTDOCFLAGS=--cap-lints=warn" "-w" "/opt/rustwide/workdir" "--user" "0:0" "edb7ff71578b2cdceb0442ed48771c408d83815aba427d6169126398818a1f1e" "/opt/rustwide/cargo-home/bin/cargo" "+1.99.0-beta.8" "test" "--frozen" "--release", kill_on_drop: false }`
[INFO] [stderr]     Finished `release` profile [optimized] target(s) in 0.29s
[INFO] [stderr] warning: the following packages contain code that will be rejected by a future version of Rust: sqlx-postgres v0.7.4
[INFO] [stderr] note: to see what the problems were, use the option `--future-incompat-report`, or run `cargo report future-incompatibilities --id 1`
[INFO] [stderr]      Running unittests src/main.rs (/opt/rustwide/target/release/deps/craby_city-5d195c069fa5bc52)
[INFO] [stdout] 
[INFO] [stdout] running 2 tests
[INFO] [stdout] test tests::city_integration_test::tests::test_create ... FAILED
[INFO] [stdout] test tests::city_integration_test::tests::test_find_all ... FAILED
[INFO] [stdout] 
[INFO] [stdout] failures:
[INFO] [stdout] 
[INFO] [stdout] ---- tests::city_integration_test::tests::test_create stdout ----
[INFO] [stdout] 
[INFO] [stdout] thread 'tests::city_integration_test::tests::test_create' (4937) panicked at /opt/rustwide/cargo-home/registry/src/index.crates.io-1949cf8c6b5b557f/sqlx-postgres-0.7.4/src/testing/mod.rs:81:44:
[INFO] [stdout] DATABASE_URL must be set: EnvVar(NotPresent)
[INFO] [stdout] stack backtrace:
[INFO] [stdout]    0:     0x6350b2552f81 - <<std[70759c8f55707aa4]::sys::backtrace::BacktraceLock>::print::DisplayBacktrace as core[df12db4294e9bfd3]::fmt::Display>::fmt
[INFO] [stdout]    1:     0x6350b256ab2a - core[df12db4294e9bfd3]::fmt::write
[INFO] [stdout]    2:     0x6350b25579ac - <alloc[2182bb758b4b3781]::vec::Vec<u8> as core[df12db4294e9bfd3]::io::write::Write>::write_fmt
[INFO] [stdout]    3:     0x6350b252dee6 - std[70759c8f55707aa4]::panicking::default_hook::{closure#0}
[INFO] [stdout]    4:     0x6350b254ab19 - std[70759c8f55707aa4]::panicking::default_hook
[INFO] [stdout]    5:     0x6350b23e8e00 - test[9d35eded1c95d3be]::test_main_inner::<test[9d35eded1c95d3be]::test_main_static::{closure#0}>::{closure#0}
[INFO] [stdout]    6:     0x6350b254ae42 - std[70759c8f55707aa4]::panicking::panic_with_hook
[INFO] [stdout]    7:     0x6350b252df92 - std[70759c8f55707aa4]::panicking::panic_handler::{closure#0}
[INFO] [stdout]    8:     0x6350b2526869 - std[70759c8f55707aa4]::sys::backtrace::__rust_end_short_backtrace::<std[70759c8f55707aa4]::panicking::panic_handler::{closure#0}, !>
[INFO] [stdout]    9:     0x6350b252ee1d - __rustc[8fa7c3cbc660c2b3]::rust_begin_unwind
[INFO] [stdout]   10:     0x6350b256b28c - core[df12db4294e9bfd3]::panicking::panic_fmt
[INFO] [stdout]   11:     0x6350b256b062 - core[df12db4294e9bfd3]::result::unwrap_failed
[INFO] [stdout]   12:     0x6350b2456ca7 - <sqlx_postgres[18a9c539e4111878]::database::Postgres as sqlx_core[cb52ed7d90241bf8]::testing::TestSupport>::test_context::{closure#0}
[INFO] [stdout]   13:     0x6350b238fcd4 - <core[df12db4294e9bfd3]::pin::Pin<&mut sqlx_core[cb52ed7d90241bf8]::testing::run_test<sqlx_postgres[18a9c539e4111878]::database::Postgres, sqlx_core[cb52ed7d90241bf8]::testing::run_test_with_pool<sqlx_postgres[18a9c539e4111878]::database::Postgres, fn(sqlx_core[cb52ed7d90241bf8]::pool::Pool<sqlx_postgres[18a9c539e4111878]::database::Postgres>) -> craby_city[1e17102a9410a567]::tests::city_integration_test::tests::test_create::test_create::{closure#0}, craby_city[1e17102a9410a567]::tests::city_integration_test::tests::test_create::test_create::{closure#0}>::{closure#0}, sqlx_core[cb52ed7d90241bf8]::testing::run_test_with_pool<sqlx_postgres[18a9c539e4111878]::database::Postgres, fn(sqlx_core[cb52ed7d90241bf8]::pool::Pool<sqlx_postgres[18a9c539e4111878]::database::Postgres>) -> craby_city[1e17102a9410a567]::tests::city_integration_test::tests::test_create::test_create::{closure#0}, craby_city[1e17102a9410a567]::tests::city_integration_test::tests::test_create::test_create::{closure#0}>::{closure#0}::{closure#0}>::{closure#0}> as core[df12db4294e9bfd3]::future::future::Future>::poll
[INFO] [stdout]   14:     0x6350b23b2555 - <tokio[1c858d3a78924168]::runtime::scheduler::current_thread::CoreGuard>::block_on::<core[df12db4294e9bfd3]::pin::Pin<&mut sqlx_core[cb52ed7d90241bf8]::testing::run_test<sqlx_postgres[18a9c539e4111878]::database::Postgres, sqlx_core[cb52ed7d90241bf8]::testing::run_test_with_pool<sqlx_postgres[18a9c539e4111878]::database::Postgres, fn(sqlx_core[cb52ed7d90241bf8]::pool::Pool<sqlx_postgres[18a9c539e4111878]::database::Postgres>) -> craby_city[1e17102a9410a567]::tests::city_integration_test::tests::test_create::test_create::{closure#0}, craby_city[1e17102a9410a567]::tests::city_integration_test::tests::test_create::test_create::{closure#0}>::{closure#0}, sqlx_core[cb52ed7d90241bf8]::testing::run_test_with_pool<sqlx_postgres[18a9c539e4111878]::database::Postgres, fn(sqlx_core[cb52ed7d90241bf8]::pool::Pool<sqlx_postgres[18a9c539e4111878]::database::Postgres>) -> craby_city[1e17102a9410a567]::tests::city_integration_test::tests::test_create::test_create::{closure#0}, craby_city[1e17102a9410a567]::tests::city_integration_test::tests::test_create::test_create::{closure#0}>::{closure#0}::{closure#0}>::{closure#0}>>
[INFO] [stdout]   15:     0x6350b23bf8d4 - tokio[1c858d3a78924168]::runtime::context::runtime::enter_runtime::<<tokio[1c858d3a78924168]::runtime::scheduler::current_thread::CurrentThread>::block_on<sqlx_core[cb52ed7d90241bf8]::testing::run_test<sqlx_postgres[18a9c539e4111878]::database::Postgres, sqlx_core[cb52ed7d90241bf8]::testing::run_test_with_pool<sqlx_postgres[18a9c539e4111878]::database::Postgres, fn(sqlx_core[cb52ed7d90241bf8]::pool::Pool<sqlx_postgres[18a9c539e4111878]::database::Postgres>) -> craby_city[1e17102a9410a567]::tests::city_integration_test::tests::test_create::test_create::{closure#0}, craby_city[1e17102a9410a567]::tests::city_integration_test::tests::test_create::test_create::{closure#0}>::{closure#0}, sqlx_core[cb52ed7d90241bf8]::testing::run_test_with_pool<sqlx_postgres[18a9c539e4111878]::database::Postgres, fn(sqlx_core[cb52ed7d90241bf8]::pool::Pool<sqlx_postgres[18a9c539e4111878]::database::Postgres>) -> craby_city[1e17102a9410a567]::tests::city_integration_test::tests::test_create::test_create::{closure#0}, craby_city[1e17102a9410a567]::tests::city_integration_test::tests::test_create::test_create::{closure#0}>::{closure#0}::{closure#0}>::{closure#0}>::{closure#0}, ()>
[INFO] [stdout]   16:     0x6350b23b738b - <tokio[1c858d3a78924168]::runtime::runtime::Runtime>::block_on::<sqlx_core[cb52ed7d90241bf8]::testing::run_test<sqlx_postgres[18a9c539e4111878]::database::Postgres, sqlx_core[cb52ed7d90241bf8]::testing::run_test_with_pool<sqlx_postgres[18a9c539e4111878]::database::Postgres, fn(sqlx_core[cb52ed7d90241bf8]::pool::Pool<sqlx_postgres[18a9c539e4111878]::database::Postgres>) -> craby_city[1e17102a9410a567]::tests::city_integration_test::tests::test_create::test_create::{closure#0}, craby_city[1e17102a9410a567]::tests::city_integration_test::tests::test_create::test_create::{closure#0}>::{closure#0}, sqlx_core[cb52ed7d90241bf8]::testing::run_test_with_pool<sqlx_postgres[18a9c539e4111878]::database::Postgres, fn(sqlx_core[cb52ed7d90241bf8]::pool::Pool<sqlx_postgres[18a9c539e4111878]::database::Postgres>) -> craby_city[1e17102a9410a567]::tests::city_integration_test::tests::test_create::test_create::{closure#0}, craby_city[1e17102a9410a567]::tests::city_integration_test::tests::test_create::test_create::{closure#0}>::{closure#0}::{closure#0}>::{closure#0}>
[INFO] [stdout]   17:     0x6350b23ae2e2 - sqlx_core[cb52ed7d90241bf8]::rt::test_block_on::<sqlx_core[cb52ed7d90241bf8]::testing::run_test<sqlx_postgres[18a9c539e4111878]::database::Postgres, sqlx_core[cb52ed7d90241bf8]::testing::run_test_with_pool<sqlx_postgres[18a9c539e4111878]::database::Postgres, fn(sqlx_core[cb52ed7d90241bf8]::pool::Pool<sqlx_postgres[18a9c539e4111878]::database::Postgres>) -> craby_city[1e17102a9410a567]::tests::city_integration_test::tests::test_create::test_create::{closure#0}, craby_city[1e17102a9410a567]::tests::city_integration_test::tests::test_create::test_create::{closure#0}>::{closure#0}, sqlx_core[cb52ed7d90241bf8]::testing::run_test_with_pool<sqlx_postgres[18a9c539e4111878]::database::Postgres, fn(sqlx_core[cb52ed7d90241bf8]::pool::Pool<sqlx_postgres[18a9c539e4111878]::database::Postgres>) -> craby_city[1e17102a9410a567]::tests::city_integration_test::tests::test_create::test_create::{closure#0}, craby_city[1e17102a9410a567]::tests::city_integration_test::tests::test_create::test_create::{closure#0}>::{closure#0}::{closure#0}>::{closure#0}>
[INFO] [stdout]   18:     0x6350b23c6c6c - <craby_city[1e17102a9410a567]::tests::city_integration_test::tests::test_create::{closure#0} as core[df12db4294e9bfd3]::ops::function::FnOnce<()>>::call_once
[INFO] [stdout]   19:     0x6350b23dc0eb - test[9d35eded1c95d3be]::__rust_begin_short_backtrace::<core[df12db4294e9bfd3]::result::Result<(), alloc[2182bb758b4b3781]::string::String>, fn() -> core[df12db4294e9bfd3]::result::Result<(), alloc[2182bb758b4b3781]::string::String>>
[INFO] [stdout]   20:     0x6350b23e9755 - test[9d35eded1c95d3be]::run_test::{closure#0}
[INFO] [stdout]   21:     0x6350b23e3014 - std[70759c8f55707aa4]::sys::backtrace::__rust_begin_short_backtrace::<test[9d35eded1c95d3be]::run_test::{closure#1}, ()>
[INFO] [stdout]   22:     0x6350b23ec8b2 - <std[70759c8f55707aa4]::thread::lifecycle::spawn_unchecked<test[9d35eded1c95d3be]::run_test::{closure#1}, ()>::{closure#1} as core[df12db4294e9bfd3]::ops::function::FnOnce<()>>::call_once::{shim:vtable#0}
[INFO] [stdout]   23:     0x6350b2552189 - <std[70759c8f55707aa4]::sys::thread::unix::Thread>::new::thread_start
[INFO] [stdout]   24:     0x7d8098737dfa - <unknown>
[INFO] [stdout]   25:     0x7d80987cb3d4 - clone
[INFO] [stdout]   26:                0x0 - <unknown>
[INFO] [stdout] 
[INFO] [stdout] ---- tests::city_integration_test::tests::test_find_all stdout ----
[INFO] [stdout] 
[INFO] [stdout] thread 'tests::city_integration_test::tests::test_find_all' (4938) panicked at /opt/rustwide/cargo-home/registry/src/index.crates.io-1949cf8c6b5b557f/sqlx-postgres-0.7.4/src/testing/mod.rs:81:44:
[INFO] [stdout] DATABASE_URL must be set: EnvVar(NotPresent)
[INFO] [stdout] stack backtrace:
[INFO] [stdout]    0:     0x6350b2552f81 - <<std[70759c8f55707aa4]::sys::backtrace::BacktraceLock>::print::DisplayBacktrace as core[df12db4294e9bfd3]::fmt::Display>::fmt
[INFO] [stdout]    1:     0x6350b256ab2a - core[df12db4294e9bfd3]::fmt::write
[INFO] [stdout]    2:     0x6350b25579ac - <alloc[2182bb758b4b3781]::vec::Vec<u8> as core[df12db4294e9bfd3]::io::write::Write>::write_fmt
[INFO] [stdout]    3:     0x6350b252dee6 - std[70759c8f55707aa4]::panicking::default_hook::{closure#0}
[INFO] [stdout]    4:     0x6350b254ab19 - std[70759c8f55707aa4]::panicking::default_hook
[INFO] [stdout]    5:     0x6350b23e8e00 - test[9d35eded1c95d3be]::test_main_inner::<test[9d35eded1c95d3be]::test_main_static::{closure#0}>::{closure#0}
[INFO] [stdout]    6:     0x6350b254ae42 - std[70759c8f55707aa4]::panicking::panic_with_hook
[INFO] [stdout]    7:     0x6350b252df92 - std[70759c8f55707aa4]::panicking::panic_handler::{closure#0}
[INFO] [stdout]    8:     0x6350b2526869 - std[70759c8f55707aa4]::sys::backtrace::__rust_end_short_backtrace::<std[70759c8f55707aa4]::panicking::panic_handler::{closure#0}, !>
[INFO] [stdout]    9:     0x6350b252ee1d - __rustc[8fa7c3cbc660c2b3]::rust_begin_unwind
[INFO] [stdout]   10:     0x6350b256b28c - core[df12db4294e9bfd3]::panicking::panic_fmt
[INFO] [stdout]   11:     0x6350b256b062 - core[df12db4294e9bfd3]::result::unwrap_failed
[INFO] [stdout]   12:     0x6350b2456ca7 - <sqlx_postgres[18a9c539e4111878]::database::Postgres as sqlx_core[cb52ed7d90241bf8]::testing::TestSupport>::test_context::{closure#0}
[INFO] [stdout]   13:     0x6350b2393a8d - <core[df12db4294e9bfd3]::pin::Pin<&mut sqlx_core[cb52ed7d90241bf8]::testing::run_test<sqlx_postgres[18a9c539e4111878]::database::Postgres, sqlx_core[cb52ed7d90241bf8]::testing::run_test_with_pool<sqlx_postgres[18a9c539e4111878]::database::Postgres, fn(sqlx_core[cb52ed7d90241bf8]::pool::Pool<sqlx_postgres[18a9c539e4111878]::database::Postgres>) -> craby_city[1e17102a9410a567]::tests::city_integration_test::tests::test_find_all::test_find_all::{closure#0}, craby_city[1e17102a9410a567]::tests::city_integration_test::tests::test_find_all::test_find_all::{closure#0}>::{closure#0}, sqlx_core[cb52ed7d90241bf8]::testing::run_test_with_pool<sqlx_postgres[18a9c539e4111878]::database::Postgres, fn(sqlx_core[cb52ed7d90241bf8]::pool::Pool<sqlx_postgres[18a9c539e4111878]::database::Postgres>) -> craby_city[1e17102a9410a567]::tests::city_integration_test::tests::test_find_all::test_find_all::{closure#0}, craby_city[1e17102a9410a567]::tests::city_integration_test::tests::test_find_all::test_find_all::{closure#0}>::{closure#0}::{closure#0}>::{closure#0}> as core[df12db4294e9bfd3]::future::future::Future>::poll
[INFO] [stdout]   14:     0x6350b23b2bf3 - <tokio[1c858d3a78924168]::runtime::scheduler::current_thread::CoreGuard>::block_on::<core[df12db4294e9bfd3]::pin::Pin<&mut sqlx_core[cb52ed7d90241bf8]::testing::run_test<sqlx_postgres[18a9c539e4111878]::database::Postgres, sqlx_core[cb52ed7d90241bf8]::testing::run_test_with_pool<sqlx_postgres[18a9c539e4111878]::database::Postgres, fn(sqlx_core[cb52ed7d90241bf8]::pool::Pool<sqlx_postgres[18a9c539e4111878]::database::Postgres>) -> craby_city[1e17102a9410a567]::tests::city_integration_test::tests::test_find_all::test_find_all::{closure#0}, craby_city[1e17102a9410a567]::tests::city_integration_test::tests::test_find_all::test_find_all::{closure#0}>::{closure#0}, sqlx_core[cb52ed7d90241bf8]::testing::run_test_with_pool<sqlx_postgres[18a9c539e4111878]::database::Postgres, fn(sqlx_core[cb52ed7d90241bf8]::pool::Pool<sqlx_postgres[18a9c539e4111878]::database::Postgres>) -> craby_city[1e17102a9410a567]::tests::city_integration_test::tests::test_find_all::test_find_all::{closure#0}, craby_city[1e17102a9410a567]::tests::city_integration_test::tests::test_find_all::test_find_all::{closure#0}>::{closure#0}::{closure#0}>::{closure#0}>>
[INFO] [stdout]   15:     0x6350b23bfc92 - tokio[1c858d3a78924168]::runtime::context::runtime::enter_runtime::<<tokio[1c858d3a78924168]::runtime::scheduler::current_thread::CurrentThread>::block_on<sqlx_core[cb52ed7d90241bf8]::testing::run_test<sqlx_postgres[18a9c539e4111878]::database::Postgres, sqlx_core[cb52ed7d90241bf8]::testing::run_test_with_pool<sqlx_postgres[18a9c539e4111878]::database::Postgres, fn(sqlx_core[cb52ed7d90241bf8]::pool::Pool<sqlx_postgres[18a9c539e4111878]::database::Postgres>) -> craby_city[1e17102a9410a567]::tests::city_integration_test::tests::test_find_all::test_find_all::{closure#0}, craby_city[1e17102a9410a567]::tests::city_integration_test::tests::test_find_all::test_find_all::{closure#0}>::{closure#0}, sqlx_core[cb52ed7d90241bf8]::testing::run_test_with_pool<sqlx_postgres[18a9c539e4111878]::database::Postgres, fn(sqlx_core[cb52ed7d90241bf8]::pool::Pool<sqlx_postgres[18a9c539e4111878]::database::Postgres>) -> craby_city[1e17102a9410a567]::tests::city_integration_test::tests::test_find_all::test_find_all::{closure#0}, craby_city[1e17102a9410a567]::tests::city_integration_test::tests::test_find_all::test_find_all::{closure#0}>::{closure#0}::{closure#0}>::{closure#0}>::{closure#0}, core[df12db4294e9bfd3]::result::Result<(), sqlx_core[cb52ed7d90241bf8]::error::Error>>
[INFO] [stdout]   16:     0x6350b23b74f5 - <tokio[1c858d3a78924168]::runtime::runtime::Runtime>::block_on::<sqlx_core[cb52ed7d90241bf8]::testing::run_test<sqlx_postgres[18a9c539e4111878]::database::Postgres, sqlx_core[cb52ed7d90241bf8]::testing::run_test_with_pool<sqlx_postgres[18a9c539e4111878]::database::Postgres, fn(sqlx_core[cb52ed7d90241bf8]::pool::Pool<sqlx_postgres[18a9c539e4111878]::database::Postgres>) -> craby_city[1e17102a9410a567]::tests::city_integration_test::tests::test_find_all::test_find_all::{closure#0}, craby_city[1e17102a9410a567]::tests::city_integration_test::tests::test_find_all::test_find_all::{closure#0}>::{closure#0}, sqlx_core[cb52ed7d90241bf8]::testing::run_test_with_pool<sqlx_postgres[18a9c539e4111878]::database::Postgres, fn(sqlx_core[cb52ed7d90241bf8]::pool::Pool<sqlx_postgres[18a9c539e4111878]::database::Postgres>) -> craby_city[1e17102a9410a567]::tests::city_integration_test::tests::test_find_all::test_find_all::{closure#0}, craby_city[1e17102a9410a567]::tests::city_integration_test::tests::test_find_all::test_find_all::{closure#0}>::{closure#0}::{closure#0}>::{closure#0}>
[INFO] [stdout]   17:     0x6350b23ae45a - sqlx_core[cb52ed7d90241bf8]::rt::test_block_on::<sqlx_core[cb52ed7d90241bf8]::testing::run_test<sqlx_postgres[18a9c539e4111878]::database::Postgres, sqlx_core[cb52ed7d90241bf8]::testing::run_test_with_pool<sqlx_postgres[18a9c539e4111878]::database::Postgres, fn(sqlx_core[cb52ed7d90241bf8]::pool::Pool<sqlx_postgres[18a9c539e4111878]::database::Postgres>) -> craby_city[1e17102a9410a567]::tests::city_integration_test::tests::test_find_all::test_find_all::{closure#0}, craby_city[1e17102a9410a567]::tests::city_integration_test::tests::test_find_all::test_find_all::{closure#0}>::{closure#0}, sqlx_core[cb52ed7d90241bf8]::testing::run_test_with_pool<sqlx_postgres[18a9c539e4111878]::database::Postgres, fn(sqlx_core[cb52ed7d90241bf8]::pool::Pool<sqlx_postgres[18a9c539e4111878]::database::Postgres>) -> craby_city[1e17102a9410a567]::tests::city_integration_test::tests::test_find_all::test_find_all::{closure#0}, craby_city[1e17102a9410a567]::tests::city_integration_test::tests::test_find_all::test_find_all::{closure#0}>::{closure#0}::{closure#0}>::{closure#0}>
[INFO] [stdout]   18:     0x6350b23c6d29 - <craby_city[1e17102a9410a567]::tests::city_integration_test::tests::test_find_all::{closure#0} as core[df12db4294e9bfd3]::ops::function::FnOnce<()>>::call_once
[INFO] [stdout]   19:     0x6350b23dc0eb - test[9d35eded1c95d3be]::__rust_begin_short_backtrace::<core[df12db4294e9bfd3]::result::Result<(), alloc[2182bb758b4b3781]::string::String>, fn() -> core[df12db4294e9bfd3]::result::Result<(), alloc[2182bb758b4b3781]::string::String>>
[INFO] [stdout]   20:     0x6350b23e9755 - test[9d35eded1c95d3be]::run_test::{closure#0}
[INFO] [stdout]   21:     0x6350b23e3014 - std[70759c8f55707aa4]::sys::backtrace::__rust_begin_short_backtrace::<test[9d35eded1c95d3be]::run_test::{closure#1}, ()>
[INFO] [stdout]   22:     0x6350b23ec8b2 - <std[70759c8f55707aa4]::thread::lifecycle::spawn_unchecked<test[9d35eded1c95d3be]::run_test::{closure#1}, ()>::{closure#1} as core[df12db4294e9bfd3]::ops::function::FnOnce<()>>::call_once::{shim:vtable#0}
[INFO] [stdout]   23:     0x6350b2552189 - <std[70759c8f55707aa4]::sys::thread::unix::Thread>::new::thread_start
[INFO] [stdout]   24:     0x7d8098737dfa - <unknown>
[INFO] [stdout]   25:     0x7d80987cb3d4 - clone
[INFO] [stdout]   26:                0x0 - <unknown>
[INFO] [stdout] 
[INFO] [stdout] 
[INFO] [stdout] failures:
[INFO] [stdout]     tests::city_integration_test::tests::test_create
[INFO] [stdout]     tests::city_integration_test::tests::test_find_all
[INFO] [stdout] 
[INFO] [stdout] test result: FAILED. 0 passed; 2 failed; 0 ignored; 0 measured; 0 filtered out; finished in 0.01s
[INFO] [stdout] 
[INFO] [stderr] error: test failed, to rerun pass `--bin craby-city`
[INFO] running `Command { std: "docker" "inspect" "edb7ff71578b2cdceb0442ed48771c408d83815aba427d6169126398818a1f1e", kill_on_drop: false }`
[INFO] running `Command { std: "docker" "rm" "-f" "edb7ff71578b2cdceb0442ed48771c408d83815aba427d6169126398818a1f1e", kill_on_drop: false }`
[INFO] [stdout] edb7ff71578b2cdceb0442ed48771c408d83815aba427d6169126398818a1f1e
