[INFO] fetching crate crepuscularity-native 0.6.5...
[INFO] testing crepuscularity-native-0.6.5 against 1.100.0-beta.1+cargoflags=--release for beta-release-1.100-2
[INFO] extracting crate crepuscularity-native 0.6.5 into /workspace/builds/worker-0-tc2/source
[INFO] started tweaking crates.io crate crepuscularity-native 0.6.5
[INFO] removed 0 missing tests
[INFO] finished tweaking crates.io crate crepuscularity-native 0.6.5
[INFO] tweaked toml for crates.io crate crepuscularity-native 0.6.5 written to /workspace/builds/worker-0-tc2/source/Cargo.toml
[INFO] validating manifest of crates.io crate crepuscularity-native 0.6.5 on toolchain 1.100.0-beta.1
[INFO] running `Command { std: CARGO_HOME="/workspace/cargo-home" RUSTUP_HOME="/workspace/rustup-home" "/workspace/cargo-home/bin/cargo" "+1.100.0-beta.1" "metadata" "--manifest-path" "Cargo.toml" "--no-deps", kill_on_drop: false }`
[INFO] crate crates.io crate crepuscularity-native 0.6.5 already has a lockfile, it will not be regenerated
[INFO] running `Command { std: CARGO_HOME="/workspace/cargo-home" RUSTUP_HOME="/workspace/rustup-home" "/workspace/cargo-home/bin/cargo" "+1.100.0-beta.1" "fetch" "--manifest-path" "Cargo.toml", kill_on_drop: false }`
[INFO] [stderr]     Blocking waiting for file lock on package cache
[INFO] [stderr]     Blocking waiting for file lock on package cache
[INFO] [stderr]  Downloading crates ...
[INFO] [stderr]   Downloaded crepuscularity-core v0.5.0
[INFO] [stderr]   Downloaded zmij v1.0.22
[INFO] running `Command { std: "docker" "create" "-v" "/var/lib/crater-agent-workspace/builds/worker-0-tc2/source:/opt/rustwide/workdir:ro,Z" "-v" "/var/lib/crater-agent-workspace/builds/worker-0-tc2/target:/opt/rustwide/target:rw,Z" "-v" "/var/lib/crater-agent-workspace/cargo-home:/opt/rustwide/cargo-home:ro,Z" "-v" "/var/lib/crater-agent-workspace/rustup-home:/opt/rustwide/rustup-home:ro,Z" "-m" "1610612736" "--network" "none" "ghcr.io/rust-lang/crates-build-env/linux@sha256:77db811e55d90add9212f6832c23229e3de5f1c1f9905e8cb07319ea15df73ac" "sleep" "infinity", kill_on_drop: false }`
[INFO] [stdout] 9223ed59603fee8ddced53c3dae14009da3da36aa088f5c970d05379db0c5e54
[INFO] running `Command { std: "docker" "start" "9223ed59603fee8ddced53c3dae14009da3da36aa088f5c970d05379db0c5e54", kill_on_drop: false }`
[INFO] running `Command { std: "docker" "inspect" "9223ed59603fee8ddced53c3dae14009da3da36aa088f5c970d05379db0c5e54", kill_on_drop: false }`
[INFO] running `Command { std: "docker" "exec" "-e" "SOURCE_DIR=/opt/rustwide/workdir" "-e" "CARGO_HOME=/opt/rustwide/cargo-home" "-e" "RUSTUP_HOME=/opt/rustwide/rustup-home" "-e" "CARGO_TARGET_DIR=/opt/rustwide/target" "-w" "/opt/rustwide/workdir" "--user" "0:0" "9223ed59603fee8ddced53c3dae14009da3da36aa088f5c970d05379db0c5e54" "/opt/rustwide/cargo-home/bin/cargo" "+1.100.0-beta.1" "metadata" "--no-deps" "--format-version=1", kill_on_drop: false }`
[INFO] running `Command { std: "docker" "inspect" "9223ed59603fee8ddced53c3dae14009da3da36aa088f5c970d05379db0c5e54", kill_on_drop: false }`
[INFO] running `Command { std: "docker" "exec" "-e" "SOURCE_DIR=/opt/rustwide/workdir" "-e" "CARGO_HOME=/opt/rustwide/cargo-home" "-e" "RUSTUP_HOME=/opt/rustwide/rustup-home" "-e" "CARGO_TARGET_DIR=/opt/rustwide/target" "-e" "CARGO_INCREMENTAL=0" "-e" "RUST_BACKTRACE=full" "-e" "RUSTFLAGS=--cap-lints=warn" "-e" "RUSTDOCFLAGS=--cap-lints=warn" "-w" "/opt/rustwide/workdir" "--user" "0:0" "9223ed59603fee8ddced53c3dae14009da3da36aa088f5c970d05379db0c5e54" "/opt/rustwide/cargo-home/bin/cargo" "+1.100.0-beta.1" "build" "--frozen" "--message-format=json" "--release", kill_on_drop: false }`
[INFO] [stderr]    Compiling quote v1.0.46
[INFO] [stderr]    Compiling zmij v1.0.22
[INFO] [stderr]    Compiling serde_json v1.0.150
[INFO] [stderr]    Compiling crepuscularity-core v0.5.0
[INFO] [stderr]    Compiling hybrid-array v0.4.13
[INFO] [stderr]    Compiling serde_spanned v1.1.1
[INFO] [stderr]    Compiling toml_datetime v1.1.1+spec-1.1.0
[INFO] [stderr]    Compiling toml v1.1.2+spec-1.1.0
[INFO] [stderr]    Compiling syn v2.0.118
[INFO] [stderr]    Compiling crypto-common v0.2.2
[INFO] [stderr]    Compiling block-buffer v0.12.1
[INFO] [stderr]    Compiling digest v0.11.3
[INFO] [stderr]    Compiling sha2 v0.11.0
[INFO] [stderr]    Compiling thiserror-impl v2.0.18
[INFO] [stderr]    Compiling tracing-attributes v0.1.31
[INFO] [stderr]    Compiling serde_derive v1.0.228
[INFO] [stderr]    Compiling tracing v0.1.44
[INFO] [stderr]    Compiling thiserror v2.0.18
[INFO] [stderr]    Compiling serde v1.0.228
[INFO] [stderr]    Compiling crepuscularity-native v0.6.5 (/opt/rustwide/workdir)
[INFO] [stderr]     Finished `release` profile [optimized] target(s) in 8.72s
[INFO] running `Command { std: "docker" "inspect" "9223ed59603fee8ddced53c3dae14009da3da36aa088f5c970d05379db0c5e54", kill_on_drop: false }`
[INFO] running `Command { std: "docker" "exec" "-e" "SOURCE_DIR=/opt/rustwide/workdir" "-e" "CARGO_HOME=/opt/rustwide/cargo-home" "-e" "RUSTUP_HOME=/opt/rustwide/rustup-home" "-e" "CARGO_TARGET_DIR=/opt/rustwide/target" "-e" "CARGO_INCREMENTAL=0" "-e" "RUST_BACKTRACE=full" "-e" "RUSTFLAGS=--cap-lints=warn" "-e" "RUSTDOCFLAGS=--cap-lints=warn" "-w" "/opt/rustwide/workdir" "--user" "0:0" "9223ed59603fee8ddced53c3dae14009da3da36aa088f5c970d05379db0c5e54" "/opt/rustwide/cargo-home/bin/cargo" "+1.100.0-beta.1" "test" "--frozen" "--no-run" "--message-format=json" "--release", kill_on_drop: false }`
[INFO] [stderr]    Compiling libc v0.2.186
[INFO] [stderr]    Compiling getrandom v0.4.3
[INFO] [stderr]    Compiling tempfile v3.27.0
[INFO] [stderr]    Compiling crepuscularity-native v0.6.5 (/opt/rustwide/workdir)
[INFO] [stderr]     Finished `release` profile [optimized] target(s) in 8.06s
[INFO] running `Command { std: "docker" "inspect" "9223ed59603fee8ddced53c3dae14009da3da36aa088f5c970d05379db0c5e54", kill_on_drop: false }`
[INFO] running `Command { std: "docker" "exec" "-e" "SOURCE_DIR=/opt/rustwide/workdir" "-e" "CARGO_HOME=/opt/rustwide/cargo-home" "-e" "RUSTUP_HOME=/opt/rustwide/rustup-home" "-e" "CARGO_TARGET_DIR=/opt/rustwide/target" "-e" "CARGO_INCREMENTAL=0" "-e" "RUST_BACKTRACE=full" "-e" "RUSTFLAGS=--cap-lints=warn" "-e" "RUSTDOCFLAGS=--cap-lints=warn" "-w" "/opt/rustwide/workdir" "--user" "0:0" "9223ed59603fee8ddced53c3dae14009da3da36aa088f5c970d05379db0c5e54" "/opt/rustwide/cargo-home/bin/cargo" "+1.100.0-beta.1" "test" "--frozen" "--release", kill_on_drop: false }`
[INFO] [stderr]     Finished `release` profile [optimized] target(s) in 0.04s
[INFO] [stderr]      Running unittests src/lib.rs (/opt/rustwide/target/release/build/crepuscularity-native/6caca3a4114194ac/out/crepuscularity_native-6caca3a4114194ac)
[INFO] [stdout] 
[INFO] [stdout] running 217 tests
[INFO] [stdout] test codegen::shared::tests::kotlin_strings_keep_interpolation_markers_literal ... ok
[INFO] [stdout] test codegen::shared::tests::swift_strings_preserve_dollars_and_existing_escaping ... ok
[INFO] [stdout] test colors::tests::basic_named ... ok
[INFO] [stdout] test colors::tests::case_insensitive ... ok
[INFO] [stdout] test colors::tests::hex6 ... ok
[INFO] [stdout] test colors::tests::hex8_alpha ... ok
[INFO] [stdout] test colors::tests::tailwind_named ... ok
[INFO] [stdout] test colors::tests::test_parse_opacity_suffix_invalid ... ok
[INFO] [stdout] test colors::tests::test_parse_opacity_suffix_valid ... ok
[INFO] [stdout] test colors::tests::transparent ... ok
[INFO] [stdout] test colors::tests::unknown_returns_none ... ok
[INFO] [stdout] test host::tests::test_parse_java_major_invalid ... ok
[INFO] [stdout] test host::tests::test_parse_java_major_valid ... ok
[INFO] [stdout] test moonshine::tests::button_on_click_wired_to_handlers ... ok
[INFO] [stdout] test moonshine::tests::attribute_containing_a_quote_stays_in_an_expression ... ok
[INFO] [stdout] test moonshine::tests::component_emitter_omits_create_app_and_mount ... ok
[INFO] [stdout] test moonshine::tests::emits_badge ... ok
[INFO] [stdout] test moonshine::tests::component_emitter_uses_named_props_contract ... ok
[INFO] [stdout] test moonshine::tests::component_emitter_renders_same_markup_as_app_emitter ... ok
[INFO] [stdout] test moonshine::tests::component_emitter_uses_named_component ... ok
[INFO] [stdout] test moonshine::tests::emits_checkbox ... ok
[INFO] [stdout] test moonshine::tests::emits_divider ... ok
[INFO] [stdout] test moonshine::tests::emits_dropzone ... ok
[INFO] [stdout] test moonshine::tests::emits_button ... ok
[INFO] [stdout] test moonshine::tests::emits_file_picker ... ok
[INFO] [stdout] test moonshine::tests::emits_for_each ... ok
[INFO] [stdout] test moonshine::tests::emits_if ... ok
[INFO] [stdout] test moonshine::tests::emits_image ... ok
[INFO] [stdout] test moonshine::tests::emits_input ... ok
[INFO] [stdout] test moonshine::tests::emits_link ... ok
[INFO] [stdout] test moonshine::tests::emits_list ... ok
[INFO] [stdout] test moonshine::tests::emits_list_item ... ok
[INFO] [stdout] test moonshine::tests::emits_meter ... ok
[INFO] [stdout] test moonshine::tests::emits_picker ... ok
[INFO] [stdout] test moonshine::tests::emits_progress ... ok
[INFO] [stdout] test moonshine::tests::emits_scroll ... ok
[INFO] [stdout] test moonshine::tests::emits_scope_and_handlers_props_contract ... ok
[INFO] [stdout] test moonshine::tests::emits_slider ... ok
[INFO] [stdout] test moonshine::tests::emits_slot_rotate ... ok
[INFO] [stdout] test moonshine::tests::emits_spacer ... ok
[INFO] [stdout] test moonshine::tests::emits_stack ... ok
[INFO] [stdout] test moonshine::tests::emits_tabs ... ok
[INFO] [stdout] test moonshine::tests::emits_text ... ok
[INFO] [stdout] test moonshine::tests::emits_toggle ... ok
[INFO] [stdout] test moonshine::tests::emits_web_view ... ok
[INFO] [stdout] test moonshine::tests::for_each_maps_over_scope_array ... ok
[INFO] [stdout] test moonshine::tests::if_with_else_renders_both_branches ... ok
[INFO] [stdout] test moonshine::tests::if_without_else_emits_null_branch ... ok
[INFO] [stdout] test moonshine::tests::moonshine_emit_preserves_anchor_href_and_classes ... ok
[INFO] [stdout] test moonshine::tests::moonshine_emit_writes_real_jsx_with_classnames ... ok
[INFO] [stdout] test moonshine::tests::scope_expr_does_not_prefix_keywords ... ok
[INFO] [stdout] test moonshine::tests::nested_for_each_resolves_both_item_names_as_locals ... ok
[INFO] [stdout] test moonshine::tests::scope_expr_leaves_numbers_and_operators_alone ... ok
[INFO] [stdout] test moonshine::tests::scope_expr_leaves_string_literals_untouched ... ok
[INFO] [stdout] test moonshine::tests::scope_expr_does_not_prefix_locals ... ok
[INFO] [stdout] test moonshine::tests::scope_expr_prefixes_dotted_path_once ... ok
[INFO] [stdout] test moonshine::tests::text_with_bind_renders_expression_not_literal ... ok
[INFO] [stdout] test native::tests::file_picker_request_is_portable_json ... ok
[INFO] [stdout] test moonshine::tests::text_containing_jsx_metacharacters_stays_in_an_expression ... ok
[INFO] [stdout] test native::tests::generic_plugin_request_is_portable_json ... ok
[INFO] [stdout] test native::tests::picked_file_supports_cache_backed_assets ... ok
[INFO] [stdout] test native::tests::native_capability_registry_has_unique_names ... ok
[INFO] [stdout] test solid::tests::button_on_click_wired_to_handlers_accessor ... ok
[INFO] [stdout] test moonshine::tests::scope_expr_empty_becomes_undefined ... ok
[INFO] [stdout] test solid::tests::class_attr_uses_class_not_class_name ... ok
[INFO] [stdout] test solid::tests::dom_event_wired_to_handlers_accessor ... ok
[INFO] [stdout] test solid::tests::emits_badge ... ok
[INFO] [stdout] test solid::tests::emits_button ... ok
[INFO] [stdout] test solid::tests::emits_checkbox ... ok
[INFO] [stdout] test solid::tests::emits_divider ... ok
[INFO] [stdout] test solid::tests::emits_dropzone ... ok
[INFO] [stdout] test solid::tests::emits_file_picker ... ok
[INFO] [stdout] test solid::tests::emits_image ... ok
[INFO] [stdout] test solid::tests::emits_input ... ok
[INFO] [stdout] test solid::tests::emits_link ... ok
[INFO] [stdout] test solid::tests::emits_list_item ... ok
[INFO] [stdout] test solid::tests::emits_meter ... ok
[INFO] [stdout] test solid::tests::emits_list ... ok
[INFO] [stdout] test solid::tests::emits_progress ... ok
[INFO] [stdout] test solid::tests::emits_picker ... ok
[INFO] [stdout] test solid::tests::emits_scroll ... ok
[INFO] [stdout] test solid::tests::emits_scope_and_handlers_props_contract ... ok
[INFO] [stdout] test solid::tests::emits_slider ... ok
[INFO] [stdout] test solid::tests::emits_slot_rotate ... ok
[INFO] [stdout] test solid::tests::emits_spacer ... ok
[INFO] [stdout] test solid::tests::emits_stack ... ok
[INFO] [stdout] test solid::tests::emits_tabs ... ok
[INFO] [stdout] test solid::tests::emits_text ... ok
[INFO] [stdout] test solid::tests::emits_toggle ... ok
[INFO] [stdout] test solid::tests::emits_web_view ... ok
[INFO] [stdout] test solid::tests::for_each_maps_over_scope_array_and_item_is_not_prefixed ... ok
[INFO] [stdout] test solid::tests::nested_for_resolves_both_item_names_as_locals ... ok
[INFO] [stdout] test solid::tests::scope_expr_does_not_prefix_keywords ... ok
[INFO] [stdout] test solid::tests::scope_expr_does_not_prefix_locals ... ok
[INFO] [stdout] test solid::tests::scope_expr_empty_becomes_undefined ... ok
[INFO] [stdout] test solid::tests::scope_expr_leaves_string_literals_untouched ... ok
[INFO] [stdout] test solid::tests::show_with_fallback_renders_both_branches ... ok
[INFO] [stdout] test solid::tests::show_without_fallback_omits_fallback_attr ... ok
[INFO] [stdout] test solid::tests::solid_emit_writes_real_tsx_with_class ... ok
[INFO] [stdout] test solid::tests::scope_expr_prefixes_dotted_path_once ... ok
[INFO] [stdout] test style::tests::colors_resolve_through_core ... ok
[INFO] [stdout] test style::tests::font_size_ramp_stays_strict ... ok
[INFO] [stdout] test solid::tests::text_with_bind_renders_scope_accessor_expression ... ok
[INFO] [stdout] test style::tests::spacing_accepts_half_steps_and_arbitrary_values ... ok
[INFO] [stdout] test style::tests::spacing_table_covers_every_padding_and_margin_arm ... ok
[INFO] [stdout] test style::tests::size_sentinels_are_stable ... ok
[INFO] [stdout] test svelte::tests::attribute_value_is_html_escaped ... ok
[INFO] [stdout] test svelte::tests::emits_badge ... ok
[INFO] [stdout] test svelte::tests::button_click_wired_to_handlers ... ok
[INFO] [stdout] test svelte::tests::emits_basic_element_with_classes ... ok
[INFO] [stdout] test svelte::tests::emits_checkbox ... ok
[INFO] [stdout] test svelte::tests::emits_divider ... ok
[INFO] [stdout] test svelte::tests::emits_dropzone ... ok
[INFO] [stdout] test svelte::tests::emits_file_picker ... ok
[INFO] [stdout] test svelte::tests::emits_image ... ok
[INFO] [stdout] test svelte::tests::emits_link ... ok
[INFO] [stdout] test svelte::tests::emits_input ... ok
[INFO] [stdout] test svelte::tests::emits_list ... ok
[INFO] [stdout] test svelte::tests::emits_list_item ... ok
[INFO] [stdout] test svelte::tests::emits_meter ... ok
[INFO] [stdout] test svelte::tests::emits_progress ... ok
[INFO] [stdout] test svelte::tests::emits_picker ... ok
[INFO] [stdout] test svelte::tests::emits_scroll ... ok
[INFO] [stdout] test svelte::tests::emits_slider ... ok
[INFO] [stdout] test svelte::tests::emits_spacer ... ok
[INFO] [stdout] test svelte::tests::emits_stack_with_long_press ... ok
[INFO] [stdout] test svelte::tests::emits_toggle ... ok
[INFO] [stdout] test svelte::tests::emits_web_view ... ok
[INFO] [stdout] test svelte::tests::emits_slot_rotate ... ok
[INFO] [stdout] test svelte::tests::for_each_maps_scope_array_and_leaves_item_unprefixed ... ok
[INFO] [stdout] test svelte::tests::if_without_else_omits_else_block ... ok
[INFO] [stdout] test svelte::tests::emits_tabs ... ok
[INFO] [stdout] test svelte::tests::if_with_else_renders_both_branches ... ok
[INFO] [stdout] test svelte::tests::text_content_is_html_escaped ... ok
[INFO] [stdout] test svelte::tests::text_with_bind_renders_expression_not_literal ... ok
[INFO] [stdout] test tests::ast_gate_rejects_control_flow_condition_changes ... ok
[INFO] [stdout] test tests::button_and_dynamic_color ... ok
[INFO] [stdout] test tests::codegen_compose_emits_composable_source ... ok
[INFO] [stdout] test tests::codegen_compose_keeps_context_strings_literal ... ok
[INFO] [stdout] test tests::codegen_compose_keeps_decoded_ir_strings_literal ... ok
[INFO] [stdout] test tests::codegen_emits_native_webviews ... ok
[INFO] [stdout] test tests::codegen_emits_native_lists ... ok
[INFO] [stdout] test tests::codegen_honors_native_justify_center ... ok
[INFO] [stdout] test tests::codegen_preserves_control_change_bindings ... ok
[INFO] [stdout] test tests::codegen_preserves_dynamic_state_bindings ... ok
[INFO] [stdout] test tests::codegen_swiftui_emits_standalone_view_source ... ok
[INFO] [stdout] test tests::codegen_wraps_native_rows ... ok
[INFO] [stdout] test tests::compose_button_colors_use_material_colors ... ok
[INFO] [stdout] test tests::compose_named_black_and_white_colors ... ok
[INFO] [stdout] test tests::dropzone_ir ... ok
[INFO] [stdout] test tests::compose_stack_text_color_inherits_to_children ... ok
[INFO] [stdout] test tests::element_id_lowers_into_view_style ... ok
[INFO] [stdout] test tests::empty_bound_element_renders_dynamic_text ... ok
[INFO] [stdout] test tests::element_without_id_omits_the_field ... ok
[INFO] [stdout] test tests::gradient_background_classes ... ok
[INFO] [stdout] test tests::image_object_fit_and_position_classes ... ok
[INFO] [stdout] test tests::file_picker_ir_and_codegen_actions ... ok
[INFO] [stdout] test tests::for_loop ... ok
[INFO] [stdout] test tests::input_and_picker_ir ... ok
[INFO] [stdout] test tests::file_include_rejects_absolute_path ... ok
[INFO] [stdout] test tests::file_include_rejects_parent_dir ... ok
[INFO] [stdout] test tests::password_input_emits_secure_native_fields ... ok
[INFO] [stdout] test tests::plain_text_stack ... ok
[INFO] [stdout] test tests::include_virtual_file ... ok
[INFO] [stdout] test tests::native_registry_classes_emit_real_platform_styles ... ok
[INFO] [stdout] test tests::plan_hot_reload_falls_back_to_full_reload_for_semantic_changes ... ok
[INFO] [stdout] test tests::render_from_files_missing_file ... ok
[INFO] [stdout] test tests::render_from_files_missing_component_file ... ok
[INFO] [stdout] test tests::svelte_anchor_lowers_to_link_with_class_tokens ... ok
[INFO] [stdout] test tests::standard_controls_ir ... ok
[INFO] [stdout] test tests::native_codegen_keeps_conditional_sections ... ok
[INFO] [stdout] test tests::svelte_events_and_bindings_reach_the_ir ... ok
[INFO] [stdout] test tests::svelte_text_interpolation_lowers_to_text ... ok
[INFO] [stdout] test tests::match_arm ... ok
[INFO] [stdout] test tests::render_from_files_entry ... ok
[INFO] [stdout] test tests::svelte_each_block_lowers_to_for_each ... ok
[INFO] [stdout] test tests::ir_patch_round_trip_text_update ... ok
[INFO] [stdout] test tests::svelte_if_block_lowers_to_if_node ... ok
[INFO] [stdout] test tests::plan_hot_reload_returns_patch_for_literal_changes ... ok
[INFO] [stdout] test tests::serde_round_trip ... ok
[INFO] [stdout] test tests::vue_conditional_classes_lower_to_active_classes ... ok
[INFO] [stdout] test tests::render_from_files_component_entry ... ok
[INFO] [stdout] test tests::web_and_react_native_style_tags_lower_to_native_ir ... ok
[INFO] [stdout] test tests::web_style_classes_lower_to_typed_native_codegen ... ok
[INFO] [stdout] test tests::vue_sfc_lowers_to_view_ir_with_class_tokens ... ok
[INFO] [stdout] test vue::tests::emits_badge ... ok
[INFO] [stdout] test vue::tests::emits_checkbox ... ok
[INFO] [stdout] test vue::tests::emits_basic_element_with_classes ... ok
[INFO] [stdout] test vue::tests::emits_divider ... ok
[INFO] [stdout] test tests::webview_embeds_lower_to_native_ir ... ok
[INFO] [stdout] test tests::tabs_ir_and_native_codegen ... ok
[INFO] [stdout] test vue::tests::emits_dropzone ... ok
[INFO] [stdout] test vue::tests::emits_file_picker ... ok
[INFO] [stdout] test vue::tests::emits_image ... ok
[INFO] [stdout] test vue::tests::emits_input ... ok
[INFO] [stdout] test tests::svelte_component_golden_lowers_to_expected_ir ... ok
[INFO] [stdout] test vue::tests::button_click_wired_to_handlers ... ok
[INFO] [stdout] test vue::tests::emits_link ... ok
[INFO] [stdout] test vue::tests::emits_list ... ok
[INFO] [stdout] test vue::tests::emits_list_item ... ok
[INFO] [stdout] test vue::tests::emits_meter ... ok
[INFO] [stdout] test vue::tests::emits_picker ... ok
[INFO] [stdout] test vue::tests::emits_progress ... ok
[INFO] [stdout] test vue::tests::emits_scroll ... ok
[INFO] [stdout] test vue::tests::emits_slider ... ok
[INFO] [stdout] test vue::tests::emits_slot_rotate ... ok
[INFO] [stdout] test vue::tests::emits_spacer ... ok
[INFO] [stdout] test vue::tests::emits_stack_with_long_press ... ok
[INFO] [stdout] test vue::tests::emits_tabs ... ok
[INFO] [stdout] test vue::tests::emits_web_view ... ok
[INFO] [stdout] test vue::tests::for_each_maps_scope_array_and_leaves_item_unprefixed ... ok
[INFO] [stdout] test vue::tests::if_without_else_emits_single_template_block ... ok
[INFO] [stdout] test vue::tests::static_attribute_value_is_html_escaped ... ok
[INFO] [stdout] test vue::tests::if_with_else_renders_both_branches ... ok
[INFO] [stdout] test vue::tests::text_with_bind_renders_expression_not_literal ... ok
[INFO] [stdout] test vue::tests::emits_toggle ... ok
[INFO] [stdout] test vue::tests::text_content_is_html_escaped ... ok
[INFO] [stdout] 
[INFO] [stdout] test result: ok. 217 passed; 0 failed; 0 ignored; 0 measured; 0 filtered out; finished in 0.01s
[INFO] [stdout] 
[INFO] [stderr]      Running unittests src/bin/parity_report.rs (/opt/rustwide/target/release/build/crepuscularity-native/f4daadc6f0aac4c7/out/parity_report-f4daadc6f0aac4c7)
[INFO] [stdout] 
[INFO] [stdout] running 0 tests
[INFO] [stdout] 
[INFO] [stdout] test result: ok. 0 passed; 0 failed; 0 ignored; 0 measured; 0 filtered out; finished in 0.00s
[INFO] [stdout] 
[INFO] [stderr]      Running tests/frontend_dispatch.rs (/opt/rustwide/target/release/build/crepuscularity-native/dba074c0c0894cfe/out/frontend_dispatch-dba074c0c0894cfe)
[INFO] [stdout] 
[INFO] [stdout] running 2 tests
[INFO] [stdout] test angular_component_templates_reach_the_view_ir ... ok
[INFO] [stdout] test astro_files_reach_the_view_ir ... FAILED
[INFO] [stdout] 
[INFO] [stdout] failures:
[INFO] [stdout] 
[INFO] [stdout] ---- astro_files_reach_the_view_ir stdout ----
[INFO] [stdout] 
[INFO] [stdout] thread 'astro_files_reach_the_view_ir' (1095) panicked at tests/frontend_dispatch.rs:29:5:
[INFO] [stdout] frontmatter must not render: {"root":[{"axis":"column","children":[],"kind":"stack"},{"axis":"column","children":[],"kind":"stack","style":{"classes":["title","=","\"ignored\";"]}},{"axis":"column","children":[],"kind":"stack"},{"axis":"column","children":[],"kind":"stack","style":{"classes":["\"p-4\"><h1>Hello</h1></section>"]}}],"version":7}
[INFO] [stdout] stack backtrace:
[INFO] [stdout]    0:     0x5c0b392216c1 - <<std[617be2ca0a6fd877]::sys::backtrace::BacktraceLock>::print::DisplayBacktrace as core[a373ad73a504971]::fmt::Display>::fmt
[INFO] [stdout]    1:     0x5c0b3923789a - core[a373ad73a504971]::fmt::write
[INFO] [stdout]    2:     0x5c0b392258dc - <alloc[2e1b2a31b91974c5]::vec::Vec<u8> as core[a373ad73a504971]::io::write::Write>::write_fmt
[INFO] [stdout]    3:     0x5c0b391fd1a6 - std[617be2ca0a6fd877]::panicking::default_hook::{closure#0}
[INFO] [stdout]    4:     0x5c0b392197c9 - std[617be2ca0a6fd877]::panicking::default_hook
[INFO] [stdout]    5:     0x5c0b391308f0 - test[aada8e7e76ba119b]::test_main_inner::{closure#0}
[INFO] [stdout]    6:     0x5c0b39219982 - std[617be2ca0a6fd877]::panicking::panic_with_hook
[INFO] [stdout]    7:     0x5c0b391fd252 - std[617be2ca0a6fd877]::panicking::panic_handler::{closure#0}
[INFO] [stdout]    8:     0x5c0b391f5dd9 - std[617be2ca0a6fd877]::sys::backtrace::__rust_end_short_backtrace::<std[617be2ca0a6fd877]::panicking::panic_handler::{closure#0}, !>
[INFO] [stdout]    9:     0x5c0b391fde5d - __rustc[ea4f61d10b84890b]::rust_begin_unwind
[INFO] [stdout]   10:     0x5c0b3923803c - core[a373ad73a504971]::panicking::panic_fmt
[INFO] [stdout]   11:     0x5c0b3911f1ee - <frontend_dispatch[77300339a39341af]::astro_files_reach_the_view_ir::{closure#0} as core[a373ad73a504971]::ops::function::FnOnce<()>>::call_once
[INFO] [stdout]   12:     0x5c0b39123d3b - test[aada8e7e76ba119b]::__rust_begin_short_backtrace::<core[a373ad73a504971]::result::Result<(), alloc[2e1b2a31b91974c5]::string::String>, fn() -> core[a373ad73a504971]::result::Result<(), alloc[2e1b2a31b91974c5]::string::String>>
[INFO] [stdout]   13:     0x5c0b39130f15 - test[aada8e7e76ba119b]::run_test::{closure#0}
[INFO] [stdout]   14:     0x5c0b3912a804 - std[617be2ca0a6fd877]::sys::backtrace::__rust_begin_short_backtrace::<test[aada8e7e76ba119b]::run_test::{closure#1}, ()>
[INFO] [stdout]   15:     0x5c0b39133fa2 - <std[617be2ca0a6fd877]::thread::lifecycle::spawn_unchecked<test[aada8e7e76ba119b]::run_test::{closure#1}, ()>::{closure#1} as core[a373ad73a504971]::ops::function::FnOnce<()>>::call_once::{shim:vtable#0}
[INFO] [stdout]   16:     0x5c0b39220b8f - <std[617be2ca0a6fd877]::sys::thread::unix::Thread>::new::thread_start
[INFO] [stdout]   17:     0x75acfb5eedfa - <unknown>
[INFO] [stdout]   18:     0x75acfb6823d4 - clone
[INFO] [stdout]   19:                0x0 - <unknown>
[INFO] [stdout] 
[INFO] [stdout] 
[INFO] [stdout] failures:
[INFO] [stdout]     astro_files_reach_the_view_ir
[INFO] [stdout] 
[INFO] [stdout] test result: FAILED. 1 passed; 1 failed; 0 ignored; 0 measured; 0 filtered out; finished in 0.00s
[INFO] [stdout] 
[INFO] [stderr] error: test failed, to rerun pass `--test frontend_dispatch`
[INFO] running `Command { std: "docker" "inspect" "9223ed59603fee8ddced53c3dae14009da3da36aa088f5c970d05379db0c5e54", kill_on_drop: false }`
[INFO] running `Command { std: "docker" "rm" "-f" "9223ed59603fee8ddced53c3dae14009da3da36aa088f5c970d05379db0c5e54", kill_on_drop: false }`
[INFO] [stdout] 9223ed59603fee8ddced53c3dae14009da3da36aa088f5c970d05379db0c5e54
