[INFO] cloning repository https://github.com/sponzey-lab/Sponzey-Edge
[INFO] running `Command { std: "git" "-c" "credential.helper=" "-c" "credential.helper=/workspace/cargo-home/bin/git-credential-null" "clone" "--bare" "https://github.com/sponzey-lab/Sponzey-Edge" "/workspace/cache/git-repos/https%3A%2F%2Fgithub.com%2Fsponzey-lab%2FSponzey-Edge", kill_on_drop: false }`
[INFO] [stderr] Cloning into bare repository '/workspace/cache/git-repos/https%3A%2F%2Fgithub.com%2Fsponzey-lab%2FSponzey-Edge'...
[INFO] running `Command { std: "git" "rev-parse" "HEAD", kill_on_drop: false }`
[INFO] [stdout] abc7f957b8caa5eb8efc0dc18972efeaf0a1f1c2
[INFO] testing sponzey-lab/Sponzey-Edge/abc7f957b8caa5eb8efc0dc18972efeaf0a1f1c2 against 1.99.0-beta.8+cargoflags=--release for beta-release-1.100-2
[INFO] running `Command { std: "git" "clone" "/workspace/cache/git-repos/https%3A%2F%2Fgithub.com%2Fsponzey-lab%2FSponzey-Edge" "/workspace/builds/worker-4-tc1/source", kill_on_drop: false }`
[INFO] [stderr] Cloning into '/workspace/builds/worker-4-tc1/source'...
[INFO] [stderr] done.
[INFO] removed /workspace/builds/worker-4-tc1/source/rust-toolchain.toml
[INFO] started tweaking git repo https://github.com/sponzey-lab/Sponzey-Edge
[INFO] finished tweaking git repo https://github.com/sponzey-lab/Sponzey-Edge
[INFO] tweaked toml for git repo https://github.com/sponzey-lab/Sponzey-Edge written to /workspace/builds/worker-4-tc1/source/Cargo.toml
[INFO] validating manifest of git repo https://github.com/sponzey-lab/Sponzey-Edge on toolchain 1.99.0-beta.8
[INFO] running `Command { std: CARGO_HOME="/workspace/cargo-home" RUSTUP_HOME="/workspace/rustup-home" "/workspace/cargo-home/bin/cargo" "+1.99.0-beta.8" "metadata" "--manifest-path" "Cargo.toml" "--no-deps", kill_on_drop: false }`
[INFO] crate git repo https://github.com/sponzey-lab/Sponzey-Edge already has a lockfile, it will not be regenerated
[INFO] running `Command { std: CARGO_HOME="/workspace/cargo-home" RUSTUP_HOME="/workspace/rustup-home" "/workspace/cargo-home/bin/cargo" "+1.99.0-beta.8" "fetch" "--manifest-path" "Cargo.toml", kill_on_drop: false }`
[INFO] [stderr]     Updating crates.io index
[INFO] [stderr]  Downloading crates ...
[INFO] [stderr]   Downloaded rcgen v0.14.8
[INFO] [stderr]   Downloaded keccak v0.1.6
[INFO] [stderr]   Downloaded rust-embed-utils v8.12.0
[INFO] [stderr]   Downloaded asn1-rs-derive v0.6.0
[INFO] [stderr]   Downloaded memchr v2.8.2
[INFO] [stderr]   Downloaded yasna v0.6.0
[INFO] [stderr]   Downloaded kem v0.3.0-pre.0
[INFO] [stderr]   Downloaded unic-langid v0.9.6
[INFO] [stderr]   Downloaded type-map v0.5.1
[INFO] [stderr]   Downloaded asn1-rs-impl v0.2.0
[INFO] [stderr]   Downloaded rust-embed-impl v8.12.0
[INFO] [stderr]   Downloaded intl-memoizer v0.5.3
[INFO] [stderr]   Downloaded i18n-embed-impl v0.8.4
[INFO] [stderr]   Downloaded fluent v0.17.0
[INFO] [stderr]   Downloaded find-crate v0.6.3
[INFO] [stderr]   Downloaded fluent-langneg v0.13.1
[INFO] [stderr]   Downloaded intl_pluralrules v7.0.2
[INFO] [stderr]   Downloaded i18n-config v0.4.8
[INFO] [stderr]   Downloaded io_tee v0.1.1
[INFO] [stderr]   Downloaded oid-registry v0.8.1
[INFO] [stderr]   Downloaded hybrid-array v0.2.3
[INFO] [stderr]   Downloaded i18n-embed-fl v0.10.0
[INFO] [stderr]   Downloaded fluent-syntax v0.12.0
[INFO] [stderr]   Downloaded self_cell v1.2.2
[INFO] [stderr]   Downloaded age-core v0.12.0
[INFO] [stderr]   Downloaded fs4 v1.1.0
[INFO] [stderr]   Downloaded ml-kem v0.2.3
[INFO] [stderr]   Downloaded i18n-embed v0.16.0
[INFO] [stderr]   Downloaded time-macros v0.2.31
[INFO] [stderr]   Downloaded log v0.4.32
[INFO] [stderr]   Downloaded fluent-bundle v0.16.0
[INFO] [stderr]   Downloaded cookie-factory v0.3.3
[INFO] [stderr]   Downloaded instant-acme v0.8.5
[INFO] [stderr]   Downloaded basic-toml v0.1.10
[INFO] [stderr]   Downloaded cc v1.2.66
[INFO] [stderr]   Downloaded der-parser v10.0.0
[INFO] [stderr]   Downloaded x25519-dalek v2.0.1
[INFO] [stderr]   Downloaded asn1-rs v0.7.2
[INFO] [stderr]   Downloaded unic-langid-impl v0.9.6
[INFO] [stderr]   Downloaded bech32 v0.11.1
[INFO] [stderr]   Downloaded arc-swap v1.9.2
[INFO] [stderr]   Downloaded x509-parser v0.18.1
[INFO] [stderr]   Downloaded time v0.3.53
[INFO] [stderr]   Downloaded age v0.12.1
[INFO] [stderr]   Downloaded sha3 v0.10.9
[INFO] [stderr]   Downloaded rust-embed v8.12.0
[INFO] [stderr]   Downloaded hpke v0.12.0
[INFO] running `Command { std: "docker" "create" "-v" "/var/lib/crater-agent-workspace/builds/worker-4-tc1/source:/opt/rustwide/workdir:ro,Z" "-v" "/var/lib/crater-agent-workspace/builds/worker-4-tc1/target:/opt/rustwide/target:rw,Z" "-v" "/var/lib/crater-agent-workspace/cargo-home:/opt/rustwide/cargo-home:ro,Z" "-v" "/var/lib/crater-agent-workspace/rustup-home:/opt/rustwide/rustup-home:ro,Z" "-m" "1610612736" "--network" "none" "ghcr.io/rust-lang/crates-build-env/linux@sha256:77db811e55d90add9212f6832c23229e3de5f1c1f9905e8cb07319ea15df73ac" "sleep" "infinity", kill_on_drop: false }`
[INFO] [stdout] 6c6b22c0c1213abaa6679a243aca367b10bd571aa7c463ce0265070a4412a0e1
[INFO] running `Command { std: "docker" "start" "6c6b22c0c1213abaa6679a243aca367b10bd571aa7c463ce0265070a4412a0e1", kill_on_drop: false }`
[INFO] running `Command { std: "docker" "inspect" "6c6b22c0c1213abaa6679a243aca367b10bd571aa7c463ce0265070a4412a0e1", kill_on_drop: false }`
[INFO] running `Command { std: "docker" "exec" "-e" "SOURCE_DIR=/opt/rustwide/workdir" "-e" "CARGO_HOME=/opt/rustwide/cargo-home" "-e" "RUSTUP_HOME=/opt/rustwide/rustup-home" "-e" "CARGO_TARGET_DIR=/opt/rustwide/target" "-w" "/opt/rustwide/workdir" "--user" "0:0" "6c6b22c0c1213abaa6679a243aca367b10bd571aa7c463ce0265070a4412a0e1" "/opt/rustwide/cargo-home/bin/cargo" "+1.99.0-beta.8" "metadata" "--no-deps" "--format-version=1", kill_on_drop: false }`
[INFO] running `Command { std: "docker" "inspect" "6c6b22c0c1213abaa6679a243aca367b10bd571aa7c463ce0265070a4412a0e1", kill_on_drop: false }`
[INFO] running `Command { std: "docker" "exec" "-e" "SOURCE_DIR=/opt/rustwide/workdir" "-e" "CARGO_HOME=/opt/rustwide/cargo-home" "-e" "RUSTUP_HOME=/opt/rustwide/rustup-home" "-e" "CARGO_TARGET_DIR=/opt/rustwide/target" "-e" "CARGO_INCREMENTAL=0" "-e" "RUST_BACKTRACE=full" "-e" "RUSTFLAGS=--cap-lints=warn" "-e" "RUSTDOCFLAGS=--cap-lints=warn" "-w" "/opt/rustwide/workdir" "--user" "0:0" "6c6b22c0c1213abaa6679a243aca367b10bd571aa7c463ce0265070a4412a0e1" "/opt/rustwide/cargo-home/bin/cargo" "+1.99.0-beta.8" "build" "--frozen" "--message-format=json" "--release", kill_on_drop: false }`
[INFO] [stderr]    Compiling quote v1.0.46
[INFO] [stderr]    Compiling typenum v1.20.1
[INFO] [stderr]    Compiling subtle v2.6.1
[INFO] [stderr]    Compiling memchr v2.8.2
[INFO] [stderr]    Compiling generic-array v0.14.7
[INFO] [stderr]    Compiling serde_core v1.0.228
[INFO] [stderr]    Compiling serde v1.0.228
[INFO] [stderr]    Compiling log v0.4.32
[INFO] [stderr]    Compiling shlex v2.0.1
[INFO] [stderr]    Compiling bytes v1.12.0
[INFO] [stderr]    Compiling cfg-if v1.0.4
[INFO] [stderr]    Compiling futures-channel v0.3.32
[INFO] [stderr]    Compiling const-oid v0.10.2
[INFO] [stderr]    Compiling getrandom v0.2.17
[INFO] [stderr]    Compiling unicase v2.9.0
[INFO] [stderr]    Compiling smallvec v1.15.2
[INFO] [stderr]    Compiling num-conv v0.2.2
[INFO] [stderr]    Compiling cc v1.2.66
[INFO] [stderr]    Compiling time-core v0.1.9
[INFO] [stderr]    Compiling futures-io v0.3.32
[INFO] [stderr]    Compiling mio v1.2.1
[INFO] [stderr]    Compiling mime_guess v2.0.5
[INFO] [stderr]    Compiling cpufeatures v0.3.0
[INFO] [stderr]    Compiling walkdir v2.5.0
[INFO] [stderr]    Compiling rand_core v0.6.4
[INFO] [stderr]    Compiling num-traits v0.2.19
[INFO] [stderr]    Compiling socket2 v0.6.4
[INFO] [stderr]    Compiling mime v0.3.17
[INFO] [stderr]    Compiling syn v2.0.118
[INFO] [stderr]    Compiling deranged v0.5.8
[INFO] [stderr]    Compiling const-oid v0.9.6
[INFO] [stderr]    Compiling rustversion v1.0.23
[INFO] [stderr]    Compiling time-macros v0.2.31
[INFO] [stderr]    Compiling opaque-debug v0.3.1
[INFO] [stderr]    Compiling ff v0.13.1
[INFO] [stderr]    Compiling thiserror v1.0.69
[INFO] [stderr]    Compiling thiserror v2.0.18
[INFO] [stderr]    Compiling http v1.4.2
[INFO] [stderr]    Compiling zerocopy v0.8.54
[INFO] [stderr]    Compiling base16ct v0.2.0
[INFO] [stderr]    Compiling rustc-hash v2.1.3
[INFO] [stderr]    Compiling type-map v0.5.1
[INFO] [stderr]    Compiling group v0.13.0
[INFO] [stderr]    Compiling hybrid-array v0.4.13
[INFO] [stderr]    Compiling libc v0.2.186
[INFO] [stderr]    Compiling minimal-lexical v0.2.1
[INFO] [stderr]    Compiling tokio v1.52.3
[INFO] [stderr]    Compiling rustls v0.23.41
[INFO] [stderr]    Compiling hashbrown v0.17.1
[INFO] [stderr]    Compiling semver v1.0.28
[INFO] [stderr]    Compiling rustc_version v0.4.1
[INFO] [stderr]    Compiling nom v7.1.3
[INFO] [stderr]    Compiling tracing v0.1.44
[INFO] [stderr]    Compiling ring v0.17.14
[INFO] [stderr]    Compiling time v0.3.53
[INFO] [stderr]    Compiling parking_lot_core v0.9.12
[INFO] [stderr]    Compiling rustix v1.1.4
[INFO] [stderr]    Compiling block-buffer v0.12.1
[INFO] [stderr]    Compiling crypto-common v0.2.2
[INFO] [stderr]    Compiling self_cell v1.2.2
[INFO] [stderr]    Compiling http-body v1.0.1
[INFO] [stderr]    Compiling scopeguard v1.2.0
[INFO] [stderr]    Compiling same-file v1.0.6
[INFO] [stderr]    Compiling lock_api v0.4.14
[INFO] [stderr]    Compiling curve25519-dalek v4.1.3
[INFO] [stderr]    Compiling indexmap v2.14.0
[INFO] [stderr]    Compiling linux-raw-sys v0.12.1
[INFO] [stderr]    Compiling bitflags v2.13.0
[INFO] [stderr]    Compiling serde_json v1.0.150
[INFO] [stderr]    Compiling num-integer v0.1.46
[INFO] [stderr]    Compiling arc-swap v1.9.2
[INFO] [stderr]    Compiling proc-macro-error-attr2 v2.0.0
[INFO] [stderr]    Compiling oid-registry v0.8.1
[INFO] [stderr]    Compiling keccak v0.1.6
[INFO] [stderr]    Compiling num-bigint v0.4.8
[INFO] [stderr]    Compiling digest v0.11.3
[INFO] [stderr]    Compiling sha2 v0.11.0
[INFO] [stderr]    Compiling parking_lot v0.12.5
[INFO] [stderr]    Compiling rust-embed-utils v8.12.0
[INFO] [stderr]    Compiling pem v3.0.6
[INFO] [stderr]    Compiling nom v8.0.0
[INFO] [stderr]    Compiling hybrid-array v0.2.3
[INFO] [stderr]    Compiling rusticata-macros v4.1.0
[INFO] [stderr]    Compiling bech32 v0.11.1
[INFO] [stderr]    Compiling io_tee v0.1.1
[INFO] [stderr]    Compiling strsim v0.11.1
[INFO] [stderr]    Compiling getrandom v0.3.4
[INFO] [stderr]    Compiling http-body-util v0.1.3
[INFO] [stderr]    Compiling filetime v0.2.29
[INFO] [stderr]    Compiling data-encoding v2.11.0
[INFO] [stderr]    Compiling yasna v0.6.0
[INFO] [stderr]    Compiling xattr v1.6.1
[INFO] [stderr]    Compiling fs4 v1.1.0
[INFO] [stderr]    Compiling synstructure v0.13.2
[INFO] [stderr]    Compiling proc-macro-error2 v2.0.1
[INFO] [stderr]    Compiling tar v0.4.46
[INFO] [stderr]    Compiling ppv-lite86 v0.2.21
[INFO] [stderr]    Compiling tokio-util v0.7.18
[INFO] [stderr]    Compiling rand_chacha v0.3.1
[INFO] [stderr]    Compiling zeroize_derive v1.5.0
[INFO] [stderr]    Compiling displaydoc v0.2.6
[INFO] [stderr]    Compiling serde_derive v1.0.228
[INFO] [stderr]    Compiling thiserror-impl v2.0.18
[INFO] [stderr]    Compiling futures-macro v0.3.32
[INFO] [stderr]    Compiling thiserror-impl v1.0.69
[INFO] [stderr]    Compiling rust-embed-impl v8.12.0
[INFO] [stderr]    Compiling h2 v0.4.16
[INFO] [stderr]    Compiling asn1-rs-impl v0.2.0
[INFO] [stderr]    Compiling asn1-rs-derive v0.6.0
[INFO] [stderr]    Compiling zeroize v1.8.1
[INFO] [stderr]    Compiling curve25519-dalek-derive v0.1.1
[INFO] [stderr]    Compiling rand v0.8.7
[INFO] [stderr]    Compiling rustls-pki-types v1.15.0
[INFO] [stderr]    Compiling der v0.7.10
[INFO] [stderr]    Compiling tinystr v0.8.3
[INFO] [stderr]    Compiling futures-util v0.3.32
[INFO] [stderr]    Compiling edge-domain v0.1.0 (/opt/rustwide/workdir/crates/edge-domain)
[INFO] [stderr]    Compiling rust-embed v8.12.0
[INFO] [stderr]    Compiling unic-langid-impl v0.9.6
[INFO] [stderr]    Compiling secrecy v0.10.3
[INFO] [stderr]    Compiling rustls-native-certs v0.8.4
[INFO] [stderr]    Compiling unic-langid v0.9.6
[INFO] [stderr]    Compiling fluent-syntax v0.12.0
[INFO] [stderr]    Compiling crypto-common v0.1.7
[INFO] [stderr]    Compiling block-buffer v0.10.4
[INFO] [stderr]    Compiling inout v0.1.4
[INFO] [stderr]    Compiling universal-hash v0.5.1
[INFO] [stderr]    Compiling cipher v0.4.4
[INFO] [stderr]    Compiling sec1 v0.7.3
[INFO] [stderr]    Compiling crypto-bigint v0.5.5
[INFO] [stderr]    Compiling polyval v0.6.2
[INFO] [stderr]    Compiling aead v0.5.2
[INFO] [stderr]    Compiling digest v0.10.7
[INFO] [stderr]    Compiling aes v0.8.4
[INFO] [stderr]    Compiling ghash v0.5.1
[INFO] [stderr]    Compiling chacha20 v0.9.1
[INFO] [stderr]    Compiling ctr v0.9.2
[INFO] [stderr]    Compiling poly1305 v0.8.0
[INFO] [stderr]    Compiling fluent-langneg v0.13.1
[INFO] [stderr]    Compiling intl_pluralrules v7.0.2
[INFO] [stderr]    Compiling hmac v0.12.1
[INFO] [stderr]    Compiling sha2 v0.10.9
[INFO] [stderr]    Compiling intl-memoizer v0.5.3
[INFO] [stderr]    Compiling edge-ports v0.1.0 (/opt/rustwide/workdir/crates/edge-ports)
[INFO] [stderr]    Compiling hkdf v0.12.4
[INFO] [stderr]    Compiling chacha20poly1305 v0.10.1
[INFO] [stderr]    Compiling aes-gcm v0.10.3
[INFO] [stderr]    Compiling asn1-rs v0.7.2
[INFO] [stderr]    Compiling edge-application v0.1.0 (/opt/rustwide/workdir/crates/edge-application)
[INFO] [stderr]    Compiling pbkdf2 v0.12.2
[INFO] [stderr]    Compiling fluent-bundle v0.16.0
[INFO] [stderr]    Compiling sha3 v0.10.9
[INFO] [stderr]    Compiling salsa20 v0.10.2
[INFO] [stderr]    Compiling fluent v0.17.0
[INFO] [stderr]    Compiling kem v0.3.0-pre.0
[INFO] [stderr]    Compiling pin-project-internal v1.1.13
[INFO] [stderr]    Compiling ml-kem v0.2.3
[INFO] [stderr]    Compiling scrypt v0.11.0
[INFO] [stderr]    Compiling x25519-dalek v2.0.1
[INFO] [stderr]    Compiling async-trait v0.1.89
[INFO] [stderr]    Compiling der-parser v10.0.0
[INFO] [stderr]    Compiling elliptic-curve v0.13.8
[INFO] [stderr]    Compiling primeorder v0.13.6
[INFO] [stderr]    Compiling x509-parser v0.18.1
[INFO] [stderr]    Compiling p256 v0.13.2
[INFO] [stderr]    Compiling hyper v1.10.1
[INFO] [stderr]    Compiling pin-project v1.1.13
[INFO] [stderr]    Compiling toml v0.5.11
[INFO] [stderr]    Compiling basic-toml v0.1.10
[INFO] [stderr]    Compiling futures-executor v0.3.32
[INFO] [stderr]    Compiling hpke v0.12.0
[INFO] [stderr]    Compiling futures v0.3.32
[INFO] [stderr]    Compiling edge-admin-api v0.1.0 (/opt/rustwide/workdir/crates/edge-admin-api)
[INFO] [stderr]    Compiling cookie-factory v0.3.3
[INFO] [stderr]    Compiling edge-core v0.1.0 (/opt/rustwide/workdir/crates/edge-core)
[INFO] [stderr]    Compiling i18n-config v0.4.8
[INFO] [stderr]    Compiling age-core v0.12.0
[INFO] [stderr]    Compiling find-crate v0.6.3
[INFO] [stderr]    Compiling i18n-embed-impl v0.8.4
[INFO] [stderr]    Compiling i18n-embed v0.16.0
[INFO] [stderr]    Compiling hyper-util v0.1.20
[INFO] [stderr]    Compiling i18n-embed-fl v0.10.0
[INFO] [stderr]    Compiling rustls-webpki v0.103.13
[INFO] [stderr]    Compiling rcgen v0.14.8
[INFO] [stderr]    Compiling age v0.12.1
[INFO] [stderr]    Compiling tokio-rustls v0.26.4
[INFO] [stderr]    Compiling rustls-platform-verifier v0.7.0
[INFO] [stderr]    Compiling hyper-rustls v0.27.9
[INFO] [stderr]    Compiling instant-acme v0.8.5
[INFO] [stderr]    Compiling edge-adapters v0.1.0 (/opt/rustwide/workdir/crates/edge-adapters)
[INFO] [stderr]    Compiling edge-memory-harness v0.1.0 (/opt/rustwide/workdir/tests/memory-harness)
[INFO] [stderr]    Compiling edge-proxy v0.1.9 (/opt/rustwide/workdir/apps/edge-proxy)
[INFO] [stderr]     Finished `release` profile [optimized] target(s) in 2m 37s
[INFO] [stderr] warning: the following packages contain code that will be rejected by a future version of Rust: proc-macro-error2 v2.0.1
[INFO] [stderr] note: to see what the problems were, use the option `--future-incompat-report`, or run `cargo report future-incompatibilities --id 4`
[INFO] running `Command { std: "docker" "inspect" "6c6b22c0c1213abaa6679a243aca367b10bd571aa7c463ce0265070a4412a0e1", kill_on_drop: false }`
[INFO] running `Command { std: "docker" "exec" "-e" "SOURCE_DIR=/opt/rustwide/workdir" "-e" "CARGO_HOME=/opt/rustwide/cargo-home" "-e" "RUSTUP_HOME=/opt/rustwide/rustup-home" "-e" "CARGO_TARGET_DIR=/opt/rustwide/target" "-e" "CARGO_INCREMENTAL=0" "-e" "RUST_BACKTRACE=full" "-e" "RUSTFLAGS=--cap-lints=warn" "-e" "RUSTDOCFLAGS=--cap-lints=warn" "-w" "/opt/rustwide/workdir" "--user" "0:0" "6c6b22c0c1213abaa6679a243aca367b10bd571aa7c463ce0265070a4412a0e1" "/opt/rustwide/cargo-home/bin/cargo" "+1.99.0-beta.8" "test" "--frozen" "--no-run" "--message-format=json" "--release", kill_on_drop: false }`
[INFO] [stderr]    Compiling rcgen v0.14.8
[INFO] [stderr]    Compiling edge-admin-api v0.1.0 (/opt/rustwide/workdir/crates/edge-admin-api)
[INFO] [stderr]    Compiling edge-application v0.1.0 (/opt/rustwide/workdir/crates/edge-application)
[INFO] [stderr]    Compiling edge-ports v0.1.0 (/opt/rustwide/workdir/crates/edge-ports)
[INFO] [stderr]    Compiling edge-domain v0.1.0 (/opt/rustwide/workdir/crates/edge-domain)
[INFO] [stderr]    Compiling instant-acme v0.8.5
[INFO] [stderr]    Compiling edge-adapters v0.1.0 (/opt/rustwide/workdir/crates/edge-adapters)
[INFO] [stderr]    Compiling edge-memory-harness v0.1.0 (/opt/rustwide/workdir/tests/memory-harness)
[INFO] [stderr]    Compiling edge-core v0.1.0 (/opt/rustwide/workdir/crates/edge-core)
[INFO] [stderr]    Compiling edge-integration-tests v0.1.0 (/opt/rustwide/workdir/tests/integration)
[INFO] [stderr]    Compiling edge-proxy v0.1.9 (/opt/rustwide/workdir/apps/edge-proxy)
[INFO] [stderr]     Finished `release` profile [optimized] target(s) in 2m 24s
[INFO] [stderr] warning: the following packages contain code that will be rejected by a future version of Rust: proc-macro-error2 v2.0.1
[INFO] [stderr] note: to see what the problems were, use the option `--future-incompat-report`, or run `cargo report future-incompatibilities --id 4`
[INFO] running `Command { std: "docker" "inspect" "6c6b22c0c1213abaa6679a243aca367b10bd571aa7c463ce0265070a4412a0e1", kill_on_drop: false }`
[INFO] running `Command { std: "docker" "exec" "-e" "SOURCE_DIR=/opt/rustwide/workdir" "-e" "CARGO_HOME=/opt/rustwide/cargo-home" "-e" "RUSTUP_HOME=/opt/rustwide/rustup-home" "-e" "CARGO_TARGET_DIR=/opt/rustwide/target" "-e" "CARGO_INCREMENTAL=0" "-e" "RUST_BACKTRACE=full" "-e" "RUSTFLAGS=--cap-lints=warn" "-e" "RUSTDOCFLAGS=--cap-lints=warn" "-w" "/opt/rustwide/workdir" "--user" "0:0" "6c6b22c0c1213abaa6679a243aca367b10bd571aa7c463ce0265070a4412a0e1" "/opt/rustwide/cargo-home/bin/cargo" "+1.99.0-beta.8" "test" "--frozen" "--release", kill_on_drop: false }`
[INFO] [stderr]     Finished `release` profile [optimized] target(s) in 0.43s
[INFO] [stderr] warning: the following packages contain code that will be rejected by a future version of Rust: proc-macro-error2 v2.0.1
[INFO] [stderr] note: to see what the problems were, use the option `--future-incompat-report`, or run `cargo report future-incompatibilities --id 4`
[INFO] [stderr]      Running unittests src/lib.rs (/opt/rustwide/target/release/deps/edge_adapters-1ecb213d4fb2edd6)
[INFO] [stdout] 
[INFO] [stdout] running 107 tests
[INFO] [stdout] test audit_ledger::tests::options_cannot_raise_fixed_mvp_bounds_or_spoof_recovery_actor ... ok
[INFO] [stdout] test audit_ledger::tests::ledger_io_state_reducer_enforces_append_order ... ok
[INFO] [stdout] test audit_ledger::tests::open_rejects_symlink_audit_directory ... ok
[INFO] [stdout] test audit_ledger::tests::rotation_publication_failure_preserves_previous_head_and_segment ... ok
[INFO] [stdout] test audit_ledger::tests::storage_maintenance_state_rejects_delete_before_checkpoint ... ok
[INFO] [stdout] test audit_ledger::tests::append_rejects_record_kind_field_invariant_violation ... ok
[INFO] [stdout] test audit_ledger::tests::append_and_sync_failures_leave_head_unpublished_and_state_degraded ... ok
[INFO] [stdout] test audit_ledger::tests::codec_and_scanner_reject_unknown_fields_version_and_sequence ... ok
[INFO] [stdout] test operational_upgrade::tests::command_deployment_maps_secret_free_typed_commands ... ok
[INFO] [stdout] test audit_ledger::tests::acknowledged_intent_survives_reopen_and_verification ... ok
[INFO] [stdout] test audit_ledger::tests::shared_ledger_serializes_writer_clones_and_shares_admission_state ... ok
[INFO] [stdout] test operational_upgrade::tests::compose_helper_runner_rejects_non_zero_exit ... ok
[INFO] [stdout] test operational_upgrade::tests::compose_helper_runner_uses_fixed_project_and_compose_file ... ok
[INFO] [stdout] test audit_ledger::tests::reopen_rejects_interior_frame_corruption ... ok
[INFO] [stdout] test operational_upgrade::tests::file_upgrade_journal_rejects_corrupt_content ... ok
[INFO] [stdout] test operational_upgrade::tests::systemd_helper_runner_rejects_non_zero_exit_before_returning_receipt ... ok
[INFO] [stdout] test audit_ledger::tests::startup_scan_rejects_record_limit_plus_one ... ok
[INFO] [stdout] test operational_upgrade::tests::systemd_helper_runner_uses_only_fixed_absolute_helper_invocations ... ok
[INFO] [stdout] test audit_ledger::tests::reopen_rejects_unsafe_segment_permissions_and_hard_links ... ok
[INFO] [stdout] test support_bundle::tests::offline_collection_requires_an_exclusive_data_lock ... ok
[INFO] [stdout] test operational_upgrade::tests::file_upgrade_journal_rejects_non_file_temporary_path ... ok
[INFO] [stdout] test audit_ledger::tests::canonical_payload_is_deterministic_and_payload_bound_is_exact ... ok
[INFO] [stdout] test support_bundle::tests::omits_a_product_log_older_than_the_requested_bound ... ok
[INFO] [stdout] test operational_upgrade::tests::file_upgrade_journal_rejects_symlink_escape ... ok
[INFO] [stdout] test tests::certificate_chain_expiry_is_parsed_from_leaf_pem ... ok
[INFO] [stdout] test tests::exposes_crate_name ... ok
[INFO] [stdout] test support_bundle::tests::omits_an_artifact_that_exceeds_the_requested_byte_bound ... ok
[INFO] [stdout] test support_bundle::tests::omits_symlinked_artifact_without_reading_its_target ... ok
[INFO] [stdout] test tests::fake_acme_client_issues_staging_certificate ... ok
[INFO] [stdout] test support_bundle::tests::rejects_secret_bearing_fixture_before_archive_publication ... ok
[INFO] [stdout] test tests::file_certificate_store_failed_temp_write_keeps_existing_certificate ... ok
[INFO] [stdout] test tests::file_certificate_store_deletes_certificate_for_import_compensation ... ok
[INFO] [stdout] test audit_ledger::tests::reopen_recovers_only_an_incomplete_trailing_frame ... ok
[INFO] [stdout] test tests::file_certificate_store_saves_layout_and_loads_metadata ... ok
[INFO] [stdout] test audit_ledger::tests::unresolved_reconciliation_survives_file_reopen ... ok
[INFO] [stdout] test tests::file_data_directory_lock_rejects_contention_and_reacquires_after_release ... ok
[INFO] [stdout] test tests::file_certificate_store_writes_private_key_owner_only ... ok
[INFO] [stdout] test tests::file_secret_store_saves_and_loads_masked_secret ... ok
[INFO] [stdout] test tests::file_data_directory_lock_symlink_alias_cannot_bypass_owner ... ok
[INFO] [stdout] test tests::file_secret_store_writes_secret_owner_only ... ok
[INFO] [stdout] test tests::file_revision_repository_tracks_current_and_history ... ok
[INFO] [stdout] test tests::file_revision_repository_rejects_missing_current_revision ... ok
[INFO] [stdout] test tests::health_probe_connect_error_mapping_is_bounded ... ok
[INFO] [stdout] test tests::health_probe_worker_rejects_empty_workers_and_zero_capacity ... ok
[INFO] [stdout] test tests::health_probe_worker_preserves_identity_and_bounds_total_outstanding_work ... ok
[INFO] [stdout] test tests::file_backup_source_inventories_only_managed_allowlisted_state ... ok
[INFO] [stdout] test audit_ledger::tests::reader_accepts_only_current_generation_and_bounded_sequence_range ... ok
[INFO] [stdout] test tests::json_line_log_sink_writes_structured_event_as_single_json_line ... ok
[INFO] [stdout] test tests::letsencrypt_http01_client_rejects_challengeless_issue ... ok
[INFO] [stdout] test audit_ledger::tests::rotation_obeys_exact_fit_and_fit_plus_one_without_changing_generation ... ok
[INFO] [stdout] test tests::letsencrypt_staging_client_requires_terms_before_network_io ... ok
[INFO] [stdout] test tests::memory_audit_sink_does_not_recover_events_in_a_new_instance ... ok
[INFO] [stdout] test tests::file_backup_source_rejects_unknown_managed_file_and_post_inventory_change ... ok
[INFO] [stdout] test tests::memory_audit_sink_records_events ... ok
[INFO] [stdout] test tests::memory_certificate_store_replaces_by_ref ... ok
[INFO] [stdout] test tests::memory_log_sink_records_structured_events ... ok
[INFO] [stdout] test tests::memory_metrics_sink_records_metrics ... ok
[INFO] [stdout] test tests::memory_revision_repository_tracks_current ... ok
[INFO] [stdout] test tests::metric_channel_publisher_maps_accepted_full_and_stopped_without_blocking ... ok
[INFO] [stdout] test audit_ledger::tests::rotation_retention_checkpoints_before_whole_segment_deletion ... ok
[INFO] [stdout] test tests::metric_registry_collector_publishes_snapshot_and_stops_after_disconnect ... ok
[INFO] [stdout] test tests::phase009_certificate_validity_uses_injected_tls_time ... ok
[INFO] [stdout] test tests::phase009_file_trust_store_is_create_only_listed_and_deletable ... ok
[INFO] [stdout] test tests::phase009_file_trust_store_rejects_symlink_reference ... ok
[INFO] [stdout] test tests::health_probe_worker_shutdown_cancels_queued_and_joins_active_work ... ok
[INFO] [stdout] test tests::health_probe_response_reader_classifies_socket_timeout ... ok
[INFO] [stdout] test tests::http_health_probe_enforces_header_limit ... ok
[INFO] [stdout] test audit_ledger::tests::retention_delete_failure_preserves_old_segments_and_degrades_writer ... ok
[INFO] [stdout] test tests::phase009_required_client_auth_accepts_trusted_client_certificate ... ok
[INFO] [stdout] test tests::phase009_rustls_client_factory_rejects_invalid_prevalidated_profile ... ok
[INFO] [stdout] test tests::http_health_probe_classifies_status_mismatch_and_malformed_response ... ok
[INFO] [stdout] test tests::http_health_probe_sends_bounded_get_and_accepts_configured_status ... ok
[INFO] [stdout] test tests::phase009_rustls_client_factory_verifies_private_root_and_server_name ... ok
[INFO] [stdout] test tests::phase009_rustls_client_factory_rejects_wrong_root_name_chain_and_record ... ok
[INFO] [stdout] test tests::prometheus_encoder_is_deterministic_escapes_labels_and_encodes_histogram_seconds ... ok
[INFO] [stdout] test tests::rustls_certificate_material_validator_rejects_mismatched_key ... ok
[INFO] [stdout] test tests::phase009_https_health_probe_uses_prepared_root_sni_and_http_host ... ok
[INFO] [stdout] test tests::phase009_required_client_auth_rejects_missing_untrusted_incomplete_and_invalid_clients ... ok
[INFO] [stdout] test tests::rustls_certificate_material_validator_returns_leaf_expiry ... ok
[INFO] [stdout] test tests::rustls_server_config_loader_accepts_valid_pem_certificate ... ok
[INFO] [stdout] test tests::rustls_certificate_material_validator_returns_leaf_dns_identities ... ok
[INFO] [stdout] test tests::rustls_server_config_loader_rejects_invalid_private_key_without_panic ... ok
[INFO] [stdout] test tests::rustls_tls_session_completes_with_fragmented_client_hello ... ok
[INFO] [stdout] test tests::rustls_tls_session_emits_close_notify_without_socket_io ... ok
[INFO] [stdout] test tests::rustls_tls_session_rejects_malformed_record_without_panic ... ok
[INFO] [stdout] test tests::rustls_tls_session_reports_only_adapter_owned_staging_bytes ... ok
[INFO] [stdout] test tests::tls_runtime_snapshot_indexes_loaded_configs_by_certificate_ref ... ok
[INFO] [stdout] test tests::rustls_tls_session_roundtrips_plaintext_after_established ... ok
[INFO] [stdout] test tests::tls_runtime_snapshot_builds_sni_server_config ... ok
[INFO] [stdout] test tests::tls_runtime_snapshot_rejects_duplicate_certificate_refs ... ok
[INFO] [stdout] test tests::tls_runtime_snapshot_rejects_empty_configs ... ok
[INFO] [stdout] test tests::fake_acme_client_presents_http01_challenge_before_issuing ... ok
[INFO] [stdout] test tests::letsencrypt_staging_client_rejects_production_before_network_io ... ok
[INFO] [stdout] test tests::tls_runtime_snapshot_replace_rejects_duplicate_sni_hostname ... ok
[INFO] [stdout] test tests::tls_runtime_snapshot_rejects_duplicate_sni_hostname ... ok
[INFO] [stdout] test tests::tls_runtime_snapshot_selects_certificate_ref_by_normalized_sni ... ok
[INFO] [stdout] test tests::phase009_trust_store_rejects_symlinked_material_on_read ... ok
[INFO] [stdout] test tests::phase009_trust_store_reads_verified_material_and_rejects_tamper ... ok
[INFO] [stdout] test operational_upgrade::tests::file_upgrade_journal_round_trips_fixed_identity ... ok
[INFO] [stdout] test operational_upgrade::tests::file_upgrade_journal_is_owner_only_after_durable_publish ... ok
[INFO] [stdout] test tests::loopback_metrics_listener_serves_only_exact_get_and_stops_cleanly ... FAILED
[INFO] [stdout] test tests::metrics_listener_bounds_oversized_and_concurrent_scrapes ... ok
[INFO] [stdout] test tests::metrics_listener_disabled_opens_no_socket_and_public_bind_is_rejected ... ok
[INFO] [stdout] test audit_ledger::tests::config_and_proxy_candidate_recovers_exact_operation_pairs_after_restart ... ok
[INFO] [stdout] test tests::phase009_trust_validator_accepts_ca_and_rejects_leaf_material ... ok
[INFO] [stdout] test tests::phase010_backup_v3_restores_audit_history_and_continues_sequence ... ok
[INFO] [stdout] test tests::age_backup_writer_publishes_owner_only_authenticated_stream ... ok
[INFO] [stdout] 
[INFO] [stdout] failures:
[INFO] [stdout] 
[INFO] [stdout] ---- tests::loopback_metrics_listener_serves_only_exact_get_and_stops_cleanly stdout ----
[INFO] [stdout] 
[INFO] [stdout] thread 'tests::loopback_metrics_listener_serves_only_exact_get_and_stops_cleanly' (8746) panicked at crates/edge-adapters/src/lib.rs:4332:9:
[INFO] [stdout] assertion failed: response.contains("sponzey_edge_active_connections 2\n")
[INFO] [stdout] stack backtrace:
[INFO] [stdout]    0:     0x5f91f7bc4d01 - <<std[70759c8f55707aa4]::sys::backtrace::BacktraceLock>::print::DisplayBacktrace as core[df12db4294e9bfd3]::fmt::Display>::fmt
[INFO] [stdout]    1:     0x5f91f7bdce0a - core[df12db4294e9bfd3]::fmt::write
[INFO] [stdout]    2:     0x5f91f7bca1ac - <alloc[2182bb758b4b3781]::vec::Vec<u8> as core[df12db4294e9bfd3]::io::write::Write>::write_fmt
[INFO] [stdout]    3:     0x5f91f7b9b226 - std[70759c8f55707aa4]::panicking::default_hook::{closure#0}
[INFO] [stdout]    4:     0x5f91f7bba939 - std[70759c8f55707aa4]::panicking::default_hook
[INFO] [stdout]    5:     0x5f91f7a47b00 - test[9d35eded1c95d3be]::test_main_inner::<test[9d35eded1c95d3be]::test_main_static::{closure#0}>::{closure#0}
[INFO] [stdout]    6:     0x5f91f7bbac62 - std[70759c8f55707aa4]::panicking::panic_with_hook
[INFO] [stdout]    7:     0x5f91f7b9b304 - std[70759c8f55707aa4]::panicking::panic_handler::{closure#0}
[INFO] [stdout]    8:     0x5f91f7b93af9 - std[70759c8f55707aa4]::sys::backtrace::__rust_end_short_backtrace::<std[70759c8f55707aa4]::panicking::panic_handler::{closure#0}, !>
[INFO] [stdout]    9:     0x5f91f7b9c44d - __rustc[8fa7c3cbc660c2b3]::rust_begin_unwind
[INFO] [stdout]   10:     0x5f91f7bdd56c - core[df12db4294e9bfd3]::panicking::panic_fmt
[INFO] [stdout]   11:     0x5f91f7bdd532 - core[df12db4294e9bfd3]::panicking::panic
[INFO] [stdout]   12:     0x5f91f7767ff1 - edge_adapters[972181cbe1717b8]::tests::loopback_metrics_listener_serves_only_exact_get_and_stops_cleanly
[INFO] [stdout]   13:     0x5f91f7790ae9 - <edge_adapters[972181cbe1717b8]::tests::loopback_metrics_listener_serves_only_exact_get_and_stops_cleanly::{closure#0} as core[df12db4294e9bfd3]::ops::function::FnOnce<()>>::call_once
[INFO] [stdout]   14:     0x5f91f7a3adeb - test[9d35eded1c95d3be]::__rust_begin_short_backtrace::<core[df12db4294e9bfd3]::result::Result<(), alloc[2182bb758b4b3781]::string::String>, fn() -> core[df12db4294e9bfd3]::result::Result<(), alloc[2182bb758b4b3781]::string::String>>
[INFO] [stdout]   15:     0x5f91f7a48455 - test[9d35eded1c95d3be]::run_test::{closure#0}
[INFO] [stdout]   16:     0x5f91f7a41d14 - std[70759c8f55707aa4]::sys::backtrace::__rust_begin_short_backtrace::<test[9d35eded1c95d3be]::run_test::{closure#1}, ()>
[INFO] [stdout]   17:     0x5f91f7a4b5b2 - <std[70759c8f55707aa4]::thread::lifecycle::spawn_unchecked<test[9d35eded1c95d3be]::run_test::{closure#1}, ()>::{closure#1} as core[df12db4294e9bfd3]::ops::function::FnOnce<()>>::call_once::{shim:vtable#0}
[INFO] [stdout]   18:     0x5f91f7bc35a9 - <std[70759c8f55707aa4]::sys::thread::unix::Thread>::new::thread_start
[INFO] [stdout]   19:     0x7419d282cdfa - <unknown>
[INFO] [stdout]   20:     0x7419d28c03d4 - clone
[INFO] [stdout]   21:                0x0 - <unknown>
[INFO] [stdout] 
[INFO] [stdout] 
[INFO] [stdout] failures:
[INFO] [stdout]     tests::loopback_metrics_listener_serves_only_exact_get_and_stops_cleanly
[INFO] [stdout] 
[INFO] [stdout] test result: FAILED. 106 passed; 1 failed; 0 ignored; 0 measured; 0 filtered out; finished in 21.51s
[INFO] [stdout] 
[INFO] [stderr] error: test failed, to rerun pass `-p edge-adapters --lib`
[INFO] running `Command { std: "docker" "inspect" "6c6b22c0c1213abaa6679a243aca367b10bd571aa7c463ce0265070a4412a0e1", kill_on_drop: false }`
[INFO] running `Command { std: "docker" "rm" "-f" "6c6b22c0c1213abaa6679a243aca367b10bd571aa7c463ce0265070a4412a0e1", kill_on_drop: false }`
[INFO] [stdout] 6c6b22c0c1213abaa6679a243aca367b10bd571aa7c463ce0265070a4412a0e1
