[INFO] cloning repository https://github.com/rabble/divine-dvm
[INFO] running `Command { std: "git" "-c" "credential.helper=" "-c" "credential.helper=/workspace/cargo-home/bin/git-credential-null" "clone" "--bare" "https://github.com/rabble/divine-dvm" "/workspace/cache/git-repos/https%3A%2F%2Fgithub.com%2Frabble%2Fdivine-dvm", kill_on_drop: false }`
[INFO] [stderr] Cloning into bare repository '/workspace/cache/git-repos/https%3A%2F%2Fgithub.com%2Frabble%2Fdivine-dvm'...
[INFO] running `Command { std: "git" "rev-parse" "HEAD", kill_on_drop: false }`
[INFO] [stdout] 9434473e75b2d8652a9ab134a29dc6bed7f5e872
[INFO] testing rabble/divine-dvm/9434473e75b2d8652a9ab134a29dc6bed7f5e872 against 1.100.0-beta.1+cargoflags=--release for beta-release-1.100-2
[INFO] running `Command { std: "git" "clone" "/workspace/cache/git-repos/https%3A%2F%2Fgithub.com%2Frabble%2Fdivine-dvm" "/workspace/builds/worker-2-tc2/source", kill_on_drop: false }`
[INFO] [stderr] Cloning into '/workspace/builds/worker-2-tc2/source'...
[INFO] [stderr] done.
[INFO] started tweaking git repo https://github.com/rabble/divine-dvm
[INFO] finished tweaking git repo https://github.com/rabble/divine-dvm
[INFO] tweaked toml for git repo https://github.com/rabble/divine-dvm written to /workspace/builds/worker-2-tc2/source/Cargo.toml
[INFO] validating manifest of git repo https://github.com/rabble/divine-dvm on toolchain 1.100.0-beta.1
[INFO] running `Command { std: CARGO_HOME="/workspace/cargo-home" RUSTUP_HOME="/workspace/rustup-home" "/workspace/cargo-home/bin/cargo" "+1.100.0-beta.1" "metadata" "--manifest-path" "Cargo.toml" "--no-deps", kill_on_drop: false }`
[INFO] crate git repo https://github.com/rabble/divine-dvm already has a lockfile, it will not be regenerated
[INFO] running `Command { std: CARGO_HOME="/workspace/cargo-home" RUSTUP_HOME="/workspace/rustup-home" "/workspace/cargo-home/bin/cargo" "+1.100.0-beta.1" "fetch" "--manifest-path" "Cargo.toml", kill_on_drop: false }`
[INFO] [stderr]     Blocking waiting for file lock on package cache
[INFO] [stderr]     Blocking waiting for file lock on package cache
[ERROR] error running command: no output for 300 seconds
[INFO] testing rabble/divine-dvm/9434473e75b2d8652a9ab134a29dc6bed7f5e872 against 1.100.0-beta.1+cargoflags=--release for beta-release-1.100-2
[INFO] running `Command { std: "git" "clone" "/workspace/cache/git-repos/https%3A%2F%2Fgithub.com%2Frabble%2Fdivine-dvm" "/workspace/builds/worker-2-tc2/source", kill_on_drop: false }`
[INFO] [stderr] Cloning into '/workspace/builds/worker-2-tc2/source'...
[INFO] [stderr] done.
[INFO] started tweaking git repo https://github.com/rabble/divine-dvm
[INFO] finished tweaking git repo https://github.com/rabble/divine-dvm
[INFO] tweaked toml for git repo https://github.com/rabble/divine-dvm written to /workspace/builds/worker-2-tc2/source/Cargo.toml
[INFO] validating manifest of git repo https://github.com/rabble/divine-dvm on toolchain 1.100.0-beta.1
[INFO] running `Command { std: CARGO_HOME="/workspace/cargo-home" RUSTUP_HOME="/workspace/rustup-home" "/workspace/cargo-home/bin/cargo" "+1.100.0-beta.1" "metadata" "--manifest-path" "Cargo.toml" "--no-deps", kill_on_drop: false }`
[INFO] crate git repo https://github.com/rabble/divine-dvm already has a lockfile, it will not be regenerated
[INFO] running `Command { std: CARGO_HOME="/workspace/cargo-home" RUSTUP_HOME="/workspace/rustup-home" "/workspace/cargo-home/bin/cargo" "+1.100.0-beta.1" "fetch" "--manifest-path" "Cargo.toml", kill_on_drop: false }`
[INFO] [stderr]     Blocking waiting for file lock on package cache
[INFO] [stderr]     Blocking waiting for file lock on package cache
[ERROR] error running command: no output for 300 seconds
[INFO] testing rabble/divine-dvm/9434473e75b2d8652a9ab134a29dc6bed7f5e872 against 1.100.0-beta.1+cargoflags=--release for beta-release-1.100-2
[INFO] running `Command { std: "git" "clone" "/workspace/cache/git-repos/https%3A%2F%2Fgithub.com%2Frabble%2Fdivine-dvm" "/workspace/builds/worker-2-tc2/source", kill_on_drop: false }`
[INFO] [stderr] Cloning into '/workspace/builds/worker-2-tc2/source'...
[INFO] [stderr] done.
[INFO] started tweaking git repo https://github.com/rabble/divine-dvm
[INFO] finished tweaking git repo https://github.com/rabble/divine-dvm
[INFO] tweaked toml for git repo https://github.com/rabble/divine-dvm written to /workspace/builds/worker-2-tc2/source/Cargo.toml
[INFO] validating manifest of git repo https://github.com/rabble/divine-dvm on toolchain 1.100.0-beta.1
[INFO] running `Command { std: CARGO_HOME="/workspace/cargo-home" RUSTUP_HOME="/workspace/rustup-home" "/workspace/cargo-home/bin/cargo" "+1.100.0-beta.1" "metadata" "--manifest-path" "Cargo.toml" "--no-deps", kill_on_drop: false }`
[INFO] crate git repo https://github.com/rabble/divine-dvm already has a lockfile, it will not be regenerated
[INFO] running `Command { std: CARGO_HOME="/workspace/cargo-home" RUSTUP_HOME="/workspace/rustup-home" "/workspace/cargo-home/bin/cargo" "+1.100.0-beta.1" "fetch" "--manifest-path" "Cargo.toml", kill_on_drop: false }`
[INFO] [stderr]     Blocking waiting for file lock on package cache
[INFO] [stderr]     Blocking waiting for file lock on package cache
[ERROR] error running command: no output for 300 seconds
[INFO] testing rabble/divine-dvm/9434473e75b2d8652a9ab134a29dc6bed7f5e872 against 1.100.0-beta.1+cargoflags=--release for beta-release-1.100-2
[INFO] running `Command { std: "git" "clone" "/workspace/cache/git-repos/https%3A%2F%2Fgithub.com%2Frabble%2Fdivine-dvm" "/workspace/builds/worker-2-tc2/source", kill_on_drop: false }`
[INFO] [stderr] Cloning into '/workspace/builds/worker-2-tc2/source'...
[INFO] [stderr] done.
[INFO] started tweaking git repo https://github.com/rabble/divine-dvm
[INFO] finished tweaking git repo https://github.com/rabble/divine-dvm
[INFO] tweaked toml for git repo https://github.com/rabble/divine-dvm written to /workspace/builds/worker-2-tc2/source/Cargo.toml
[INFO] validating manifest of git repo https://github.com/rabble/divine-dvm on toolchain 1.100.0-beta.1
[INFO] running `Command { std: CARGO_HOME="/workspace/cargo-home" RUSTUP_HOME="/workspace/rustup-home" "/workspace/cargo-home/bin/cargo" "+1.100.0-beta.1" "metadata" "--manifest-path" "Cargo.toml" "--no-deps", kill_on_drop: false }`
[INFO] crate git repo https://github.com/rabble/divine-dvm already has a lockfile, it will not be regenerated
[INFO] running `Command { std: CARGO_HOME="/workspace/cargo-home" RUSTUP_HOME="/workspace/rustup-home" "/workspace/cargo-home/bin/cargo" "+1.100.0-beta.1" "fetch" "--manifest-path" "Cargo.toml", kill_on_drop: false }`
[INFO] [stderr]     Blocking waiting for file lock on package cache
[INFO] [stderr]     Blocking waiting for file lock on package cache
[INFO] [stderr]  Downloading crates ...
[INFO] [stderr]   Downloaded nostr-zapper v0.36.0
[INFO] [stderr]   Downloaded nostr-sdk v0.36.0
[INFO] [stderr]   Downloaded atomic-destructor v0.2.0
[INFO] [stderr]   Downloaded lnurl-pay v0.6.0
[INFO] [stderr]   Downloaded bitcoin-internals v0.2.0
[INFO] [stderr]   Downloaded async-graphql-axum v7.0.17
[INFO] [stderr]   Downloaded negentropy v0.3.1
[INFO] [stderr]   Downloaded async-utility v0.2.0
[INFO] [stderr]   Downloaded negentropy v0.4.3
[INFO] [stderr]   Downloaded backon v1.5.2
[INFO] [stderr]   Downloaded bitcoin-units v0.1.2
[INFO] [stderr]   Downloaded hex-conservative v0.1.2
[INFO] [stderr]   Downloaded static_assertions_next v1.1.2
[INFO] [stderr]   Downloaded fast_chemail v0.9.6
[INFO] [stderr]   Downloaded ascii_utils v0.9.3
[INFO] [stderr]   Downloaded nwc v0.36.0
[INFO] [stderr]   Downloaded bitcoin_hashes v0.13.0
[INFO] [stderr]   Downloaded nostr v0.36.0
[INFO] [stderr]   Downloaded async-wsocket v0.10.1
[INFO] [stderr]   Downloaded nostr-database v0.36.0
[INFO] [stderr]   Downloaded async-graphql-value v7.0.17
[INFO] [stderr]   Downloaded async-graphql-parser v7.0.17
[INFO] [stderr]   Downloaded nostr-relay-pool v0.36.0
[INFO] [stderr]   Downloaded async-graphql-derive v7.0.17
[INFO] [stderr]   Downloaded cc v1.2.36
[INFO] [stderr]   Downloaded bip39 v2.2.0
[INFO] [stderr]   Downloaded wasi v0.14.4+wasi-0.2.4
[INFO] [stderr]   Downloaded bstr v1.12.0
[INFO] [stderr]   Downloaded async-graphql v7.0.17
[INFO] [stderr]   Downloaded bitcoin v0.32.7
[INFO] running `Command { std: "docker" "create" "-v" "/var/lib/crater-agent-workspace/builds/worker-2-tc2/source:/opt/rustwide/workdir:ro,Z" "-v" "/var/lib/crater-agent-workspace/builds/worker-2-tc2/target:/opt/rustwide/target:rw,Z" "-v" "/var/lib/crater-agent-workspace/cargo-home:/opt/rustwide/cargo-home:ro,Z" "-v" "/var/lib/crater-agent-workspace/rustup-home:/opt/rustwide/rustup-home:ro,Z" "-m" "1610612736" "--network" "none" "ghcr.io/rust-lang/crates-build-env/linux@sha256:77db811e55d90add9212f6832c23229e3de5f1c1f9905e8cb07319ea15df73ac" "sleep" "infinity", kill_on_drop: false }`
[INFO] [stdout] 5b11e5d4eee4b867f9b0fe439c132910dd5ecf1773b63bbd6c0497dc53cbe99b
[INFO] running `Command { std: "docker" "start" "5b11e5d4eee4b867f9b0fe439c132910dd5ecf1773b63bbd6c0497dc53cbe99b", kill_on_drop: false }`
[INFO] running `Command { std: "docker" "inspect" "5b11e5d4eee4b867f9b0fe439c132910dd5ecf1773b63bbd6c0497dc53cbe99b", kill_on_drop: false }`
[INFO] running `Command { std: "docker" "exec" "-e" "SOURCE_DIR=/opt/rustwide/workdir" "-e" "CARGO_HOME=/opt/rustwide/cargo-home" "-e" "RUSTUP_HOME=/opt/rustwide/rustup-home" "-e" "CARGO_TARGET_DIR=/opt/rustwide/target" "-w" "/opt/rustwide/workdir" "--user" "0:0" "5b11e5d4eee4b867f9b0fe439c132910dd5ecf1773b63bbd6c0497dc53cbe99b" "/opt/rustwide/cargo-home/bin/cargo" "+1.100.0-beta.1" "metadata" "--no-deps" "--format-version=1", kill_on_drop: false }`
[INFO] running `Command { std: "docker" "inspect" "5b11e5d4eee4b867f9b0fe439c132910dd5ecf1773b63bbd6c0497dc53cbe99b", kill_on_drop: false }`
[INFO] running `Command { std: "docker" "exec" "-e" "SOURCE_DIR=/opt/rustwide/workdir" "-e" "CARGO_HOME=/opt/rustwide/cargo-home" "-e" "RUSTUP_HOME=/opt/rustwide/rustup-home" "-e" "CARGO_TARGET_DIR=/opt/rustwide/target" "-e" "CARGO_INCREMENTAL=0" "-e" "RUST_BACKTRACE=full" "-e" "RUSTFLAGS=--cap-lints=warn" "-e" "RUSTDOCFLAGS=--cap-lints=warn" "-w" "/opt/rustwide/workdir" "--user" "0:0" "5b11e5d4eee4b867f9b0fe439c132910dd5ecf1773b63bbd6c0497dc53cbe99b" "/opt/rustwide/cargo-home/bin/cargo" "+1.100.0-beta.1" "build" "--frozen" "--message-format=json" "--release", kill_on_drop: false }`
[INFO] [stderr]    Compiling unicode-ident v1.0.18
[INFO] [stderr]    Compiling serde v1.0.219
[INFO] [stderr]    Compiling zeroize v1.8.1
[INFO] [stderr]    Compiling tracing-core v0.1.34
[INFO] [stderr]    Compiling cc v1.2.36
[INFO] [stderr]    Compiling thiserror v2.0.16
[INFO] [stderr]    Compiling crypto-common v0.1.6
[INFO] [stderr]    Compiling serde_json v1.0.143
[INFO] [stderr]    Compiling proc-macro2 v1.0.101
[INFO] [stderr]    Compiling rustls v0.23.31
[INFO] [stderr]    Compiling block-padding v0.3.3
[INFO] [stderr]    Compiling bitflags v2.9.4
[INFO] [stderr]    Compiling bitcoin-io v0.1.3
[INFO] [stderr]    Compiling arrayvec v0.7.6
[INFO] [stderr]    Compiling bitcoin-internals v0.3.0
[INFO] [stderr]    Compiling rand v0.8.5
[INFO] [stderr]    Compiling bitcoin-internals v0.2.0
[INFO] [stderr]    Compiling digest v0.10.7
[INFO] [stderr]    Compiling rustls-pki-types v1.12.0
[INFO] [stderr]    Compiling inout v0.1.4
[INFO] [stderr]    Compiling data-encoding v2.9.0
[INFO] [stderr]    Compiling getrandom v0.3.3
[INFO] [stderr]    Compiling iri-string v0.7.8
[INFO] [stderr]    Compiling hex-conservative v0.2.1
[INFO] [stderr]    Compiling cipher v0.4.4
[INFO] [stderr]    Compiling hex_lit v0.1.1
[INFO] [stderr]    Compiling universal-hash v0.5.1
[INFO] [stderr]    Compiling quote v1.0.40
[INFO] [stderr]    Compiling sha1 v0.10.6
[INFO] [stderr]    Compiling hmac v0.12.1
[INFO] [stderr]    Compiling opaque-debug v0.3.1
[INFO] [stderr]    Compiling ucd-trie v0.1.7
[INFO] [stderr]    Compiling hex-conservative v0.1.2
[INFO] [stderr]    Compiling base64ct v1.8.0
[INFO] [stderr]    Compiling bitcoin v0.32.7
[INFO] [stderr]    Compiling bech32 v0.11.0
[INFO] [stderr]    Compiling poly1305 v0.8.0
[INFO] [stderr]    Compiling syn v2.0.106
[INFO] [stderr]    Compiling webpki-roots v1.0.2
[INFO] [stderr]    Compiling pbkdf2 v0.12.2
[INFO] [stderr]    Compiling bitcoin_hashes v0.13.0
[INFO] [stderr]    Compiling salsa20 v0.10.2
[INFO] [stderr]    Compiling chacha20 v0.9.1
[INFO] [stderr]    Compiling sha2 v0.10.9
[INFO] [stderr]    Compiling unicode-normalization v0.1.24
[INFO] [stderr]    Compiling aead v0.5.2
[INFO] [stderr]    Compiling either v1.15.0
[INFO] [stderr]    Compiling cbc v0.1.2
[INFO] [stderr]    Compiling password-hash v0.5.0
[INFO] [stderr]    Compiling chacha20poly1305 v0.10.1
[INFO] [stderr]    Compiling aes v0.8.4
[INFO] [stderr]    Compiling aho-corasick v1.1.3
[INFO] [stderr]    Compiling regex-syntax v0.8.6
[INFO] [stderr]    Compiling negentropy v0.4.3
[INFO] [stderr]    Compiling negentropy v0.3.1
[INFO] [stderr]    Compiling webpki-roots v0.26.11
[INFO] [stderr]    Compiling rand_core v0.9.3
[INFO] [stderr]    Compiling winnow v0.7.13
[INFO] [stderr]    Compiling rustix v1.0.8
[INFO] [stderr]    Compiling toml_datetime v0.6.11
[INFO] [stderr]    Compiling scrypt v0.11.0
[INFO] [stderr]    Compiling ring v0.17.14
[INFO] [stderr]    Compiling secp256k1-sys v0.10.1
[INFO] [stderr]    Compiling rand_chacha v0.9.0
[INFO] [stderr]    Compiling rand v0.9.2
[INFO] [stderr]    Compiling multer v3.1.0
[INFO] [stderr]    Compiling linux-raw-sys v0.9.4
[INFO] [stderr]    Compiling is_terminal_polyfill v1.70.1
[INFO] [stderr]    Compiling anstyle v1.0.11
[INFO] [stderr]    Compiling anstyle-query v1.1.4
[INFO] [stderr]    Compiling Inflector v0.11.4
[INFO] [stderr]    Compiling anstream v0.6.20
[INFO] [stderr]    Compiling encoding_rs v0.8.35
[INFO] [stderr]    Compiling spin v0.9.8
[INFO] [stderr]    Compiling regex-automata v0.4.10
[INFO] [stderr]    Compiling ascii_utils v0.9.3
[INFO] [stderr]    Compiling clap_lex v0.7.5
[INFO] [stderr]    Compiling fast_chemail v0.9.6
[INFO] [stderr]    Compiling clap_builder v4.5.47
[INFO] [stderr]    Compiling tracing-log v0.2.0
[INFO] [stderr]    Compiling bstr v1.12.0
[INFO] [stderr]    Compiling thread_local v1.1.9
[INFO] [stderr]    Compiling replace_with v0.1.8
[INFO] [stderr]    Compiling static_assertions_next v1.1.2
[INFO] [stderr]    Compiling lz4_flex v0.11.5
[INFO] [stderr]    Compiling futures-timer v3.0.3
[INFO] [stderr]    Compiling cityhash-rs v1.0.1
[INFO] [stderr]    Compiling iana-time-zone v0.1.63
[INFO] [stderr]    Compiling nu-ansi-term v0.50.1
[INFO] [stderr]    Compiling num-bigint v0.4.6
[INFO] [stderr]    Compiling backon v1.5.2
[INFO] [stderr]    Compiling itertools v0.13.0
[INFO] [stderr]    Compiling socket2 v0.5.10
[INFO] [stderr]    Compiling arc-swap v1.7.1
[INFO] [stderr]    Compiling synstructure v0.13.2
[INFO] [stderr] error: could not compile `syn` (lib)
[INFO] [stderr] 
[INFO] [stderr] Caused by:
[INFO] [stderr]   process didn't exit successfully: `/opt/rustwide/rustup-home/toolchains/1.100.0-beta.1-x86_64-unknown-linux-gnu/bin/rustc --crate-name syn --edition=2021 /opt/rustwide/cargo-home/registry/src/index.crates.io-1949cf8c6b5b557f/syn-2.0.106/src/lib.rs --error-format=json --json=diagnostic-rendered-ansi,artifacts,future-incompat,unused-externs-silent --crate-type lib --emit=dep-info,metadata,link -C embed-bitcode=no -C debug-assertions=off --cfg 'feature="clone-impls"' --cfg 'feature="default"' --cfg 'feature="derive"' --cfg 'feature="extra-traits"' --cfg 'feature="fold"' --cfg 'feature="full"' --cfg 'feature="parsing"' --cfg 'feature="printing"' --cfg 'feature="proc-macro"' --cfg 'feature="visit"' --cfg 'feature="visit-mut"' --check-cfg 'cfg(docsrs,test)' --check-cfg 'cfg(feature, values("clone-impls", "default", "derive", "extra-traits", "fold", "full", "parsing", "printing", "proc-macro", "test", "visit", "visit-mut"))' -C metadata=3cbee67d4d379ae7 -C extra-filename=-8ffb57ba920b6e7c --out-dir /opt/rustwide/target/release/build/syn/8ffb57ba920b6e7c/out -C strip=debuginfo -L dependency=/opt/rustwide/target/release/build/proc-macro2/9bcdacde3281d9d9/out -L dependency=/opt/rustwide/target/release/build/unicode-ident/4db6325f2cc66793/out --extern proc_macro2=/opt/rustwide/target/release/build/proc-macro2/9bcdacde3281d9d9/out/libproc_macro2-9bcdacde3281d9d9.rmeta --extern quote=/opt/rustwide/target/release/build/quote/574313c8b9d182fa/out/libquote-574313c8b9d182fa.rmeta --extern unicode_ident=/opt/rustwide/target/release/build/unicode-ident/4db6325f2cc66793/out/libunicode_ident-4db6325f2cc66793.rmeta --cap-lints allow --cap-lints=warn --force-warn=unused_crate_dependencies` (signal: 9, SIGKILL: kill)
[INFO] [stderr] warning: build failed, waiting for other jobs to finish...
[INFO] [stderr] error: could not compile `regex-automata` (lib)
[INFO] [stderr] 
[INFO] [stderr] Caused by:
[INFO] [stderr]   process didn't exit successfully: `/opt/rustwide/rustup-home/toolchains/1.100.0-beta.1-x86_64-unknown-linux-gnu/bin/rustc --crate-name regex_automata --edition=2021 /opt/rustwide/cargo-home/registry/src/index.crates.io-1949cf8c6b5b557f/regex-automata-0.4.10/src/lib.rs --error-format=json --json=diagnostic-rendered-ansi,artifacts,future-incompat,unused-externs-silent --crate-type lib --emit=dep-info,metadata,link -C opt-level=3 -C embed-bitcode=no --cfg 'feature="alloc"' --cfg 'feature="dfa-build"' --cfg 'feature="dfa-onepass"' --cfg 'feature="dfa-search"' --cfg 'feature="hybrid"' --cfg 'feature="meta"' --cfg 'feature="nfa-backtrack"' --cfg 'feature="nfa-pikevm"' --cfg 'feature="nfa-thompson"' --cfg 'feature="perf-inline"' --cfg 'feature="perf-literal"' --cfg 'feature="perf-literal-multisubstring"' --cfg 'feature="perf-literal-substring"' --cfg 'feature="std"' --cfg 'feature="syntax"' --cfg 'feature="unicode"' --cfg 'feature="unicode-age"' --cfg 'feature="unicode-bool"' --cfg 'feature="unicode-case"' --cfg 'feature="unicode-gencat"' --cfg 'feature="unicode-perl"' --cfg 'feature="unicode-script"' --cfg 'feature="unicode-segment"' --cfg 'feature="unicode-word-boundary"' --check-cfg 'cfg(docsrs,test)' --check-cfg 'cfg(feature, values("alloc", "default", "dfa", "dfa-build", "dfa-onepass", "dfa-search", "hybrid", "internal-instrument", "internal-instrument-pikevm", "logging", "meta", "nfa", "nfa-backtrack", "nfa-pikevm", "nfa-thompson", "perf", "perf-inline", "perf-literal", "perf-literal-multisubstring", "perf-literal-substring", "std", "syntax", "unicode", "unicode-age", "unicode-bool", "unicode-case", "unicode-gencat", "unicode-perl", "unicode-script", "unicode-segment", "unicode-word-boundary"))' -C metadata=6f05ab0cbc3a9a27 -C extra-filename=-13579494e8befb35 --out-dir /opt/rustwide/target/release/build/regex-automata/13579494e8befb35/out -C strip=debuginfo -L dependency=/opt/rustwide/target/release/build/memchr/1575c1aec56f4c4b/out --extern aho_corasick=/opt/rustwide/target/release/build/aho-corasick/5ef7661e19b1bd3a/out/libaho_corasick-5ef7661e19b1bd3a.rmeta --extern memchr=/opt/rustwide/target/release/build/memchr/1575c1aec56f4c4b/out/libmemchr-1575c1aec56f4c4b.rmeta --extern regex_syntax=/opt/rustwide/target/release/build/regex-syntax/af27cc34d60aa0a0/out/libregex_syntax-af27cc34d60aa0a0.rmeta --cap-lints allow --cap-lints=warn --force-warn=unused_crate_dependencies` (signal: 9, SIGKILL: kill)
[INFO] [stderr] error: could not compile `regex-syntax` (lib)
[INFO] [stderr] 
[INFO] [stderr] Caused by:
[INFO] [stderr]   process didn't exit successfully: `/opt/rustwide/rustup-home/toolchains/1.100.0-beta.1-x86_64-unknown-linux-gnu/bin/rustc --crate-name regex_syntax --edition=2021 /opt/rustwide/cargo-home/registry/src/index.crates.io-1949cf8c6b5b557f/regex-syntax-0.8.6/src/lib.rs --error-format=json --json=diagnostic-rendered-ansi,artifacts,future-incompat,unused-externs-silent --crate-type lib --emit=dep-info,metadata,link -C opt-level=3 -C embed-bitcode=no --cfg 'feature="default"' --cfg 'feature="std"' --cfg 'feature="unicode"' --cfg 'feature="unicode-age"' --cfg 'feature="unicode-bool"' --cfg 'feature="unicode-case"' --cfg 'feature="unicode-gencat"' --cfg 'feature="unicode-perl"' --cfg 'feature="unicode-script"' --cfg 'feature="unicode-segment"' --check-cfg 'cfg(docsrs,test)' --check-cfg 'cfg(feature, values("arbitrary", "default", "std", "unicode", "unicode-age", "unicode-bool", "unicode-case", "unicode-gencat", "unicode-perl", "unicode-script", "unicode-segment"))' -C metadata=c313f31c48106f13 -C extra-filename=-af27cc34d60aa0a0 --out-dir /opt/rustwide/target/release/build/regex-syntax/af27cc34d60aa0a0/out -C strip=debuginfo --cap-lints allow --cap-lints=warn --force-warn=unused_crate_dependencies` (signal: 9, SIGKILL: kill)
[INFO] running `Command { std: "docker" "inspect" "5b11e5d4eee4b867f9b0fe439c132910dd5ecf1773b63bbd6c0497dc53cbe99b", kill_on_drop: false }`
[INFO] running `Command { std: "docker" "rm" "-f" "5b11e5d4eee4b867f9b0fe439c132910dd5ecf1773b63bbd6c0497dc53cbe99b", kill_on_drop: false }`
[INFO] [stdout] 5b11e5d4eee4b867f9b0fe439c132910dd5ecf1773b63bbd6c0497dc53cbe99b
