[INFO] cloning repository https://github.com/pfichtner/ar7json
[INFO] running `Command { std: "git" "-c" "credential.helper=" "-c" "credential.helper=/workspace/cargo-home/bin/git-credential-null" "clone" "--bare" "https://github.com/pfichtner/ar7json" "/workspace/cache/git-repos/https%3A%2F%2Fgithub.com%2Fpfichtner%2Far7json", kill_on_drop: false }`
[INFO] [stderr] Cloning into bare repository '/workspace/cache/git-repos/https%3A%2F%2Fgithub.com%2Fpfichtner%2Far7json'...
[INFO] running `Command { std: "git" "rev-parse" "HEAD", kill_on_drop: false }`
[INFO] [stdout] 8d4e99b013d58b6d9f225d597ddd69857584c012
[INFO] testing pfichtner/ar7json against 1.100.0-beta.1+cargoflags=--release for beta-release-1.100-2
[INFO] running `Command { std: "git" "clone" "/workspace/cache/git-repos/https%3A%2F%2Fgithub.com%2Fpfichtner%2Far7json" "/workspace/builds/worker-0-tc2/source", kill_on_drop: false }`
[INFO] [stderr] Cloning into '/workspace/builds/worker-0-tc2/source'...
[INFO] [stderr] done.
[INFO] started tweaking git repo https://github.com/pfichtner/ar7json
[INFO] finished tweaking git repo https://github.com/pfichtner/ar7json
[INFO] tweaked toml for git repo https://github.com/pfichtner/ar7json written to /workspace/builds/worker-0-tc2/source/Cargo.toml
[INFO] validating manifest of git repo https://github.com/pfichtner/ar7json on toolchain 1.100.0-beta.1
[INFO] running `Command { std: CARGO_HOME="/workspace/cargo-home" RUSTUP_HOME="/workspace/rustup-home" "/workspace/cargo-home/bin/cargo" "+1.100.0-beta.1" "metadata" "--manifest-path" "Cargo.toml" "--no-deps", kill_on_drop: false }`
[INFO] crate git repo https://github.com/pfichtner/ar7json already has a lockfile, it will not be regenerated
[INFO] running `Command { std: CARGO_HOME="/workspace/cargo-home" RUSTUP_HOME="/workspace/rustup-home" "/workspace/cargo-home/bin/cargo" "+1.100.0-beta.1" "fetch" "--manifest-path" "Cargo.toml", kill_on_drop: false }`
[INFO] [stderr]     Blocking waiting for file lock on package cache
[INFO] [stderr]     Blocking waiting for file lock on package cache
[INFO] [stderr]  Downloading crates ...
[INFO] [stderr]   Downloaded os_pipe v1.2.3
[INFO] [stderr]   Downloaded content_inspector v0.2.4
[INFO] [stderr]   Downloaded snapbox v1.2.2
[INFO] [stderr]   Downloaded humantime-serde v1.1.1
[INFO] [stderr]   Downloaded supports-hyperlinks v3.2.0
[INFO] [stderr]   Downloaded trycmd v1.2.1
[INFO] [stderr]   Downloaded snapbox-macros v1.1.0
[INFO] [stderr]   Downloaded is_ci v1.2.0
[INFO] [stderr]   Downloaded supports-unicode v3.0.0
[INFO] [stderr]   Downloaded supports-color v3.0.2
[INFO] [stderr]   Downloaded backtrace-ext v0.2.1
[INFO] [stderr]   Downloaded miette-derive v7.6.0
[INFO] [stderr]   Downloaded humantime v2.4.0
[INFO] [stderr]   Downloaded assert_cmd v2.2.2
[INFO] [stderr]   Downloaded owo-colors v4.3.0
[INFO] [stderr]   Downloaded clap_derive v4.6.7
[INFO] [stderr]   Downloaded clap_complete v4.6.11
[INFO] [stderr]   Downloaded clap v4.6.7
[INFO] [stderr]   Downloaded miette v7.6.0
[INFO] [stderr]   Downloaded clap_builder v4.6.7
[INFO] running `Command { std: "docker" "create" "-v" "/var/lib/crater-agent-workspace/builds/worker-0-tc2/source:/opt/rustwide/workdir:ro,Z" "-v" "/var/lib/crater-agent-workspace/builds/worker-0-tc2/target:/opt/rustwide/target:rw,Z" "-v" "/var/lib/crater-agent-workspace/cargo-home:/opt/rustwide/cargo-home:ro,Z" "-v" "/var/lib/crater-agent-workspace/rustup-home:/opt/rustwide/rustup-home:ro,Z" "-m" "1610612736" "--network" "none" "ghcr.io/rust-lang/crates-build-env/linux@sha256:77db811e55d90add9212f6832c23229e3de5f1c1f9905e8cb07319ea15df73ac" "sleep" "infinity", kill_on_drop: false }`
[INFO] [stdout] fa95e78530fe25181cf62899e45ce553306c5ba121a7ae6c0f8a71781740c8bd
[INFO] running `Command { std: "docker" "start" "fa95e78530fe25181cf62899e45ce553306c5ba121a7ae6c0f8a71781740c8bd", kill_on_drop: false }`
[INFO] running `Command { std: "docker" "inspect" "fa95e78530fe25181cf62899e45ce553306c5ba121a7ae6c0f8a71781740c8bd", kill_on_drop: false }`
[INFO] running `Command { std: "docker" "exec" "-e" "SOURCE_DIR=/opt/rustwide/workdir" "-e" "CARGO_HOME=/opt/rustwide/cargo-home" "-e" "RUSTUP_HOME=/opt/rustwide/rustup-home" "-e" "CARGO_TARGET_DIR=/opt/rustwide/target" "-w" "/opt/rustwide/workdir" "--user" "0:0" "fa95e78530fe25181cf62899e45ce553306c5ba121a7ae6c0f8a71781740c8bd" "/opt/rustwide/cargo-home/bin/cargo" "+1.100.0-beta.1" "metadata" "--no-deps" "--format-version=1", kill_on_drop: false }`
[INFO] running `Command { std: "docker" "inspect" "fa95e78530fe25181cf62899e45ce553306c5ba121a7ae6c0f8a71781740c8bd", kill_on_drop: false }`
[INFO] running `Command { std: "docker" "exec" "-e" "SOURCE_DIR=/opt/rustwide/workdir" "-e" "CARGO_HOME=/opt/rustwide/cargo-home" "-e" "RUSTUP_HOME=/opt/rustwide/rustup-home" "-e" "CARGO_TARGET_DIR=/opt/rustwide/target" "-e" "CARGO_INCREMENTAL=0" "-e" "RUST_BACKTRACE=full" "-e" "RUSTFLAGS=--cap-lints=warn" "-e" "RUSTDOCFLAGS=--cap-lints=warn" "-w" "/opt/rustwide/workdir" "--user" "0:0" "fa95e78530fe25181cf62899e45ce553306c5ba121a7ae6c0f8a71781740c8bd" "/opt/rustwide/cargo-home/bin/cargo" "+1.100.0-beta.1" "build" "--frozen" "--message-format=json" "--release", kill_on_drop: false }`
[INFO] [stderr]    Compiling proc-macro2 v1.0.107
[INFO] [stderr]    Compiling quote v1.0.47
[INFO] [stderr]    Compiling object v0.37.3
[INFO] [stderr]    Compiling libc v0.2.189
[INFO] [stderr]    Compiling memchr v2.8.3
[INFO] [stderr]    Compiling serde_core v1.0.229
[INFO] [stderr]    Compiling gimli v0.32.3
[INFO] [stderr]    Compiling adler2 v2.0.1
[INFO] [stderr]    Compiling rustix v1.1.4
[INFO] [stderr]    Compiling clap_builder v4.6.7
[INFO] [stderr]    Compiling miniz_oxide v0.8.9
[INFO] [stderr]    Compiling cfg-if v1.0.4
[INFO] [stderr]    Compiling owo-colors v4.3.0
[INFO] [stderr]    Compiling zmij v1.0.23
[INFO] [stderr]    Compiling bitflags v2.13.1
[INFO] [stderr]    Compiling rustc-demangle v0.1.28
[INFO] [stderr]    Compiling syn v3.0.3
[INFO] [stderr]    Compiling syn v2.0.119
[INFO] [stderr]    Compiling is_ci v1.2.0
[INFO] [stderr]    Compiling serde_json v1.0.154
[INFO] [stderr]    Compiling unicode-width v0.2.2
[INFO] [stderr]    Compiling thiserror v2.0.21
[INFO] [stderr]    Compiling serde v1.0.229
[INFO] [stderr]    Compiling unicode-linebreak v0.1.5
[INFO] [stderr]    Compiling terminal_size v0.4.4
[INFO] [stderr]    Compiling supports-color v3.0.2
[INFO] [stderr]    Compiling textwrap v0.16.2
[INFO] [stderr]    Compiling addr2line v0.25.1
[INFO] [stderr]    Compiling miette-derive v7.6.0
[INFO] [stderr]    Compiling itoa v1.0.18
[INFO] [stderr]    Compiling supports-unicode v3.0.0
[INFO] [stderr]    Compiling unicode-width v0.1.14
[INFO] [stderr]    Compiling roff v1.1.1
[INFO] [stderr]    Compiling supports-hyperlinks v3.2.0
[INFO] [stderr]    Compiling backtrace v0.3.76
[INFO] [stderr]    Compiling clap_derive v4.6.7
[INFO] [stderr]    Compiling serde_derive v1.0.229
[INFO] [stderr]    Compiling thiserror-impl v2.0.21
[INFO] [stderr]    Compiling backtrace-ext v0.2.1
[INFO] [stderr]    Compiling miette v7.6.0
[INFO] [stderr]    Compiling clap v4.6.7
[INFO] [stderr]    Compiling clap_mangen v0.3.3
[INFO] [stderr]    Compiling clap_complete v4.6.11
[INFO] [stderr]    Compiling ar7json v0.2.0 (/opt/rustwide/workdir)
[INFO] [stderr]     Finished `release` profile [optimized] target(s) in 38.42s
[INFO] running `Command { std: "docker" "inspect" "fa95e78530fe25181cf62899e45ce553306c5ba121a7ae6c0f8a71781740c8bd", kill_on_drop: false }`
[INFO] running `Command { std: "docker" "exec" "-e" "SOURCE_DIR=/opt/rustwide/workdir" "-e" "CARGO_HOME=/opt/rustwide/cargo-home" "-e" "RUSTUP_HOME=/opt/rustwide/rustup-home" "-e" "CARGO_TARGET_DIR=/opt/rustwide/target" "-e" "CARGO_INCREMENTAL=0" "-e" "RUST_BACKTRACE=full" "-e" "RUSTFLAGS=--cap-lints=warn" "-e" "RUSTDOCFLAGS=--cap-lints=warn" "-w" "/opt/rustwide/workdir" "--user" "0:0" "fa95e78530fe25181cf62899e45ce553306c5ba121a7ae6c0f8a71781740c8bd" "/opt/rustwide/cargo-home/bin/cargo" "+1.100.0-beta.1" "test" "--frozen" "--no-run" "--message-format=json" "--release", kill_on_drop: false }`
[INFO] [stderr]    Compiling memchr v2.8.3
[INFO] [stderr]    Compiling libc v0.2.189
[INFO] [stderr]    Compiling serde_core v1.0.229
[INFO] [stderr]    Compiling rustix v1.1.4
[INFO] [stderr]    Compiling crossbeam-utils v0.8.22
[INFO] [stderr]    Compiling crossbeam-epoch v0.9.20
[INFO] [stderr]    Compiling autocfg v1.5.1
[INFO] [stderr]    Compiling crossbeam-deque v0.8.7
[INFO] [stderr]    Compiling regex-syntax v0.8.11
[INFO] [stderr]    Compiling getrandom v0.4.3
[INFO] [stderr]    Compiling num-traits v0.2.19
[INFO] [stderr]    Compiling normalize-line-endings v0.3.0
[INFO] [stderr]    Compiling rayon-core v1.13.0
[INFO] [stderr]    Compiling equivalent v1.0.2
[INFO] [stderr]    Compiling aho-corasick v1.1.5
[INFO] [stderr]    Compiling object v0.37.3
[INFO] [stderr]    Compiling winnow v1.0.4
[INFO] [stderr]    Compiling predicates-core v1.0.10
[INFO] [stderr]    Compiling wait-timeout v0.2.1
[INFO] [stderr]    Compiling same-file v1.0.6
[INFO] [stderr]    Compiling hashbrown v0.17.1
[INFO] [stderr]    Compiling fastrand v2.5.0
[INFO] [stderr]    Compiling regex-automata v0.4.18
[INFO] [stderr]    Compiling once_cell v1.21.4
[INFO] [stderr]    Compiling terminal_size v0.4.4
[INFO] [stderr]    Compiling tempfile v3.27.0
[INFO] [stderr]    Compiling serde v1.0.229
[INFO] [stderr]    Compiling serde_spanned v1.1.1
[INFO] [stderr]    Compiling serde_json v1.0.154
[INFO] [stderr]    Compiling toml_datetime v1.1.1+spec-1.1.0
[INFO] [stderr]    Compiling toml_parser v1.1.3+spec-1.1.0
[INFO] [stderr]    Compiling indexmap v2.14.0
[INFO] [stderr]    Compiling walkdir v2.5.0
[INFO] [stderr]    Compiling os_pipe v1.2.3
[INFO] [stderr]    Compiling filetime v0.2.29
[INFO] [stderr]    Compiling float-cmp v0.10.0
[INFO] [stderr]    Compiling content_inspector v0.2.4
[INFO] [stderr]    Compiling snapbox-macros v1.1.0
[INFO] [stderr]    Compiling assert_cmd v2.2.2
[INFO] [stderr]    Compiling similar v3.2.0
[INFO] [stderr]    Compiling dunce v1.0.5
[INFO] [stderr]    Compiling difflib v0.4.0
[INFO] [stderr]    Compiling either v1.18.0
[INFO] [stderr]    Compiling humantime v2.4.0
[INFO] [stderr]    Compiling termtree v0.5.1
[INFO] [stderr]    Compiling toml_writer v1.1.2+spec-1.1.0
[INFO] [stderr]    Compiling predicates-tree v1.0.13
[INFO] [stderr]    Compiling toml_edit v0.25.13+spec-1.1.0
[INFO] [stderr]    Compiling humantime-serde v1.1.1
[INFO] [stderr]    Compiling rayon v1.12.0
[INFO] [stderr]    Compiling backtrace v0.3.76
[INFO] [stderr]    Compiling shlex v1.3.0
[INFO] [stderr]    Compiling regex v1.13.1
[INFO] [stderr]    Compiling bstr v1.13.1
[INFO] [stderr]    Compiling glob v0.3.4
[INFO] [stderr]    Compiling backtrace-ext v0.2.1
[INFO] [stderr]    Compiling miette v7.6.0
[INFO] [stderr]    Compiling snapbox v1.2.2
[INFO] [stderr]    Compiling predicates v3.1.4
[INFO] [stderr]    Compiling ar7json v0.2.0 (/opt/rustwide/workdir)
[INFO] [stderr]    Compiling trycmd v1.2.1
[INFO] [stderr]     Finished `release` profile [optimized] target(s) in 1m 18s
[INFO] running `Command { std: "docker" "inspect" "fa95e78530fe25181cf62899e45ce553306c5ba121a7ae6c0f8a71781740c8bd", kill_on_drop: false }`
[INFO] running `Command { std: "docker" "exec" "-e" "SOURCE_DIR=/opt/rustwide/workdir" "-e" "CARGO_HOME=/opt/rustwide/cargo-home" "-e" "RUSTUP_HOME=/opt/rustwide/rustup-home" "-e" "CARGO_TARGET_DIR=/opt/rustwide/target" "-e" "CARGO_INCREMENTAL=0" "-e" "RUST_BACKTRACE=full" "-e" "RUSTFLAGS=--cap-lints=warn" "-e" "RUSTDOCFLAGS=--cap-lints=warn" "-w" "/opt/rustwide/workdir" "--user" "0:0" "fa95e78530fe25181cf62899e45ce553306c5ba121a7ae6c0f8a71781740c8bd" "/opt/rustwide/cargo-home/bin/cargo" "+1.100.0-beta.1" "test" "--frozen" "--release", kill_on_drop: false }`
[INFO] [stderr]     Finished `release` profile [optimized] target(s) in 0.06s
[INFO] [stderr]      Running unittests src/lib.rs (/opt/rustwide/target/release/build/ar7json/e3e073e39ef4a8c0/out/ar7json-e3e073e39ef4a8c0)
[INFO] [stdout] 
[INFO] [stdout] running 0 tests
[INFO] [stdout] 
[INFO] [stdout] test result: ok. 0 passed; 0 failed; 0 ignored; 0 measured; 0 filtered out; finished in 0.00s
[INFO] [stdout] 
[INFO] [stderr]      Running unittests src/main.rs (/opt/rustwide/target/release/build/ar7json/05cbff5681e67d29/out/ar7json-05cbff5681e67d29)
[INFO] [stdout] 
[INFO] [stdout] running 0 tests
[INFO] [stdout] 
[INFO] [stdout] test result: ok. 0 passed; 0 failed; 0 ignored; 0 measured; 0 filtered out; finished in 0.00s
[INFO] [stdout] 
[INFO] [stderr]      Running tests/cli.rs (/opt/rustwide/target/release/build/ar7json/6c4e9ccaf3929d82/out/cli-6c4e9ccaf3929d82)
[INFO] [stdout] 
[INFO] [stdout] running 2 tests
[INFO] [stdout] test version_command ... ok
[INFO] [stderr] Testing tests/cmd/man.trycmd:4 ... ok 2ms 109us 780ns
[INFO] [stderr] Testing tests/cmd/pipes-format.toml ... ok 2ms 925us 610ns
[INFO] [stderr] Testing tests/cmd/pipes-json.toml ... ok 3ms 205us 150ns
[INFO] [stderr] Testing tests/cmd/simple.trycmd:4 ... ok 1ms 630us 610ns
[INFO] [stderr] Testing tests/cmd/simple.trycmd:34 ... ok 2ms 60us 990ns
[INFO] [stderr] Testing tests/cmd/check.trycmd:4 ... ok 2ms 697us 90ns
[INFO] [stderr] Testing tests/cmd/check.trycmd:10 ... ok 1ms 848us 650ns
[INFO] [stderr] Testing tests/cmd/check.trycmd:16 ... ok 1ms 307us 480ns
[INFO] [stderr] Testing tests/cmd/completions.trycmd:4 ... ok 2ms 985us 930ns
[INFO] [stderr] Testing tests/cmd/completions.trycmd:401 ... ok 1ms 494us 480ns
[INFO] [stderr] Testing tests/cmd/completions.trycmd:678 ... ok 1ms 229us 990ns
[INFO] [stderr] Testing tests/cmd/completions.trycmd:743 ... ok 1ms 323us 100ns
[INFO] [stderr] Testing tests/cmd/completions.trycmd:881 ... ok 1ms 309us 520ns
[INFO] [stderr] Testing tests/cmd/errors.trycmd:4 ... ok 2ms 78us 290ns
[INFO] [stderr] Testing tests/cmd/errors.trycmd:12 ... ok 2ms 335us 620ns
[INFO] [stderr] Testing tests/cmd/errors.trycmd:20 ... ok 1ms 90us 720ns
[INFO] [stderr] Testing tests/cmd/errors.trycmd:28 ... ok 5ms 657us 280ns
[INFO] [stderr] Testing tests/cmd/format.trycmd:4 ... ok 1ms 834us 280ns
[INFO] [stderr] Testing tests/cmd/format.trycmd:12 ... ok 1ms 961us 680ns
[INFO] [stderr] Testing tests/cmd/format.trycmd:40 ... ok 1ms 405us 80ns
[INFO] [stderr] Testing tests/cmd/format.trycmd:53 ... ok 1ms 314us 150ns
[INFO] [stderr] Testing tests/cmd/format.trycmd:64 ... ok 1ms 20us 570ns
[INFO] [stderr] Testing tests/cmd/format.trycmd:76 ... ok 1ms 50us 980ns
[INFO] [stderr] Testing tests/cmd/format.trycmd:115 ... ok 1ms 87us 940ns
[INFO] [stderr] Testing tests/cmd/format.trycmd:146 ... ok 1ms 164us 300ns
[INFO] [stderr] Testing tests/cmd/format.trycmd:156 ... ok 1ms 124us 890ns
[INFO] [stderr] Testing tests/cmd/format.trycmd:182 ... ok 997us 230ns
[INFO] [stderr] Testing tests/cmd/to-json.trycmd:4 ... ok 1ms 872us 330ns
[INFO] [stderr] Testing tests/cmd/to-json.trycmd:33 ... ok 1ms 330us 210ns
[INFO] [stderr] Testing tests/cmd/to-json.trycmd:192 ... ok 1ms 560us 860ns
[INFO] [stderr] Testing tests/cmd/to-json.trycmd:261 ... ok 1ms 30us 280ns
[INFO] [stderr] Testing tests/cmd/to-json.trycmd:359 ... ok 968us 250ns
[INFO] [stderr] Testing tests/cmd/to-json.trycmd:425 ... ok 1ms 233us 550ns
[INFO] [stderr] Testing tests/cmd/to-json.trycmd:628 ... ok 1ms 221us 460ns
[INFO] [stderr] Testing tests/cmd/to-json.trycmd:809 ... ok 1ms 4us 380ns
[INFO] [stderr] Testing tests/cmd/to-json.trycmd:853 ... ok 1ms 201us 320ns
[INFO] [stderr] Testing tests/cmd/to-json.trycmd:1011 ... ok 1ms 121us 80ns
[INFO] [stdout] test cli ... ok
[INFO] [stdout] 
[INFO] [stdout] test result: ok. 2 passed; 0 failed; 0 ignored; 0 measured; 0 filtered out; finished in 0.02s
[INFO] [stdout] 
[INFO] [stderr]      Running tests/generate.rs (/opt/rustwide/target/release/build/ar7json/fa147b24e3b8492a/out/generate-fa147b24e3b8492a)
[INFO] [stdout] 
[INFO] [stdout] running 10 tests
[INFO] [stdout] test completions_unknown_shell_fails_with_error ... ok
[INFO] [stdout] test completions_bash_registers_completeness_function ... ok
[INFO] [stdout] test completions_lists_all_subcommands_in_bash ... ok
[INFO] [stdout] test completions_zsh_registers_compdef ... ok
[INFO] [stdout] test man_page_contains_name_and_synopsis ... ok
[INFO] [stdout] test completions_output_file_writes_script ... ok
[INFO] [stdout] test man_output_file_writes_page ... ok
[INFO] [stdout] test symlinks_lists_all_names ... ok
[INFO] [stdout] test symlinks_matches_symlink_names_constant ... ok
[INFO] [stdout] test completions_supported_shells_succeed ... ok
[INFO] [stdout] 
[INFO] [stdout] test result: ok. 10 passed; 0 failed; 0 ignored; 0 measured; 0 filtered out; finished in 0.01s
[INFO] [stdout] 
[INFO] [stderr]      Running tests/json.rs (/opt/rustwide/target/release/build/ar7json/76e8412eb21589f0/out/json-76e8412eb21589f0)
[INFO] [stdout] 
[INFO] [stdout] running 55 tests
[INFO] [stdout] test tests::boolean_roundtrip ... ok
[INFO] [stdout] test tests::duplicate_keys_roundtrip ... ok
[INFO] [stdout] test tests::duration_missing_value_rejected ... ok
[INFO] [stdout] test tests::boolean_json_missing_value_rejected ... ok
[INFO] [stdout] test tests::document_not_an_object_rejected ... ok
[INFO] [stdout] test tests::document_missing_entries_rejected ... ok
[INFO] [stdout] test tests::entry_missing_key_rejected ... ok
[INFO] [stdout] test tests::duration_roundtrip ... ok
[INFO] [stdout] test tests::entry_not_an_object_rejected ... ok
[INFO] [stdout] test tests::entries_not_an_array_rejected ... ok
[INFO] [stdout] test tests::entry_missing_value_rejected ... ok
[INFO] [stdout] test tests::full_ar7_roundtrip ... ok
[INFO] [stdout] test tests::ip_address_missing_value_rejected ... ok
[INFO] [stdout] test tests::ip_address_from_json_roundtrip ... ok
[INFO] [stdout] test tests::json_deterministic ... ok
[INFO] [stdout] test tests::ip_address_roundtrip ... ok
[INFO] [stdout] test tests::list_from_json_roundtrip ... ok
[INFO] [stdout] test tests::list_items_not_array_rejected ... ok
[INFO] [stdout] test tests::list_roundtrip ... ok
[INFO] [stdout] test tests::list_missing_items_rejected ... ok
[INFO] [stdout] test tests::mac_address_missing_value_rejected ... ok
[INFO] [stdout] test tests::mac_address_roundtrip ... ok
[INFO] [stdout] test tests::identifier_missing_value_rejected ... ok
[INFO] [stdout] test tests::integer_roundtrip ... ok
[INFO] [stdout] test tests::malformed_json_rejected ... ok
[INFO] [stdout] test tests::mac_address_from_json_roundtrip ... ok
[INFO] [stdout] test tests::missing_document_field_rejected ... ok
[INFO] [stdout] test tests::integer_json_missing_value_rejected ... ok
[INFO] [stdout] test tests::number_json_roundtrip ... ok
[INFO] [stdout] test tests::object_entries_not_array_rejected ... ok
[INFO] [stdout] test tests::object_from_json_roundtrip ... ok
[INFO] [stdout] test tests::missing_version_field_rejected ... ok
[INFO] [stdout] test tests::negative_integer_roundtrip ... ok
[INFO] [stdout] test tests::object_roundtrip ... ok
[INFO] [stdout] test tests::object_missing_entries_rejected ... ok
[INFO] [stdout] test tests::nested_object_roundtrip ... ok
[INFO] [stdout] test tests::missing_format_field_rejected ... ok
[INFO] [stdout] test tests::raw_json_missing_text_rejected ... ok
[INFO] [stdout] test tests::root_not_an_object_rejected ... ok
[INFO] [stdout] test tests::number_json_missing_value_rejected ... ok
[INFO] [stdout] test tests::raw_value_roundtrip ... ok
[INFO] [stdout] test tests::serializer_deterministic ... ok
[INFO] [stdout] test tests::simple_json_mode ... ok
[INFO] [stdout] test tests::root_array_rejected ... ok
[INFO] [stdout] test tests::simple_json_with_ip_address ... ok
[INFO] [stdout] test tests::simple_json_with_list ... ok
[INFO] [stdout] test tests::string_roundtrip ... ok
[INFO] [stdout] test tests::unknown_value_type_rejected ... ok
[INFO] [stdout] test tests::simple_json_with_mac_address ... ok
[INFO] [stdout] test tests::value_not_an_object_rejected ... ok
[INFO] [stdout] test tests::simple_json_with_raw_value ... ok
[INFO] [stdout] test tests::real_world_01_roundtrip ... ok
[INFO] [stdout] test tests::value_missing_type_rejected ... ok
[INFO] [stdout] test tests::wrong_version_rejected ... ok
[INFO] [stdout] test tests::wrong_format_rejected ... ok
[INFO] [stdout] 
[INFO] [stdout] test result: ok. 55 passed; 0 failed; 0 ignored; 0 measured; 0 filtered out; finished in 0.00s
[INFO] [stdout] 
[INFO] [stderr]      Running tests/lexer.rs (/opt/rustwide/target/release/build/ar7json/f311da8bd3d67426/out/lexer-f311da8bd3d67426)
[INFO] [stdout] 
[INFO] [stdout] running 17 tests
[INFO] [stdout] test tests::block_comment ... ok
[INFO] [stdout] test tests::booleans ... ok
[INFO] [stdout] test tests::braces_and_punctuation ... ok
[INFO] [stdout] test tests::crlf_whitespace ... ok
[INFO] [stdout] test tests::durations ... ok
[INFO] [stdout] test tests::escaped_strings ... ok
[INFO] [stdout] test tests::floats ... ok
[INFO] [stdout] test tests::identifiers ... ok
[INFO] [stdout] test tests::integer_raw_preserved ... ok
[INFO] [stdout] test tests::integers ... ok
[INFO] [stdout] test tests::nested_braces ... ok
[INFO] [stdout] test tests::line_comment ... ok
[INFO] [stdout] test tests::strings ... ok
[INFO] [stdout] test tests::unterminated_block_comment ... ok
[INFO] [stdout] test tests::unterminated_string ... ok
[INFO] [stdout] test tests::unterminated_string_escape ... ok
[INFO] [stdout] test tests::utf8_content ... ok
[INFO] [stdout] 
[INFO] [stdout] test result: ok. 17 passed; 0 failed; 0 ignored; 0 measured; 0 filtered out; finished in 0.00s
[INFO] [stdout] 
[INFO] [stderr]      Running tests/parser.rs (/opt/rustwide/target/release/build/ar7json/e13ccc627a552bbb/out/parser-e13ccc627a552bbb)
[INFO] [stdout] 
[INFO] [stdout] running 24 tests
[INFO] [stdout] test tests::avm_export_header_stripped ... ok
[INFO] [stdout] test tests::boolean_as_key ... ok
[INFO] [stdout] test tests::comments_preserved ... ok
[INFO] [stdout] test tests::deeply_nested_blocks ... ok
[INFO] [stdout] test tests::duplicate_keys ... ok
[INFO] [stdout] test tests::empty_document ... ok
[INFO] [stdout] test tests::empty_value_after_equals ... ok
[INFO] [stdout] test tests::inline_block_comment_preserved ... ok
[INFO] [stdout] test tests::list_values ... ok
[INFO] [stdout] test tests::list_with_block_entries ... ok
[INFO] [stdout] test tests::mixed_values ... ok
[INFO] [stdout] test tests::nested_block ... ok
[INFO] [stdout] test tests::nested_fixture ... ok
[INFO] [stdout] test tests::single_assignment ... ok
[INFO] [stdout] test tests::minimal_fixture ... ok
[INFO] [stdout] test tests::trailing_line_comment ... ok
[INFO] [stdout] test tests::unexpected_token_after_key ... ok
[INFO] [stdout] test tests::multiline_list ... ok
[INFO] [stdout] test tests::trailing_block_comment ... ok
[INFO] [stdout] test tests::unknown_identifiers_accepted ... ok
[INFO] [stdout] test tests::real_world_01 ... ok
[INFO] [stdout] test tests::unknown_blocks_accepted ... ok
[INFO] [stdout] test tests::plain_ar7_not_affected ... ok
[INFO] [stdout] test tests::unclosed_block_accepted ... ok
[INFO] [stdout] 
[INFO] [stdout] test result: ok. 24 passed; 0 failed; 0 ignored; 0 measured; 0 filtered out; finished in 0.00s
[INFO] [stdout] 
[INFO] [stderr]      Running tests/roundtrip.rs (/opt/rustwide/target/release/build/ar7json/506c8f6aba8477e8/out/roundtrip-506c8f6aba8477e8)
[INFO] [stdout] 
[INFO] [stdout] running 21 tests
[INFO] [stdout] test tests::roundtrip_durations ... ok
[INFO] [stdout] test tests::roundtrip_minimal ... ok
[INFO] [stdout] test tests::roundtrip_lists ... ok
[INFO] [stdout] test tests::roundtrip_real03 ... ok
[INFO] [stdout] test tests::roundtrip_nested ... ok
[INFO] [stdout] test tests::roundtrip_real01 ... ok
[INFO] [stdout] test tests::roundtrip_real04 ... ok
[INFO] [stdout] test tests::roundtrip_real02 ... ok
[INFO] [stdout] test tests::roundtrip_strings ... ok
[INFO] [stdout] test tests::serialize_minimal ... ok
[INFO] [stdout] test tests::roundtrip_real05 ... ok
[INFO] [stdout] test tests::stronger_durations ... ok
[INFO] [stdout] test tests::stronger_lists ... ok
[INFO] [stdout] test tests::stronger_minimal ... ok
[INFO] [stdout] test tests::stronger_real03 ... ok
[INFO] [stdout] test tests::stronger_nested ... ok
[INFO] [stdout] test tests::stronger_real04 ... ok
[INFO] [stdout] test tests::stronger_real02 ... ok
[INFO] [stdout] test tests::stronger_real01 ... ok
[INFO] [stdout] test tests::stronger_real05 ... ok
[INFO] [stdout] test tests::stronger_strings ... ok
[INFO] [stdout] 
[INFO] [stdout] test result: ok. 21 passed; 0 failed; 0 ignored; 0 measured; 0 filtered out; finished in 0.00s
[INFO] [stdout] 
[INFO] [stderr]      Running tests/serializer.rs (/opt/rustwide/target/release/build/ar7json/f09b8f53fa47da8b/out/serializer-f09b8f53fa47da8b)
[INFO] [stdout] 
[INFO] [stdout] running 13 tests
[INFO] [stdout] test tests::block_comment_inside_block_indented ... ok
[INFO] [stdout] test tests::block_comment_top_level ... ok
[INFO] [stdout] test tests::comment_before_closing_brace ... ok
[INFO] [stdout] test tests::comment_inside_block_indented ... ok
[INFO] [stdout] test tests::comment_between_entries ... ok
[INFO] [stdout] test tests::consecutive_comments_preserved ... ok
[INFO] [stdout] test tests::deeply_nested_comment_indented ... ok
[INFO] [stdout] test tests::format_roundtrip_idempotent ... ok
[INFO] [stdout] test tests::format_real01_preserves_comments ... ok
[INFO] [stdout] test tests::inline_trailing_comment_preserved ... ok
[INFO] [stdout] test tests::no_double_newlines_after_trailing_comment ... ok
[INFO] [stdout] test tests::no_extra_newlines_after_format ... ok
[INFO] [stdout] test tests::top_level_comment_preserved ... ok
[INFO] [stdout] 
[INFO] [stdout] test result: ok. 13 passed; 0 failed; 0 ignored; 0 measured; 0 filtered out; finished in 0.00s
[INFO] [stdout] 
[INFO] [stderr]      Running tests/symlink.rs (/opt/rustwide/target/release/build/ar7json/85c0340fa130fd16/out/symlink-85c0340fa130fd16)
[INFO] [stdout] 
[INFO] [stdout] running 12 tests
[INFO] [stdout] test ar7_check_valid_file ... FAILED
[INFO] [stdout] test ar7_check_invalid_file ... FAILED
[INFO] [stdout] test ar7_check_matches_subcommand ... FAILED
[INFO] [stdout] test ar7_fmt_formats_ar7 ... FAILED
[INFO] [stdout] test ar7_to_json_matches_subcommand ... FAILED
[INFO] [stdout] test ar7_to_json_converts_ar7_to_json ... FAILED
[INFO] [stdout] test ar7_fmt_matches_subcommand ... FAILED
[INFO] [stdout] test ar7_to_json_stdin ... FAILED
[INFO] [stdout] test ar7_to_json_with_output_flag ... FAILED
[INFO] [stdout] test json_to_ar7_converts_json_to_ar7 ... FAILED
[INFO] [stdout] test unknown_symlink_name_falls_through_to_normal_mode ... FAILED
[INFO] [stdout] test json_to_ar7_matches_subcommand ... FAILED
[INFO] [stdout] 
[INFO] [stdout] failures:
[INFO] [stdout] 
[INFO] [stdout] ---- ar7_check_valid_file stdout ----
[INFO] [stdout] 
[INFO] [stdout] thread 'ar7_check_valid_file' (2719) panicked at tests/symlink.rs:49:10:
[INFO] [stdout] called `Result::unwrap()` on an `Err` value: Os { code: 2, kind: NotFound, message: "No such file or directory" }
[INFO] [stdout] stack backtrace:
[INFO] [stdout]    0:     0x579109dc8e36 - <unknown>
[INFO] [stdout]    1:     0x579109d7abaa - <unknown>
[INFO] [stdout]    2:     0x579109dce5ac - <unknown>
[INFO] [stdout]    3:     0x579109da4032 - <unknown>
[INFO] [stdout]    4:     0x579109dc0261 - <unknown>
[INFO] [stdout]    5:     0x579109dc0442 - <unknown>
[INFO] [stdout]    6:     0x579109da40e2 - <unknown>
[INFO] [stdout]    7:     0x579109d9cc69 - <unknown>
[INFO] [stdout]    8:     0x579109da4ead - <unknown>
[INFO] [stdout]    9:     0x579109d7b29c - <unknown>
[INFO] [stdout]   10:     0x579109d7b072 - <unknown>
[INFO] [stdout]   11:     0x579109dd0e6f - <unknown>
[INFO] [stdout]   12:     0x579109dd2d65 - <unknown>
[INFO] [stdout]   13:     0x579109dd5fcb - <unknown>
[INFO] [stdout]   14:     0x579109de3e74 - <unknown>
[INFO] [stdout]   15:     0x579109ddd5a4 - <unknown>
[INFO] [stdout]   16:     0x579109de7c32 - <unknown>
[INFO] [stdout]   17:     0x579109dc7ce4 - <unknown>
[INFO] [stdout]   18:     0x750bb8a4edfa - <unknown>
[INFO] [stdout]   19:     0x750bb8ae23d4 - clone
[INFO] [stdout]   20:                0x0 - <unknown>
[INFO] [stdout] 
[INFO] [stdout] ---- ar7_check_invalid_file stdout ----
[INFO] [stdout] 
[INFO] [stdout] thread 'ar7_check_invalid_file' (2717) panicked at tests/symlink.rs:127:10:
[INFO] [stdout] called `Result::unwrap()` on an `Err` value: Os { code: 2, kind: NotFound, message: "No such file or directory" }
[INFO] [stdout] stack backtrace:
[INFO] [stdout]    0:     0x579109dc8e36 - <unknown>
[INFO] [stdout]    1:     0x579109d7abaa - <unknown>
[INFO] [stdout]    2:     0x579109dce5ac - <unknown>
[INFO] [stdout]    3:     0x579109da4032 - <unknown>
[INFO] [stdout]    4:     0x579109dc0261 - <unknown>
[INFO] [stdout]    5:     0x579109dc0442 - <unknown>
[INFO] [stdout]    6:     0x579109da40e2 - <unknown>
[INFO] [stdout]    7:     0x579109d9cc69 - <unknown>
[INFO] [stdout]    8:     0x579109da4ead - <unknown>
[INFO] [stdout]    9:     0x579109d7b29c - <unknown>
[INFO] [stdout]   10:     0x579109d7b072 - <unknown>
[INFO] [stdout]   11:     0x579109dd3192 - <unknown>
[INFO] [stdout]   12:     0x579109dd5fcb - <unknown>
[INFO] [stdout]   13:     0x579109de3e74 - <unknown>
[INFO] [stdout]   14:     0x579109ddd5a4 - <unknown>
[INFO] [stderr] error: test failed, to rerun pass `--test symlink`
[INFO] [stdout]   15:     0x579109de7c32 - <unknown>
[INFO] [stdout]   16:     0x579109dc7ce4 - <unknown>
[INFO] [stdout]   17:     0x750bb8a4edfa - <unknown>
[INFO] [stdout]   18:     0x750bb8ae23d4 - clone
[INFO] [stdout]   19:                0x0 - <unknown>
[INFO] [stdout] 
[INFO] [stdout] ---- ar7_check_matches_subcommand stdout ----
[INFO] [stdout] 
[INFO] [stdout] thread 'ar7_check_matches_subcommand' (2718) panicked at tests/symlink.rs:49:10:
[INFO] [stdout] called `Result::unwrap()` on an `Err` value: Os { code: 2, kind: NotFound, message: "No such file or directory" }
[INFO] [stdout] stack backtrace:
[INFO] [stdout]    0:     0x579109dc8e36 - <unknown>
[INFO] [stdout]    1:     0x579109d7abaa - <unknown>
[INFO] [stdout]    2:     0x579109dce5ac - <unknown>
[INFO] [stdout]    3:     0x579109da4032 - <unknown>
[INFO] [stdout]    4:     0x579109dc0261 - <unknown>
[INFO] [stdout]    5:     0x579109dc0442 - <unknown>
[INFO] [stdout]    6:     0x579109da40e2 - <unknown>
[INFO] [stdout]    7:     0x579109d9cc69 - <unknown>
[INFO] [stdout]    8:     0x579109da4ead - <unknown>
[INFO] [stdout]    9:     0x579109d7b29c - <unknown>
[INFO] [stdout]   10:     0x579109d7b072 - <unknown>
[INFO] [stdout]   11:     0x579109dd0e6f - <unknown>
[INFO] [stdout]   12:     0x579109dd36e8 - <unknown>
[INFO] [stdout]   13:     0x579109dd5fcb - <unknown>
[INFO] [stdout]   14:     0x579109de3e74 - <unknown>
[INFO] [stdout]   15:     0x579109ddd5a4 - <unknown>
[INFO] [stdout]   16:     0x579109de7c32 - <unknown>
[INFO] [stdout]   17:     0x579109dc7ce4 - <unknown>
[INFO] [stdout]   18:     0x750bb8a4edfa - <unknown>
[INFO] [stdout]   19:     0x750bb8ae23d4 - clone
[INFO] [stdout]   20:                0x0 - <unknown>
[INFO] [stdout] 
[INFO] [stdout] ---- ar7_fmt_formats_ar7 stdout ----
[INFO] [stdout] 
[INFO] [stdout] thread 'ar7_fmt_formats_ar7' (2720) panicked at tests/symlink.rs:35:10:
[INFO] [stdout] called `Result::unwrap()` on an `Err` value: Os { code: 2, kind: NotFound, message: "No such file or directory" }
[INFO] [stdout] stack backtrace:
[INFO] [stdout]    0:     0x579109dc8e36 - <unknown>
[INFO] [stdout]    1:     0x579109d7abaa - <unknown>
[INFO] [stdout]    2:     0x579109dce5ac - <unknown>
[INFO] [stdout]    3:     0x579109da4032 - <unknown>
[INFO] [stdout]    4:     0x579109dc0261 - <unknown>
[INFO] [stdout]    5:     0x579109dc0442 - <unknown>
[INFO] [stdout]    6:     0x579109da40e2 - <unknown>
[INFO] [stdout]    7:     0x579109d9cc69 - <unknown>
[INFO] [stdout]    8:     0x579109da4ead - <unknown>
[INFO] [stdout]    9:     0x579109d7b29c - <unknown>
[INFO] [stdout]   10:     0x579109d7b072 - <unknown>
[INFO] [stdout]   11:     0x579109dd07ac - <unknown>
[INFO] [stdout]   12:     0x579109dd2b93 - <unknown>
[INFO] [stdout]   13:     0x579109dd5fcb - <unknown>
[INFO] [stdout]   14:     0x579109de3e74 - <unknown>
[INFO] [stdout]   15:     0x579109ddd5a4 - <unknown>
[INFO] [stdout]   16:     0x579109de7c32 - <unknown>
[INFO] [stdout]   17:     0x579109dc7ce4 - <unknown>
[INFO] [stdout]   18:     0x750bb8a4edfa - <unknown>
[INFO] [stdout]   19:     0x750bb8ae23d4 - clone
[INFO] [stdout]   20:                0x0 - <unknown>
[INFO] [stdout] 
[INFO] [stdout] ---- ar7_to_json_matches_subcommand stdout ----
[INFO] [stdout] 
[INFO] [stdout] thread 'ar7_to_json_matches_subcommand' (2723) panicked at tests/symlink.rs:35:10:
[INFO] [stdout] called `Result::unwrap()` on an `Err` value: Os { code: 2, kind: NotFound, message: "No such file or directory" }
[INFO] [stdout] stack backtrace:
[INFO] [stdout]    0:     0x579109dc8e36 - <unknown>
[INFO] [stdout]    1:     0x579109d7abaa - <unknown>
[INFO] [stdout]    2:     0x579109dce5ac - <unknown>
[INFO] [stdout]    3:     0x579109da4032 - <unknown>
[INFO] [stdout]    4:     0x579109dc0261 - <unknown>
[INFO] [stdout]    5:     0x579109dc0442 - <unknown>
[INFO] [stdout]    6:     0x579109da40e2 - <unknown>
[INFO] [stdout]    7:     0x579109d9cc69 - <unknown>
[INFO] [stdout]    8:     0x579109da4ead - <unknown>
[INFO] [stdout]    9:     0x579109d7b29c - <unknown>
[INFO] [stdout]   10:     0x579109d7b072 - <unknown>
[INFO] [stdout]   11:     0x579109dd07ac - <unknown>
[INFO] [stdout]   12:     0x579109dd3fd4 - <unknown>
[INFO] [stdout]   13:     0x579109dd5fcb - <unknown>
[INFO] [stdout]   14:     0x579109de3e74 - <unknown>
[INFO] [stdout]   15:     0x579109ddd5a4 - <unknown>
[INFO] [stdout]   16:     0x579109de7c32 - <unknown>
[INFO] [stdout]   17:     0x579109dc7ce4 - <unknown>
[INFO] [stdout]   18:     0x750bb8a4edfa - <unknown>
[INFO] [stdout]   19:     0x750bb8ae23d4 - clone
[INFO] [stdout]   20:                0x0 - <unknown>
[INFO] [stdout] 
[INFO] [stdout] ---- ar7_to_json_converts_ar7_to_json stdout ----
[INFO] [stdout] 
[INFO] [stdout] thread 'ar7_to_json_converts_ar7_to_json' (2722) panicked at tests/symlink.rs:35:10:
[INFO] [stdout] called `Result::unwrap()` on an `Err` value: Os { code: 2, kind: NotFound, message: "No such file or directory" }
[INFO] [stdout] stack backtrace:
[INFO] [stdout]    0:     0x579109dc8e36 - <unknown>
[INFO] [stdout]    1:     0x579109d7abaa - <unknown>
[INFO] [stdout]    2:     0x579109dce5ac - <unknown>
[INFO] [stdout]    3:     0x579109da4032 - <unknown>
[INFO] [stdout]    4:     0x579109dc0261 - <unknown>
[INFO] [stdout]    5:     0x579109dc0442 - <unknown>
[INFO] [stdout]    6:     0x579109da40e2 - <unknown>
[INFO] [stdout]    7:     0x579109d9cc69 - <unknown>
[INFO] [stdout]    8:     0x579109da4ead - <unknown>
[INFO] [stdout]    9:     0x579109d7b29c - <unknown>
[INFO] [stdout]   10:     0x579109d7b072 - <unknown>
[INFO] [stdout]   11:     0x579109dd07ac - <unknown>
[INFO] [stdout]   12:     0x579109dd4973 - <unknown>
[INFO] [stdout]   13:     0x579109dd5fcb - <unknown>
[INFO] [stdout]   14:     0x579109de3e74 - <unknown>
[INFO] [stdout]   15:     0x579109ddd5a4 - <unknown>
[INFO] [stdout]   16:     0x579109de7c32 - <unknown>
[INFO] [stdout]   17:     0x579109dc7ce4 - <unknown>
[INFO] [stdout]   18:     0x750bb8a4edfa - <unknown>
[INFO] [stdout]   19:     0x750bb8ae23d4 - clone
[INFO] [stdout]   20:                0x0 - <unknown>
[INFO] [stdout] 
[INFO] [stdout] ---- ar7_fmt_matches_subcommand stdout ----
[INFO] [stdout] 
[INFO] [stdout] thread 'ar7_fmt_matches_subcommand' (2721) panicked at tests/symlink.rs:35:10:
[INFO] [stdout] called `Result::unwrap()` on an `Err` value: Os { code: 2, kind: NotFound, message: "No such file or directory" }
[INFO] [stdout] stack backtrace:
[INFO] [stdout]    0:     0x579109dc8e36 - <unknown>
[INFO] [stdout]    1:     0x579109d7abaa - <unknown>
[INFO] [stdout]    2:     0x579109dce5ac - <unknown>
[INFO] [stdout]    3:     0x579109da4032 - <unknown>
[INFO] [stdout]    4:     0x579109dc0261 - <unknown>
[INFO] [stdout]    5:     0x579109dc0442 - <unknown>
[INFO] [stdout]    6:     0x579109da40e2 - <unknown>
[INFO] [stdout]    7:     0x579109d9cc69 - <unknown>
[INFO] [stdout]    8:     0x579109da4ead - <unknown>
[INFO] [stdout]    9:     0x579109d7b29c - <unknown>
[INFO] [stdout]   10:     0x579109d7b072 - <unknown>
[INFO] [stdout]   11:     0x579109dd07ac - <unknown>
[INFO] [stdout]   12:     0x579109dd3304 - <unknown>
[INFO] [stdout]   13:     0x579109dd5fcb - <unknown>
[INFO] [stdout]   14:     0x579109de3e74 - <unknown>
[INFO] [stdout]   15:     0x579109ddd5a4 - <unknown>
[INFO] [stdout]   16:     0x579109de7c32 - <unknown>
[INFO] [stdout]   17:     0x579109dc7ce4 - <unknown>
[INFO] [stdout]   18:     0x750bb8a4edfa - <unknown>
[INFO] [stdout]   19:     0x750bb8ae23d4 - clone
[INFO] [stdout]   20:                0x0 - <unknown>
[INFO] [stdout] 
[INFO] [stdout] ---- ar7_to_json_stdin stdout ----
[INFO] [stdout] 
[INFO] [stdout] thread 'ar7_to_json_stdin' (2724) panicked at tests/symlink.rs:80:10:
[INFO] [stdout] called `Result::unwrap()` on an `Err` value: Os { code: 2, kind: NotFound, message: "No such file or directory" }
[INFO] [stdout] stack backtrace:
[INFO] [stdout]    0:     0x579109dc8e36 - <unknown>
[INFO] [stdout]    1:     0x579109d7abaa - <unknown>
[INFO] [stdout]    2:     0x579109dce5ac - <unknown>
[INFO] [stdout]    3:     0x579109da4032 - <unknown>
[INFO] [stdout]    4:     0x579109dc0261 - <unknown>
[INFO] [stdout]    5:     0x579109dc0442 - <unknown>
[INFO] [stdout]    6:     0x579109da40e2 - <unknown>
[INFO] [stdout]    7:     0x579109d9cc69 - <unknown>
[INFO] [stdout]    8:     0x579109da4ead - <unknown>
[INFO] [stdout]    9:     0x579109d7b29c - <unknown>
[INFO] [stdout]   10:     0x579109d7b072 - <unknown>
[INFO] [stdout]   11:     0x579109dd2901 - <unknown>
[INFO] [stdout]   12:     0x579109dd5fcb - <unknown>
[INFO] [stdout]   13:     0x579109de3e74 - <unknown>
[INFO] [stdout]   14:     0x579109ddd5a4 - <unknown>
[INFO] [stdout]   15:     0x579109de7c32 - <unknown>
[INFO] [stdout]   16:     0x579109dc7ce4 - <unknown>
[INFO] [stdout]   17:     0x750bb8a4edfa - <unknown>
[INFO] [stdout]   18:     0x750bb8ae23d4 - clone
[INFO] [stdout]   19:                0x0 - <unknown>
[INFO] [stdout] 
[INFO] [stdout] ---- ar7_to_json_with_output_flag stdout ----
[INFO] [stdout] 
[INFO] [stdout] thread 'ar7_to_json_with_output_flag' (2733) panicked at tests/symlink.rs:68:10:
[INFO] [stdout] called `Result::unwrap()` on an `Err` value: Os { code: 2, kind: NotFound, message: "No such file or directory" }
[INFO] [stdout] stack backtrace:
[INFO] [stdout]    0:     0x579109dc8e36 - <unknown>
[INFO] [stdout]    1:     0x579109d7abaa - <unknown>
[INFO] [stdout]    2:     0x579109dce5ac - <unknown>
[INFO] [stdout]    3:     0x579109da4032 - <unknown>
[INFO] [stdout]    4:     0x579109dc0261 - <unknown>
[INFO] [stdout]    5:     0x579109dc0442 - <unknown>
[INFO] [stdout]    6:     0x579109da40e2 - <unknown>
[INFO] [stdout]    7:     0x579109d9cc69 - <unknown>
[INFO] [stdout]    8:     0x579109da4ead - <unknown>
[INFO] [stdout]    9:     0x579109d7b29c - <unknown>
[INFO] [stdout]   10:     0x579109d7b072 - <unknown>
[INFO] [stdout]   11:     0x579109dd3de2 - <unknown>
[INFO] [stdout]   12:     0x579109dd5fcb - <unknown>
[INFO] [stdout]   13:     0x579109de3e74 - <unknown>
[INFO] [stdout]   14:     0x579109ddd5a4 - <unknown>
[INFO] [stdout]   15:     0x579109de7c32 - <unknown>
[INFO] [stdout]   16:     0x579109dc7ce4 - <unknown>
[INFO] [stdout]   17:     0x750bb8a4edfa - <unknown>
[INFO] [stdout]   18:     0x750bb8ae23d4 - clone
[INFO] [stdout]   19:                0x0 - <unknown>
[INFO] [stdout] 
[INFO] [stdout] ---- json_to_ar7_converts_json_to_ar7 stdout ----
[INFO] [stdout] 
[INFO] [stdout] thread 'json_to_ar7_converts_json_to_ar7' (2734) panicked at tests/symlink.rs:35:10:
[INFO] [stdout] called `Result::unwrap()` on an `Err` value: Os { code: 2, kind: NotFound, message: "No such file or directory" }
[INFO] [stdout] stack backtrace:
[INFO] [stdout]    0:     0x579109dc8e36 - <unknown>
[INFO] [stdout]    1:     0x579109d7abaa - <unknown>
[INFO] [stdout]    2:     0x579109dce5ac - <unknown>
[INFO] [stdout]    3:     0x579109da4032 - <unknown>
[INFO] [stdout]    4:     0x579109dc0261 - <unknown>
[INFO] [stdout]    5:     0x579109dc0442 - <unknown>
[INFO] [stdout]    6:     0x579109da40e2 - <unknown>
[INFO] [stdout]    7:     0x579109d9cc69 - <unknown>
[INFO] [stdout]    8:     0x579109da4ead - <unknown>
[INFO] [stdout]    9:     0x579109d7b29c - <unknown>
[INFO] [stdout]   10:     0x579109d7b072 - <unknown>
[INFO] [stdout]   11:     0x579109dd07ac - <unknown>
[INFO] [stdout]   12:     0x579109dd4bc7 - <unknown>
[INFO] [stdout]   13:     0x579109dd5fcb - <unknown>
[INFO] [stdout]   14:     0x579109de3e74 - <unknown>
[INFO] [stdout]   15:     0x579109ddd5a4 - <unknown>
[INFO] [stdout]   16:     0x579109de7c32 - <unknown>
[INFO] [stdout]   17:     0x579109dc7ce4 - <unknown>
[INFO] [stdout]   18:     0x750bb8a4edfa - <unknown>
[INFO] [stdout]   19:     0x750bb8ae23d4 - clone
[INFO] [stdout]   20:                0x0 - <unknown>
[INFO] [stdout] 
[INFO] [stdout] ---- unknown_symlink_name_falls_through_to_normal_mode stdout ----
[INFO] [stdout] 
[INFO] [stdout] thread 'unknown_symlink_name_falls_through_to_normal_mode' (2736) panicked at tests/symlink.rs:212:10:
[INFO] [stdout] called `Result::unwrap()` on an `Err` value: Os { code: 2, kind: NotFound, message: "No such file or directory" }
[INFO] [stdout] stack backtrace:
[INFO] [stdout]    0:     0x579109dc8e36 - <unknown>
[INFO] [stdout]    1:     0x579109d7abaa - <unknown>
[INFO] [stdout]    2:     0x579109dce5ac - <unknown>
[INFO] [stdout]    3:     0x579109da4032 - <unknown>
[INFO] [stdout]    4:     0x579109dc0261 - <unknown>
[INFO] [stdout]    5:     0x579109dc0442 - <unknown>
[INFO] [stdout]    6:     0x579109da40e2 - <unknown>
[INFO] [stdout]    7:     0x579109d9cc69 - <unknown>
[INFO] [stdout]    8:     0x579109da4ead - <unknown>
[INFO] [stdout]    9:     0x579109d7b29c - <unknown>
[INFO] [stdout]   10:     0x579109d7b072 - <unknown>
[INFO] [stdout]   11:     0x579109dd4fcc - <unknown>
[INFO] [stdout]   12:     0x579109dd5fcb - <unknown>
[INFO] [stdout]   13:     0x579109de3e74 - <unknown>
[INFO] [stdout]   14:     0x579109ddd5a4 - <unknown>
[INFO] [stdout]   15:     0x579109de7c32 - <unknown>
[INFO] [stdout]   16:     0x579109dc7ce4 - <unknown>
[INFO] [stdout]   17:     0x750bb8a4edfa - <unknown>
[INFO] [stdout]   18:     0x750bb8ae23d4 - clone
[INFO] [stdout]   19:                0x0 - <unknown>
[INFO] [stdout] 
[INFO] [stdout] ---- json_to_ar7_matches_subcommand stdout ----
[INFO] [stdout] 
[INFO] [stdout] thread 'json_to_ar7_matches_subcommand' (2735) panicked at tests/symlink.rs:35:10:
[INFO] [stdout] called `Result::unwrap()` on an `Err` value: Os { code: 2, kind: NotFound, message: "No such file or directory" }
[INFO] [stdout] stack backtrace:
[INFO] [stdout]    0:     0x579109dc8e36 - <unknown>
[INFO] [stdout]    1:     0x579109d7abaa - <unknown>
[INFO] [stdout]    2:     0x579109dce5ac - <unknown>
[INFO] [stdout]    3:     0x579109da4032 - <unknown>
[INFO] [stdout]    4:     0x579109dc0261 - <unknown>
[INFO] [stdout]    5:     0x579109dc0442 - <unknown>
[INFO] [stdout]    6:     0x579109da40e2 - <unknown>
[INFO] [stdout]    7:     0x579109d9cc69 - <unknown>
[INFO] [stdout]    8:     0x579109da4ead - <unknown>
[INFO] [stdout]    9:     0x579109d7b29c - <unknown>
[INFO] [stdout]   10:     0x579109d7b072 - <unknown>
[INFO] [stdout]   11:     0x579109dd07ac - <unknown>
[INFO] [stdout]   12:     0x579109dd444a - <unknown>
[INFO] [stdout]   13:     0x579109dd5fcb - <unknown>
[INFO] [stdout]   14:     0x579109de3e74 - <unknown>
[INFO] [stdout]   15:     0x579109ddd5a4 - <unknown>
[INFO] [stdout]   16:     0x579109de7c32 - <unknown>
[INFO] [stdout]   17:     0x579109dc7ce4 - <unknown>
[INFO] [stdout]   18:     0x750bb8a4edfa - <unknown>
[INFO] [stdout]   19:     0x750bb8ae23d4 - clone
[INFO] [stdout]   20:                0x0 - <unknown>
[INFO] [stdout] 
[INFO] [stdout] 
[INFO] [stdout] failures:
[INFO] [stdout]     ar7_check_invalid_file
[INFO] [stdout]     ar7_check_matches_subcommand
[INFO] [stdout]     ar7_check_valid_file
[INFO] [stdout]     ar7_fmt_formats_ar7
[INFO] [stdout]     ar7_fmt_matches_subcommand
[INFO] [stdout]     ar7_to_json_converts_ar7_to_json
[INFO] [stdout]     ar7_to_json_matches_subcommand
[INFO] [stdout]     ar7_to_json_stdin
[INFO] [stdout]     ar7_to_json_with_output_flag
[INFO] [stdout]     json_to_ar7_converts_json_to_ar7
[INFO] [stdout]     json_to_ar7_matches_subcommand
[INFO] [stdout]     unknown_symlink_name_falls_through_to_normal_mode
[INFO] [stdout] 
[INFO] [stdout] test result: FAILED. 0 passed; 12 failed; 0 ignored; 0 measured; 0 filtered out; finished in 0.00s
[INFO] [stdout] 
[INFO] running `Command { std: "docker" "inspect" "fa95e78530fe25181cf62899e45ce553306c5ba121a7ae6c0f8a71781740c8bd", kill_on_drop: false }`
[INFO] running `Command { std: "docker" "rm" "-f" "fa95e78530fe25181cf62899e45ce553306c5ba121a7ae6c0f8a71781740c8bd", kill_on_drop: false }`
[INFO] [stdout] fa95e78530fe25181cf62899e45ce553306c5ba121a7ae6c0f8a71781740c8bd
