[INFO] cloning repository https://github.com/pentateu/agent_bus
[INFO] running `Command { std: "git" "-c" "credential.helper=" "-c" "credential.helper=/workspace/cargo-home/bin/git-credential-null" "clone" "--bare" "https://github.com/pentateu/agent_bus" "/workspace/cache/git-repos/https%3A%2F%2Fgithub.com%2Fpentateu%2Fagent_bus", kill_on_drop: false }`
[INFO] [stderr] Cloning into bare repository '/workspace/cache/git-repos/https%3A%2F%2Fgithub.com%2Fpentateu%2Fagent_bus'...
[INFO] running `Command { std: "git" "rev-parse" "HEAD", kill_on_drop: false }`
[INFO] [stdout] 414849d8db1ceaff972c6fefbf89794964a54e7b
[INFO] testing pentateu/agent_bus against 1.100.0-beta.1+cargoflags=--release for beta-release-1.100-2
[INFO] running `Command { std: "git" "clone" "/workspace/cache/git-repos/https%3A%2F%2Fgithub.com%2Fpentateu%2Fagent_bus" "/workspace/builds/worker-5-tc2/source", kill_on_drop: false }`
[INFO] [stderr] Cloning into '/workspace/builds/worker-5-tc2/source'...
[INFO] [stderr] done.
[INFO] removed /workspace/builds/worker-5-tc2/source/rust-toolchain.toml
[INFO] started tweaking git repo https://github.com/pentateu/agent_bus
[INFO] finished tweaking git repo https://github.com/pentateu/agent_bus
[INFO] tweaked toml for git repo https://github.com/pentateu/agent_bus written to /workspace/builds/worker-5-tc2/source/Cargo.toml
[INFO] validating manifest of git repo https://github.com/pentateu/agent_bus on toolchain 1.100.0-beta.1
[INFO] running `Command { std: CARGO_HOME="/workspace/cargo-home" RUSTUP_HOME="/workspace/rustup-home" "/workspace/cargo-home/bin/cargo" "+1.100.0-beta.1" "metadata" "--manifest-path" "Cargo.toml" "--no-deps", kill_on_drop: false }`
[INFO] crate git repo https://github.com/pentateu/agent_bus already has a lockfile, it will not be regenerated
[INFO] running `Command { std: CARGO_HOME="/workspace/cargo-home" RUSTUP_HOME="/workspace/rustup-home" "/workspace/cargo-home/bin/cargo" "+1.100.0-beta.1" "fetch" "--manifest-path" "Cargo.toml", kill_on_drop: false }`
[INFO] [stderr]     Blocking waiting for file lock on package cache
[INFO] [stderr]     Blocking waiting for file lock on package cache
[INFO] [stderr]  Downloading crates ...
[INFO] [stderr]   Downloaded darling v0.24.0
[INFO] [stderr]   Downloaded darling_macro v0.24.0
[INFO] [stderr]   Downloaded darling_core v0.24.0
[INFO] [stderr]   Downloaded ulid v3.0.0
[INFO] running `Command { std: "docker" "create" "-v" "/var/lib/crater-agent-workspace/builds/worker-5-tc2/source:/opt/rustwide/workdir:ro,Z" "-v" "/var/lib/crater-agent-workspace/builds/worker-5-tc2/target:/opt/rustwide/target:rw,Z" "-v" "/var/lib/crater-agent-workspace/cargo-home:/opt/rustwide/cargo-home:ro,Z" "-v" "/var/lib/crater-agent-workspace/rustup-home:/opt/rustwide/rustup-home:ro,Z" "-m" "1610612736" "--network" "none" "ghcr.io/rust-lang/crates-build-env/linux@sha256:77db811e55d90add9212f6832c23229e3de5f1c1f9905e8cb07319ea15df73ac" "sleep" "infinity", kill_on_drop: false }`
[INFO] [stdout] 780df8682449200e700cf3053ad68435486d5381cc5bce361151b6344a913e89
[INFO] running `Command { std: "docker" "start" "780df8682449200e700cf3053ad68435486d5381cc5bce361151b6344a913e89", kill_on_drop: false }`
[INFO] running `Command { std: "docker" "inspect" "780df8682449200e700cf3053ad68435486d5381cc5bce361151b6344a913e89", kill_on_drop: false }`
[INFO] running `Command { std: "docker" "exec" "-e" "SOURCE_DIR=/opt/rustwide/workdir" "-e" "CARGO_HOME=/opt/rustwide/cargo-home" "-e" "RUSTUP_HOME=/opt/rustwide/rustup-home" "-e" "CARGO_TARGET_DIR=/opt/rustwide/target" "-w" "/opt/rustwide/workdir" "--user" "0:0" "780df8682449200e700cf3053ad68435486d5381cc5bce361151b6344a913e89" "/opt/rustwide/cargo-home/bin/cargo" "+1.100.0-beta.1" "metadata" "--no-deps" "--format-version=1", kill_on_drop: false }`
[INFO] running `Command { std: "docker" "inspect" "780df8682449200e700cf3053ad68435486d5381cc5bce361151b6344a913e89", kill_on_drop: false }`
[INFO] running `Command { std: "docker" "exec" "-e" "SOURCE_DIR=/opt/rustwide/workdir" "-e" "CARGO_HOME=/opt/rustwide/cargo-home" "-e" "RUSTUP_HOME=/opt/rustwide/rustup-home" "-e" "CARGO_TARGET_DIR=/opt/rustwide/target" "-e" "CARGO_INCREMENTAL=0" "-e" "RUST_BACKTRACE=full" "-e" "RUSTFLAGS=--cap-lints=warn" "-e" "RUSTDOCFLAGS=--cap-lints=warn" "-w" "/opt/rustwide/workdir" "--user" "0:0" "780df8682449200e700cf3053ad68435486d5381cc5bce361151b6344a913e89" "/opt/rustwide/cargo-home/bin/cargo" "+1.100.0-beta.1" "build" "--frozen" "--message-format=json" "--release", kill_on_drop: false }`
[INFO] [stderr]    Compiling proc-macro2 v1.0.107
[INFO] [stderr]    Compiling quote v1.0.47
[INFO] [stderr]    Compiling unicode-ident v1.0.24
[INFO] [stderr]    Compiling libc v0.2.189
[INFO] [stderr]    Compiling cfg-if v1.0.4
[INFO] [stderr]    Compiling serde_core v1.0.229
[INFO] [stderr]    Compiling rand_core v0.10.1
[INFO] [stderr]    Compiling rustversion v1.0.23
[INFO] [stderr]    Compiling getrandom v0.4.3
[INFO] [stderr]    Compiling log v0.4.33
[INFO] [stderr]    Compiling zmij v1.0.23
[INFO] [stderr]    Compiling itoa v1.0.18
[INFO] [stderr]    Compiling cpufeatures v0.3.0
[INFO] [stderr]    Compiling serde v1.0.229
[INFO] [stderr]    Compiling strsim v0.11.1
[INFO] [stderr]    Compiling ident_case v1.0.1
[INFO] [stderr]    Compiling serde_json v1.0.151
[INFO] [stderr]    Compiling thiserror v2.0.19
[INFO] [stderr]    Compiling parking_lot_core v0.9.12
[INFO] [stderr]    Compiling heck v0.5.0
[INFO] [stderr]    Compiling signal-hook v0.3.18
[INFO] [stderr]    Compiling chacha20 v0.10.1
[INFO] [stderr]    Compiling scopeguard v1.2.0
[INFO] [stderr]    Compiling utf8parse v0.2.2
[INFO] [stderr]    Compiling smallvec v1.15.2
[INFO] [stderr]    Compiling rustix v0.38.44
[INFO] [stderr]    Compiling memchr v2.8.3
[INFO] [stderr]    Compiling lock_api v0.4.14
[INFO] [stderr]    Compiling anstyle-parse v1.0.0
[INFO] [stderr]    Compiling anstyle v1.0.14
[INFO] [stderr]    Compiling paste v1.0.15
[INFO] [stderr]    Compiling anstyle-query v1.1.5
[INFO] [stderr]    Compiling equivalent v1.0.2
[INFO] [stderr]    Compiling bitflags v2.13.1
[INFO] [stderr]    Compiling colorchoice v1.0.5
[INFO] [stderr]    Compiling anyhow v1.0.104
[INFO] [stderr]    Compiling foldhash v0.1.5
[INFO] [stderr]    Compiling allocator-api2 v0.2.21
[INFO] [stderr]    Compiling either v1.17.0
[INFO] [stderr]    Compiling is_terminal_polyfill v1.70.2
[INFO] [stderr]    Compiling linux-raw-sys v0.4.15
[INFO] [stderr]    Compiling instability v0.3.13
[INFO] [stderr]    Compiling unicode-segmentation v1.13.3
[INFO] [stderr]    Compiling indoc v2.0.7
[INFO] [stderr]    Compiling anstream v1.0.0
[INFO] [stderr]    Compiling ryu v1.0.23
[INFO] [stderr]    Compiling clap_lex v1.1.0
[INFO] [stderr]    Compiling static_assertions v1.1.0
[INFO] [stderr]    Compiling itertools v0.13.0
[INFO] [stderr]    Compiling unicode-width v0.1.14
[INFO] [stderr]    Compiling castaway v0.2.4
[INFO] [stderr]    Compiling hashbrown v0.15.5
[INFO] [stderr]    Compiling compact_str v0.8.2
[INFO] [stderr]    Compiling cassowary v0.3.0
[INFO] [stderr]    Compiling unicode-width v0.2.0
[INFO] [stderr]    Compiling bytes v1.12.1
[INFO] [stderr]    Compiling clap_builder v4.6.5
[INFO] [stderr]    Compiling pin-project-lite v0.2.17
[INFO] [stderr]    Compiling humantime v2.4.0
[INFO] [stderr]    Compiling syn v3.0.3
[INFO] [stderr]    Compiling syn v2.0.119
[INFO] [stderr]    Compiling lru v0.12.5
[INFO] [stderr]    Compiling errno v0.3.14
[INFO] [stderr]    Compiling mio v1.2.2
[INFO] [stderr]    Compiling socket2 v0.6.5
[INFO] [stderr]    Compiling fs2 v0.4.3
[INFO] [stderr]    Compiling signal-hook-registry v1.4.8
[INFO] [stderr]    Compiling rand v0.10.2
[INFO] [stderr]    Compiling parking_lot v0.12.5
[INFO] [stderr]    Compiling signal-hook-mio v0.2.5
[INFO] [stderr]    Compiling crossterm v0.28.1
[INFO] [stderr]    Compiling unicode-truncate v1.1.0
[INFO] [stderr]    Compiling strum_macros v0.26.4
[INFO] [stderr]    Compiling darling_core v0.24.0
[INFO] [stderr]    Compiling serde_derive v1.0.229
[INFO] [stderr]    Compiling thiserror-impl v2.0.19
[INFO] [stderr]    Compiling tokio-macros v2.7.2
[INFO] [stderr]    Compiling clap_derive v4.6.4
[INFO] [stderr]    Compiling strum v0.26.3
[INFO] [stderr]    Compiling tokio v1.53.1
[INFO] [stderr]    Compiling darling_macro v0.24.0
[INFO] [stderr]    Compiling darling v0.24.0
[INFO] [stderr]    Compiling ratatui v0.29.0
[INFO] [stderr]    Compiling clap v4.6.5
[INFO] [stderr]    Compiling ulid v3.0.0
[INFO] [stderr]    Compiling agent-bus-core v0.1.0 (/opt/rustwide/workdir/crates/core)
[INFO] [stderr]    Compiling agent-bus-protocol v0.1.0 (/opt/rustwide/workdir/crates/protocol)
[INFO] [stderr]    Compiling agent-bus-cli v0.1.0 (/opt/rustwide/workdir/crates/cli)
[INFO] [stderr]    Compiling agent-bus-daemon v0.1.0 (/opt/rustwide/workdir/crates/daemon)
[INFO] [stderr]     Finished `release` profile [optimized] target(s) in 49.77s
[INFO] running `Command { std: "docker" "inspect" "780df8682449200e700cf3053ad68435486d5381cc5bce361151b6344a913e89", kill_on_drop: false }`
[INFO] running `Command { std: "docker" "exec" "-e" "SOURCE_DIR=/opt/rustwide/workdir" "-e" "CARGO_HOME=/opt/rustwide/cargo-home" "-e" "RUSTUP_HOME=/opt/rustwide/rustup-home" "-e" "CARGO_TARGET_DIR=/opt/rustwide/target" "-e" "CARGO_INCREMENTAL=0" "-e" "RUST_BACKTRACE=full" "-e" "RUSTFLAGS=--cap-lints=warn" "-e" "RUSTDOCFLAGS=--cap-lints=warn" "-w" "/opt/rustwide/workdir" "--user" "0:0" "780df8682449200e700cf3053ad68435486d5381cc5bce361151b6344a913e89" "/opt/rustwide/cargo-home/bin/cargo" "+1.100.0-beta.1" "test" "--frozen" "--no-run" "--message-format=json" "--release", kill_on_drop: false }`
[INFO] [stderr]    Compiling rustix v1.1.4
[INFO] [stderr]    Compiling linux-raw-sys v0.12.1
[INFO] [stderr]    Compiling once_cell v1.21.4
[INFO] [stderr]    Compiling fastrand v2.5.0
[INFO] [stderr]    Compiling agent-bus-protocol v0.1.0 (/opt/rustwide/workdir/crates/protocol)
[INFO] [stderr]    Compiling agent-bus-core v0.1.0 (/opt/rustwide/workdir/crates/core)
[INFO] [stderr]    Compiling tempfile v3.27.0
[INFO] [stderr]    Compiling agent-bus-daemon v0.1.0 (/opt/rustwide/workdir/crates/daemon)
[INFO] [stderr]    Compiling agent-bus-cli v0.1.0 (/opt/rustwide/workdir/crates/cli)
[INFO] [stderr]     Finished `release` profile [optimized] target(s) in 38.26s
[INFO] running `Command { std: "docker" "inspect" "780df8682449200e700cf3053ad68435486d5381cc5bce361151b6344a913e89", kill_on_drop: false }`
[INFO] running `Command { std: "docker" "exec" "-e" "SOURCE_DIR=/opt/rustwide/workdir" "-e" "CARGO_HOME=/opt/rustwide/cargo-home" "-e" "RUSTUP_HOME=/opt/rustwide/rustup-home" "-e" "CARGO_TARGET_DIR=/opt/rustwide/target" "-e" "CARGO_INCREMENTAL=0" "-e" "RUST_BACKTRACE=full" "-e" "RUSTFLAGS=--cap-lints=warn" "-e" "RUSTDOCFLAGS=--cap-lints=warn" "-w" "/opt/rustwide/workdir" "--user" "0:0" "780df8682449200e700cf3053ad68435486d5381cc5bce361151b6344a913e89" "/opt/rustwide/cargo-home/bin/cargo" "+1.100.0-beta.1" "test" "--frozen" "--release", kill_on_drop: false }`
[INFO] [stderr]     Finished `release` profile [optimized] target(s) in 0.20s
[INFO] [stderr]      Running unittests src/main.rs (/opt/rustwide/target/release/build/agent-bus-cli/c4cfeab7aee61a0b/out/agent_bus-c4cfeab7aee61a0b)
[INFO] [stdout] 
[INFO] [stdout] running 29 tests
[INFO] [stdout] test cli::tests::rejects_nonsense_durations ... ok
[INFO] [stdout] test client::tests::daemon_unavailable_survives_anyhow_wrapping ... ok
[INFO] [stdout] test cli::tests::bare_number_is_seconds ... ok
[INFO] [stdout] test cli::tests::parses_duration_suffixes ... ok
[INFO] [stdout] test cli::tests::code_matches_the_discriminant ... ok
[INFO] [stdout] test cli::tests::exit_codes_match_the_documented_contract ... ok
[INFO] [stdout] test commands::hook::tests::claude_config_is_valid_json_with_a_stop_hook ... ok
[INFO] [stdout] test commands::hook::tests::opencode_plugin_embeds_the_pattern_and_subscriber ... ok
[INFO] [stdout] test client::tests::a_spawn_failure_is_reported_as_unavailable ... ok
[INFO] [stdout] test cli::tests::wait_defaults_subscriber_to_the_pattern ... ok
[INFO] [stdout] test dashboard::app::tests::tick_appends_a_minute_bucket_after_enough_seconds ... ok
[INFO] [stdout] test dashboard::sample::tests::a_daemon_restart_returns_none ... ok
[INFO] [stdout] test dashboard::sample::tests::diff_over_a_longer_interval_spans_the_same_deltas ... ok
[INFO] [stdout] test dashboard::sample::tests::percentile_from_histogram_matches_brute_force ... ok
[INFO] [stdout] test cli::tests::explicit_as_overrides_the_default_subscriber ... ok
[INFO] [stdout] test dashboard::app::tests::a_restart_emits_a_rebaseline_marker_not_a_negative_spike ... ok
[INFO] [stdout] test cli::tests::cli_parses_the_subcommand_form ... ok
[INFO] [stdout] test dashboard::sample::tests::diff_carries_the_raw_deltas ... ok
[INFO] [stdout] test commands::hook::tests::an_unknown_harness_is_rejected ... ok
[INFO] [stdout] test tests::an_unreachable_daemon_maps_to_exit_code_three ... ok
[INFO] [stdout] test guide::tests::covers_the_essential_concepts ... ok
[INFO] [stdout] test guide::tests::documents_every_exit_code ... ok
[INFO] [stdout] test guide::tests::states_the_zero_token_and_late_subscriber_guarantees ... ok
[INFO] [stdout] test output::tests::high_priority_is_flagged_and_normal_is_not ... ok
[INFO] [stdout] test output::tests::human_format_carries_topic_sender_and_body ... ok
[INFO] [stdout] test tests::other_failures_map_to_the_usage_code ... ok
[INFO] [stdout] test dashboard::ui::tests::a_restart_marks_the_header ... ok
[INFO] [stdout] test dashboard::ui::tests::header_lists_title_rates_and_uptime ... ok
[INFO] [stdout] test dashboard::app::tests::rolling_minute_buckets_capped_at_sixty ... ok
[INFO] [stdout] 
[INFO] [stdout] test result: ok. 29 passed; 0 failed; 0 ignored; 0 measured; 0 filtered out; finished in 0.01s
[INFO] [stdout] 
[INFO] [stderr]      Running tests/integration.rs (/opt/rustwide/target/release/build/agent-bus-cli/5f8a7dc78f3a10d9/out/integration-5f8a7dc78f3a10d9)
[INFO] [stdout] 
[INFO] [stdout] running 44 tests
[INFO] [stdout] test a_bare_partition_name_matches_the_whole_partition ... FAILED
[INFO] [stdout] test a_clamped_timeout_still_times_out_with_exit_code_two ... FAILED
[INFO] [stdout] test a_traversal_topic_is_rejected ... FAILED
[INFO] [stdout] test acking_one_pattern_does_not_consume_another_patterns_messages ... FAILED
[INFO] [stdout] test an_unreachable_daemon_exits_three ... FAILED
[INFO] [stdout] test an_enormous_timeout_does_not_kill_the_connection ... FAILED
[INFO] [stdout] test an_empty_body_is_rejected_the_same_way_from_either_source ... FAILED
[INFO] [stdout] test argument_errors_exit_one_not_two ... FAILED
[INFO] [stdout] test a_missing_daemon_binary_exits_three ... FAILED
[INFO] [stdout] test broadcast_is_consumed_once_per_label_not_once_per_call ... FAILED
[INFO] [stdout] test broadcast_messages_are_delivered_to_every_distinct_label ... FAILED
[INFO] [stdout] test consumers_sharing_a_pattern_are_exclusive ... FAILED
[INFO] [stdout] test daemon_command_is_idempotent ... FAILED
[INFO] [stdout] test concurrent_waiters_each_receive_every_message_exactly_once ... FAILED
[INFO] [stdout] test follow_streams_stored_and_later_messages ... FAILED
[INFO] [stdout] test cursors_survive_a_daemon_restart ... FAILED
[INFO] [stdout] test corrupt_log_lines_do_not_prevent_startup ... FAILED
[INFO] [stdout] test hook_install_dry_run_writes_nothing ... FAILED
[INFO] [stdout] test dashboard_refuses_without_a_terminal ... FAILED
[INFO] [stdout] test guide_prints_without_a_daemon ... FAILED
[INFO] [stdout] test exclusive_and_broadcast_messages_coexist ... FAILED
[INFO] [stdout] test history_without_since_returns_everything_retained ... FAILED
[INFO] [stdout] test concurrent_posters_and_readers_deliver_each_message_exactly_once ... FAILED
[INFO] [stdout] test concurrent_first_use_starts_exactly_one_daemon ... FAILED
[INFO] [stdout] test overlapping_patterns_do_not_double_deliver_to_one_agent ... FAILED
[INFO] [stdout] test stop_without_a_daemon_succeeds_and_starts_nothing ... FAILED
[INFO] [stdout] test invalid_input_exits_one ... FAILED
[INFO] [stdout] test history_is_repeatable_and_windowed ... FAILED
[INFO] [stdout] test per_pattern_cursors_survive_a_restart ... FAILED
[INFO] [stdout] test post_reads_the_body_from_stdin_when_omitted ... FAILED
[INFO] [stdout] test reading_twice_does_not_redeliver ... FAILED
[INFO] [stdout] test json_messages_carry_the_documented_fields ... FAILED
[INFO] [stdout] test no_duplicate_delivery_after_a_daemon_restart ... FAILED
[INFO] [stdout] test history_replays_consumed_messages ... FAILED
[INFO] [stdout] test read_drains_all_unread_but_wait_takes_one ... FAILED
[INFO] [stdout] test post_then_read_delivers_the_message ... FAILED
[INFO] [stdout] test wait_returns_a_message_posted_before_it_started ... FAILED
[INFO] [stdout] test wait_times_out_with_exit_code_two ... FAILED
[INFO] [stdout] test wait_wakes_when_a_message_arrives_later ... FAILED
[INFO] [stdout] test wildcards_respect_segment_depth ... FAILED
[INFO] [stdout] test partitions_are_isolated ... FAILED
[INFO] [stdout] test status_reports_partitions_and_lag ... FAILED
[INFO] [stdout] test the_daemon_auto_starts_on_first_use ... FAILED
[INFO] [stdout] test the_subscriber_id_defaults_to_the_pattern ... FAILED
[INFO] [stderr] error: test failed, to rerun pass `-p agent-bus-cli --test integration`
[INFO] [stdout] 
[INFO] [stdout] failures:
[INFO] [stdout] 
[INFO] [stdout] ---- a_bare_partition_name_matches_the_whole_partition stdout ----
[INFO] [stdout] 
[INFO] [stdout] thread 'a_bare_partition_name_matches_the_whole_partition' (1996) panicked at crates/cli/tests/integration.rs:40:5:
[INFO] [stdout] /opt/rustwide/target/release/build/agent-bus-cli/5f8a7dc78f3a10d9/out/agent-bus is not built; run `cargo build` first
[INFO] [stdout] stack backtrace:
[INFO] [stdout]    0:     0x5c9d644372b5 - <unknown>
[INFO] [stdout]    1:     0x5c9d64413604 - <unknown>
[INFO] [stdout]    2:     0x5c9d6443695b - <unknown>
[INFO] [stdout]    3:     0x5c9d64436559 - <unknown>
[INFO] [stdout]    4:     0x5c9d644361da - <unknown>
[INFO] [stdout]    5:     0x5c9d64435d0b - <unknown>
[INFO] [stdout]    6:     0x5c9d6445bb61 - <unknown>
[INFO] [stdout]    7:     0x5c9d6445bb19 - <unknown>
[INFO] [stdout]    8:     0x5c9d6445c00c - <unknown>
[INFO] [stdout]    9:     0x5c9d6441349b - <unknown>
[INFO] [stdout]   10:     0x5c9d6440528e - <unknown>
[INFO] [stdout]   11:     0x5c9d6440547c - <unknown>
[INFO] [stdout]   12:     0x5c9d64403922 - <unknown>
[INFO] [stdout]   13:     0x5c9d6440f00f - <unknown>
[INFO] [stdout]   14:     0x5c9d64474e5b - <unknown>
[INFO] [stdout]   15:     0x5c9d644710e6 - <unknown>
[INFO] [stdout]   16:     0x5c9d6447090c - <unknown>
[INFO] [stdout]   17:     0x5c9d6448e6fc - <unknown>
[INFO] [stdout]   18:     0x5c9d6445dc68 - <unknown>
[INFO] [stdout]   19:     0x735575dbadfa - <unknown>
[INFO] [stdout]   20:     0x735575e4e3d4 - clone
[INFO] [stdout]   21:                0x0 - <unknown>
[INFO] [stdout] 
[INFO] [stdout] ---- a_clamped_timeout_still_times_out_with_exit_code_two stdout ----
[INFO] [stdout] 
[INFO] [stdout] thread 'a_clamped_timeout_still_times_out_with_exit_code_two' (1997) panicked at crates/cli/tests/integration.rs:40:5:
[INFO] [stdout] /opt/rustwide/target/release/build/agent-bus-cli/5f8a7dc78f3a10d9/out/agent-bus is not built; run `cargo build` first
[INFO] [stdout] stack backtrace:
[INFO] [stdout]    0:     0x5c9d644372b5 - <unknown>
[INFO] [stdout]    1:     0x5c9d64413604 - <unknown>
[INFO] [stdout]    2:     0x5c9d6443695b - <unknown>
[INFO] [stdout]    3:     0x5c9d64436559 - <unknown>
[INFO] [stdout]    4:     0x5c9d644361da - <unknown>
[INFO] [stdout]    5:     0x5c9d64435d0b - <unknown>
[INFO] [stdout]    6:     0x5c9d6445bb61 - <unknown>
[INFO] [stdout]    7:     0x5c9d6445bb19 - <unknown>
[INFO] [stdout]    8:     0x5c9d6445c00c - <unknown>
[INFO] [stdout]    9:     0x5c9d6441349b - <unknown>
[INFO] [stdout]   10:     0x5c9d6440528e - <unknown>
[INFO] [stdout]   11:     0x5c9d6440547c - <unknown>
[INFO] [stdout]   12:     0x5c9d64403922 - <unknown>
[INFO] [stdout]   13:     0x5c9d6440f597 - <unknown>
[INFO] [stdout]   14:     0x5c9d64474e5b - <unknown>
[INFO] [stdout]   15:     0x5c9d644710e6 - <unknown>
[INFO] [stdout]   16:     0x5c9d6447090c - <unknown>
[INFO] [stdout]   17:     0x5c9d6448e6fc - <unknown>
[INFO] [stdout]   18:     0x5c9d6445dc68 - <unknown>
[INFO] [stdout]   19:     0x735575dbadfa - <unknown>
[INFO] [stdout]   20:     0x735575e4e3d4 - clone
[INFO] [stdout]   21:                0x0 - <unknown>
[INFO] [stdout] 
[INFO] [stdout] ---- a_traversal_topic_is_rejected stdout ----
[INFO] [stdout] 
[INFO] [stdout] thread 'a_traversal_topic_is_rejected' (1999) panicked at crates/cli/tests/integration.rs:40:5:
[INFO] [stdout] /opt/rustwide/target/release/build/agent-bus-cli/5f8a7dc78f3a10d9/out/agent-bus is not built; run `cargo build` first
[INFO] [stdout] stack backtrace:
[INFO] [stdout]    0:     0x5c9d644372b5 - <unknown>
[INFO] [stdout]    1:     0x5c9d64413604 - <unknown>
[INFO] [stdout]    2:     0x5c9d6443695b - <unknown>
[INFO] [stdout]    3:     0x5c9d64436559 - <unknown>
[INFO] [stdout]    4:     0x5c9d644361da - <unknown>
[INFO] [stdout]    5:     0x5c9d64435d0b - <unknown>
[INFO] [stdout]    6:     0x5c9d6445bb61 - <unknown>
[INFO] [stdout]    7:     0x5c9d6445bb19 - <unknown>
[INFO] [stdout]    8:     0x5c9d6445c00c - <unknown>
[INFO] [stdout]    9:     0x5c9d6441349b - <unknown>
[INFO] [stdout]   10:     0x5c9d6440528e - <unknown>
[INFO] [stdout]   11:     0x5c9d6440547c - <unknown>
[INFO] [stdout]   12:     0x5c9d64403922 - <unknown>
[INFO] [stdout]   13:     0x5c9d64406442 - <unknown>
[INFO] [stdout]   14:     0x5c9d64474e5b - <unknown>
[INFO] [stdout]   15:     0x5c9d644710e6 - <unknown>
[INFO] [stdout]   16:     0x5c9d6447090c - <unknown>
[INFO] [stdout]   17:     0x5c9d6448e6fc - <unknown>
[INFO] [stdout]   18:     0x5c9d6445dc68 - <unknown>
[INFO] [stdout]   19:     0x735575dbadfa - <unknown>
[INFO] [stdout]   20:     0x735575e4e3d4 - clone
[INFO] [stdout]   21:                0x0 - <unknown>
[INFO] [stdout] 
[INFO] [stdout] ---- acking_one_pattern_does_not_consume_another_patterns_messages stdout ----
[INFO] [stdout] 
[INFO] [stdout] thread 'acking_one_pattern_does_not_consume_another_patterns_messages' (2000) panicked at crates/cli/tests/integration.rs:40:5:
[INFO] [stdout] /opt/rustwide/target/release/build/agent-bus-cli/5f8a7dc78f3a10d9/out/agent-bus is not built; run `cargo build` first
[INFO] [stdout] stack backtrace:
[INFO] [stdout]    0:     0x5c9d644372b5 - <unknown>
[INFO] [stdout]    1:     0x5c9d64413604 - <unknown>
[INFO] [stdout]    2:     0x5c9d6443695b - <unknown>
[INFO] [stdout]    3:     0x5c9d64436559 - <unknown>
[INFO] [stdout]    4:     0x5c9d644361da - <unknown>
[INFO] [stdout]    5:     0x5c9d64435d0b - <unknown>
[INFO] [stdout]    6:     0x5c9d6445bb61 - <unknown>
[INFO] [stdout]    7:     0x5c9d6445bb19 - <unknown>
[INFO] [stdout]    8:     0x5c9d6445c00c - <unknown>
[INFO] [stdout]    9:     0x5c9d6441349b - <unknown>
[INFO] [stdout]   10:     0x5c9d6440528e - <unknown>
[INFO] [stdout]   11:     0x5c9d6440547c - <unknown>
[INFO] [stdout]   12:     0x5c9d64403922 - <unknown>
[INFO] [stdout]   13:     0x5c9d64410c6d - <unknown>
[INFO] [stdout]   14:     0x5c9d64474e5b - <unknown>
[INFO] [stdout]   15:     0x5c9d644710e6 - <unknown>
[INFO] [stdout]   16:     0x5c9d6447090c - <unknown>
[INFO] [stdout]   17:     0x5c9d6448e6fc - <unknown>
[INFO] [stdout]   18:     0x5c9d6445dc68 - <unknown>
[INFO] [stdout]   19:     0x735575dbadfa - <unknown>
[INFO] [stdout]   20:     0x735575e4e3d4 - clone
[INFO] [stdout]   21:                0x0 - <unknown>
[INFO] [stdout] 
[INFO] [stdout] ---- an_unreachable_daemon_exits_three stdout ----
[INFO] [stdout] 
[INFO] [stdout] thread 'an_unreachable_daemon_exits_three' (2003) panicked at crates/cli/tests/integration.rs:40:5:
[INFO] [stdout] /opt/rustwide/target/release/build/agent-bus-cli/5f8a7dc78f3a10d9/out/agent-bus is not built; run `cargo build` first
[INFO] [stdout] stack backtrace:
[INFO] [stdout]    0:     0x5c9d644372b5 - <unknown>
[INFO] [stdout]    1:     0x5c9d64413604 - <unknown>
[INFO] [stdout]    2:     0x5c9d6443695b - <unknown>
[INFO] [stdout]    3:     0x5c9d64436559 - <unknown>
[INFO] [stdout]    4:     0x5c9d644361da - <unknown>
[INFO] [stdout]    5:     0x5c9d64435d0b - <unknown>
[INFO] [stdout]    6:     0x5c9d6445bb61 - <unknown>
[INFO] [stdout]    7:     0x5c9d6445bb19 - <unknown>
[INFO] [stdout]    8:     0x5c9d6445c00c - <unknown>
[INFO] [stdout]    9:     0x5c9d6441349b - <unknown>
[INFO] [stdout]   10:     0x5c9d6440528e - <unknown>
[INFO] [stdout]   11:     0x5c9d64408251 - <unknown>
[INFO] [stdout]   12:     0x5c9d64474e5b - <unknown>
[INFO] [stdout]   13:     0x5c9d644710e6 - <unknown>
[INFO] [stdout]   14:     0x5c9d6447090c - <unknown>
[INFO] [stdout]   15:     0x5c9d6448e6fc - <unknown>
[INFO] [stdout]   16:     0x5c9d6445dc68 - <unknown>
[INFO] [stdout]   17:     0x735575dbadfa - <unknown>
[INFO] [stdout]   18:     0x735575e4e3d4 - clone
[INFO] [stdout]   19:                0x0 - <unknown>
[INFO] [stdout] 
[INFO] [stdout] ---- an_enormous_timeout_does_not_kill_the_connection stdout ----
[INFO] [stdout] 
[INFO] [stdout] thread 'an_enormous_timeout_does_not_kill_the_connection' (2002) panicked at crates/cli/tests/integration.rs:40:5:
[INFO] [stdout] /opt/rustwide/target/release/build/agent-bus-cli/5f8a7dc78f3a10d9/out/agent-bus is not built; run `cargo build` first
[INFO] [stdout] stack backtrace:
[INFO] [stdout]    0:     0x5c9d644372b5 - <unknown>
[INFO] [stdout]    1:     0x5c9d64413604 - <unknown>
[INFO] [stdout]    2:     0x5c9d6443695b - <unknown>
[INFO] [stdout]    3:     0x5c9d64436559 - <unknown>
[INFO] [stdout]    4:     0x5c9d644361da - <unknown>
[INFO] [stdout]    5:     0x5c9d64435d0b - <unknown>
[INFO] [stdout]    6:     0x5c9d6445bb61 - <unknown>
[INFO] [stdout]    7:     0x5c9d6445bb19 - <unknown>
[INFO] [stdout]    8:     0x5c9d6445c00c - <unknown>
[INFO] [stdout]    9:     0x5c9d6441349b - <unknown>
[INFO] [stdout]   10:     0x5c9d6440528e - <unknown>
[INFO] [stdout]   11:     0x5c9d6440547c - <unknown>
[INFO] [stdout]   12:     0x5c9d64403922 - <unknown>
[INFO] [stdout]   13:     0x5c9d6440e81a - <unknown>
[INFO] [stdout]   14:     0x5c9d64474e5b - <unknown>
[INFO] [stdout]   15:     0x5c9d644710e6 - <unknown>
[INFO] [stdout]   16:     0x5c9d6447090c - <unknown>
[INFO] [stdout]   17:     0x5c9d6448e6fc - <unknown>
[INFO] [stdout]   18:     0x5c9d6445dc68 - <unknown>
[INFO] [stdout]   19:     0x735575dbadfa - <unknown>
[INFO] [stdout]   20:     0x735575e4e3d4 - clone
[INFO] [stdout]   21:                0x0 - <unknown>
[INFO] [stdout] 
[INFO] [stdout] ---- an_empty_body_is_rejected_the_same_way_from_either_source stdout ----
[INFO] [stdout] 
[INFO] [stdout] thread 'an_empty_body_is_rejected_the_same_way_from_either_source' (2001) panicked at crates/cli/tests/integration.rs:40:5:
[INFO] [stdout] /opt/rustwide/target/release/build/agent-bus-cli/5f8a7dc78f3a10d9/out/agent-bus is not built; run `cargo build` first
[INFO] [stdout] stack backtrace:
[INFO] [stdout]    0:     0x5c9d644372b5 - <unknown>
[INFO] [stdout]    1:     0x5c9d64413604 - <unknown>
[INFO] [stdout]    2:     0x5c9d6443695b - <unknown>
[INFO] [stdout]    3:     0x5c9d64436559 - <unknown>
[INFO] [stdout]    4:     0x5c9d644361da - <unknown>
[INFO] [stdout]    5:     0x5c9d64435d0b - <unknown>
[INFO] [stdout]    6:     0x5c9d6445bb61 - <unknown>
[INFO] [stdout]    7:     0x5c9d6445bb19 - <unknown>
[INFO] [stdout]    8:     0x5c9d6445c00c - <unknown>
[INFO] [stdout]    9:     0x5c9d6441349b - <unknown>
[INFO] [stdout]   10:     0x5c9d6440528e - <unknown>
[INFO] [stdout]   11:     0x5c9d6440547c - <unknown>
[INFO] [stdout]   12:     0x5c9d64403922 - <unknown>
[INFO] [stdout]   13:     0x5c9d64410035 - <unknown>
[INFO] [stdout]   14:     0x5c9d64474e5b - <unknown>
[INFO] [stdout]   15:     0x5c9d644710e6 - <unknown>
[INFO] [stdout]   16:     0x5c9d6447090c - <unknown>
[INFO] [stdout]   17:     0x5c9d6448e6fc - <unknown>
[INFO] [stdout]   18:     0x5c9d6445dc68 - <unknown>
[INFO] [stdout]   19:     0x735575dbadfa - <unknown>
[INFO] [stdout]   20:     0x735575e4e3d4 - clone
[INFO] [stdout]   21:                0x0 - <unknown>
[INFO] [stdout] 
[INFO] [stdout] ---- argument_errors_exit_one_not_two stdout ----
[INFO] [stdout] 
[INFO] [stdout] thread 'argument_errors_exit_one_not_two' (2004) panicked at crates/cli/tests/integration.rs:40:5:
[INFO] [stdout] /opt/rustwide/target/release/build/agent-bus-cli/5f8a7dc78f3a10d9/out/agent-bus is not built; run `cargo build` first
[INFO] [stdout] stack backtrace:
[INFO] [stdout]    0:     0x5c9d644372b5 - <unknown>
[INFO] [stdout]    1:     0x5c9d64413604 - <unknown>
[INFO] [stdout]    2:     0x5c9d6443695b - <unknown>
[INFO] [stdout]    3:     0x5c9d64436559 - <unknown>
[INFO] [stdout]    4:     0x5c9d644361da - <unknown>
[INFO] [stdout]    5:     0x5c9d64435d0b - <unknown>
[INFO] [stdout]    6:     0x5c9d6445bb61 - <unknown>
[INFO] [stdout]    7:     0x5c9d6445bb19 - <unknown>
[INFO] [stdout]    8:     0x5c9d6445c00c - <unknown>
[INFO] [stdout]    9:     0x5c9d6441349b - <unknown>
[INFO] [stdout]   10:     0x5c9d6440528e - <unknown>
[INFO] [stdout]   11:     0x5c9d6440547c - <unknown>
[INFO] [stdout]   12:     0x5c9d64403922 - <unknown>
[INFO] [stdout]   13:     0x5c9d64407b87 - <unknown>
[INFO] [stdout]   14:     0x5c9d64474e5b - <unknown>
[INFO] [stdout]   15:     0x5c9d644710e6 - <unknown>
[INFO] [stdout]   16:     0x5c9d6447090c - <unknown>
[INFO] [stdout]   17:     0x5c9d6448e6fc - <unknown>
[INFO] [stdout]   18:     0x5c9d6445dc68 - <unknown>
[INFO] [stdout]   19:     0x735575dbadfa - <unknown>
[INFO] [stdout]   20:     0x735575e4e3d4 - clone
[INFO] [stdout]   21:                0x0 - <unknown>
[INFO] [stdout] 
[INFO] [stdout] ---- a_missing_daemon_binary_exits_three stdout ----
[INFO] [stdout] 
[INFO] [stdout] thread 'a_missing_daemon_binary_exits_three' (1998) panicked at crates/cli/tests/integration.rs:40:5:
[INFO] [stdout] /opt/rustwide/target/release/build/agent-bus-cli/5f8a7dc78f3a10d9/out/agent-bus is not built; run `cargo build` first
[INFO] [stdout] stack backtrace:
[INFO] [stdout]    0:     0x5c9d644372b5 - <unknown>
[INFO] [stdout]    1:     0x5c9d64413604 - <unknown>
[INFO] [stdout]    2:     0x5c9d6443695b - <unknown>
[INFO] [stdout]    3:     0x5c9d64436559 - <unknown>
[INFO] [stdout]    4:     0x5c9d644361da - <unknown>
[INFO] [stdout]    5:     0x5c9d64435d0b - <unknown>
[INFO] [stdout]    6:     0x5c9d6445bb61 - <unknown>
[INFO] [stdout]    7:     0x5c9d6445bb19 - <unknown>
[INFO] [stdout]    8:     0x5c9d6445c00c - <unknown>
[INFO] [stdout]    9:     0x5c9d6441349b - <unknown>
[INFO] [stdout]   10:     0x5c9d6440528e - <unknown>
[INFO] [stdout]   11:     0x5c9d64409105 - <unknown>
[INFO] [stdout]   12:     0x5c9d64474e5b - <unknown>
[INFO] [stdout]   13:     0x5c9d644710e6 - <unknown>
[INFO] [stdout]   14:     0x5c9d6447090c - <unknown>
[INFO] [stdout]   15:     0x5c9d6448e6fc - <unknown>
[INFO] [stdout]   16:     0x5c9d6445dc68 - <unknown>
[INFO] [stdout]   17:     0x735575dbadfa - <unknown>
[INFO] [stdout]   18:     0x735575e4e3d4 - clone
[INFO] [stdout]   19:                0x0 - <unknown>
[INFO] [stdout] 
[INFO] [stdout] ---- broadcast_is_consumed_once_per_label_not_once_per_call stdout ----
[INFO] [stdout] 
[INFO] [stdout] thread 'broadcast_is_consumed_once_per_label_not_once_per_call' (2005) panicked at crates/cli/tests/integration.rs:40:5:
[INFO] [stdout] /opt/rustwide/target/release/build/agent-bus-cli/5f8a7dc78f3a10d9/out/agent-bus is not built; run `cargo build` first
[INFO] [stdout] stack backtrace:
[INFO] [stdout]    0:     0x5c9d644372b5 - <unknown>
[INFO] [stdout]    1:     0x5c9d64413604 - <unknown>
[INFO] [stdout]    2:     0x5c9d6443695b - <unknown>
[INFO] [stdout]    3:     0x5c9d64436559 - <unknown>
[INFO] [stdout]    4:     0x5c9d644361da - <unknown>
[INFO] [stdout]    5:     0x5c9d64435d0b - <unknown>
[INFO] [stdout]    6:     0x5c9d6445bb61 - <unknown>
[INFO] [stdout]    7:     0x5c9d6445bb19 - <unknown>
[INFO] [stdout]    8:     0x5c9d6445c00c - <unknown>
[INFO] [stdout]    9:     0x5c9d6441349b - <unknown>
[INFO] [stdout]   10:     0x5c9d6440528e - <unknown>
[INFO] [stdout]   11:     0x5c9d6440547c - <unknown>
[INFO] [stdout]   12:     0x5c9d64403922 - <unknown>
[INFO] [stdout]   13:     0x5c9d6440f73c - <unknown>
[INFO] [stdout]   14:     0x5c9d64474e5b - <unknown>
[INFO] [stdout]   15:     0x5c9d644710e6 - <unknown>
[INFO] [stdout]   16:     0x5c9d6447090c - <unknown>
[INFO] [stdout]   17:     0x5c9d6448e6fc - <unknown>
[INFO] [stdout]   18:     0x5c9d6445dc68 - <unknown>
[INFO] [stdout]   19:     0x735575dbadfa - <unknown>
[INFO] [stdout]   20:     0x735575e4e3d4 - clone
[INFO] [stdout]   21:                0x0 - <unknown>
[INFO] [stdout] 
[INFO] [stdout] ---- broadcast_messages_are_delivered_to_every_distinct_label stdout ----
[INFO] [stdout] 
[INFO] [stdout] thread 'broadcast_messages_are_delivered_to_every_distinct_label' (2006) panicked at crates/cli/tests/integration.rs:40:5:
[INFO] [stdout] /opt/rustwide/target/release/build/agent-bus-cli/5f8a7dc78f3a10d9/out/agent-bus is not built; run `cargo build` first
[INFO] [stdout] stack backtrace:
[INFO] [stdout]    0:     0x5c9d644372b5 - <unknown>
[INFO] [stdout]    1:     0x5c9d64413604 - <unknown>
[INFO] [stdout]    2:     0x5c9d6443695b - <unknown>
[INFO] [stdout]    3:     0x5c9d64436559 - <unknown>
[INFO] [stdout]    4:     0x5c9d644361da - <unknown>
[INFO] [stdout]    5:     0x5c9d64435d0b - <unknown>
[INFO] [stdout]    6:     0x5c9d6445bb61 - <unknown>
[INFO] [stdout]    7:     0x5c9d6445bb19 - <unknown>
[INFO] [stdout]    8:     0x5c9d6445c00c - <unknown>
[INFO] [stdout]    9:     0x5c9d6441349b - <unknown>
[INFO] [stdout]   10:     0x5c9d6440528e - <unknown>
[INFO] [stdout]   11:     0x5c9d6440547c - <unknown>
[INFO] [stdout]   12:     0x5c9d64403922 - <unknown>
[INFO] [stdout]   13:     0x5c9d6440fc17 - <unknown>
[INFO] [stdout]   14:     0x5c9d64474e5b - <unknown>
[INFO] [stdout]   15:     0x5c9d644710e6 - <unknown>
[INFO] [stdout]   16:     0x5c9d6447090c - <unknown>
[INFO] [stdout]   17:     0x5c9d6448e6fc - <unknown>
[INFO] [stdout]   18:     0x5c9d6445dc68 - <unknown>
[INFO] [stdout]   19:     0x735575dbadfa - <unknown>
[INFO] [stdout]   20:     0x735575e4e3d4 - clone
[INFO] [stdout]   21:                0x0 - <unknown>
[INFO] [stdout] 
[INFO] [stdout] ---- consumers_sharing_a_pattern_are_exclusive stdout ----
[INFO] [stdout] 
[INFO] [stdout] thread 'consumers_sharing_a_pattern_are_exclusive' (2011) panicked at crates/cli/tests/integration.rs:40:5:
[INFO] [stdout] /opt/rustwide/target/release/build/agent-bus-cli/5f8a7dc78f3a10d9/out/agent-bus is not built; run `cargo build` first
[INFO] [stdout] stack backtrace:
[INFO] [stdout]    0:     0x5c9d644372b5 - <unknown>
[INFO] [stdout]    1:     0x5c9d64413604 - <unknown>
[INFO] [stdout]    2:     0x5c9d6443695b - <unknown>
[INFO] [stdout]    3:     0x5c9d64436559 - <unknown>
[INFO] [stdout]    4:     0x5c9d644361da - <unknown>
[INFO] [stdout]    5:     0x5c9d64435d0b - <unknown>
[INFO] [stdout]    6:     0x5c9d6445bb61 - <unknown>
[INFO] [stdout]    7:     0x5c9d6445bb19 - <unknown>
[INFO] [stdout]    8:     0x5c9d6445c00c - <unknown>
[INFO] [stdout]    9:     0x5c9d6441349b - <unknown>
[INFO] [stdout]   10:     0x5c9d6440528e - <unknown>
[INFO] [stdout]   11:     0x5c9d6440547c - <unknown>
[INFO] [stdout]   12:     0x5c9d64403922 - <unknown>
[INFO] [stdout]   13:     0x5c9d6440c375 - <unknown>
[INFO] [stdout]   14:     0x5c9d64474e5b - <unknown>
[INFO] [stdout]   15:     0x5c9d644710e6 - <unknown>
[INFO] [stdout]   16:     0x5c9d6447090c - <unknown>
[INFO] [stdout]   17:     0x5c9d6448e6fc - <unknown>
[INFO] [stdout]   18:     0x5c9d6445dc68 - <unknown>
[INFO] [stdout]   19:     0x735575dbadfa - <unknown>
[INFO] [stdout]   20:     0x735575e4e3d4 - clone
[INFO] [stdout]   21:                0x0 - <unknown>
[INFO] [stdout] 
[INFO] [stdout] ---- daemon_command_is_idempotent stdout ----
[INFO] [stdout] 
[INFO] [stdout] thread 'daemon_command_is_idempotent' (2014) panicked at crates/cli/tests/integration.rs:40:5:
[INFO] [stdout] /opt/rustwide/target/release/build/agent-bus-cli/5f8a7dc78f3a10d9/out/agent-bus is not built; run `cargo build` first
[INFO] [stdout] stack backtrace:
[INFO] [stdout]    0:     0x5c9d644372b5 - <unknown>
[INFO] [stdout]    1:     0x5c9d64413604 - <unknown>
[INFO] [stdout]    2:     0x5c9d6443695b - <unknown>
[INFO] [stdout]    3:     0x5c9d64436559 - <unknown>
[INFO] [stdout]    4:     0x5c9d644361da - <unknown>
[INFO] [stdout]    5:     0x5c9d64435d0b - <unknown>
[INFO] [stdout]    6:     0x5c9d6445bb61 - <unknown>
[INFO] [stdout]    7:     0x5c9d6445bb19 - <unknown>
[INFO] [stdout]    8:     0x5c9d6445c00c - <unknown>
[INFO] [stdout]    9:     0x5c9d6441349b - <unknown>
[INFO] [stdout]   10:     0x5c9d6440528e - <unknown>
[INFO] [stdout]   11:     0x5c9d6440547c - <unknown>
[INFO] [stdout]   12:     0x5c9d64403922 - <unknown>
[INFO] [stdout]   13:     0x5c9d644060bb - <unknown>
[INFO] [stdout]   14:     0x5c9d64474e5b - <unknown>
[INFO] [stdout]   15:     0x5c9d644710e6 - <unknown>
[INFO] [stdout]   16:     0x5c9d6447090c - <unknown>
[INFO] [stdout]   17:     0x5c9d6448e6fc - <unknown>
[INFO] [stdout]   18:     0x5c9d6445dc68 - <unknown>
[INFO] [stdout]   19:     0x735575dbadfa - <unknown>
[INFO] [stdout]   20:     0x735575e4e3d4 - clone
[INFO] [stdout]   21:                0x0 - <unknown>
[INFO] [stdout] 
[INFO] [stdout] ---- concurrent_waiters_each_receive_every_message_exactly_once stdout ----
[INFO] [stdout] 
[INFO] [stdout] thread 'concurrent_waiters_each_receive_every_message_exactly_once' (2009) panicked at crates/cli/tests/integration.rs:40:5:
[INFO] [stdout] /opt/rustwide/target/release/build/agent-bus-cli/5f8a7dc78f3a10d9/out/agent-bus is not built; run `cargo build` first
[INFO] [stdout] stack backtrace:
[INFO] [stdout]    0:     0x5c9d644372b5 - <unknown>
[INFO] [stdout]    1:     0x5c9d64413604 - <unknown>
[INFO] [stdout]    2:     0x5c9d6443695b - <unknown>
[INFO] [stdout]    3:     0x5c9d64436559 - <unknown>
[INFO] [stdout]    4:     0x5c9d644361da - <unknown>
[INFO] [stdout]    5:     0x5c9d64435d0b - <unknown>
[INFO] [stdout]    6:     0x5c9d6445bb61 - <unknown>
[INFO] [stdout]    7:     0x5c9d6445bb19 - <unknown>
[INFO] [stdout]    8:     0x5c9d6445c00c - <unknown>
[INFO] [stdout]    9:     0x5c9d6441349b - <unknown>
[INFO] [stdout]   10:     0x5c9d6440528e - <unknown>
[INFO] [stdout]   11:     0x5c9d6440547c - <unknown>
[INFO] [stdout]   12:     0x5c9d64403922 - <unknown>
[INFO] [stdout]   13:     0x5c9d6441022d - <unknown>
[INFO] [stdout]   14:     0x5c9d64474e5b - <unknown>
[INFO] [stdout]   15:     0x5c9d644710e6 - <unknown>
[INFO] [stdout]   16:     0x5c9d6447090c - <unknown>
[INFO] [stdout]   17:     0x5c9d6448e6fc - <unknown>
[INFO] [stdout]   18:     0x5c9d6445dc68 - <unknown>
[INFO] [stdout]   19:     0x735575dbadfa - <unknown>
[INFO] [stdout]   20:     0x735575e4e3d4 - clone
[INFO] [stdout]   21:                0x0 - <unknown>
[INFO] [stdout] 
[INFO] [stdout] ---- follow_streams_stored_and_later_messages stdout ----
[INFO] [stdout] 
[INFO] [stdout] thread 'follow_streams_stored_and_later_messages' (2017) panicked at crates/cli/tests/integration.rs:40:5:
[INFO] [stdout] /opt/rustwide/target/release/build/agent-bus-cli/5f8a7dc78f3a10d9/out/agent-bus is not built; run `cargo build` first
[INFO] [stdout] stack backtrace:
[INFO] [stdout]    0:     0x5c9d644372b5 - <unknown>
[INFO] [stdout]    1:     0x5c9d64413604 - <unknown>
[INFO] [stdout]    2:     0x5c9d6443695b - <unknown>
[INFO] [stdout]    3:     0x5c9d64436559 - <unknown>
[INFO] [stdout]    4:     0x5c9d644361da - <unknown>
[INFO] [stdout]    5:     0x5c9d64435d0b - <unknown>
[INFO] [stdout]    6:     0x5c9d6445bb61 - <unknown>
[INFO] [stdout]    7:     0x5c9d6445bb19 - <unknown>
[INFO] [stdout]    8:     0x5c9d6445c00c - <unknown>
[INFO] [stdout]    9:     0x5c9d6441349b - <unknown>
[INFO] [stdout]   10:     0x5c9d6440528e - <unknown>
[INFO] [stdout]   11:     0x5c9d6440547c - <unknown>
[INFO] [stdout]   12:     0x5c9d64403922 - <unknown>
[INFO] [stdout]   13:     0x5c9d6440ba43 - <unknown>
[INFO] [stdout]   14:     0x5c9d64474e5b - <unknown>
[INFO] [stdout]   15:     0x5c9d644710e6 - <unknown>
[INFO] [stdout]   16:     0x5c9d6447090c - <unknown>
[INFO] [stdout]   17:     0x5c9d6448e6fc - <unknown>
[INFO] [stdout]   18:     0x5c9d6445dc68 - <unknown>
[INFO] [stdout]   19:     0x735575dbadfa - <unknown>
[INFO] [stdout]   20:     0x735575e4e3d4 - clone
[INFO] [stdout]   21:                0x0 - <unknown>
[INFO] [stdout] 
[INFO] [stdout] ---- cursors_survive_a_daemon_restart stdout ----
[INFO] [stdout] 
[INFO] [stdout] thread 'cursors_survive_a_daemon_restart' (2013) panicked at crates/cli/tests/integration.rs:40:5:
[INFO] [stdout] /opt/rustwide/target/release/build/agent-bus-cli/5f8a7dc78f3a10d9/out/agent-bus is not built; run `cargo build` first
[INFO] [stdout] stack backtrace:
[INFO] [stdout]    0:     0x5c9d644372b5 - <unknown>
[INFO] [stdout]    1:     0x5c9d64413604 - <unknown>
[INFO] [stdout]    2:     0x5c9d6443695b - <unknown>
[INFO] [stdout]    3:     0x5c9d64436559 - <unknown>
[INFO] [stdout]    4:     0x5c9d644361da - <unknown>
[INFO] [stdout]    5:     0x5c9d64435d0b - <unknown>
[INFO] [stdout]    6:     0x5c9d6445bb61 - <unknown>
[INFO] [stdout]    7:     0x5c9d6445bb19 - <unknown>
[INFO] [stdout]    8:     0x5c9d6445c00c - <unknown>
[INFO] [stdout]    9:     0x5c9d6441349b - <unknown>
[INFO] [stdout]   10:     0x5c9d6440528e - <unknown>
[INFO] [stdout]   11:     0x5c9d6440547c - <unknown>
[INFO] [stdout]   12:     0x5c9d64403922 - <unknown>
[INFO] [stdout]   13:     0x5c9d64407e57 - <unknown>
[INFO] [stdout]   14:     0x5c9d64474e5b - <unknown>
[INFO] [stdout]   15:     0x5c9d644710e6 - <unknown>
[INFO] [stdout]   16:     0x5c9d6447090c - <unknown>
[INFO] [stdout]   17:     0x5c9d6448e6fc - <unknown>
[INFO] [stdout]   18:     0x5c9d6445dc68 - <unknown>
[INFO] [stdout]   19:     0x735575dbadfa - <unknown>
[INFO] [stdout]   20:     0x735575e4e3d4 - clone
[INFO] [stdout]   21:                0x0 - <unknown>
[INFO] [stdout] 
[INFO] [stdout] ---- corrupt_log_lines_do_not_prevent_startup stdout ----
[INFO] [stdout] 
[INFO] [stdout] thread 'corrupt_log_lines_do_not_prevent_startup' (2012) panicked at crates/cli/tests/integration.rs:40:5:
[INFO] [stdout] /opt/rustwide/target/release/build/agent-bus-cli/5f8a7dc78f3a10d9/out/agent-bus is not built; run `cargo build` first
[INFO] [stdout] stack backtrace:
[INFO] [stdout]    0:     0x5c9d644372b5 - <unknown>
[INFO] [stdout]    1:     0x5c9d64413604 - <unknown>
[INFO] [stdout]    2:     0x5c9d6443695b - <unknown>
[INFO] [stdout]    3:     0x5c9d64436559 - <unknown>
[INFO] [stdout]    4:     0x5c9d644361da - <unknown>
[INFO] [stdout]    5:     0x5c9d64435d0b - <unknown>
[INFO] [stdout]    6:     0x5c9d6445bb61 - <unknown>
[INFO] [stdout]    7:     0x5c9d6445bb19 - <unknown>
[INFO] [stdout]    8:     0x5c9d6445c00c - <unknown>
[INFO] [stdout]    9:     0x5c9d6441349b - <unknown>
[INFO] [stdout]   10:     0x5c9d6440528e - <unknown>
[INFO] [stdout]   11:     0x5c9d6440547c - <unknown>
[INFO] [stdout]   12:     0x5c9d64403922 - <unknown>
[INFO] [stdout]   13:     0x5c9d6440a77e - <unknown>
[INFO] [stdout]   14:     0x5c9d64474e5b - <unknown>
[INFO] [stdout]   15:     0x5c9d644710e6 - <unknown>
[INFO] [stdout]   16:     0x5c9d6447090c - <unknown>
[INFO] [stdout]   17:     0x5c9d6448e6fc - <unknown>
[INFO] [stdout]   18:     0x5c9d6445dc68 - <unknown>
[INFO] [stdout]   19:     0x735575dbadfa - <unknown>
[INFO] [stdout]   20:     0x735575e4e3d4 - clone
[INFO] [stdout]   21:                0x0 - <unknown>
[INFO] [stdout] 
[INFO] [stdout] ---- hook_install_dry_run_writes_nothing stdout ----
[INFO] [stdout] 
[INFO] [stdout] thread 'hook_install_dry_run_writes_nothing' (2022) panicked at crates/cli/tests/integration.rs:40:5:
[INFO] [stdout] /opt/rustwide/target/release/build/agent-bus-cli/5f8a7dc78f3a10d9/out/agent-bus is not built; run `cargo build` first
[INFO] [stdout] stack backtrace:
[INFO] [stdout]    0:     0x5c9d644372b5 - <unknown>
[INFO] [stdout]    1:     0x5c9d64413604 - <unknown>
[INFO] [stdout]    2:     0x5c9d6443695b - <unknown>
[INFO] [stdout]    3:     0x5c9d64436559 - <unknown>
[INFO] [stdout]    4:     0x5c9d644361da - <unknown>
[INFO] [stdout]    5:     0x5c9d64435d0b - <unknown>
[INFO] [stdout]    6:     0x5c9d6445bb61 - <unknown>
[INFO] [stdout]    7:     0x5c9d6445bb19 - <unknown>
[INFO] [stdout]    8:     0x5c9d6445c00c - <unknown>
[INFO] [stdout]    9:     0x5c9d6441349b - <unknown>
[INFO] [stdout]   10:     0x5c9d6440528e - <unknown>
[INFO] [stdout]   11:     0x5c9d6440547c - <unknown>
[INFO] [stdout]   12:     0x5c9d64403922 - <unknown>
[INFO] [stdout]   13:     0x5c9d64409374 - <unknown>
[INFO] [stdout]   14:     0x5c9d64474e5b - <unknown>
[INFO] [stdout]   15:     0x5c9d644710e6 - <unknown>
[INFO] [stdout]   16:     0x5c9d6447090c - <unknown>
[INFO] [stdout]   17:     0x5c9d6448e6fc - <unknown>
[INFO] [stdout]   18:     0x5c9d6445dc68 - <unknown>
[INFO] [stdout]   19:     0x735575dbadfa - <unknown>
[INFO] [stdout]   20:     0x735575e4e3d4 - clone
[INFO] [stdout]   21:                0x0 - <unknown>
[INFO] [stdout] 
[INFO] [stdout] ---- dashboard_refuses_without_a_terminal stdout ----
[INFO] [stdout] 
[INFO] [stdout] thread 'dashboard_refuses_without_a_terminal' (2015) panicked at crates/cli/tests/integration.rs:40:5:
[INFO] [stdout] /opt/rustwide/target/release/build/agent-bus-cli/5f8a7dc78f3a10d9/out/agent-bus is not built; run `cargo build` first
[INFO] [stdout] stack backtrace:
[INFO] [stdout]    0:     0x5c9d644372b5 - <unknown>
[INFO] [stdout]    1:     0x5c9d64413604 - <unknown>
[INFO] [stdout]    2:     0x5c9d6443695b - <unknown>
[INFO] [stdout]    3:     0x5c9d64436559 - <unknown>
[INFO] [stdout]    4:     0x5c9d644361da - <unknown>
[INFO] [stdout]    5:     0x5c9d64435d0b - <unknown>
[INFO] [stdout]    6:     0x5c9d6445bb61 - <unknown>
[INFO] [stdout]    7:     0x5c9d6445bb19 - <unknown>
[INFO] [stdout]    8:     0x5c9d6445c00c - <unknown>
[INFO] [stdout]    9:     0x5c9d6441349b - <unknown>
[INFO] [stdout]   10:     0x5c9d6440528e - <unknown>
[INFO] [stdout]   11:     0x5c9d6440547c - <unknown>
[INFO] [stdout]   12:     0x5c9d64403922 - <unknown>
[INFO] [stdout]   13:     0x5c9d64409933 - <unknown>
[INFO] [stdout]   14:     0x5c9d64474e5b - <unknown>
[INFO] [stdout]   15:     0x5c9d644710e6 - <unknown>
[INFO] [stdout]   16:     0x5c9d6447090c - <unknown>
[INFO] [stdout]   17:     0x5c9d6448e6fc - <unknown>
[INFO] [stdout]   18:     0x5c9d6445dc68 - <unknown>
[INFO] [stdout]   19:     0x735575dbadfa - <unknown>
[INFO] [stdout]   20:     0x735575e4e3d4 - clone
[INFO] [stdout]   21:                0x0 - <unknown>
[INFO] [stdout] 
[INFO] [stdout] ---- guide_prints_without_a_daemon stdout ----
[INFO] [stdout] 
[INFO] [stdout] thread 'guide_prints_without_a_daemon' (2018) panicked at crates/cli/tests/integration.rs:40:5:
[INFO] [stdout] /opt/rustwide/target/release/build/agent-bus-cli/5f8a7dc78f3a10d9/out/agent-bus is not built; run `cargo build` first
[INFO] [stdout] stack backtrace:
[INFO] [stdout]    0:     0x5c9d644372b5 - <unknown>
[INFO] [stdout]    1:     0x5c9d64413604 - <unknown>
[INFO] [stdout]    2:     0x5c9d6443695b - <unknown>
[INFO] [stdout]    3:     0x5c9d64436559 - <unknown>
[INFO] [stdout]    4:     0x5c9d644361da - <unknown>
[INFO] [stdout]    5:     0x5c9d64435d0b - <unknown>
[INFO] [stdout]    6:     0x5c9d6445bb61 - <unknown>
[INFO] [stdout]    7:     0x5c9d6445bb19 - <unknown>
[INFO] [stdout]    8:     0x5c9d6445c00c - <unknown>
[INFO] [stdout]    9:     0x5c9d6441349b - <unknown>
[INFO] [stdout]   10:     0x5c9d6440528e - <unknown>
[INFO] [stdout]   11:     0x5c9d6440547c - <unknown>
[INFO] [stdout]   12:     0x5c9d64403922 - <unknown>
[INFO] [stdout]   13:     0x5c9d64407598 - <unknown>
[INFO] [stdout]   14:     0x5c9d64474e5b - <unknown>
[INFO] [stdout]   15:     0x5c9d644710e6 - <unknown>
[INFO] [stdout]   16:     0x5c9d6447090c - <unknown>
[INFO] [stdout]   17:     0x5c9d6448e6fc - <unknown>
[INFO] [stdout]   18:     0x5c9d6445dc68 - <unknown>
[INFO] [stdout]   19:     0x735575dbadfa - <unknown>
[INFO] [stdout]   20:     0x735575e4e3d4 - clone
[INFO] [stdout]   21:                0x0 - <unknown>
[INFO] [stdout] 
[INFO] [stdout] ---- exclusive_and_broadcast_messages_coexist stdout ----
[INFO] [stdout] 
[INFO] [stdout] thread 'exclusive_and_broadcast_messages_coexist' (2016) panicked at crates/cli/tests/integration.rs:40:5:
[INFO] [stdout] /opt/rustwide/target/release/build/agent-bus-cli/5f8a7dc78f3a10d9/out/agent-bus is not built; run `cargo build` first
[INFO] [stdout] stack backtrace:
[INFO] [stdout]    0:     0x5c9d644372b5 - <unknown>
[INFO] [stdout]    1:     0x5c9d64413604 - <unknown>
[INFO] [stdout]    2:     0x5c9d6443695b - <unknown>
[INFO] [stdout]    3:     0x5c9d64436559 - <unknown>
[INFO] [stdout]    4:     0x5c9d644361da - <unknown>
[INFO] [stdout]    5:     0x5c9d64435d0b - <unknown>
[INFO] [stdout]    6:     0x5c9d6445bb61 - <unknown>
[INFO] [stdout]    7:     0x5c9d6445bb19 - <unknown>
[INFO] [stdout]    8:     0x5c9d6445c00c - <unknown>
[INFO] [stdout]    9:     0x5c9d6441349b - <unknown>
[INFO] [stdout]   10:     0x5c9d6440528e - <unknown>
[INFO] [stdout]   11:     0x5c9d6440547c - <unknown>
[INFO] [stdout]   12:     0x5c9d64403922 - <unknown>
[INFO] [stdout]   13:     0x5c9d6440b6da - <unknown>
[INFO] [stdout]   14:     0x5c9d64474e5b - <unknown>
[INFO] [stdout]   15:     0x5c9d644710e6 - <unknown>
[INFO] [stdout]   16:     0x5c9d6447090c - <unknown>
[INFO] [stdout]   17:     0x5c9d6448e6fc - <unknown>
[INFO] [stdout]   18:     0x5c9d6445dc68 - <unknown>
[INFO] [stdout]   19:     0x735575dbadfa - <unknown>
[INFO] [stdout]   20:     0x735575e4e3d4 - clone
[INFO] [stdout]   21:                0x0 - <unknown>
[INFO] [stdout] 
[INFO] [stdout] ---- history_without_since_returns_everything_retained stdout ----
[INFO] [stdout] 
[INFO] [stdout] thread 'history_without_since_returns_everything_retained' (2021) panicked at crates/cli/tests/integration.rs:40:5:
[INFO] [stdout] /opt/rustwide/target/release/build/agent-bus-cli/5f8a7dc78f3a10d9/out/agent-bus is not built; run `cargo build` first
[INFO] [stdout] stack backtrace:
[INFO] [stdout]    0:     0x5c9d644372b5 - <unknown>
[INFO] [stdout]    1:     0x5c9d64413604 - <unknown>
[INFO] [stdout]    2:     0x5c9d6443695b - <unknown>
[INFO] [stdout]    3:     0x5c9d64436559 - <unknown>
[INFO] [stdout]    4:     0x5c9d644361da - <unknown>
[INFO] [stdout]    5:     0x5c9d64435d0b - <unknown>
[INFO] [stdout]    6:     0x5c9d6445bb61 - <unknown>
[INFO] [stdout]    7:     0x5c9d6445bb19 - <unknown>
[INFO] [stdout]    8:     0x5c9d6445c00c - <unknown>
[INFO] [stdout]    9:     0x5c9d6441349b - <unknown>
[INFO] [stdout]   10:     0x5c9d6440528e - <unknown>
[INFO] [stdout]   11:     0x5c9d6440547c - <unknown>
[INFO] [stdout]   12:     0x5c9d64403922 - <unknown>
[INFO] [stdout]   13:     0x5c9d6440f237 - <unknown>
[INFO] [stdout]   14:     0x5c9d64474e5b - <unknown>
[INFO] [stdout]   15:     0x5c9d644710e6 - <unknown>
[INFO] [stdout]   16:     0x5c9d6447090c - <unknown>
[INFO] [stdout]   17:     0x5c9d6448e6fc - <unknown>
[INFO] [stdout]   18:     0x5c9d6445dc68 - <unknown>
[INFO] [stdout]   19:     0x735575dbadfa - <unknown>
[INFO] [stdout]   20:     0x735575e4e3d4 - clone
[INFO] [stdout]   21:                0x0 - <unknown>
[INFO] [stdout] 
[INFO] [stdout] ---- concurrent_posters_and_readers_deliver_each_message_exactly_once stdout ----
[INFO] [stdout] 
[INFO] [stdout] thread '<unnamed>' (2025) panicked at crates/cli/tests/integration.rs:40:5:
[INFO] [stdout] /opt/rustwide/target/release/build/agent-bus-cli/5f8a7dc78f3a10d9/out/agent-bus is not built; run `cargo build` first
[INFO] [stdout] stack backtrace:
[INFO] [stdout]    0:     0x5c9d644372b5 - <unknown>
[INFO] [stdout]    1:     0x5c9d64413604 - <unknown>
[INFO] [stdout]    2:     0x5c9d6443695b - <unknown>
[INFO] [stdout]    3:     0x5c9d64436559 - <unknown>
[INFO] [stdout]    4:     0x5c9d644361da - <unknown>
[INFO] [stdout]    5:     0x5c9d64435d0b - <unknown>
[INFO] [stdout]    6:     0x5c9d6445bb61 - <unknown>
[INFO] [stdout]    7:     0x5c9d6445bb19 - <unknown>
[INFO] [stdout]    8:     0x5c9d6445c00c - <unknown>
[INFO] [stdout]    9:     0x5c9d6441349b - <unknown>
[INFO] [stdout]   10:     0x5c9d6440528e - <unknown>
[INFO] [stdout]   11:     0x5c9d6442504b - <unknown>
[INFO] [stdout]   12:     0x5c9d64421fa1 - <unknown>
[INFO] [stdout]   13:     0x5c9d6445dc68 - <unknown>
[INFO] [stdout]   14:     0x735575dbadfa - <unknown>
[INFO] [stdout]   15:     0x735575e4e3d4 - clone
[INFO] [stdout]   16:                0x0 - <unknown>
[INFO] [stdout] 
[INFO] [stdout] thread '<unnamed>' (2023) panicked at crates/cli/tests/integration.rs:40:5:
[INFO] [stdout] /opt/rustwide/target/release/build/agent-bus-cli/5f8a7dc78f3a10d9/out/agent-bus is not built; run `cargo build` first
[INFO] [stdout] stack backtrace:
[INFO] [stdout]    0:     0x5c9d644372b5 - <unknown>
[INFO] [stdout]    1:     0x5c9d64413604 - <unknown>
[INFO] [stdout]    2:     0x5c9d6443695b - <unknown>
[INFO] [stdout]    3:     0x5c9d64436559 - <unknown>
[INFO] [stdout]    4:     0x5c9d644361da - <unknown>
[INFO] [stdout]    5:     0x5c9d64435d0b - <unknown>
[INFO] [stdout]    6:     0x5c9d6445bb61 - <unknown>
[INFO] [stdout]    7:     0x5c9d6445bb19 - <unknown>
[INFO] [stdout]    8:     0x5c9d6445c00c - <unknown>
[INFO] [stdout]    9:     0x5c9d6441349b - <unknown>
[INFO] [stdout]   10:     0x5c9d6440528e - <unknown>
[INFO] [stdout]   11:     0x5c9d6442504b - <unknown>
[INFO] [stdout]   12:     0x5c9d64421fa1 - <unknown>
[INFO] [stdout]   13:     0x5c9d6445dc68 - <unknown>
[INFO] [stdout]   14:     0x735575dbadfa - <unknown>
[INFO] [stdout]   15:     0x735575e4e3d4 - clone
[INFO] [stdout]   16:                0x0 - <unknown>
[INFO] [stdout] 
[INFO] [stdout] thread '<unnamed>' (2028) panicked at crates/cli/tests/integration.rs:40:5:
[INFO] [stdout] /opt/rustwide/target/release/build/agent-bus-cli/5f8a7dc78f3a10d9/out/agent-bus is not built; run `cargo build` first
[INFO] [stdout] stack backtrace:
[INFO] [stdout]    0:     0x5c9d644372b5 - <unknown>
[INFO] [stdout]    1:     0x5c9d64413604 - <unknown>
[INFO] [stdout]    2:     0x5c9d6443695b - <unknown>
[INFO] [stdout]    3:     0x5c9d64436559 - <unknown>
[INFO] [stdout]    4:     0x5c9d644361da - <unknown>
[INFO] [stdout]    5:     0x5c9d64435d0b - <unknown>
[INFO] [stdout]    6:     0x5c9d6445bb61 - <unknown>
[INFO] [stdout]    7:     0x5c9d6445bb19 - <unknown>
[INFO] [stdout]    8:     0x5c9d6445c00c - <unknown>
[INFO] [stdout]    9:     0x5c9d6441349b - <unknown>
[INFO] [stdout]   10:     0x5c9d6440528e - <unknown>
[INFO] [stdout]   11:     0x5c9d64424cbc - <unknown>
[INFO] [stdout]   12:     0x5c9d64421db1 - <unknown>
[INFO] [stdout]   13:     0x5c9d6445dc68 - <unknown>
[INFO] [stdout]   14:     0x735575dbadfa - <unknown>
[INFO] [stdout]   15:     0x735575e4e3d4 - clone
[INFO] [stdout]   16:                0x0 - <unknown>
[INFO] [stdout] 
[INFO] [stdout] thread '<unnamed>' (2030) panicked at crates/cli/tests/integration.rs:40:5:
[INFO] [stdout] /opt/rustwide/target/release/build/agent-bus-cli/5f8a7dc78f3a10d9/out/agent-bus is not built; run `cargo build` first
[INFO] [stdout] stack backtrace:
[INFO] [stdout]    0:     0x5c9d644372b5 - <unknown>
[INFO] [stdout]    1:     0x5c9d64413604 - <unknown>
[INFO] [stdout]    2:     0x5c9d6443695b - <unknown>
[INFO] [stdout]    3:     0x5c9d64436559 - <unknown>
[INFO] [stdout]    4:     0x5c9d644361da - <unknown>
[INFO] [stdout]    5:     0x5c9d64435d0b - <unknown>
[INFO] [stdout]    6:     0x5c9d6445bb61 - <unknown>
[INFO] [stdout]    7:     0x5c9d6445bb19 - <unknown>
[INFO] [stdout]    8:     0x5c9d6445c00c - <unknown>
[INFO] [stdout]    9:     0x5c9d6441349b - <unknown>
[INFO] [stdout]   10:     0x5c9d6440528e - <unknown>
[INFO] [stdout]   11:     0x5c9d64424cbc - <unknown>
[INFO] [stdout]   12:     0x5c9d64421db1 - <unknown>
[INFO] [stdout]   13:     0x5c9d6445dc68 - <unknown>
[INFO] [stdout]   14:     0x735575dbadfa - <unknown>
[INFO] [stdout]   15:     0x735575e4e3d4 - clone
[INFO] [stdout]   16:                0x0 - <unknown>
[INFO] [stdout] 
[INFO] [stdout] thread 'concurrent_posters_and_readers_deliver_each_message_exactly_once' (2008) panicked at crates/cli/tests/integration.rs:426:23:
[INFO] [stdout] called `Result::unwrap()` on an `Err` value: Any { .. }
[INFO] [stdout] stack backtrace:
[INFO] [stdout]    0:     0x5c9d644372b5 - <unknown>
[INFO] [stdout]    1:     0x5c9d64413604 - <unknown>
[INFO] [stdout]    2:     0x5c9d6443695b - <unknown>
[INFO] [stdout]    3:     0x5c9d64436559 - <unknown>
[INFO] [stdout]    4:     0x5c9d644361da - <unknown>
[INFO] [stdout]    5:     0x5c9d64435d0b - <unknown>
[INFO] [stdout]    6:     0x5c9d6445bb61 - <unknown>
[INFO] [stdout]    7:     0x5c9d6445bb19 - <unknown>
[INFO] [stdout]    8:     0x5c9d6445c00c - <unknown>
[INFO] [stdout]    9:     0x5c9d6441349b - <unknown>
[INFO] [stdout]   10:     0x5c9d644163d1 - <unknown>
[INFO] [stdout]   11:     0x5c9d6441195d - <unknown>
[INFO] [stdout]   12:     0x5c9d64474e5b - <unknown>
[INFO] [stdout]   13:     0x5c9d644710e6 - <unknown>
[INFO] [stdout]   14:     0x5c9d6447090c - <unknown>
[INFO] [stdout]   15:     0x5c9d6448e6fc - <unknown>
[INFO] [stdout]   16:     0x5c9d6445dc68 - <unknown>
[INFO] [stdout]   17:     0x735575dbadfa - <unknown>
[INFO] [stdout]   18:     0x735575e4e3d4 - clone
[INFO] [stdout]   19:                0x0 - <unknown>
[INFO] [stdout] 
[INFO] [stdout] thread '<unnamed>' (2027) panicked at crates/cli/tests/integration.rs:40:5:
[INFO] [stdout] /opt/rustwide/target/release/build/agent-bus-cli/5f8a7dc78f3a10d9/out/agent-bus is not built; run `cargo build` first
[INFO] [stdout] stack backtrace:
[INFO] [stdout]    0:     0x5c9d644372b5 - <unknown>
[INFO] [stdout]    1:     0x5c9d64413604 - <unknown>
[INFO] [stdout]    2:     0x5c9d6443695b - <unknown>
[INFO] [stdout]    3:     0x5c9d64436559 - <unknown>
[INFO] [stdout]    4:     0x5c9d644361da - <unknown>
[INFO] [stdout]    5:     0x5c9d64435d0b - <unknown>
[INFO] [stdout]    6:     0x5c9d6445bb61 - <unknown>
[INFO] [stdout]    7:     0x5c9d6445bb19 - <unknown>
[INFO] [stdout]    8:     0x5c9d6445c00c - <unknown>
[INFO] [stdout]    9:     0x5c9d6441349b - <unknown>
[INFO] [stdout]   10:     0x5c9d6440528e - <unknown>
[INFO] [stdout]   11:     0x5c9d64424cbc - <unknown>
[INFO] [stdout]   12:     0x5c9d64421db1 - <unknown>
[INFO] [stdout]   13:     0x5c9d6445dc68 - <unknown>
[INFO] [stdout]   14:     0x735575dbadfa - <unknown>
[INFO] [stdout]   15:     0x735575e4e3d4 - clone
[INFO] [stdout]   16:                0x0 - <unknown>
[INFO] [stdout] 
[INFO] [stdout] thread '<unnamed>' (2026) panicked at crates/cli/tests/integration.rs:40:5:
[INFO] [stdout] /opt/rustwide/target/release/build/agent-bus-cli/5f8a7dc78f3a10d9/out/agent-bus is not built; run `cargo build` first
[INFO] [stdout] stack backtrace:
[INFO] [stdout]    0:     0x5c9d644372b5 - <unknown>
[INFO] [stdout]    1:     0x5c9d64413604 - <unknown>
[INFO] [stdout]    2:     0x5c9d6443695b - <unknown>
[INFO] [stdout]    3:     0x5c9d64436559 - <unknown>
[INFO] [stdout]    4:     0x5c9d644361da - <unknown>
[INFO] [stdout]    5:     0x5c9d64435d0b - <unknown>
[INFO] [stdout]    6:     0x5c9d6445bb61 - <unknown>
[INFO] [stdout]    7:     0x5c9d6445bb19 - <unknown>
[INFO] [stdout]    8:     0x5c9d6445c00c - <unknown>
[INFO] [stdout]    9:     0x5c9d6441349b - <unknown>
[INFO] [stdout]   10:     0x5c9d6440528e - <unknown>
[INFO] [stdout]   11:     0x5c9d6442504b - <unknown>
[INFO] [stdout]   12:     0x5c9d64421fa1 - <unknown>
[INFO] [stdout]   13:     0x5c9d6445dc68 - <unknown>
[INFO] [stdout]   14:     0x735575dbadfa - <unknown>
[INFO] [stdout]   15:     0x735575e4e3d4 - clone
[INFO] [stdout]   16:                0x0 - <unknown>
[INFO] [stdout] 
[INFO] [stdout] ---- concurrent_first_use_starts_exactly_one_daemon stdout ----
[INFO] [stdout] 
[INFO] [stdout] thread '<unnamed>' (2010) panicked at crates/cli/tests/integration.rs:40:5:
[INFO] [stdout] /opt/rustwide/target/release/build/agent-bus-cli/5f8a7dc78f3a10d9/out/agent-bus is not built; run `cargo build` first
[INFO] [stdout] stack backtrace:
[INFO] [stdout]    0:     0x5c9d644372b5 - <unknown>
[INFO] [stdout]    1:     0x5c9d64413604 - <unknown>
[INFO] [stdout]    2:     0x5c9d6443695b - <unknown>
[INFO] [stdout]    3:     0x5c9d64436559 - <unknown>
[INFO] [stdout]    4:     0x5c9d644361da - <unknown>
[INFO] [stdout]    5:     0x5c9d64435d0b - <unknown>
[INFO] [stdout]    6:     0x5c9d6445bb61 - <unknown>
[INFO] [stdout]    7:     0x5c9d6445bb19 - <unknown>
[INFO] [stdout]    8:     0x5c9d6445c00c - <unknown>
[INFO] [stdout]    9:     0x5c9d6441349b - <unknown>
[INFO] [stdout]   10:     0x5c9d6440528e - <unknown>
[INFO] [stdout]   11:     0x5c9d644245a5 - <unknown>
[INFO] [stdout]   12:     0x5c9d64421984 - <unknown>
[INFO] [stdout]   13:     0x5c9d6445dc68 - <unknown>
[INFO] [stdout]   14:     0x735575dbadfa - <unknown>
[INFO] [stdout]   15:     0x735575e4e3d4 - clone
[INFO] [stdout]   16:                0x0 - <unknown>
[INFO] [stdout] 
[INFO] [stdout] thread 'concurrent_first_use_starts_exactly_one_daemon' (2007) panicked at crates/cli/tests/integration.rs:331:34:
[INFO] [stdout] called `Result::unwrap()` on an `Err` value: Any { .. }
[INFO] [stdout] stack backtrace:
[INFO] [stdout]    0:     0x5c9d644372b5 - <unknown>
[INFO] [stdout]    1:     0x5c9d64413604 - <unknown>
[INFO] [stdout]    2:     0x5c9d6443695b - <unknown>
[INFO] [stdout]    3:     0x5c9d64436559 - <unknown>
[INFO] [stdout]    4:     0x5c9d644361da - <unknown>
[INFO] [stdout]    5:     0x5c9d64435d0b - <unknown>
[INFO] [stdout]    6:     0x5c9d6445bb61 - <unknown>
[INFO] [stdout]    7:     0x5c9d6445bb19 - <unknown>
[INFO] [stdout]    8:     0x5c9d6445c00c - <unknown>
[INFO] [stdout]    9:     0x5c9d6441349b - <unknown>
[INFO] [stdout]   10:     0x5c9d644163d1 - <unknown>
[INFO] [stdout]   11:     0x5c9d6440e17e - <unknown>
[INFO] [stdout]   12:     0x5c9d64474e5b - <unknown>
[INFO] [stdout]   13:     0x5c9d644710e6 - <unknown>
[INFO] [stdout]   14:     0x5c9d6447090c - <unknown>
[INFO] [stdout]   15:     0x5c9d6448e6fc - <unknown>
[INFO] [stdout]   16:     0x5c9d6445dc68 - <unknown>
[INFO] [stdout]   17:     0x735575dbadfa - <unknown>
[INFO] [stdout]   18:     0x735575e4e3d4 - clone
[INFO] [stdout]   19:                0x0 - <unknown>
[INFO] [stdout] 
[INFO] [stdout] ---- overlapping_patterns_do_not_double_deliver_to_one_agent stdout ----
[INFO] [stdout] 
[INFO] [stdout] thread 'overlapping_patterns_do_not_double_deliver_to_one_agent' (2041) panicked at crates/cli/tests/integration.rs:40:5:
[INFO] [stdout] /opt/rustwide/target/release/build/agent-bus-cli/5f8a7dc78f3a10d9/out/agent-bus is not built; run `cargo build` first
[INFO] [stdout] stack backtrace:
[INFO] [stdout]    0:     0x5c9d644372b5 - <unknown>
[INFO] [stdout]    1:     0x5c9d64413604 - <unknown>
[INFO] [stdout]    2:     0x5c9d6443695b - <unknown>
[INFO] [stdout]    3:     0x5c9d64436559 - <unknown>
[INFO] [stdout]    4:     0x5c9d644361da - <unknown>
[INFO] [stdout]    5:     0x5c9d64435d0b - <unknown>
[INFO] [stdout]    6:     0x5c9d6445bb61 - <unknown>
[INFO] [stdout]    7:     0x5c9d6445bb19 - <unknown>
[INFO] [stdout]    8:     0x5c9d6445c00c - <unknown>
[INFO] [stdout]    9:     0x5c9d6441349b - <unknown>
[INFO] [stdout]   10:     0x5c9d6440528e - <unknown>
[INFO] [stdout]   11:     0x5c9d6440547c - <unknown>
[INFO] [stdout]   12:     0x5c9d64403922 - <unknown>
[INFO] [stdout]   13:     0x5c9d6440f8c5 - <unknown>
[INFO] [stdout]   14:     0x5c9d64474e5b - <unknown>
[INFO] [stdout]   15:     0x5c9d644710e6 - <unknown>
[INFO] [stdout]   16:     0x5c9d6447090c - <unknown>
[INFO] [stdout]   17:     0x5c9d6448e6fc - <unknown>
[INFO] [stdout]   18:     0x5c9d6445dc68 - <unknown>
[INFO] [stdout]   19:     0x735575dbadfa - <unknown>
[INFO] [stdout]   20:     0x735575e4e3d4 - clone
[INFO] [stdout]   21:                0x0 - <unknown>
[INFO] [stdout] 
[INFO] [stdout] ---- stop_without_a_daemon_succeeds_and_starts_nothing stdout ----
[INFO] [stdout] 
[INFO] [stdout] thread 'stop_without_a_daemon_succeeds_and_starts_nothing' (2049) panicked at crates/cli/tests/integration.rs:40:5:
[INFO] [stdout] /opt/rustwide/target/release/build/agent-bus-cli/5f8a7dc78f3a10d9/out/agent-bus is not built; run `cargo build` first
[INFO] [stdout] stack backtrace:
[INFO] [stdout]    0:     0x5c9d644372b5 - <unknown>
[INFO] [stdout]    1:     0x5c9d64413604 - <unknown>
[INFO] [stdout]    2:     0x5c9d6443695b - <unknown>
[INFO] [stdout]    3:     0x5c9d64436559 - <unknown>
[INFO] [stdout]    4:     0x5c9d644361da - <unknown>
[INFO] [stdout]    5:     0x5c9d64435d0b - <unknown>
[INFO] [stdout]    6:     0x5c9d6445bb61 - <unknown>
[INFO] [stdout]    7:     0x5c9d6445bb19 - <unknown>
[INFO] [stdout]    8:     0x5c9d6445c00c - <unknown>
[INFO] [stdout]    9:     0x5c9d6441349b - <unknown>
[INFO] [stdout]   10:     0x5c9d6440528e - <unknown>
[INFO] [stdout]   11:     0x5c9d6440547c - <unknown>
[INFO] [stdout]   12:     0x5c9d64403922 - <unknown>
[INFO] [stdout]   13:     0x5c9d6440f404 - <unknown>
[INFO] [stdout]   14:     0x5c9d64474e5b - <unknown>
[INFO] [stdout]   15:     0x5c9d644710e6 - <unknown>
[INFO] [stdout]   16:     0x5c9d6447090c - <unknown>
[INFO] [stdout]   17:     0x5c9d6448e6fc - <unknown>
[INFO] [stdout]   18:     0x5c9d6445dc68 - <unknown>
[INFO] [stdout]   19:     0x735575dbadfa - <unknown>
[INFO] [stdout]   20:     0x735575e4e3d4 - clone
[INFO] [stdout]   21:                0x0 - <unknown>
[INFO] [stdout] 
[INFO] [stdout] ---- invalid_input_exits_one stdout ----
[INFO] [stdout] 
[INFO] [stdout] thread 'invalid_input_exits_one' (2031) panicked at crates/cli/tests/integration.rs:40:5:
[INFO] [stdout] /opt/rustwide/target/release/build/agent-bus-cli/5f8a7dc78f3a10d9/out/agent-bus is not built; run `cargo build` first
[INFO] [stdout] stack backtrace:
[INFO] [stdout]    0:     0x5c9d644372b5 - <unknown>
[INFO] [stdout]    1:     0x5c9d64413604 - <unknown>
[INFO] [stdout]    2:     0x5c9d6443695b - <unknown>
[INFO] [stdout]    3:     0x5c9d64436559 - <unknown>
[INFO] [stdout]    4:     0x5c9d644361da - <unknown>
[INFO] [stdout]    5:     0x5c9d64435d0b - <unknown>
[INFO] [stdout]    6:     0x5c9d6445bb61 - <unknown>
[INFO] [stdout]    7:     0x5c9d6445bb19 - <unknown>
[INFO] [stdout]    8:     0x5c9d6445c00c - <unknown>
[INFO] [stdout]    9:     0x5c9d6441349b - <unknown>
[INFO] [stdout]   10:     0x5c9d6440528e - <unknown>
[INFO] [stdout]   11:     0x5c9d6440547c - <unknown>
[INFO] [stdout]   12:     0x5c9d64403922 - <unknown>
[INFO] [stdout]   13:     0x5c9d64405cf2 - <unknown>
[INFO] [stdout]   14:     0x5c9d64474e5b - <unknown>
[INFO] [stdout]   15:     0x5c9d644710e6 - <unknown>
[INFO] [stdout]   16:     0x5c9d6447090c - <unknown>
[INFO] [stdout]   17:     0x5c9d6448e6fc - <unknown>
[INFO] [stdout]   18:     0x5c9d6445dc68 - <unknown>
[INFO] [stdout]   19:     0x735575dbadfa - <unknown>
[INFO] [stdout]   20:     0x735575e4e3d4 - clone
[INFO] [stdout]   21:                0x0 - <unknown>
[INFO] [stdout] 
[INFO] [stdout] ---- history_is_repeatable_and_windowed stdout ----
[INFO] [stdout] 
[INFO] [stdout] thread 'history_is_repeatable_and_windowed' (2019) panicked at crates/cli/tests/integration.rs:40:5:
[INFO] [stdout] /opt/rustwide/target/release/build/agent-bus-cli/5f8a7dc78f3a10d9/out/agent-bus is not built; run `cargo build` first
[INFO] [stdout] stack backtrace:
[INFO] [stdout]    0:     0x5c9d644372b5 - <unknown>
[INFO] [stdout]    1:     0x5c9d64413604 - <unknown>
[INFO] [stdout]    2:     0x5c9d6443695b - <unknown>
[INFO] [stdout]    3:     0x5c9d64436559 - <unknown>
[INFO] [stdout]    4:     0x5c9d644361da - <unknown>
[INFO] [stdout]    5:     0x5c9d64435d0b - <unknown>
[INFO] [stdout]    6:     0x5c9d6445bb61 - <unknown>
[INFO] [stdout]    7:     0x5c9d6445bb19 - <unknown>
[INFO] [stdout]    8:     0x5c9d6445c00c - <unknown>
[INFO] [stdout]    9:     0x5c9d6441349b - <unknown>
[INFO] [stdout]   10:     0x5c9d6440528e - <unknown>
[INFO] [stdout]   11:     0x5c9d6440547c - <unknown>
[INFO] [stdout]   12:     0x5c9d64403922 - <unknown>
[INFO] [stdout]   13:     0x5c9d64408cd3 - <unknown>
[INFO] [stdout]   14:     0x5c9d64474e5b - <unknown>
[INFO] [stdout]   15:     0x5c9d644710e6 - <unknown>
[INFO] [stdout]   16:     0x5c9d6447090c - <unknown>
[INFO] [stdout]   17:     0x5c9d6448e6fc - <unknown>
[INFO] [stdout]   18:     0x5c9d6445dc68 - <unknown>
[INFO] [stdout]   19:     0x735575dbadfa - <unknown>
[INFO] [stdout]   20:     0x735575e4e3d4 - clone
[INFO] [stdout]   21:                0x0 - <unknown>
[INFO] [stdout] 
[INFO] [stdout] ---- per_pattern_cursors_survive_a_restart stdout ----
[INFO] [stdout] 
[INFO] [stdout] thread 'per_pattern_cursors_survive_a_restart' (2043) panicked at crates/cli/tests/integration.rs:40:5:
[INFO] [stdout] /opt/rustwide/target/release/build/agent-bus-cli/5f8a7dc78f3a10d9/out/agent-bus is not built; run `cargo build` first
[INFO] [stdout] stack backtrace:
[INFO] [stdout]    0:     0x5c9d644372b5 - <unknown>
[INFO] [stdout]    1:     0x5c9d64413604 - <unknown>
[INFO] [stdout]    2:     0x5c9d6443695b - <unknown>
[INFO] [stdout]    3:     0x5c9d64436559 - <unknown>
[INFO] [stdout]    4:     0x5c9d644361da - <unknown>
[INFO] [stdout]    5:     0x5c9d64435d0b - <unknown>
[INFO] [stdout]    6:     0x5c9d6445bb61 - <unknown>
[INFO] [stdout]    7:     0x5c9d6445bb19 - <unknown>
[INFO] [stdout]    8:     0x5c9d6445c00c - <unknown>
[INFO] [stdout]    9:     0x5c9d6441349b - <unknown>
[INFO] [stdout]   10:     0x5c9d6440528e - <unknown>
[INFO] [stdout]   11:     0x5c9d6440547c - <unknown>
[INFO] [stdout]   12:     0x5c9d64403922 - <unknown>
[INFO] [stdout]   13:     0x5c9d64409b7d - <unknown>
[INFO] [stdout]   14:     0x5c9d64474e5b - <unknown>
[INFO] [stdout]   15:     0x5c9d644710e6 - <unknown>
[INFO] [stdout]   16:     0x5c9d6447090c - <unknown>
[INFO] [stdout]   17:     0x5c9d6448e6fc - <unknown>
[INFO] [stdout]   18:     0x5c9d6445dc68 - <unknown>
[INFO] [stdout]   19:     0x735575dbadfa - <unknown>
[INFO] [stdout]   20:     0x735575e4e3d4 - clone
[INFO] [stdout]   21:                0x0 - <unknown>
[INFO] [stdout] 
[INFO] [stdout] ---- post_reads_the_body_from_stdin_when_omitted stdout ----
[INFO] [stdout] 
[INFO] [stdout] thread 'post_reads_the_body_from_stdin_when_omitted' (2044) panicked at crates/cli/tests/integration.rs:40:5:
[INFO] [stdout] /opt/rustwide/target/release/build/agent-bus-cli/5f8a7dc78f3a10d9/out/agent-bus is not built; run `cargo build` first
[INFO] [stdout] stack backtrace:
[INFO] [stdout]    0:     0x5c9d644372b5 - <unknown>
[INFO] [stdout]    1:     0x5c9d64413604 - <unknown>
[INFO] [stdout]    2:     0x5c9d6443695b - <unknown>
[INFO] [stdout]    3:     0x5c9d64436559 - <unknown>
[INFO] [stdout]    4:     0x5c9d644361da - <unknown>
[INFO] [stdout]    5:     0x5c9d64435d0b - <unknown>
[INFO] [stdout]    6:     0x5c9d6445bb61 - <unknown>
[INFO] [stdout]    7:     0x5c9d6445bb19 - <unknown>
[INFO] [stdout]    8:     0x5c9d6445c00c - <unknown>
[INFO] [stdout]    9:     0x5c9d6441349b - <unknown>
[INFO] [stdout]   10:     0x5c9d6440528e - <unknown>
[INFO] [stdout]   11:     0x5c9d6440547c - <unknown>
[INFO] [stdout]   12:     0x5c9d6440d425 - <unknown>
[INFO] [stdout]   13:     0x5c9d64474e5b - <unknown>
[INFO] [stdout]   14:     0x5c9d644710e6 - <unknown>
[INFO] [stdout]   15:     0x5c9d6447090c - <unknown>
[INFO] [stdout]   16:     0x5c9d6448e6fc - <unknown>
[INFO] [stdout]   17:     0x5c9d6445dc68 - <unknown>
[INFO] [stdout]   18:     0x735575dbadfa - <unknown>
[INFO] [stdout]   19:     0x735575e4e3d4 - clone
[INFO] [stdout]   20:                0x0 - <unknown>
[INFO] [stdout] 
[INFO] [stdout] ---- reading_twice_does_not_redeliver stdout ----
[INFO] [stdout] 
[INFO] [stdout] thread 'reading_twice_does_not_redeliver' (2047) panicked at crates/cli/tests/integration.rs:40:5:
[INFO] [stdout] /opt/rustwide/target/release/build/agent-bus-cli/5f8a7dc78f3a10d9/out/agent-bus is not built; run `cargo build` first
[INFO] [stdout] stack backtrace:
[INFO] [stdout]    0:     0x5c9d644372b5 - <unknown>
[INFO] [stdout]    1:     0x5c9d64413604 - <unknown>
[INFO] [stdout]    2:     0x5c9d6443695b - <unknown>
[INFO] [stdout]    3:     0x5c9d64436559 - <unknown>
[INFO] [stdout]    4:     0x5c9d644361da - <unknown>
[INFO] [stdout]    5:     0x5c9d64435d0b - <unknown>
[INFO] [stdout]    6:     0x5c9d6445bb61 - <unknown>
[INFO] [stdout]    7:     0x5c9d6445bb19 - <unknown>
[INFO] [stdout]    8:     0x5c9d6445c00c - <unknown>
[INFO] [stdout]    9:     0x5c9d6441349b - <unknown>
[INFO] [stdout]   10:     0x5c9d6440528e - <unknown>
[INFO] [stdout]   11:     0x5c9d6440547c - <unknown>
[INFO] [stdout]   12:     0x5c9d64403922 - <unknown>
[INFO] [stdout]   13:     0x5c9d64408016 - <unknown>
[INFO] [stdout]   14:     0x5c9d64474e5b - <unknown>
[INFO] [stdout]   15:     0x5c9d644710e6 - <unknown>
[INFO] [stdout]   16:     0x5c9d6447090c - <unknown>
[INFO] [stdout]   17:     0x5c9d6448e6fc - <unknown>
[INFO] [stdout]   18:     0x5c9d6445dc68 - <unknown>
[INFO] [stdout]   19:     0x735575dbadfa - <unknown>
[INFO] [stdout]   20:     0x735575e4e3d4 - clone
[INFO] [stdout]   21:                0x0 - <unknown>
[INFO] [stdout] 
[INFO] [stdout] ---- json_messages_carry_the_documented_fields stdout ----
[INFO] [stdout] 
[INFO] [stdout] thread 'json_messages_carry_the_documented_fields' (2037) panicked at crates/cli/tests/integration.rs:40:5:
[INFO] [stdout] /opt/rustwide/target/release/build/agent-bus-cli/5f8a7dc78f3a10d9/out/agent-bus is not built; run `cargo build` first
[INFO] [stdout] stack backtrace:
[INFO] [stdout]    0:     0x5c9d644372b5 - <unknown>
[INFO] [stdout]    1:     0x5c9d64413604 - <unknown>
[INFO] [stdout]    2:     0x5c9d6443695b - <unknown>
[INFO] [stdout]    3:     0x5c9d64436559 - <unknown>
[INFO] [stdout]    4:     0x5c9d644361da - <unknown>
[INFO] [stdout]    5:     0x5c9d64435d0b - <unknown>
[INFO] [stdout]    6:     0x5c9d6445bb61 - <unknown>
[INFO] [stdout]    7:     0x5c9d6445bb19 - <unknown>
[INFO] [stdout]    8:     0x5c9d6445c00c - <unknown>
[INFO] [stdout]    9:     0x5c9d6441349b - <unknown>
[INFO] [stdout]   10:     0x5c9d6440528e - <unknown>
[INFO] [stdout]   11:     0x5c9d6440547c - <unknown>
[INFO] [stdout]   12:     0x5c9d64403922 - <unknown>
[INFO] [stdout]   13:     0x5c9d6440c52b - <unknown>
[INFO] [stdout]   14:     0x5c9d64474e5b - <unknown>
[INFO] [stdout]   15:     0x5c9d644710e6 - <unknown>
[INFO] [stdout]   16:     0x5c9d6447090c - <unknown>
[INFO] [stdout]   17:     0x5c9d6448e6fc - <unknown>
[INFO] [stdout]   18:     0x5c9d6445dc68 - <unknown>
[INFO] [stdout]   19:     0x735575dbadfa - <unknown>
[INFO] [stdout]   20:     0x735575e4e3d4 - clone
[INFO] [stdout]   21:                0x0 - <unknown>
[INFO] [stdout] 
[INFO] [stdout] ---- no_duplicate_delivery_after_a_daemon_restart stdout ----
[INFO] [stdout] 
[INFO] [stdout] thread 'no_duplicate_delivery_after_a_daemon_restart' (2040) panicked at crates/cli/tests/integration.rs:40:5:
[INFO] [stdout] /opt/rustwide/target/release/build/agent-bus-cli/5f8a7dc78f3a10d9/out/agent-bus is not built; run `cargo build` first
[INFO] [stdout] stack backtrace:
[INFO] [stdout]    0:     0x5c9d644372b5 - <unknown>
[INFO] [stdout]    1:     0x5c9d64413604 - <unknown>
[INFO] [stdout]    2:     0x5c9d6443695b - <unknown>
[INFO] [stdout]    3:     0x5c9d64436559 - <unknown>
[INFO] [stdout]    4:     0x5c9d644361da - <unknown>
[INFO] [stdout]    5:     0x5c9d64435d0b - <unknown>
[INFO] [stdout]    6:     0x5c9d6445bb61 - <unknown>
[INFO] [stdout]    7:     0x5c9d6445bb19 - <unknown>
[INFO] [stdout]    8:     0x5c9d6445c00c - <unknown>
[INFO] [stdout]    9:     0x5c9d6441349b - <unknown>
[INFO] [stdout]   10:     0x5c9d6440528e - <unknown>
[INFO] [stdout]   11:     0x5c9d6440547c - <unknown>
[INFO] [stdout]   12:     0x5c9d64403922 - <unknown>
[INFO] [stdout]   13:     0x5c9d6440d866 - <unknown>
[INFO] [stdout]   14:     0x5c9d64474e5b - <unknown>
[INFO] [stdout]   15:     0x5c9d644710e6 - <unknown>
[INFO] [stdout]   16:     0x5c9d6447090c - <unknown>
[INFO] [stdout]   17:     0x5c9d6448e6fc - <unknown>
[INFO] [stdout]   18:     0x5c9d6445dc68 - <unknown>
[INFO] [stdout]   19:     0x735575dbadfa - <unknown>
[INFO] [stdout]   20:     0x735575e4e3d4 - clone
[INFO] [stdout]   21:                0x0 - <unknown>
[INFO] [stdout] 
[INFO] [stdout] ---- history_replays_consumed_messages stdout ----
[INFO] [stdout] 
[INFO] [stdout] thread 'history_replays_consumed_messages' (2020) panicked at crates/cli/tests/integration.rs:40:5:
[INFO] [stdout] /opt/rustwide/target/release/build/agent-bus-cli/5f8a7dc78f3a10d9/out/agent-bus is not built; run `cargo build` first
[INFO] [stdout] stack backtrace:
[INFO] [stdout]    0:     0x5c9d644372b5 - <unknown>
[INFO] [stdout]    1:     0x5c9d64413604 - <unknown>
[INFO] [stdout]    2:     0x5c9d6443695b - <unknown>
[INFO] [stdout]    3:     0x5c9d64436559 - <unknown>
[INFO] [stdout]    4:     0x5c9d644361da - <unknown>
[INFO] [stdout]    5:     0x5c9d64435d0b - <unknown>
[INFO] [stdout]    6:     0x5c9d6445bb61 - <unknown>
[INFO] [stdout]    7:     0x5c9d6445bb19 - <unknown>
[INFO] [stdout]    8:     0x5c9d6445c00c - <unknown>
[INFO] [stdout]    9:     0x5c9d6441349b - <unknown>
[INFO] [stdout]   10:     0x5c9d6440528e - <unknown>
[INFO] [stdout]   11:     0x5c9d6440547c - <unknown>
[INFO] [stdout]   12:     0x5c9d64403922 - <unknown>
[INFO] [stdout]   13:     0x5c9d64408527 - <unknown>
[INFO] [stdout]   14:     0x5c9d64474e5b - <unknown>
[INFO] [stdout]   15:     0x5c9d644710e6 - <unknown>
[INFO] [stdout]   16:     0x5c9d6447090c - <unknown>
[INFO] [stdout]   17:     0x5c9d6448e6fc - <unknown>
[INFO] [stdout]   18:     0x5c9d6445dc68 - <unknown>
[INFO] [stdout]   19:     0x735575dbadfa - <unknown>
[INFO] [stdout]   20:     0x735575e4e3d4 - clone
[INFO] [stdout]   21:                0x0 - <unknown>
[INFO] [stdout] 
[INFO] [stdout] ---- read_drains_all_unread_but_wait_takes_one stdout ----
[INFO] [stdout] 
[INFO] [stdout] thread 'read_drains_all_unread_but_wait_takes_one' (2046) panicked at crates/cli/tests/integration.rs:40:5:
[INFO] [stdout] /opt/rustwide/target/release/build/agent-bus-cli/5f8a7dc78f3a10d9/out/agent-bus is not built; run `cargo build` first
[INFO] [stdout] stack backtrace:
[INFO] [stdout]    0:     0x5c9d644372b5 - <unknown>
[INFO] [stdout]    1:     0x5c9d64413604 - <unknown>
[INFO] [stdout]    2:     0x5c9d6443695b - <unknown>
[INFO] [stdout]    3:     0x5c9d64436559 - <unknown>
[INFO] [stdout]    4:     0x5c9d644361da - <unknown>
[INFO] [stdout]    5:     0x5c9d64435d0b - <unknown>
[INFO] [stdout]    6:     0x5c9d6445bb61 - <unknown>
[INFO] [stdout]    7:     0x5c9d6445bb19 - <unknown>
[INFO] [stdout]    8:     0x5c9d6445c00c - <unknown>
[INFO] [stdout]    9:     0x5c9d6441349b - <unknown>
[INFO] [stdout]   10:     0x5c9d6440528e - <unknown>
[INFO] [stdout]   11:     0x5c9d6440547c - <unknown>
[INFO] [stdout]   12:     0x5c9d64403922 - <unknown>
[INFO] [stdout]   13:     0x5c9d6440c96d - <unknown>
[INFO] [stdout]   14:     0x5c9d64474e5b - <unknown>
[INFO] [stdout]   15:     0x5c9d644710e6 - <unknown>
[INFO] [stdout]   16:     0x5c9d6447090c - <unknown>
[INFO] [stdout]   17:     0x5c9d6448e6fc - <unknown>
[INFO] [stdout]   18:     0x5c9d6445dc68 - <unknown>
[INFO] [stdout]   19:     0x735575dbadfa - <unknown>
[INFO] [stdout]   20:     0x735575e4e3d4 - clone
[INFO] [stdout]   21:                0x0 - <unknown>
[INFO] [stdout] 
[INFO] [stdout] ---- post_then_read_delivers_the_message stdout ----
[INFO] [stdout] 
[INFO] [stdout] thread 'post_then_read_delivers_the_message' (2045) panicked at crates/cli/tests/integration.rs:40:5:
[INFO] [stdout] /opt/rustwide/target/release/build/agent-bus-cli/5f8a7dc78f3a10d9/out/agent-bus is not built; run `cargo build` first
[INFO] [stdout] stack backtrace:
[INFO] [stdout]    0:     0x5c9d644372b5 - <unknown>
[INFO] [stdout]    1:     0x5c9d64413604 - <unknown>
[INFO] [stdout]    2:     0x5c9d6443695b - <unknown>
[INFO] [stdout]    3:     0x5c9d64436559 - <unknown>
[INFO] [stdout]    4:     0x5c9d644361da - <unknown>
[INFO] [stdout]    5:     0x5c9d64435d0b - <unknown>
[INFO] [stdout]    6:     0x5c9d6445bb61 - <unknown>
[INFO] [stdout]    7:     0x5c9d6445bb19 - <unknown>
[INFO] [stdout]    8:     0x5c9d6445c00c - <unknown>
[INFO] [stdout]    9:     0x5c9d6441349b - <unknown>
[INFO] [stdout]   10:     0x5c9d6440528e - <unknown>
[INFO] [stdout]   11:     0x5c9d6440547c - <unknown>
[INFO] [stdout]   12:     0x5c9d64403922 - <unknown>
[INFO] [stdout]   13:     0x5c9d64409534 - <unknown>
[INFO] [stdout]   14:     0x5c9d64474e5b - <unknown>
[INFO] [stdout]   15:     0x5c9d644710e6 - <unknown>
[INFO] [stdout]   16:     0x5c9d6447090c - <unknown>
[INFO] [stdout]   17:     0x5c9d6448e6fc - <unknown>
[INFO] [stdout]   18:     0x5c9d6445dc68 - <unknown>
[INFO] [stdout]   19:     0x735575dbadfa - <unknown>
[INFO] [stdout]   20:     0x735575e4e3d4 - clone
[INFO] [stdout]   21:                0x0 - <unknown>
[INFO] [stdout] 
[INFO] [stdout] ---- wait_returns_a_message_posted_before_it_started stdout ----
[INFO] [stdout] 
[INFO] [stdout] thread 'wait_returns_a_message_posted_before_it_started' (2052) panicked at crates/cli/tests/integration.rs:40:5:
[INFO] [stdout] /opt/rustwide/target/release/build/agent-bus-cli/5f8a7dc78f3a10d9/out/agent-bus is not built; run `cargo build` first
[INFO] [stdout] stack backtrace:
[INFO] [stdout]    0:     0x5c9d644372b5 - <unknown>
[INFO] [stdout]    1:     0x5c9d64413604 - <unknown>
[INFO] [stdout]    2:     0x5c9d6443695b - <unknown>
[INFO] [stdout]    3:     0x5c9d64436559 - <unknown>
[INFO] [stdout]    4:     0x5c9d644361da - <unknown>
[INFO] [stdout]    5:     0x5c9d64435d0b - <unknown>
[INFO] [stdout]    6:     0x5c9d6445bb61 - <unknown>
[INFO] [stdout]    7:     0x5c9d6445bb19 - <unknown>
[INFO] [stdout]    8:     0x5c9d6445c00c - <unknown>
[INFO] [stdout]    9:     0x5c9d6441349b - <unknown>
[INFO] [stdout]   10:     0x5c9d6440528e - <unknown>
[INFO] [stdout]   11:     0x5c9d6440547c - <unknown>
[INFO] [stdout]   12:     0x5c9d64403922 - <unknown>
[INFO] [stdout]   13:     0x5c9d6440e638 - <unknown>
[INFO] [stdout]   14:     0x5c9d64474e5b - <unknown>
[INFO] [stdout]   15:     0x5c9d644710e6 - <unknown>
[INFO] [stdout]   16:     0x5c9d6447090c - <unknown>
[INFO] [stdout]   17:     0x5c9d6448e6fc - <unknown>
[INFO] [stdout]   18:     0x5c9d6445dc68 - <unknown>
[INFO] [stdout]   19:     0x735575dbadfa - <unknown>
[INFO] [stdout]   20:     0x735575e4e3d4 - clone
[INFO] [stdout]   21:                0x0 - <unknown>
[INFO] [stdout] 
[INFO] [stdout] ---- wait_times_out_with_exit_code_two stdout ----
[INFO] [stdout] 
[INFO] [stdout] thread 'wait_times_out_with_exit_code_two' (2053) panicked at crates/cli/tests/integration.rs:40:5:
[INFO] [stdout] /opt/rustwide/target/release/build/agent-bus-cli/5f8a7dc78f3a10d9/out/agent-bus is not built; run `cargo build` first
[INFO] [stdout] stack backtrace:
[INFO] [stdout]    0:     0x5c9d644372b5 - <unknown>
[INFO] [stdout]    1:     0x5c9d64413604 - <unknown>
[INFO] [stdout]    2:     0x5c9d6443695b - <unknown>
[INFO] [stdout]    3:     0x5c9d64436559 - <unknown>
[INFO] [stdout]    4:     0x5c9d644361da - <unknown>
[INFO] [stdout]    5:     0x5c9d64435d0b - <unknown>
[INFO] [stdout]    6:     0x5c9d6445bb61 - <unknown>
[INFO] [stdout]    7:     0x5c9d6445bb19 - <unknown>
[INFO] [stdout]    8:     0x5c9d6445c00c - <unknown>
[INFO] [stdout]    9:     0x5c9d6441349b - <unknown>
[INFO] [stdout]   10:     0x5c9d6440528e - <unknown>
[INFO] [stdout]   11:     0x5c9d6440547c - <unknown>
[INFO] [stdout]   12:     0x5c9d64403922 - <unknown>
[INFO] [stdout]   13:     0x5c9d64408b69 - <unknown>
[INFO] [stdout]   14:     0x5c9d64474e5b - <unknown>
[INFO] [stdout]   15:     0x5c9d644710e6 - <unknown>
[INFO] [stdout]   16:     0x5c9d6447090c - <unknown>
[INFO] [stdout]   17:     0x5c9d6448e6fc - <unknown>
[INFO] [stdout]   18:     0x5c9d6445dc68 - <unknown>
[INFO] [stdout]   19:     0x735575dbadfa - <unknown>
[INFO] [stdout]   20:     0x735575e4e3d4 - clone
[INFO] [stdout]   21:                0x0 - <unknown>
[INFO] [stdout] 
[INFO] [stdout] ---- wait_wakes_when_a_message_arrives_later stdout ----
[INFO] [stdout] 
[INFO] [stdout] thread 'wait_wakes_when_a_message_arrives_later' (2054) panicked at crates/cli/tests/integration.rs:40:5:
[INFO] [stdout] /opt/rustwide/target/release/build/agent-bus-cli/5f8a7dc78f3a10d9/out/agent-bus is not built; run `cargo build` first
[INFO] [stdout] stack backtrace:
[INFO] [stdout]    0:     0x5c9d644372b5 - <unknown>
[INFO] [stdout]    1:     0x5c9d64413604 - <unknown>
[INFO] [stdout]    2:     0x5c9d6443695b - <unknown>
[INFO] [stdout]    3:     0x5c9d64436559 - <unknown>
[INFO] [stdout]    4:     0x5c9d644361da - <unknown>
[INFO] [stdout]    5:     0x5c9d64435d0b - <unknown>
[INFO] [stdout]    6:     0x5c9d6445bb61 - <unknown>
[INFO] [stdout]    7:     0x5c9d6445bb19 - <unknown>
[INFO] [stdout]    8:     0x5c9d6445c00c - <unknown>
[INFO] [stdout]    9:     0x5c9d6441349b - <unknown>
[INFO] [stdout]   10:     0x5c9d6440528e - <unknown>
[INFO] [stdout]   11:     0x5c9d6440547c - <unknown>
[INFO] [stdout]   12:     0x5c9d64403922 - <unknown>
[INFO] [stdout]   13:     0x5c9d64409f57 - <unknown>
[INFO] [stdout]   14:     0x5c9d64474e5b - <unknown>
[INFO] [stdout]   15:     0x5c9d644710e6 - <unknown>
[INFO] [stdout]   16:     0x5c9d6447090c - <unknown>
[INFO] [stdout]   17:     0x5c9d6448e6fc - <unknown>
[INFO] [stdout]   18:     0x5c9d6445dc68 - <unknown>
[INFO] [stdout]   19:     0x735575dbadfa - <unknown>
[INFO] [stdout]   20:     0x735575e4e3d4 - clone
[INFO] [stdout]   21:                0x0 - <unknown>
[INFO] [stdout] 
[INFO] [stdout] ---- wildcards_respect_segment_depth stdout ----
[INFO] [stdout] 
[INFO] [stdout] thread 'wildcards_respect_segment_depth' (2055) panicked at crates/cli/tests/integration.rs:40:5:
[INFO] [stdout] /opt/rustwide/target/release/build/agent-bus-cli/5f8a7dc78f3a10d9/out/agent-bus is not built; run `cargo build` first
[INFO] [stdout] stack backtrace:
[INFO] [stdout]    0:     0x5c9d644372b5 - <unknown>
[INFO] [stdout]    1:     0x5c9d64413604 - <unknown>
[INFO] [stdout]    2:     0x5c9d6443695b - <unknown>
[INFO] [stdout]    3:     0x5c9d64436559 - <unknown>
[INFO] [stdout]    4:     0x5c9d644361da - <unknown>
[INFO] [stdout]    5:     0x5c9d64435d0b - <unknown>
[INFO] [stdout]    6:     0x5c9d6445bb61 - <unknown>
[INFO] [stdout]    7:     0x5c9d6445bb19 - <unknown>
[INFO] [stdout]    8:     0x5c9d6445c00c - <unknown>
[INFO] [stdout]    9:     0x5c9d6441349b - <unknown>
[INFO] [stdout]   10:     0x5c9d6440528e - <unknown>
[INFO] [stdout]   11:     0x5c9d6440547c - <unknown>
[INFO] [stdout]   12:     0x5c9d64403922 - <unknown>
[INFO] [stdout]   13:     0x5c9d6440774d - <unknown>
[INFO] [stdout]   14:     0x5c9d64474e5b - <unknown>
[INFO] [stdout]   15:     0x5c9d644710e6 - <unknown>
[INFO] [stdout]   16:     0x5c9d6447090c - <unknown>
[INFO] [stdout]   17:     0x5c9d6448e6fc - <unknown>
[INFO] [stdout]   18:     0x5c9d6445dc68 - <unknown>
[INFO] [stdout]   19:     0x735575dbadfa - <unknown>
[INFO] [stdout]   20:     0x735575e4e3d4 - clone
[INFO] [stdout]   21:                0x0 - <unknown>
[INFO] [stdout] 
[INFO] [stdout] ---- partitions_are_isolated stdout ----
[INFO] [stdout] 
[INFO] [stdout] thread 'partitions_are_isolated' (2042) panicked at crates/cli/tests/integration.rs:40:5:
[INFO] [stdout] /opt/rustwide/target/release/build/agent-bus-cli/5f8a7dc78f3a10d9/out/agent-bus is not built; run `cargo build` first
[INFO] [stdout] stack backtrace:
[INFO] [stdout]    0:     0x5c9d644372b5 - <unknown>
[INFO] [stdout]    1:     0x5c9d64413604 - <unknown>
[INFO] [stdout]    2:     0x5c9d6443695b - <unknown>
[INFO] [stdout]    3:     0x5c9d64436559 - <unknown>
[INFO] [stdout]    4:     0x5c9d644361da - <unknown>
[INFO] [stdout]    5:     0x5c9d64435d0b - <unknown>
[INFO] [stdout]    6:     0x5c9d6445bb61 - <unknown>
[INFO] [stdout]    7:     0x5c9d6445bb19 - <unknown>
[INFO] [stdout]    8:     0x5c9d6445c00c - <unknown>
[INFO] [stdout]    9:     0x5c9d6441349b - <unknown>
[INFO] [stdout]   10:     0x5c9d6440528e - <unknown>
[INFO] [stdout]   11:     0x5c9d6440547c - <unknown>
[INFO] [stdout]   12:     0x5c9d64403922 - <unknown>
[INFO] [stdout]   13:     0x5c9d64405e8b - <unknown>
[INFO] [stdout]   14:     0x5c9d64474e5b - <unknown>
[INFO] [stdout]   15:     0x5c9d644710e6 - <unknown>
[INFO] [stdout]   16:     0x5c9d6447090c - <unknown>
[INFO] [stdout]   17:     0x5c9d6448e6fc - <unknown>
[INFO] [stdout]   18:     0x5c9d6445dc68 - <unknown>
[INFO] [stdout]   19:     0x735575dbadfa - <unknown>
[INFO] [stdout]   20:     0x735575e4e3d4 - clone
[INFO] [stdout]   21:                0x0 - <unknown>
[INFO] [stdout] 
[INFO] [stdout] ---- status_reports_partitions_and_lag stdout ----
[INFO] [stdout] 
[INFO] [stdout] thread 'status_reports_partitions_and_lag' (2048) panicked at crates/cli/tests/integration.rs:40:5:
[INFO] [stdout] /opt/rustwide/target/release/build/agent-bus-cli/5f8a7dc78f3a10d9/out/agent-bus is not built; run `cargo build` first
[INFO] [stdout] stack backtrace:
[INFO] [stdout]    0:     0x5c9d644372b5 - <unknown>
[INFO] [stdout]    1:     0x5c9d64413604 - <unknown>
[INFO] [stdout]    2:     0x5c9d6443695b - <unknown>
[INFO] [stdout]    3:     0x5c9d64436559 - <unknown>
[INFO] [stdout]    4:     0x5c9d644361da - <unknown>
[INFO] [stdout]    5:     0x5c9d64435d0b - <unknown>
[INFO] [stdout]    6:     0x5c9d6445bb61 - <unknown>
[INFO] [stdout]    7:     0x5c9d6445bb19 - <unknown>
[INFO] [stdout]    8:     0x5c9d6445c00c - <unknown>
[INFO] [stdout]    9:     0x5c9d6441349b - <unknown>
[INFO] [stdout]   10:     0x5c9d6440528e - <unknown>
[INFO] [stdout]   11:     0x5c9d6440547c - <unknown>
[INFO] [stdout]   12:     0x5c9d64403922 - <unknown>
[INFO] [stdout]   13:     0x5c9d644086e0 - <unknown>
[INFO] [stdout]   14:     0x5c9d64474e5b - <unknown>
[INFO] [stdout]   15:     0x5c9d644710e6 - <unknown>
[INFO] [stdout]   16:     0x5c9d6447090c - <unknown>
[INFO] [stdout]   17:     0x5c9d6448e6fc - <unknown>
[INFO] [stdout]   18:     0x5c9d6445dc68 - <unknown>
[INFO] [stdout]   19:     0x735575dbadfa - <unknown>
[INFO] [stdout]   20:     0x735575e4e3d4 - clone
[INFO] [stdout]   21:                0x0 - <unknown>
[INFO] [stdout] 
[INFO] [stdout] ---- the_daemon_auto_starts_on_first_use stdout ----
[INFO] [stdout] 
[INFO] [stdout] thread 'the_daemon_auto_starts_on_first_use' (2050) panicked at crates/cli/tests/integration.rs:40:5:
[INFO] [stdout] /opt/rustwide/target/release/build/agent-bus-cli/5f8a7dc78f3a10d9/out/agent-bus is not built; run `cargo build` first
[INFO] [stdout] stack backtrace:
[INFO] [stdout]    0:     0x5c9d644372b5 - <unknown>
[INFO] [stdout]    1:     0x5c9d64413604 - <unknown>
[INFO] [stdout]    2:     0x5c9d6443695b - <unknown>
[INFO] [stdout]    3:     0x5c9d64436559 - <unknown>
[INFO] [stdout]    4:     0x5c9d644361da - <unknown>
[INFO] [stdout]    5:     0x5c9d64435d0b - <unknown>
[INFO] [stdout]    6:     0x5c9d6445bb61 - <unknown>
[INFO] [stdout]    7:     0x5c9d6445bb19 - <unknown>
[INFO] [stdout]    8:     0x5c9d6445c00c - <unknown>
[INFO] [stdout]    9:     0x5c9d6441349b - <unknown>
[INFO] [stdout]   10:     0x5c9d6440528e - <unknown>
[INFO] [stdout]   11:     0x5c9d6440547c - <unknown>
[INFO] [stdout]   12:     0x5c9d64403922 - <unknown>
[INFO] [stdout]   13:     0x5c9d6440978b - <unknown>
[INFO] [stdout]   14:     0x5c9d64474e5b - <unknown>
[INFO] [stdout]   15:     0x5c9d644710e6 - <unknown>
[INFO] [stdout]   16:     0x5c9d6447090c - <unknown>
[INFO] [stdout]   17:     0x5c9d6448e6fc - <unknown>
[INFO] [stdout]   18:     0x5c9d6445dc68 - <unknown>
[INFO] [stdout]   19:     0x735575dbadfa - <unknown>
[INFO] [stdout]   20:     0x735575e4e3d4 - clone
[INFO] [stdout]   21:                0x0 - <unknown>
[INFO] [stdout] 
[INFO] [stdout] ---- the_subscriber_id_defaults_to_the_pattern stdout ----
[INFO] [stdout] 
[INFO] [stdout] thread 'the_subscriber_id_defaults_to_the_pattern' (2051) panicked at crates/cli/tests/integration.rs:40:5:
[INFO] [stdout] /opt/rustwide/target/release/build/agent-bus-cli/5f8a7dc78f3a10d9/out/agent-bus is not built; run `cargo build` first
[INFO] [stdout] stack backtrace:
[INFO] [stdout]    0:     0x5c9d644372b5 - <unknown>
[INFO] [stdout]    1:     0x5c9d64413604 - <unknown>
[INFO] [stdout]    2:     0x5c9d6443695b - <unknown>
[INFO] [stdout]    3:     0x5c9d64436559 - <unknown>
[INFO] [stdout]    4:     0x5c9d644361da - <unknown>
[INFO] [stdout]    5:     0x5c9d64435d0b - <unknown>
[INFO] [stdout]    6:     0x5c9d6445bb61 - <unknown>
[INFO] [stdout]    7:     0x5c9d6445bb19 - <unknown>
[INFO] [stdout]    8:     0x5c9d6445c00c - <unknown>
[INFO] [stdout]    9:     0x5c9d6441349b - <unknown>
[INFO] [stdout]   10:     0x5c9d6440528e - <unknown>
[INFO] [stdout]   11:     0x5c9d6440547c - <unknown>
[INFO] [stdout]   12:     0x5c9d64403922 - <unknown>
[INFO] [stdout]   13:     0x5c9d6440cd62 - <unknown>
[INFO] [stdout]   14:     0x5c9d64474e5b - <unknown>
[INFO] [stdout]   15:     0x5c9d644710e6 - <unknown>
[INFO] [stdout]   16:     0x5c9d6447090c - <unknown>
[INFO] [stdout]   17:     0x5c9d6448e6fc - <unknown>
[INFO] [stdout]   18:     0x5c9d6445dc68 - <unknown>
[INFO] [stdout]   19:     0x735575dbadfa - <unknown>
[INFO] [stdout]   20:     0x735575e4e3d4 - clone
[INFO] [stdout]   21:                0x0 - <unknown>
[INFO] [stdout] 
[INFO] [stdout] 
[INFO] [stdout] failures:
[INFO] [stdout]     a_bare_partition_name_matches_the_whole_partition
[INFO] [stdout]     a_clamped_timeout_still_times_out_with_exit_code_two
[INFO] [stdout]     a_missing_daemon_binary_exits_three
[INFO] [stdout]     a_traversal_topic_is_rejected
[INFO] [stdout]     acking_one_pattern_does_not_consume_another_patterns_messages
[INFO] [stdout]     an_empty_body_is_rejected_the_same_way_from_either_source
[INFO] [stdout]     an_enormous_timeout_does_not_kill_the_connection
[INFO] [stdout]     an_unreachable_daemon_exits_three
[INFO] [stdout]     argument_errors_exit_one_not_two
[INFO] [stdout]     broadcast_is_consumed_once_per_label_not_once_per_call
[INFO] [stdout]     broadcast_messages_are_delivered_to_every_distinct_label
[INFO] [stdout]     concurrent_first_use_starts_exactly_one_daemon
[INFO] [stdout]     concurrent_posters_and_readers_deliver_each_message_exactly_once
[INFO] [stdout]     concurrent_waiters_each_receive_every_message_exactly_once
[INFO] [stdout]     consumers_sharing_a_pattern_are_exclusive
[INFO] [stdout]     corrupt_log_lines_do_not_prevent_startup
[INFO] [stdout]     cursors_survive_a_daemon_restart
[INFO] [stdout]     daemon_command_is_idempotent
[INFO] [stdout]     dashboard_refuses_without_a_terminal
[INFO] [stdout]     exclusive_and_broadcast_messages_coexist
[INFO] [stdout]     follow_streams_stored_and_later_messages
[INFO] [stdout]     guide_prints_without_a_daemon
[INFO] [stdout]     history_is_repeatable_and_windowed
[INFO] [stdout]     history_replays_consumed_messages
[INFO] [stdout]     history_without_since_returns_everything_retained
[INFO] [stdout]     hook_install_dry_run_writes_nothing
[INFO] [stdout]     invalid_input_exits_one
[INFO] [stdout]     json_messages_carry_the_documented_fields
[INFO] [stdout]     no_duplicate_delivery_after_a_daemon_restart
[INFO] [stdout]     overlapping_patterns_do_not_double_deliver_to_one_agent
[INFO] [stdout]     partitions_are_isolated
[INFO] [stdout]     per_pattern_cursors_survive_a_restart
[INFO] [stdout]     post_reads_the_body_from_stdin_when_omitted
[INFO] [stdout]     post_then_read_delivers_the_message
[INFO] [stdout]     read_drains_all_unread_but_wait_takes_one
[INFO] [stdout]     reading_twice_does_not_redeliver
[INFO] [stdout]     status_reports_partitions_and_lag
[INFO] [stdout]     stop_without_a_daemon_succeeds_and_starts_nothing
[INFO] [stdout]     the_daemon_auto_starts_on_first_use
[INFO] [stdout]     the_subscriber_id_defaults_to_the_pattern
[INFO] [stdout]     wait_returns_a_message_posted_before_it_started
[INFO] [stdout]     wait_times_out_with_exit_code_two
[INFO] [stdout]     wait_wakes_when_a_message_arrives_later
[INFO] [stdout]     wildcards_respect_segment_depth
[INFO] [stdout] 
[INFO] [stdout] test result: FAILED. 0 passed; 44 failed; 0 ignored; 0 measured; 0 filtered out; finished in 0.01s
[INFO] [stdout] 
[INFO] running `Command { std: "docker" "inspect" "780df8682449200e700cf3053ad68435486d5381cc5bce361151b6344a913e89", kill_on_drop: false }`
[INFO] running `Command { std: "docker" "rm" "-f" "780df8682449200e700cf3053ad68435486d5381cc5bce361151b6344a913e89", kill_on_drop: false }`
[INFO] [stdout] 780df8682449200e700cf3053ad68435486d5381cc5bce361151b6344a913e89
