[INFO] cloning repository https://github.com/payload/cargo-cult
[INFO] running `Command { std: "git" "-c" "credential.helper=" "-c" "credential.helper=/workspace/cargo-home/bin/git-credential-null" "clone" "--bare" "https://github.com/payload/cargo-cult" "/workspace/cache/git-repos/https%3A%2F%2Fgithub.com%2Fpayload%2Fcargo-cult", kill_on_drop: false }`
[INFO] [stderr] Cloning into bare repository '/workspace/cache/git-repos/https%3A%2F%2Fgithub.com%2Fpayload%2Fcargo-cult'...
[INFO] running `Command { std: "git" "rev-parse" "HEAD", kill_on_drop: false }`
[INFO] [stdout] dd180c002eb31108a4f2ea6fd9312c4c570a7f2b
[INFO] testing payload/cargo-cult against 1.100.0-beta.1+cargoflags=--release for beta-release-1.100-2
[INFO] running `Command { std: "git" "clone" "/workspace/cache/git-repos/https%3A%2F%2Fgithub.com%2Fpayload%2Fcargo-cult" "/workspace/builds/worker-1-tc2/source", kill_on_drop: false }`
[INFO] [stderr] Cloning into '/workspace/builds/worker-1-tc2/source'...
[INFO] [stderr] done.
[INFO] started tweaking git repo https://github.com/payload/cargo-cult
[INFO] finished tweaking git repo https://github.com/payload/cargo-cult
[INFO] tweaked toml for git repo https://github.com/payload/cargo-cult written to /workspace/builds/worker-1-tc2/source/Cargo.toml
[INFO] validating manifest of git repo https://github.com/payload/cargo-cult on toolchain 1.100.0-beta.1
[INFO] running `Command { std: CARGO_HOME="/workspace/cargo-home" RUSTUP_HOME="/workspace/rustup-home" "/workspace/cargo-home/bin/cargo" "+1.100.0-beta.1" "metadata" "--manifest-path" "Cargo.toml" "--no-deps", kill_on_drop: false }`
[INFO] crate git repo https://github.com/payload/cargo-cult already has a lockfile, it will not be regenerated
[INFO] running `Command { std: CARGO_HOME="/workspace/cargo-home" RUSTUP_HOME="/workspace/rustup-home" "/workspace/cargo-home/bin/cargo" "+1.100.0-beta.1" "fetch" "--manifest-path" "Cargo.toml", kill_on_drop: false }`
[INFO] [stderr]     Blocking waiting for file lock on package cache
[INFO] [stderr]     Blocking waiting for file lock on package cache
[INFO] [stderr]  Downloading crates ...
[INFO] [stderr]   Downloaded predicates-tree v1.0.0
[INFO] [stderr]   Downloaded num-traits v0.1.43
[INFO] [stderr]   Downloaded pkg-config v0.3.17
[INFO] [stderr]   Downloaded lyon_path v0.13.2
[INFO] [stderr]   Downloaded wait-timeout v0.2.0
[INFO] [stderr]   Downloaded aho-corasick v0.7.13
[INFO] [stderr]   Downloaded unicode-xid v0.1.0
[INFO] [stderr]   Downloaded treeline v0.1.0
[INFO] [stderr]   Downloaded lyon_geom v0.12.7
[INFO] [stderr]   Downloaded void v1.0.2
[INFO] [stderr]   Downloaded approx v0.3.2
[INFO] [stderr]   Downloaded cargo_metadata v0.6.4
[INFO] [stderr]   Downloaded bytecount v0.4.0
[INFO] [stderr]   Downloaded coreaudio-sys v0.2.4
[INFO] [stderr]   Downloaded raw-window-handle v0.3.3
[INFO] [stderr]   Downloaded sid v0.5.2
[INFO] [stderr]   Downloaded memoffset v0.5.4
[INFO] [stderr]   Downloaded predicates-core v1.0.0
[INFO] [stderr]   Downloaded vec_map v0.8.1
[INFO] [stderr]   Downloaded andrew v0.2.1
[INFO] [stderr]   Downloaded unicode-width v0.1.8
[INFO] [stderr]   Downloaded wayland-scanner v0.21.13
[INFO] [stderr]   Downloaded quote v0.6.13
[INFO] [stderr]   Downloaded skeptic v0.13.4
[INFO] [stderr]   Downloaded doc-comment v0.3.3
[INFO] [stderr]   Downloaded wayland-commons v0.21.13
[INFO] [stderr]   Downloaded tempdir v0.3.7
[INFO] [stderr]   Downloaded core-foundation-sys v0.5.1
[INFO] [stderr]   Downloaded mint v0.5.5
[INFO] [stderr]   Downloaded shlex v0.1.1
[INFO] [stderr]   Downloaded wayland-sys v0.21.13
[INFO] [stderr]   Downloaded line_drawing v0.7.0
[INFO] [stderr]   Downloaded smart-default v0.5.2
[INFO] [stderr]   Downloaded lazycell v1.2.1
[INFO] [stderr]   Downloaded lyon_tessellation v0.13.5
[INFO] [stderr]   Downloaded itoa v0.4.5
[INFO] [stderr]   Downloaded downcast-rs v1.1.1
[INFO] [stderr]   Downloaded remove_dir_all v0.5.2
[INFO] [stderr]   Downloaded lyon v0.13.5
[INFO] [stderr]   Downloaded arrayref v0.3.6
[INFO] [stderr]   Downloaded libloading v0.5.2
[INFO] [stderr]   Downloaded memmap v0.7.0
[INFO] [stderr]   Downloaded core-foundation-sys v0.6.2
[INFO] [stderr]   Downloaded glutin_wgl_sys v0.1.4
[INFO] [stderr]   Downloaded directories v2.0.2
[INFO] [stderr]   Downloaded assert_cmd v1.0.1
[INFO] [stderr]   Downloaded alsa-sys v0.1.2
[INFO] [stderr]   Downloaded tiff v0.3.1
[INFO] [stderr]   Downloaded adler32 v1.0.4
[INFO] [stderr]   Downloaded color_quant v1.0.1
[INFO] [stderr]   Downloaded smallvec v0.6.13
[INFO] [stderr]   Downloaded core-foundation v0.6.4
[INFO] [stderr]   Downloaded num-rational v0.2.4
[INFO] [stderr]   Downloaded mach v0.2.3
[INFO] [stderr]   Downloaded zip v0.5.5
[INFO] [stderr]   Downloaded android_glue v0.2.3
[INFO] [stderr]   Downloaded podio v0.1.6
[INFO] [stderr]   Downloaded dlib v0.4.1
[INFO] [stderr]   Downloaded xdg v2.2.0
[INFO] [stderr]   Downloaded ordered-float v1.0.2
[INFO] [stderr]   Downloaded ogg v0.7.0
[INFO] [stderr]   Downloaded cexpr v0.4.0
[INFO] [stderr]   Downloaded getrandom v0.1.14
[INFO] [stderr]   Downloaded num-integer v0.1.42
[INFO] [stderr]   Downloaded matrixmultiply v0.2.3
[INFO] [stderr]   Downloaded walkdir v2.3.1
[INFO] [stderr]   Downloaded redox_syscall v0.1.56
[INFO] [stderr]   Downloaded lock_api v0.3.4
[INFO] [stderr]   Downloaded glob v0.2.11
[INFO] [stderr]   Downloaded error-chain v0.12.2
[INFO] [stderr]   Downloaded num-complex v0.2.4
[INFO] [stderr]   Downloaded ppv-lite86 v0.2.6
[INFO] [stderr]   Downloaded crossbeam-deque v0.7.3
[INFO] [stderr]   Downloaded xml-rs v0.8.2
[INFO] [stderr]   Downloaded rusttype v0.8.3
[INFO] [stderr]   Downloaded stb_truetype v0.3.1
[INFO] [stderr]   Downloaded typenum v1.12.0
[INFO] [stderr]   Downloaded hound v3.4.0
[INFO] [stderr]   Downloaded clang-sys v0.29.3
[INFO] [stderr]   Downloaded predicates v1.0.5
[INFO] [stderr]   Downloaded x11-dl v2.18.5
[INFO] [stderr]   Downloaded parking_lot_core v0.6.2
[INFO] [stderr]   Downloaded glutin_glx_sys v0.1.6
[INFO] [stderr]   Downloaded glutin_egl_sys v0.1.4
[INFO] [stderr]   Downloaded gfx_window_glutin v0.30.0
[INFO] [stderr]   Downloaded draw_state v0.8.0
[INFO] [stderr]   Downloaded dirs-sys v0.3.4
[INFO] [stderr]   Downloaded lzw v0.10.0
[INFO] [stderr]   Downloaded glyph_brush_layout v0.1.9
[INFO] [stderr]   Downloaded glutin_gles2_sys v0.1.4
[INFO] [stderr]   Downloaded proc-macro2 v0.4.30
[INFO] [stderr]   Downloaded parking_lot v0.9.0
[INFO] [stderr]   Downloaded core-graphics v0.17.3
[INFO] [stderr]   Downloaded cocoa v0.18.5
[INFO] [stderr]   Downloaded generic-array v0.12.3
[INFO] [stderr]   Downloaded alga v0.9.3
[INFO] [stderr]   Downloaded cpal v0.8.2
[INFO] [stderr]   Downloaded num-iter v0.1.40
[INFO] [stderr]   Downloaded wasm-bindgen-macro v0.2.60
[INFO] [stderr]   Downloaded crc32fast v1.2.0
[INFO] [stderr]   Downloaded cc v1.0.52
[INFO] [stderr]   Downloaded redox_users v0.3.4
[INFO] [stderr]   Downloaded rusttype v0.7.9
[INFO] [stderr]   Downloaded rustc-demangle v0.1.16
[INFO] [stderr]   Downloaded toml v0.5.6
[INFO] [stderr]   Downloaded lewton v0.9.4
[INFO] [stderr]   Downloaded coreaudio-rs v0.9.1
[INFO] [stderr]   Downloaded twox-hash v1.5.0
[INFO] [stderr]   Downloaded osmesa-sys v0.1.2
[INFO] [stderr]   Downloaded cgl v0.2.3
[INFO] [stderr]   Downloaded wasm-bindgen-shared v0.2.60
[INFO] [stderr]   Downloaded base-x v0.2.6
[INFO] [stderr]   Downloaded fnv v1.0.6
[INFO] [stderr]   Downloaded gfx_gl v0.6.1
[INFO] [stderr]   Downloaded constant_time_eq v0.1.5
[INFO] [stderr]   Downloaded wayland-client v0.21.13
[INFO] [stderr]   Downloaded smithay-client-toolkit v0.4.6
[INFO] [stderr]   Downloaded backtrace v0.3.46
[INFO] [stderr]   Downloaded serde_json v1.0.51
[INFO] [stderr]   Downloaded claxon v0.4.2
[INFO] [stderr]   Downloaded wayland-protocols v0.21.13
[INFO] [stderr]   Downloaded pulldown-cmark v0.2.0
[INFO] [stderr]   Downloaded syn v0.15.44
[INFO] [stderr]   Downloaded nix v0.14.1
[INFO] [stderr]   Downloaded clap v2.33.1
[INFO] [stderr]   Downloaded bindgen v0.53.2
[INFO] [stderr]   Downloaded euclid_macros v0.1.0
[INFO] [stderr]   Downloaded shared_library v0.1.9
[INFO] [stderr]   Downloaded rust-argon2 v0.7.0
[INFO] [stderr]   Downloaded arrayvec v0.5.1
[INFO] [stderr]   Downloaded winit v0.19.5
[INFO] [stderr]   Downloaded nalgebra v0.18.1
[INFO] [stderr]   Downloaded gleam v0.6.19
[INFO] [stderr]   Downloaded num-derive v0.2.5
[INFO] [stderr]   Downloaded inflate v0.4.5
[INFO] [stderr]   Downloaded gif v0.10.3
[INFO] [stderr]   Downloaded lyon_algorithms v0.13.4
[INFO] [stderr]   Downloaded gl_generator v0.13.1
[INFO] [stderr]   Downloaded wasm-bindgen-macro-support v0.2.60
[INFO] [stderr]   Downloaded wasm-bindgen-backend v0.2.60
[INFO] [stderr]   Downloaded gfx_device_gl v0.16.2
[INFO] [stderr]   Downloaded gfx_core v0.9.2
[INFO] [stderr]   Downloaded gfx v0.18.2
[INFO] [stderr]   Downloaded blake2b_simd v0.5.10
[INFO] [stderr]   Downloaded png v0.15.3
[INFO] [stderr]   Downloaded gilrs-core v0.2.5
[INFO] [stderr]   Downloaded base64 v0.11.0
[INFO] [stderr]   Downloaded glyph_brush v0.5.4
[INFO] [stderr]   Downloaded glyph_brush v0.6.3
[INFO] [stderr]   Downloaded glutin v0.20.1
[INFO] [stderr]   Downloaded uuid v0.8.1
[INFO] [stderr]   Downloaded nix v0.15.0
[INFO] [stderr]   Downloaded io-kit-sys v0.1.0
[INFO] [stderr]   Downloaded euclid v0.19.9
[INFO] [stderr]   Downloaded backtrace-sys v0.1.36
[INFO] [stderr]   Downloaded ggez v0.5.1
[INFO] [stderr]   Downloaded xi-unicode v0.2.0
[INFO] [stderr]   Downloaded wasm-bindgen v0.2.60
[INFO] [stderr]   Downloaded bumpalo v3.2.1
[INFO] [stderr]   Downloaded deflate v0.7.20
[INFO] [stderr]   Downloaded jpeg-decoder v0.1.18
[INFO] [stderr]   Downloaded image v0.22.5
[INFO] [stderr]   Downloaded gilrs v0.7.4
[INFO] [stderr]   Downloaded rodio v0.9.0
[INFO] running `Command { std: "docker" "create" "-v" "/var/lib/crater-agent-workspace/builds/worker-1-tc2/source:/opt/rustwide/workdir:ro,Z" "-v" "/var/lib/crater-agent-workspace/builds/worker-1-tc2/target:/opt/rustwide/target:rw,Z" "-v" "/var/lib/crater-agent-workspace/cargo-home:/opt/rustwide/cargo-home:ro,Z" "-v" "/var/lib/crater-agent-workspace/rustup-home:/opt/rustwide/rustup-home:ro,Z" "-m" "1610612736" "--network" "none" "ghcr.io/rust-lang/crates-build-env/linux@sha256:77db811e55d90add9212f6832c23229e3de5f1c1f9905e8cb07319ea15df73ac" "sleep" "infinity", kill_on_drop: false }`
[INFO] [stdout] b91a7444936ebd5687173af65412aba1e8b34de2a9c04898a34123f8bff3afd5
[INFO] running `Command { std: "docker" "start" "b91a7444936ebd5687173af65412aba1e8b34de2a9c04898a34123f8bff3afd5", kill_on_drop: false }`
[INFO] running `Command { std: "docker" "inspect" "b91a7444936ebd5687173af65412aba1e8b34de2a9c04898a34123f8bff3afd5", kill_on_drop: false }`
[INFO] running `Command { std: "docker" "exec" "-e" "SOURCE_DIR=/opt/rustwide/workdir" "-e" "CARGO_HOME=/opt/rustwide/cargo-home" "-e" "RUSTUP_HOME=/opt/rustwide/rustup-home" "-e" "CARGO_TARGET_DIR=/opt/rustwide/target" "-w" "/opt/rustwide/workdir" "--user" "0:0" "b91a7444936ebd5687173af65412aba1e8b34de2a9c04898a34123f8bff3afd5" "/opt/rustwide/cargo-home/bin/cargo" "+1.100.0-beta.1" "metadata" "--no-deps" "--format-version=1", kill_on_drop: false }`
[INFO] running `Command { std: "docker" "inspect" "b91a7444936ebd5687173af65412aba1e8b34de2a9c04898a34123f8bff3afd5", kill_on_drop: false }`
[INFO] running `Command { std: "docker" "exec" "-e" "SOURCE_DIR=/opt/rustwide/workdir" "-e" "CARGO_HOME=/opt/rustwide/cargo-home" "-e" "RUSTUP_HOME=/opt/rustwide/rustup-home" "-e" "CARGO_TARGET_DIR=/opt/rustwide/target" "-e" "CARGO_INCREMENTAL=0" "-e" "RUST_BACKTRACE=full" "-e" "RUSTFLAGS=--cap-lints=warn" "-e" "RUSTDOCFLAGS=--cap-lints=warn" "-w" "/opt/rustwide/workdir" "--user" "0:0" "b91a7444936ebd5687173af65412aba1e8b34de2a9c04898a34123f8bff3afd5" "/opt/rustwide/cargo-home/bin/cargo" "+1.100.0-beta.1" "build" "--frozen" "--message-format=json" "--release", kill_on_drop: false }`
[INFO] [stderr]    Compiling libc v0.2.69
[INFO] [stderr]    Compiling cfg-if v0.1.10
[INFO] [stderr]    Compiling libm v0.2.1
[INFO] [stderr]    Compiling proc-macro2 v0.4.30
[INFO] [stderr]    Compiling log v0.4.8
[INFO] [stderr]    Compiling unicode-xid v0.1.0
[INFO] [stderr]    Compiling num-traits v0.2.11
[INFO] [stderr]    Compiling xml-rs v0.8.2
[INFO] [stderr]    Compiling cc v1.0.52
[INFO] [stderr]    Compiling serde v1.0.106
[INFO] [stderr]    Compiling maybe-uninit v2.0.0
[INFO] [stderr]    Compiling pkg-config v0.3.17
[INFO] [stderr]    Compiling khronos_api v3.1.0
[INFO] [stderr]    Compiling quote v0.6.13
[INFO] [stderr]    Compiling crossbeam-utils v0.7.2
[INFO] [stderr]    Compiling memoffset v0.5.4
[INFO] [stderr]    Compiling crossbeam-epoch v0.8.2
[INFO] [stderr]    Compiling syn v0.15.44
[INFO] [stderr]    Compiling libloading v0.5.2
[INFO] [stderr]    Compiling rand_core v0.4.2
[INFO] [stderr]    Compiling void v1.0.2
[INFO] [stderr]    Compiling wayland-scanner v0.21.13
[INFO] [stderr]    Compiling approx v0.3.2
[INFO] [stderr]    Compiling num_cpus v1.13.0
[INFO] [stderr]    Compiling ordered-float v1.0.2
[INFO] [stderr]    Compiling stb_truetype v0.3.1
[INFO] [stderr]    Compiling crossbeam-deque v0.7.3
[INFO] [stderr]    Compiling nix v0.14.1
[INFO] [stderr]    Compiling dlib v0.4.1
[INFO] [stderr]    Compiling backtrace-sys v0.1.36
[INFO] [stderr]    Compiling gl_generator v0.13.1
[INFO] [stderr]    Compiling rusttype v0.8.3
[INFO] [stderr]    Compiling getrandom v0.1.14
[INFO] [stderr]    Compiling wayland-client v0.21.13
[INFO] [stderr]    Compiling wayland-sys v0.21.13
[INFO] [stderr]    Compiling rand_core v0.3.1
[INFO] [stderr]    Compiling smallvec v0.6.13
[INFO] [stderr]    Compiling num-integer v0.1.42
[INFO] [stderr]    Compiling arrayvec v0.4.12
[INFO] [stderr]    Compiling syn v1.0.17
[INFO] [stderr]    Compiling ryu v1.0.3
[INFO] [stderr]    Compiling error-chain v0.12.2
[INFO] [stderr]    Compiling wayland-protocols v0.21.13
[INFO] [stderr]    Compiling x11-dl v2.18.5
[INFO] [stderr]    Compiling rustc-demangle v0.1.16
[INFO] [stderr]    Compiling semver v0.9.0
[INFO] [stderr]    Compiling downcast-rs v1.1.1
[INFO] [stderr]    Compiling walkdir v2.3.1
[INFO] [stderr]    Compiling backtrace v0.3.46
[INFO] [stderr]    Compiling rustc_version v0.2.3
[INFO] [stderr]    Compiling rand_core v0.5.1
[INFO] [stderr]    Compiling parking_lot_core v0.6.2
[INFO] [stderr]    Compiling parking_lot v0.9.0
[INFO] [stderr]    Compiling rusttype v0.7.9
[INFO] [stderr]    Compiling line_drawing v0.7.0
[INFO] [stderr]    Compiling rand_pcg v0.1.2
[INFO] [stderr]    Compiling rand_chacha v0.1.1
[INFO] [stderr]    Compiling gl_generator v0.14.0
[INFO] [stderr]    Compiling num-rational v0.2.4
[INFO] [stderr]    Compiling bitflags v1.2.1
[INFO] [stderr]    Compiling num-complex v0.2.4
[INFO] [stderr]    Compiling typenum v1.12.0
[INFO] [stderr]    Compiling crc32fast v1.2.0
[INFO] [stderr]    Compiling ppv-lite86 v0.2.6
[INFO] [stderr]    Compiling pulldown-cmark v0.2.0
[INFO] [stderr]    Compiling euclid_macros v0.1.0
[INFO] [stderr]    Compiling xdg v2.2.0
[INFO] [stderr]    Compiling wayland-commons v0.21.13
[INFO] [stderr]    Compiling vec_map v0.8.1
[INFO] [stderr]    Compiling euclid v0.19.9
[INFO] [stderr]    Compiling itoa v0.4.5
[INFO] [stderr]    Compiling rand_chacha v0.2.2
[INFO] [stderr]    Compiling serde_json v1.0.51
[INFO] [stderr]    Compiling andrew v0.2.1
[INFO] [stderr]    Compiling gfx_gl v0.6.1
[INFO] [stderr]    Compiling lyon_geom v0.12.7
[INFO] [stderr]    Compiling glutin_egl_sys v0.1.4
[INFO] [stderr]    Compiling glutin_glx_sys v0.1.6
[INFO] [stderr]    Compiling rand v0.4.6
[INFO] [stderr]    Compiling memmap v0.7.0
[INFO] [stderr]    Compiling num-traits v0.1.43
[INFO] [stderr]    Compiling rand v0.6.5
[INFO] [stderr]    Compiling serde_derive v1.0.106
[INFO] [stderr]    Compiling lock_api v0.3.4
[INFO] [stderr]    Compiling libudev-sys v0.1.4
[INFO] [stderr]    Compiling alsa-sys v0.1.2
[INFO] [stderr]    Compiling draw_state v0.8.0
[INFO] [stderr]    Compiling num-derive v0.2.5
[INFO] [stderr]    Compiling nix v0.15.0
[INFO] [stderr]    Compiling adler32 v1.0.4
[INFO] [stderr]    Compiling remove_dir_all v0.5.2
[INFO] [stderr]    Compiling tempdir v0.3.7
[INFO] [stderr]    Compiling gfx_core v0.9.2
[INFO] [stderr]    Compiling sid v0.5.2
[INFO] [stderr]    Compiling lyon_path v0.13.2
[INFO] [stderr]    Compiling rand v0.7.3
[INFO] [stderr]    Compiling rand_isaac v0.1.1
[INFO] [stderr]    Compiling rand_xorshift v0.1.1
[INFO] [stderr]    Compiling rand_hc v0.1.0
[INFO] [stderr]    Compiling raw-window-handle v0.3.3
[INFO] [stderr]    Compiling rand_os v0.1.3
[INFO] [stderr]    Compiling shared_library v0.1.9
[INFO] [stderr]    Compiling rand_jitter v0.1.4
[INFO] [stderr]    Compiling num-iter v0.1.40
[INFO] [stderr]    Compiling lzw v0.10.0
[INFO] [stderr]    Compiling percent-encoding v2.1.0
[INFO] [stderr]    Compiling xi-unicode v0.2.0
[INFO] [stderr]    Compiling bytecount v0.4.0
[INFO] [stderr]    Compiling glob v0.2.11
[INFO] [stderr]    Compiling matrixmultiply v0.2.3
[INFO] [stderr]    Compiling twox-hash v1.5.0
[INFO] [stderr]    Compiling glyph_brush_layout v0.1.9
[INFO] [stderr]    Compiling osmesa-sys v0.1.2
[INFO] [stderr]    Compiling generic-array v0.12.3
[INFO] [stderr]    Compiling alga v0.9.3
[INFO] [stderr]    Compiling deflate v0.7.20
[INFO] [stderr]    Compiling inflate v0.4.5
[INFO] [stderr]    Compiling ogg v0.7.0
[INFO] [stderr]    Compiling cargo_metadata v0.6.4
[INFO] [stderr]    Compiling color_quant v1.0.1
[INFO] [stderr]    Compiling uuid v0.8.1
[INFO] [stderr]    Compiling mint v0.5.5
[INFO] [stderr]    Compiling gif v0.10.3
[INFO] [stderr]    Compiling skeptic v0.13.4
[INFO] [stderr]    Compiling nalgebra v0.18.1
[INFO] [stderr]    Compiling lewton v0.9.4
[INFO] [stderr]    Compiling tiff v0.3.1
[INFO] [stderr]    Compiling png v0.15.3
[INFO] [stderr]    Compiling ggez v0.5.1
[INFO] [stderr]    Compiling cpal v0.8.2
[INFO] [stderr]    Compiling gfx_device_gl v0.16.2
[INFO] [stderr]    Compiling glyph_brush v0.6.3
[INFO] [stderr]    Compiling lyon_algorithms v0.13.4
[INFO] [stderr]    Compiling gilrs-core v0.2.5
[INFO] [stderr]    Compiling lyon_tessellation v0.13.5
[INFO] [stderr]    Compiling dirs-sys v0.3.4
[INFO] [stderr]    Compiling jpeg-decoder v0.1.18
[INFO] [stderr]    Compiling claxon v0.4.2
[INFO] [stderr]    Compiling hound v3.4.0
[INFO] [stderr]    Compiling podio v0.1.6
[INFO] [stderr]    Compiling fnv v1.0.6
[INFO] [stderr]    Compiling gilrs v0.7.4
[INFO] [stderr]    Compiling zip v0.5.5
[INFO] [stderr]    Compiling image v0.22.5
[INFO] [stderr]    Compiling toml v0.5.6
[INFO] [stderr]    Compiling directories v2.0.2
[INFO] [stderr]    Compiling lyon v0.13.5
[INFO] [stderr]    Compiling glyph_brush v0.5.4
[INFO] [stderr]    Compiling gfx v0.18.2
[INFO] [stderr]    Compiling smart-default v0.5.2
[INFO] [stderr]    Compiling unicode-width v0.1.8
[INFO] [stderr]    Compiling textwrap v0.11.0
[INFO] [stderr]    Compiling atty v0.2.14
[INFO] [stderr]    Compiling ansi_term v0.11.0
[INFO] [stderr]    Compiling clap v2.33.1
[INFO] [stderr]    Compiling rodio v0.9.0
[INFO] [stderr]    Compiling kvs v0.1.0 (/opt/rustwide/workdir/playground-kvs)
[INFO] [stderr]    Compiling smithay-client-toolkit v0.4.6
[INFO] [stderr]    Compiling winit v0.19.5
[INFO] [stderr]    Compiling glutin v0.20.1
[INFO] [stderr]    Compiling gfx_window_glutin v0.30.0
[INFO] [stderr]    Compiling ggez-sandspiel v0.1.0 (/opt/rustwide/workdir/ggez-sandspiel)
[INFO] [stderr]    Compiling ggez-kruemel v0.1.0 (/opt/rustwide/workdir/ggez-kruemel)
[INFO] [stderr]     Finished `release` profile [optimized] target(s) in 1m 42s
[INFO] [stderr] warning: the following packages contain code that will be rejected by a future version of Rust: gfx_device_gl v0.16.2, gilrs-core v0.2.5
[INFO] [stderr] note: to see what the problems were, use the option `--future-incompat-report`, or run `cargo report future-incompatibilities --id 2`
[INFO] running `Command { std: "docker" "inspect" "b91a7444936ebd5687173af65412aba1e8b34de2a9c04898a34123f8bff3afd5", kill_on_drop: false }`
[INFO] running `Command { std: "docker" "exec" "-e" "SOURCE_DIR=/opt/rustwide/workdir" "-e" "CARGO_HOME=/opt/rustwide/cargo-home" "-e" "RUSTUP_HOME=/opt/rustwide/rustup-home" "-e" "CARGO_TARGET_DIR=/opt/rustwide/target" "-e" "CARGO_INCREMENTAL=0" "-e" "RUST_BACKTRACE=full" "-e" "RUSTFLAGS=--cap-lints=warn" "-e" "RUSTDOCFLAGS=--cap-lints=warn" "-w" "/opt/rustwide/workdir" "--user" "0:0" "b91a7444936ebd5687173af65412aba1e8b34de2a9c04898a34123f8bff3afd5" "/opt/rustwide/cargo-home/bin/cargo" "+1.100.0-beta.1" "test" "--frozen" "--no-run" "--message-format=json" "--release", kill_on_drop: false }`
[INFO] [stderr]    Compiling aho-corasick v0.7.13
[INFO] [stderr]    Compiling predicates-core v1.0.0
[INFO] [stderr]    Compiling doc-comment v0.3.3
[INFO] [stderr]    Compiling float-cmp v0.8.0
[INFO] [stderr]    Compiling treeline v0.1.0
[INFO] [stderr]    Compiling difference v2.0.0
[INFO] [stderr]    Compiling normalize-line-endings v0.3.0
[INFO] [stderr]    Compiling wait-timeout v0.2.0
[INFO] [stderr]    Compiling ggez-kruemel v0.1.0 (/opt/rustwide/workdir/ggez-kruemel)
[INFO] [stderr]    Compiling predicates-tree v1.0.0
[INFO] [stderr]    Compiling regex v1.3.7
[INFO] [stderr]    Compiling predicates v1.0.5
[INFO] [stderr]    Compiling assert_cmd v1.0.1
[INFO] [stderr]    Compiling kvs v0.1.0 (/opt/rustwide/workdir/playground-kvs)
[INFO] [stderr]     Finished `release` profile [optimized] target(s) in 6.47s
[INFO] [stderr] warning: the following packages contain code that will be rejected by a future version of Rust: gfx_device_gl v0.16.2, gilrs-core v0.2.5
[INFO] [stderr] note: to see what the problems were, use the option `--future-incompat-report`, or run `cargo report future-incompatibilities --id 2`
[INFO] running `Command { std: "docker" "inspect" "b91a7444936ebd5687173af65412aba1e8b34de2a9c04898a34123f8bff3afd5", kill_on_drop: false }`
[INFO] running `Command { std: "docker" "exec" "-e" "SOURCE_DIR=/opt/rustwide/workdir" "-e" "CARGO_HOME=/opt/rustwide/cargo-home" "-e" "RUSTUP_HOME=/opt/rustwide/rustup-home" "-e" "CARGO_TARGET_DIR=/opt/rustwide/target" "-e" "CARGO_INCREMENTAL=0" "-e" "RUST_BACKTRACE=full" "-e" "RUSTFLAGS=--cap-lints=warn" "-e" "RUSTDOCFLAGS=--cap-lints=warn" "-w" "/opt/rustwide/workdir" "--user" "0:0" "b91a7444936ebd5687173af65412aba1e8b34de2a9c04898a34123f8bff3afd5" "/opt/rustwide/cargo-home/bin/cargo" "+1.100.0-beta.1" "test" "--frozen" "--release", kill_on_drop: false }`
[INFO] [stderr]     Finished `release` profile [optimized] target(s) in 0.16s
[INFO] [stderr] warning: the following packages contain code that will be rejected by a future version of Rust: gfx_device_gl v0.16.2, gilrs-core v0.2.5
[INFO] [stderr] note: to see what the problems were, use the option `--future-incompat-report`, or run `cargo report future-incompatibilities --id 2`
[INFO] [stderr]      Running unittests src/main.rs (/opt/rustwide/target/release/build/ggez-kruemel/b67bb3838b037e92/out/ggez_kruemel-b67bb3838b037e92)
[INFO] [stdout] 
[INFO] [stdout] running 1 test
[INFO] [stdout] test test_tick_cells ... ok
[INFO] [stdout] 
[INFO] [stdout] test result: ok. 1 passed; 0 failed; 0 ignored; 0 measured; 0 filtered out; finished in 0.00s
[INFO] [stdout] 
[INFO] [stderr]      Running tests/tests.rs (/opt/rustwide/target/release/build/kvs/0b4db4ef5162fce7/out/tests-0b4db4ef5162fce7)
[INFO] [stdout] 
[INFO] [stdout] running 13 tests
[INFO] [stdout] test cli_rm ... FAILED
[INFO] [stdout] test cli_invalid_rm ... FAILED
[INFO] [stdout] test cli_invalid_get ... FAILED
[INFO] [stdout] test cli_version ... FAILED
[INFO] [stdout] test overwrite_value ... ok
[INFO] [stdout] test remove_key ... ok
[INFO] [stdout] test get_stored_value ... ok
[INFO] [stdout] test cli_invalid_set ... FAILED
[INFO] [stdout] test get_non_existent_value ... ok
[INFO] [stdout] test cli_invalid_subcommand ... FAILED
[INFO] [stdout] test cli_no_args ... FAILED
[INFO] [stdout] test cli_get ... FAILED
[INFO] [stdout] test cli_set ... FAILED
[INFO] [stdout] 
[INFO] [stdout] failures:
[INFO] [stdout] 
[INFO] [stdout] ---- cli_rm stdout ----
[INFO] [stdout] 
[INFO] [stdout] thread 'cli_rm' (14223) panicked at playground-kvs/tests/tests.rs:48:10:
[INFO] [stdout] called `Result::unwrap()` on an `Err` value: CargoError { cause: Some(NotFoundError { path: "/opt/rustwide/target/release/build/kvs/0b4db4ef5162fce7/out/kvs" }) }
[INFO] [stdout] stack backtrace:
[INFO] [stdout]    0:     0x6131722f1041 - <<std[617be2ca0a6fd877]::sys::backtrace::BacktraceLock>::print::DisplayBacktrace as core[a373ad73a504971]::fmt::Display>::fmt
[INFO] [stdout]    1:     0x6131723064da - core[a373ad73a504971]::fmt::write
[INFO] [stdout]    2:     0x6131722f650c - <alloc[2e1b2a31b91974c5]::vec::Vec<u8> as core[a373ad73a504971]::io::write::Write>::write_fmt
[INFO] [stdout]    3:     0x6131722ccf16 - std[617be2ca0a6fd877]::panicking::default_hook::{closure#0}
[INFO] [stdout]    4:     0x6131722e9659 - std[617be2ca0a6fd877]::panicking::default_hook
[INFO] [stdout]    5:     0x61317227e7c0 - test[aada8e7e76ba119b]::test_main_inner::{closure#0}
[INFO] [stdout]    6:     0x6131722e9812 - std[617be2ca0a6fd877]::panicking::panic_with_hook
[INFO] [stdout]    7:     0x6131722ccfc2 - std[617be2ca0a6fd877]::panicking::panic_handler::{closure#0}
[INFO] [stdout]    8:     0x6131722c5cd9 - std[617be2ca0a6fd877]::sys::backtrace::__rust_end_short_backtrace::<std[617be2ca0a6fd877]::panicking::panic_handler::{closure#0}, !>
[INFO] [stdout]    9:     0x6131722cdbcd - __rustc[ea4f61d10b84890b]::rust_begin_unwind
[INFO] [stdout]   10:     0x613172306c0c - core[a373ad73a504971]::panicking::panic_fmt
[INFO] [stdout]   11:     0x6131723069e2 - core[a373ad73a504971]::result::unwrap_failed
[INFO] [stdout]   12:     0x61317227156b - <tests[509c157380b7f6a8]::cli_rm::{closure#0} as core[a373ad73a504971]::ops::function::FnOnce<()>>::call_once
[INFO] [stdout]   13:     0x613172271c0b - test[aada8e7e76ba119b]::__rust_begin_short_backtrace::<core[a373ad73a504971]::result::Result<(), alloc[2e1b2a31b91974c5]::string::String>, fn() -> core[a373ad73a504971]::result::Result<(), alloc[2e1b2a31b91974c5]::string::String>>
[INFO] [stdout]   14:     0x61317227ede5 - test[aada8e7e76ba119b]::run_test::{closure#0}
[INFO] [stdout]   15:     0x6131722786d4 - std[617be2ca0a6fd877]::sys::backtrace::__rust_begin_short_backtrace::<test[aada8e7e76ba119b]::run_test::{closure#1}, ()>
[INFO] [stdout]   16:     0x613172281e72 - <std[617be2ca0a6fd877]::thread::lifecycle::spawn_unchecked<test[aada8e7e76ba119b]::run_test::{closure#1}, ()>::{closure#1} as core[a373ad73a504971]::ops::function::FnOnce<()>>::call_once::{shim:vtable#0}
[INFO] [stdout]   17:     0x6131722f081f - <std[617be2ca0a6fd877]::sys::thread::unix::Thread>::new::thread_start
[INFO] [stdout]   18:     0x7feebaac2dfa - <unknown>
[INFO] [stdout]   19:     0x7feebab563d4 - clone
[INFO] [stdout]   20:                0x0 - <unknown>
[INFO] [stdout] 
[INFO] [stdout] ---- cli_invalid_rm stdout ----
[INFO] [stdout] 
[INFO] [stdout] thread 'cli_invalid_rm' (14219) panicked at playground-kvs/tests/tests.rs:94:10:
[INFO] [stdout] called `Result::unwrap()` on an `Err` value: CargoError { cause: Some(NotFoundError { path: "/opt/rustwide/target/release/build/kvs/0b4db4ef5162fce7/out/kvs" }) }
[INFO] [stdout] stack backtrace:
[INFO] [stdout]    0:     0x6131722f1041 - <<std[617be2ca0a6fd877]::sys::backtrace::BacktraceLock>::print::DisplayBacktrace as core[a373ad73a504971]::fmt::Display>::fmt
[INFO] [stdout]    1:     0x6131723064da - core[a373ad73a504971]::fmt::write
[INFO] [stdout]    2:     0x6131722f650c - <alloc[2e1b2a31b91974c5]::vec::Vec<u8> as core[a373ad73a504971]::io::write::Write>::write_fmt
[INFO] [stdout]    3:     0x6131722ccf16 - std[617be2ca0a6fd877]::panicking::default_hook::{closure#0}
[INFO] [stdout]    4:     0x6131722e9659 - std[617be2ca0a6fd877]::panicking::default_hook
[INFO] [stdout]    5:     0x61317227e7c0 - test[aada8e7e76ba119b]::test_main_inner::{closure#0}
[INFO] [stdout]    6:     0x6131722e9812 - std[617be2ca0a6fd877]::panicking::panic_with_hook
[INFO] [stdout]    7:     0x6131722ccfc2 - std[617be2ca0a6fd877]::panicking::panic_handler::{closure#0}
[INFO] [stdout]    8:     0x6131722c5cd9 - std[617be2ca0a6fd877]::sys::backtrace::__rust_end_short_backtrace::<std[617be2ca0a6fd877]::panicking::panic_handler::{closure#0}, !>
[INFO] [stdout]    9:     0x6131722cdbcd - __rustc[ea4f61d10b84890b]::rust_begin_unwind
[INFO] [stdout]   10:     0x613172306c0c - core[a373ad73a504971]::panicking::panic_fmt
[INFO] [stdout]   11:     0x6131723069e2 - core[a373ad73a504971]::result::unwrap_failed
[INFO] [stdout]   12:     0x61317226fdf0 - <tests[509c157380b7f6a8]::cli_invalid_rm::{closure#0} as core[a373ad73a504971]::ops::function::FnOnce<()>>::call_once
[INFO] [stdout]   13:     0x613172271c0b - test[aada8e7e76ba119b]::__rust_begin_short_backtrace::<core[a373ad73a504971]::result::Result<(), alloc[2e1b2a31b91974c5]::string::String>, fn() -> core[a373ad73a504971]::result::Result<(), alloc[2e1b2a31b91974c5]::string::String>>
[INFO] [stdout]   14:     0x61317227ede5 - test[aada8e7e76ba119b]::run_test::{closure#0}
[INFO] [stdout]   15:     0x6131722786d4 - std[617be2ca0a6fd877]::sys::backtrace::__rust_begin_short_backtrace::<test[aada8e7e76ba119b]::run_test::{closure#1}, ()>
[INFO] [stdout]   16:     0x613172281e72 - <std[617be2ca0a6fd877]::thread::lifecycle::spawn_unchecked<test[aada8e7e76ba119b]::run_test::{closure#1}, ()>::{closure#1} as core[a373ad73a504971]::ops::function::FnOnce<()>>::call_once::{shim:vtable#0}
[INFO] [stdout]   17:     0x6131722f081f - <std[617be2ca0a6fd877]::sys::thread::unix::Thread>::new::thread_start
[INFO] [stdout]   18:     0x7feebaac2dfa - <unknown>
[INFO] [stdout]   19:     0x7feebab563d4 - clone
[INFO] [stdout]   20:                0x0 - <unknown>
[INFO] [stdout] 
[INFO] [stdout] ---- cli_invalid_get stdout ----
[INFO] [stdout] 
[INFO] [stdout] thread 'cli_invalid_get' (14218) panicked at playground-kvs/tests/tests.rs:58:10:
[INFO] [stdout] called `Result::unwrap()` on an `Err` value: CargoError { cause: Some(NotFoundError { path: "/opt/rustwide/target/release/build/kvs/0b4db4ef5162fce7/out/kvs" }) }
[INFO] [stdout] stack backtrace:
[INFO] [stdout]    0:     0x6131722f1041 - <<std[617be2ca0a6fd877]::sys::backtrace::BacktraceLock>::print::DisplayBacktrace as core[a373ad73a504971]::fmt::Display>::fmt
[INFO] [stdout]    1:     0x6131723064da - core[a373ad73a504971]::fmt::write
[INFO] [stdout]    2:     0x6131722f650c - <alloc[2e1b2a31b91974c5]::vec::Vec<u8> as core[a373ad73a504971]::io::write::Write>::write_fmt
[INFO] [stdout]    3:     0x6131722ccf16 - std[617be2ca0a6fd877]::panicking::default_hook::{closure#0}
[INFO] [stdout]    4:     0x6131722e9659 - std[617be2ca0a6fd877]::panicking::default_hook
[INFO] [stdout]    5:     0x61317227e7c0 - test[aada8e7e76ba119b]::test_main_inner::{closure#0}
[INFO] [stdout]    6:     0x6131722e9812 - std[617be2ca0a6fd877]::panicking::panic_with_hook
[INFO] [stdout]    7:     0x6131722ccfc2 - std[617be2ca0a6fd877]::panicking::panic_handler::{closure#0}
[INFO] [stdout]    8:     0x6131722c5cd9 - std[617be2ca0a6fd877]::sys::backtrace::__rust_end_short_backtrace::<std[617be2ca0a6fd877]::panicking::panic_handler::{closure#0}, !>
[INFO] [stdout]    9:     0x6131722cdbcd - __rustc[ea4f61d10b84890b]::rust_begin_unwind
[INFO] [stdout]   10:     0x613172306c0c - core[a373ad73a504971]::panicking::panic_fmt
[INFO] [stdout]   11:     0x6131723069e2 - core[a373ad73a504971]::result::unwrap_failed
[INFO] [stdout]   12:     0x613172270070 - <tests[509c157380b7f6a8]::cli_invalid_get::{closure#0} as core[a373ad73a504971]::ops::function::FnOnce<()>>::call_once
[INFO] [stdout]   13:     0x613172271c0b - test[aada8e7e76ba119b]::__rust_begin_short_backtrace::<core[a373ad73a504971]::result::Result<(), alloc[2e1b2a31b91974c5]::string::String>, fn() -> core[a373ad73a504971]::result::Result<(), alloc[2e1b2a31b91974c5]::string::String>>
[INFO] [stdout]   14:     0x61317227ede5 - test[aada8e7e76ba119b]::run_test::{closure#0}
[INFO] [stdout]   15:     0x6131722786d4 - std[617be2ca0a6fd877]::sys::backtrace::__rust_begin_short_backtrace::<test[aada8e7e76ba119b]::run_test::{closure#1}, ()>
[INFO] [stdout]   16:     0x613172281e72 - <std[617be2ca0a6fd877]::thread::lifecycle::spawn_unchecked<test[aada8e7e76ba119b]::run_test::{closure#1}, ()>::{closure#1} as core[a373ad73a504971]::ops::function::FnOnce<()>>::call_once::{shim:vtable#0}
[INFO] [stdout]   17:     0x6131722f081f - <std[617be2ca0a6fd877]::sys::thread::unix::Thread>::new::thread_start
[INFO] [stdout]   18:     0x7feebaac2dfa - <unknown>
[INFO] [stdout]   19:     0x7feebab563d4 - clone
[INFO] [stdout]   20:                0x0 - <unknown>
[INFO] [stdout] 
[INFO] [stdout] ---- cli_version stdout ----
[INFO] [stdout] 
[INFO] [stdout] thread 'cli_version' (14225) panicked at playground-kvs/tests/tests.rs:16:10:
[INFO] [stdout] called `Result::unwrap()` on an `Err` value: CargoError { cause: Some(NotFoundError { path: "/opt/rustwide/target/release/build/kvs/0b4db4ef5162fce7/out/kvs" }) }
[INFO] [stdout] stack backtrace:
[INFO] [stdout]    0:     0x6131722f1041 - <<std[617be2ca0a6fd877]::sys::backtrace::BacktraceLock>::print::DisplayBacktrace as core[a373ad73a504971]::fmt::Display>::fmt
[INFO] [stdout]    1:     0x6131723064da - core[a373ad73a504971]::fmt::write
[INFO] [stdout]    2:     0x6131722f650c - <alloc[2e1b2a31b91974c5]::vec::Vec<u8> as core[a373ad73a504971]::io::write::Write>::write_fmt
[INFO] [stdout]    3:     0x6131722ccf16 - std[617be2ca0a6fd877]::panicking::default_hook::{closure#0}
[INFO] [stdout]    4:     0x6131722e9659 - std[617be2ca0a6fd877]::panicking::default_hook
[INFO] [stdout]    5:     0x61317227e7c0 - test[aada8e7e76ba119b]::test_main_inner::{closure#0}
[INFO] [stdout]    6:     0x6131722e9812 - std[617be2ca0a6fd877]::panicking::panic_with_hook
[INFO] [stdout]    7:     0x6131722ccfc2 - std[617be2ca0a6fd877]::panicking::panic_handler::{closure#0}
[INFO] [stdout]    8:     0x6131722c5cd9 - std[617be2ca0a6fd877]::sys::backtrace::__rust_end_short_backtrace::<std[617be2ca0a6fd877]::panicking::panic_handler::{closure#0}, !>
[INFO] [stdout]    9:     0x6131722cdbcd - __rustc[ea4f61d10b84890b]::rust_begin_unwind
[INFO] [stdout]   10:     0x613172306c0c - core[a373ad73a504971]::panicking::panic_fmt
[INFO] [stdout]   11:     0x6131723069e2 - core[a373ad73a504971]::result::unwrap_failed
[INFO] [stdout]   12:     0x61317226fb7a - <tests[509c157380b7f6a8]::cli_version::{closure#0} as core[a373ad73a504971]::ops::function::FnOnce<()>>::call_once
[INFO] [stdout]   13:     0x613172271c0b - test[aada8e7e76ba119b]::__rust_begin_short_backtrace::<core[a373ad73a504971]::result::Result<(), alloc[2e1b2a31b91974c5]::string::String>, fn() -> core[a373ad73a504971]::result::Result<(), alloc[2e1b2a31b91974c5]::string::String>>
[INFO] [stdout]   14:     0x61317227ede5 - test[aada8e7e76ba119b]::run_test::{closure#0}
[INFO] [stdout]   15:     0x6131722786d4 - std[617be2ca0a6fd877]::sys::backtrace::__rust_begin_short_backtrace::<test[aada8e7e76ba119b]::run_test::{closure#1}, ()>
[INFO] [stdout]   16:     0x613172281e72 - <std[617be2ca0a6fd877]::thread::lifecycle::spawn_unchecked<test[aada8e7e76ba119b]::run_test::{closure#1}, ()>::{closure#1} as core[a373ad73a504971]::ops::function::FnOnce<()>>::call_once::{shim:vtable#0}
[INFO] [stdout]   17:     0x6131722f081f - <std[617be2ca0a6fd877]::sys::thread::unix::Thread>::new::thread_start
[INFO] [stdout]   18:     0x7feebaac2dfa - <unknown>
[INFO] [stdout]   19:     0x7feebab563d4 - clone
[INFO] [stdout]   20:                0x0 - <unknown>
[INFO] [stdout] 
[INFO] [stdout] ---- cli_invalid_set stdout ----
[INFO] [stdout] 
[INFO] [stdout] thread 'cli_invalid_set' (14220) panicked at playground-kvs/tests/tests.rs:73:10:
[INFO] [stdout] called `Result::unwrap()` on an `Err` value: CargoError { cause: Some(NotFoundError { path: "/opt/rustwide/target/release/build/kvs/0b4db4ef5162fce7/out/kvs" }) }
[INFO] [stdout] stack backtrace:
[INFO] [stdout]    0:     0x6131722f1041 - <<std[617be2ca0a6fd877]::sys::backtrace::BacktraceLock>::print::DisplayBacktrace as core[a373ad73a504971]::fmt::Display>::fmt
[INFO] [stdout]    1:     0x6131723064da - core[a373ad73a504971]::fmt::write
[INFO] [stdout]    2:     0x6131722f650c - <alloc[2e1b2a31b91974c5]::vec::Vec<u8> as core[a373ad73a504971]::io::write::Write>::write_fmt
[INFO] [stdout]    3:     0x6131722ccf16 - std[617be2ca0a6fd877]::panicking::default_hook::{closure#0}
[INFO] [stdout]    4:     0x6131722e9659 - std[617be2ca0a6fd877]::panicking::default_hook
[INFO] [stdout]    5:     0x61317227e7c0 - test[aada8e7e76ba119b]::test_main_inner::{closure#0}
[INFO] [stdout]    6:     0x6131722e9812 - std[617be2ca0a6fd877]::panicking::panic_with_hook
[INFO] [stdout]    7:     0x6131722ccfc2 - std[617be2ca0a6fd877]::panicking::panic_handler::{closure#0}
[INFO] [stdout]    8:     0x6131722c5cd9 - std[617be2ca0a6fd877]::sys::backtrace::__rust_end_short_backtrace::<std[617be2ca0a6fd877]::panicking::panic_handler::{closure#0}, !>
[INFO] [stdout]    9:     0x6131722cdbcd - __rustc[ea4f61d10b84890b]::rust_begin_unwind
[INFO] [stdout]   10:     0x613172306c0c - core[a373ad73a504971]::panicking::panic_fmt
[INFO] [stdout]   11:     0x6131723069e2 - core[a373ad73a504971]::result::unwrap_failed
[INFO] [stdout]   12:     0x6131722703d5 - <tests[509c157380b7f6a8]::cli_invalid_set::{closure#0} as core[a373ad73a504971]::ops::function::FnOnce<()>>::call_once
[INFO] [stdout]   13:     0x613172271c0b - test[aada8e7e76ba119b]::__rust_begin_short_backtrace::<core[a373ad73a504971]::result::Result<(), alloc[2e1b2a31b91974c5]::string::String>, fn() -> core[a373ad73a504971]::result::Result<(), alloc[2e1b2a31b91974c5]::string::String>>
[INFO] [stdout]   14:     0x61317227ede5 - test[aada8e7e76ba119b]::run_test::{closure#0}
[INFO] [stdout]   15:     0x6131722786d4 - std[617be2ca0a6fd877]::sys::backtrace::__rust_begin_short_backtrace::<test[aada8e7e76ba119b]::run_test::{closure#1}, ()>
[INFO] [stdout]   16:     0x613172281e72 - <std[617be2ca0a6fd877]::thread::lifecycle::spawn_unchecked<test[aada8e7e76ba119b]::run_test::{closure#1}, ()>::{closure#1} as core[a373ad73a504971]::ops::function::FnOnce<()>>::call_once::{shim:vtable#0}
[INFO] [stdout]   17:     0x6131722f081f - <std[617be2ca0a6fd877]::sys::thread::unix::Thread>::new::thread_start
[INFO] [stdout]   18:     0x7feebaac2dfa - <unknown>
[INFO] [stdout]   19:     0x7feebab563d4 - clone
[INFO] [stdout]   20:                0x0 - <unknown>
[INFO] [stdout] 
[INFO] [stdout] ---- cli_invalid_subcommand stdout ----
[INFO] [stdout] 
[INFO] [stdout] thread 'cli_invalid_subcommand' (14221) panicked at playground-kvs/tests/tests.rs:109:10:
[INFO] [stdout] called `Result::unwrap()` on an `Err` value: CargoError { cause: Some(NotFoundError { path: "/opt/rustwide/target/release/build/kvs/0b4db4ef5162fce7/out/kvs" }) }
[INFO] [stdout] stack backtrace:
[INFO] [stdout]    0:     0x6131722f1041 - <<std[617be2ca0a6fd877]::sys::backtrace::BacktraceLock>::print::DisplayBacktrace as core[a373ad73a504971]::fmt::Display>::fmt
[INFO] [stdout]    1:     0x6131723064da - core[a373ad73a504971]::fmt::write
[INFO] [stdout]    2:     0x6131722f650c - <alloc[2e1b2a31b91974c5]::vec::Vec<u8> as core[a373ad73a504971]::io::write::Write>::write_fmt
[INFO] [stdout]    3:     0x6131722ccf16 - std[617be2ca0a6fd877]::panicking::default_hook::{closure#0}
[INFO] [stdout]    4:     0x6131722e9659 - std[617be2ca0a6fd877]::panicking::default_hook
[INFO] [stdout]    5:     0x61317227e7c0 - test[aada8e7e76ba119b]::test_main_inner::{closure#0}
[INFO] [stdout]    6:     0x6131722e9812 - std[617be2ca0a6fd877]::panicking::panic_with_hook
[INFO] [stdout]    7:     0x6131722ccfc2 - std[617be2ca0a6fd877]::panicking::panic_handler::{closure#0}
[INFO] [stdout]    8:     0x6131722c5cd9 - std[617be2ca0a6fd877]::sys::backtrace::__rust_end_short_backtrace::<std[617be2ca0a6fd877]::panicking::panic_handler::{closure#0}, !>
[INFO] [stdout]    9:     0x6131722cdbcd - __rustc[ea4f61d10b84890b]::rust_begin_unwind
[INFO] [stdout]   10:     0x613172306c0c - core[a373ad73a504971]::panicking::panic_fmt
[INFO] [stdout]   11:     0x6131723069e2 - core[a373ad73a504971]::result::unwrap_failed
[INFO] [stdout]   12:     0x613172271082 - <tests[509c157380b7f6a8]::cli_invalid_subcommand::{closure#0} as core[a373ad73a504971]::ops::function::FnOnce<()>>::call_once
[INFO] [stdout]   13:     0x613172271c0b - test[aada8e7e76ba119b]::__rust_begin_short_backtrace::<core[a373ad73a504971]::result::Result<(), alloc[2e1b2a31b91974c5]::string::String>, fn() -> core[a373ad73a504971]::result::Result<(), alloc[2e1b2a31b91974c5]::string::String>>
[INFO] [stdout]   14:     0x61317227ede5 - test[aada8e7e76ba119b]::run_test::{closure#0}
[INFO] [stdout]   15:     0x6131722786d4 - std[617be2ca0a6fd877]::sys::backtrace::__rust_begin_short_backtrace::<test[aada8e7e76ba119b]::run_test::{closure#1}, ()>
[INFO] [stdout]   16:     0x613172281e72 - <std[617be2ca0a6fd877]::thread::lifecycle::spawn_unchecked<test[aada8e7e76ba119b]::run_test::{closure#1}, ()>::{closure#1} as core[a373ad73a504971]::ops::function::FnOnce<()>>::call_once::{shim:vtable#0}
[INFO] [stdout]   17:     0x6131722f081f - <std[617be2ca0a6fd877]::sys::thread::unix::Thread>::new::thread_start
[INFO] [stdout]   18:     0x7feebaac2dfa - <unknown>
[INFO] [stdout]   19:     0x7feebab563d4 - clone
[INFO] [stdout]   20:                0x0 - <unknown>
[INFO] [stdout] 
[INFO] [stdout] ---- cli_no_args stdout ----
[INFO] [stdout] 
[INFO] [stdout] thread 'cli_no_args' (14222) panicked at playground-kvs/tests/tests.rs:9:31:
[INFO] [stdout] called `Result::unwrap()` on an `Err` value: CargoError { cause: Some(NotFoundError { path: "/opt/rustwide/target/release/build/kvs/0b4db4ef5162fce7/out/kvs" }) }
[INFO] [stdout] stack backtrace:
[INFO] [stdout]    0:     0x6131722f1041 - <<std[617be2ca0a6fd877]::sys::backtrace::BacktraceLock>::print::DisplayBacktrace as core[a373ad73a504971]::fmt::Display>::fmt
[INFO] [stdout]    1:     0x6131723064da - core[a373ad73a504971]::fmt::write
[INFO] [stdout]    2:     0x6131722f650c - <alloc[2e1b2a31b91974c5]::vec::Vec<u8> as core[a373ad73a504971]::io::write::Write>::write_fmt
[INFO] [stdout]    3:     0x6131722ccf16 - std[617be2ca0a6fd877]::panicking::default_hook::{closure#0}
[INFO] [stdout]    4:     0x6131722e9659 - std[617be2ca0a6fd877]::panicking::default_hook
[INFO] [stdout]    5:     0x61317227e7c0 - test[aada8e7e76ba119b]::test_main_inner::{closure#0}
[INFO] [stdout]    6:     0x6131722e9812 - std[617be2ca0a6fd877]::panicking::panic_with_hook
[INFO] [stdout]    7:     0x6131722ccfc2 - std[617be2ca0a6fd877]::panicking::panic_handler::{closure#0}
[INFO] [stdout]    8:     0x6131722c5cd9 - std[617be2ca0a6fd877]::sys::backtrace::__rust_end_short_backtrace::<std[617be2ca0a6fd877]::panicking::panic_handler::{closure#0}, !>
[INFO] [stdout]    9:     0x6131722cdbcd - __rustc[ea4f61d10b84890b]::rust_begin_unwind
[INFO] [stdout]   10:     0x613172306c0c - core[a373ad73a504971]::panicking::panic_fmt
[INFO] [stdout]   11:     0x6131723069e2 - core[a373ad73a504971]::result::unwrap_failed
[INFO] [stdout]   12:     0x61317226f974 - <tests[509c157380b7f6a8]::cli_no_args::{closure#0} as core[a373ad73a504971]::ops::function::FnOnce<()>>::call_once
[INFO] [stdout]   13:     0x613172271c0b - test[aada8e7e76ba119b]::__rust_begin_short_backtrace::<core[a373ad73a504971]::result::Result<(), alloc[2e1b2a31b91974c5]::string::String>, fn() -> core[a373ad73a504971]::result::Result<(), alloc[2e1b2a31b91974c5]::string::String>>
[INFO] [stdout]   14:     0x61317227ede5 - test[aada8e7e76ba119b]::run_test::{closure#0}
[INFO] [stdout]   15:     0x6131722786d4 - std[617be2ca0a6fd877]::sys::backtrace::__rust_begin_short_backtrace::<test[aada8e7e76ba119b]::run_test::{closure#1}, ()>
[INFO] [stdout]   16:     0x613172281e72 - <std[617be2ca0a6fd877]::thread::lifecycle::spawn_unchecked<test[aada8e7e76ba119b]::run_test::{closure#1}, ()>::{closure#1} as core[a373ad73a504971]::ops::function::FnOnce<()>>::call_once::{shim:vtable#0}
[INFO] [stdout]   17:     0x6131722f081f - <std[617be2ca0a6fd877]::sys::thread::unix::Thread>::new::thread_start
[INFO] [stdout]   18:     0x7feebaac2dfa - <unknown>
[INFO] [stdout]   19:     0x7feebab563d4 - clone
[INFO] [stdout]   20:                0x0 - <unknown>
[INFO] [stdout] 
[INFO] [stdout] ---- cli_get stdout ----
[INFO] [stdout] 
[INFO] [stdout] thread 'cli_get' (14217) panicked at playground-kvs/tests/tests.rs:26:10:
[INFO] [stdout] called `Result::unwrap()` on an `Err` value: CargoError { cause: Some(NotFoundError { path: "/opt/rustwide/target/release/build/kvs/0b4db4ef5162fce7/out/kvs" }) }
[INFO] [stdout] stack backtrace:
[INFO] [stdout]    0:     0x6131722f1041 - <<std[617be2ca0a6fd877]::sys::backtrace::BacktraceLock>::print::DisplayBacktrace as core[a373ad73a504971]::fmt::Display>::fmt
[INFO] [stdout]    1:     0x6131723064da - core[a373ad73a504971]::fmt::write
[INFO] [stdout]    2:     0x6131722f650c - <alloc[2e1b2a31b91974c5]::vec::Vec<u8> as core[a373ad73a504971]::io::write::Write>::write_fmt
[INFO] [stdout]    3:     0x6131722ccf16 - std[617be2ca0a6fd877]::panicking::default_hook::{closure#0}
[INFO] [stdout]    4:     0x6131722e9659 - std[617be2ca0a6fd877]::panicking::default_hook
[INFO] [stdout]    5:     0x61317227e7c0 - test[aada8e7e76ba119b]::test_main_inner::{closure#0}
[INFO] [stdout]    6:     0x6131722e9812 - std[617be2ca0a6fd877]::panicking::panic_with_hook
[INFO] [stdout]    7:     0x6131722ccfc2 - std[617be2ca0a6fd877]::panicking::panic_handler::{closure#0}
[INFO] [stdout]    8:     0x6131722c5cd9 - std[617be2ca0a6fd877]::sys::backtrace::__rust_end_short_backtrace::<std[617be2ca0a6fd877]::panicking::panic_handler::{closure#0}, !>
[INFO] [stdout]    9:     0x6131722cdbcd - __rustc[ea4f61d10b84890b]::rust_begin_unwind
[INFO] [stdout]   10:     0x613172306c0c - core[a373ad73a504971]::panicking::panic_fmt
[INFO] [stdout]   11:     0x6131723069e2 - core[a373ad73a504971]::result::unwrap_failed
[INFO] [stdout]   12:     0x6131722717fb - <tests[509c157380b7f6a8]::cli_get::{closure#0} as core[a373ad73a504971]::ops::function::FnOnce<()>>::call_once
[INFO] [stdout]   13:     0x613172271c0b - test[aada8e7e76ba119b]::__rust_begin_short_backtrace::<core[a373ad73a504971]::result::Result<(), alloc[2e1b2a31b91974c5]::string::String>, fn() -> core[a373ad73a504971]::result::Result<(), alloc[2e1b2a31b91974c5]::string::String>>
[INFO] [stdout]   14:     0x61317227ede5 - test[aada8e7e76ba119b]::run_test::{closure#0}
[INFO] [stdout]   15:     0x6131722786d4 - std[617be2ca0a6fd877]::sys::backtrace::__rust_begin_short_backtrace::<test[aada8e7e76ba119b]::run_test::{closure#1}, ()>
[INFO] [stdout]   16:     0x613172281e72 - <std[617be2ca0a6fd877]::thread::lifecycle::spawn_unchecked<test[aada8e7e76ba119b]::run_test::{closure#1}, ()>::{closure#1} as core[a373ad73a504971]::ops::function::FnOnce<()>>::call_once::{shim:vtable#0}
[INFO] [stdout]   17:     0x6131722f081f - <std[617be2ca0a6fd877]::sys::thread::unix::Thread>::new::thread_start
[INFO] [stdout]   18:     0x7feebaac2dfa - <unknown>
[INFO] [stdout]   19:     0x7feebab563d4 - clone
[INFO] [stdout]   20:                0x0 - <unknown>
[INFO] [stdout] 
[INFO] [stdout] ---- cli_set stdout ----
[INFO] [stdout] 
[INFO] [stdout] thread 'cli_set' (14224) panicked at playground-kvs/tests/tests.rs:37:10:
[INFO] [stdout] called `Result::unwrap()` on an `Err` value: CargoError { cause: Some(NotFoundError { path: "/opt/rustwide/target/release/build/kvs/0b4db4ef5162fce7/out/kvs" }) }
[INFO] [stdout] stack backtrace:
[INFO] [stdout]    0:     0x6131722f1041 - <<std[617be2ca0a6fd877]::sys::backtrace::BacktraceLock>::print::DisplayBacktrace as core[a373ad73a504971]::fmt::Display>::fmt
[INFO] [stdout]    1:     0x6131723064da - core[a373ad73a504971]::fmt::write
[INFO] [stdout]    2:     0x6131722f650c - <alloc[2e1b2a31b91974c5]::vec::Vec<u8> as core[a373ad73a504971]::io::write::Write>::write_fmt
[INFO] [stdout]    3:     0x6131722ccf16 - std[617be2ca0a6fd877]::panicking::default_hook::{closure#0}
[INFO] [stdout]    4:     0x6131722e9659 - std[617be2ca0a6fd877]::panicking::default_hook
[INFO] [stdout]    5:     0x61317227e7c0 - test[aada8e7e76ba119b]::test_main_inner::{closure#0}
[INFO] [stdout]    6:     0x6131722e9812 - std[617be2ca0a6fd877]::panicking::panic_with_hook
[INFO] [stdout]    7:     0x6131722ccfc2 - std[617be2ca0a6fd877]::panicking::panic_handler::{closure#0}
[INFO] [stdout]    8:     0x6131722c5cd9 - std[617be2ca0a6fd877]::sys::backtrace::__rust_end_short_backtrace::<std[617be2ca0a6fd877]::panicking::panic_handler::{closure#0}, !>
[INFO] [stdout]    9:     0x6131722cdbcd - __rustc[ea4f61d10b84890b]::rust_begin_unwind
[INFO] [stdout]   10:     0x613172306c0c - core[a373ad73a504971]::panicking::panic_fmt
[INFO] [stdout]   11:     0x6131723069e2 - core[a373ad73a504971]::result::unwrap_failed
[INFO] [stdout]   12:     0x613172271aa5 - <tests[509c157380b7f6a8]::cli_set::{closure#0} as core[a373ad73a504971]::ops::function::FnOnce<()>>::call_once
[INFO] [stdout]   13:     0x613172271c0b - test[aada8e7e76ba119b]::__rust_begin_short_backtrace::<core[a373ad73a504971]::result::Result<(), alloc[2e1b2a31b91974c5]::string::String>, fn() -> core[a373ad73a504971]::result::Result<(), alloc[2e1b2a31b91974c5]::string::String>>
[INFO] [stdout]   14:     0x61317227ede5 - test[aada8e7e76ba119b]::run_test::{closure#0}
[INFO] [stdout]   15:     0x6131722786d4 - std[617be2ca0a6fd877]::sys::backtrace::__rust_begin_short_backtrace::<test[aada8e7e76ba119b]::run_test::{closure#1}, ()>
[INFO] [stdout]   16:     0x613172281e72 - <std[617be2ca0a6fd877]::thread::lifecycle::spawn_unchecked<test[aada8e7e76ba119b]::run_test::{closure#1}, ()>::{closure#1} as core[a373ad73a504971]::ops::function::FnOnce<()>>::call_once::{shim:vtable#0}
[INFO] [stdout]   17:     0x6131722f081f - <std[617be2ca0a6fd877]::sys::thread::unix::Thread>::new::thread_start
[INFO] [stdout]   18:     0x7feebaac2dfa - <unknown>
[INFO] [stdout]   19:     0x7feebab563d4 - clone
[INFO] [stdout]   20:                0x0 - <unknown>
[INFO] [stdout] 
[INFO] [stdout] 
[INFO] [stdout] failures:
[INFO] [stdout]     cli_get
[INFO] [stdout]     cli_invalid_get
[INFO] [stdout]     cli_invalid_rm
[INFO] [stdout]     cli_invalid_set
[INFO] [stdout]     cli_invalid_subcommand
[INFO] [stdout]     cli_no_args
[INFO] [stdout]     cli_rm
[INFO] [stdout]     cli_set
[INFO] [stdout]     cli_version
[INFO] [stdout] 
[INFO] [stdout] test result: FAILED. 4 passed; 9 failed; 0 ignored; 0 measured; 0 filtered out; finished in 0.01s
[INFO] [stdout] 
[INFO] [stderr] error: test failed, to rerun pass `-p kvs --test tests`
[INFO] running `Command { std: "docker" "inspect" "b91a7444936ebd5687173af65412aba1e8b34de2a9c04898a34123f8bff3afd5", kill_on_drop: false }`
[INFO] running `Command { std: "docker" "rm" "-f" "b91a7444936ebd5687173af65412aba1e8b34de2a9c04898a34123f8bff3afd5", kill_on_drop: false }`
[INFO] [stdout] b91a7444936ebd5687173af65412aba1e8b34de2a9c04898a34123f8bff3afd5
