[INFO] cloning repository https://github.com/kazanaruishere-max/SEITH-MARKET-IDX
[INFO] running `Command { std: "git" "-c" "credential.helper=" "-c" "credential.helper=/workspace/cargo-home/bin/git-credential-null" "clone" "--bare" "https://github.com/kazanaruishere-max/SEITH-MARKET-IDX" "/workspace/cache/git-repos/https%3A%2F%2Fgithub.com%2Fkazanaruishere-max%2FSEITH-MARKET-IDX", kill_on_drop: false }`
[INFO] [stderr] Cloning into bare repository '/workspace/cache/git-repos/https%3A%2F%2Fgithub.com%2Fkazanaruishere-max%2FSEITH-MARKET-IDX'...
[INFO] running `Command { std: "git" "rev-parse" "HEAD", kill_on_drop: false }`
[INFO] [stdout] fef007c68ee58fadb861360edf1f3287594306e1
[INFO] testing kazanaruishere-max/SEITH-MARKET-IDX against 1.99.0-beta.8+cargoflags=--release for beta-release-1.100-2
[INFO] running `Command { std: "git" "clone" "/workspace/cache/git-repos/https%3A%2F%2Fgithub.com%2Fkazanaruishere-max%2FSEITH-MARKET-IDX" "/workspace/builds/worker-7-tc1/source", kill_on_drop: false }`
[INFO] [stderr] Cloning into '/workspace/builds/worker-7-tc1/source'...
[INFO] [stderr] done.
[INFO] started tweaking git repo https://github.com/kazanaruishere-max/SEITH-MARKET-IDX
[INFO] finished tweaking git repo https://github.com/kazanaruishere-max/SEITH-MARKET-IDX
[INFO] tweaked toml for git repo https://github.com/kazanaruishere-max/SEITH-MARKET-IDX written to /workspace/builds/worker-7-tc1/source/Cargo.toml
[INFO] validating manifest of git repo https://github.com/kazanaruishere-max/SEITH-MARKET-IDX on toolchain 1.99.0-beta.8
[INFO] running `Command { std: CARGO_HOME="/workspace/cargo-home" RUSTUP_HOME="/workspace/rustup-home" "/workspace/cargo-home/bin/cargo" "+1.99.0-beta.8" "metadata" "--manifest-path" "Cargo.toml" "--no-deps", kill_on_drop: false }`
[INFO] crate git repo https://github.com/kazanaruishere-max/SEITH-MARKET-IDX already has a lockfile, it will not be regenerated
[INFO] running `Command { std: CARGO_HOME="/workspace/cargo-home" RUSTUP_HOME="/workspace/rustup-home" "/workspace/cargo-home/bin/cargo" "+1.99.0-beta.8" "fetch" "--manifest-path" "Cargo.toml", kill_on_drop: false }`
[INFO] [stderr]     Updating crates.io index
[INFO] [stderr]  Downloading crates ...
[INFO] [stderr]   Downloaded proc-macro-error3 v3.1.1
[INFO] [stderr]   Downloaded unicode-ident v1.0.25
[INFO] [stderr]   Downloaded validator_derive v0.20.1
[INFO] [stderr]   Downloaded proc-macro-error-attr3 v3.1.1
[INFO] [stderr]   Downloaded mockito v1.7.2
[INFO] running `Command { std: "docker" "create" "-v" "/var/lib/crater-agent-workspace/builds/worker-7-tc1/source:/opt/rustwide/workdir:ro,Z" "-v" "/var/lib/crater-agent-workspace/builds/worker-7-tc1/target:/opt/rustwide/target:rw,Z" "-v" "/var/lib/crater-agent-workspace/cargo-home:/opt/rustwide/cargo-home:ro,Z" "-v" "/var/lib/crater-agent-workspace/rustup-home:/opt/rustwide/rustup-home:ro,Z" "-m" "1610612736" "--network" "none" "ghcr.io/rust-lang/crates-build-env/linux@sha256:77db811e55d90add9212f6832c23229e3de5f1c1f9905e8cb07319ea15df73ac" "sleep" "infinity", kill_on_drop: false }`
[INFO] [stdout] a6907e42524a98b18a4b835063c66b1546ae4e6c43d7d88f0642a9a13aa9365e
[INFO] running `Command { std: "docker" "start" "a6907e42524a98b18a4b835063c66b1546ae4e6c43d7d88f0642a9a13aa9365e", kill_on_drop: false }`
[INFO] running `Command { std: "docker" "inspect" "a6907e42524a98b18a4b835063c66b1546ae4e6c43d7d88f0642a9a13aa9365e", kill_on_drop: false }`
[INFO] running `Command { std: "docker" "exec" "-e" "SOURCE_DIR=/opt/rustwide/workdir" "-e" "CARGO_HOME=/opt/rustwide/cargo-home" "-e" "RUSTUP_HOME=/opt/rustwide/rustup-home" "-e" "CARGO_TARGET_DIR=/opt/rustwide/target" "-w" "/opt/rustwide/workdir" "--user" "0:0" "a6907e42524a98b18a4b835063c66b1546ae4e6c43d7d88f0642a9a13aa9365e" "/opt/rustwide/cargo-home/bin/cargo" "+1.99.0-beta.8" "metadata" "--no-deps" "--format-version=1", kill_on_drop: false }`
[INFO] running `Command { std: "docker" "inspect" "a6907e42524a98b18a4b835063c66b1546ae4e6c43d7d88f0642a9a13aa9365e", kill_on_drop: false }`
[INFO] running `Command { std: "docker" "exec" "-e" "SOURCE_DIR=/opt/rustwide/workdir" "-e" "CARGO_HOME=/opt/rustwide/cargo-home" "-e" "RUSTUP_HOME=/opt/rustwide/rustup-home" "-e" "CARGO_TARGET_DIR=/opt/rustwide/target" "-e" "CARGO_INCREMENTAL=0" "-e" "RUST_BACKTRACE=full" "-e" "RUSTFLAGS=--cap-lints=warn" "-e" "RUSTDOCFLAGS=--cap-lints=warn" "-w" "/opt/rustwide/workdir" "--user" "0:0" "a6907e42524a98b18a4b835063c66b1546ae4e6c43d7d88f0642a9a13aa9365e" "/opt/rustwide/cargo-home/bin/cargo" "+1.99.0-beta.8" "build" "--frozen" "--message-format=json" "--release", kill_on_drop: false }`
[INFO] [stderr]    Compiling unicode-ident v1.0.25
[INFO] [stderr]    Compiling cfg-if v1.0.5
[INFO] [stderr]    Compiling smallvec v1.16.1
[INFO] [stderr]    Compiling find-msvc-tools v0.1.12
[INFO] [stderr]    Compiling futures-core v0.3.34
[INFO] [stderr]    Compiling litemap v0.8.3
[INFO] [stderr]    Compiling log v0.4.34
[INFO] [stderr]    Compiling writeable v0.6.4
[INFO] [stderr]    Compiling icu_normalizer_data v2.3.0
[INFO] [stderr]    Compiling icu_properties_data v2.3.0
[INFO] [stderr]    Compiling mio v1.2.3
[INFO] [stderr]    Compiling futures-task v0.3.34
[INFO] [stderr]    Compiling zeroize v1.9.0
[INFO] [stderr]    Compiling zerocopy v0.8.57
[INFO] [stderr]    Compiling aho-corasick v1.1.5
[INFO] [stderr]    Compiling crossbeam-utils v0.8.23
[INFO] [stderr]    Compiling rustls-pki-types v1.15.1
[INFO] [stderr]    Compiling proc-macro2 v1.0.107
[INFO] [stderr]    Compiling getrandom v0.2.17
[INFO] [stderr]    Compiling futures-channel v0.3.34
[INFO] [stderr]    Compiling cc v1.4.6
[INFO] [stderr]    Compiling futures-util v0.3.34
[INFO] [stderr]    Compiling sync_wrapper v1.0.2
[INFO] [stderr]    Compiling http-body-util v0.1.5
[INFO] [stderr]    Compiling ipnet v2.12.2
[INFO] [stderr]    Compiling portable-atomic v1.15.0
[INFO] [stderr]    Compiling parking_lot_core v0.9.12
[INFO] [stderr]    Compiling crossbeam-epoch v0.9.21
[INFO] [stderr]    Compiling bitflags v2.13.2
[INFO] [stderr]    Compiling getrandom v0.4.3
[INFO] [stderr]    Compiling fallible-streaming-iterator v0.1.9
[INFO] [stderr]    Compiling fallible-iterator v0.3.0
[INFO] [stderr]    Compiling parking_lot v0.12.5
[INFO] [stderr]    Compiling webpki-roots v1.0.9
[INFO] [stderr]    Compiling uuid v1.26.1
[INFO] [stderr]    Compiling tagptr v0.2.0
[INFO] [stderr]    Compiling tracing-log v0.2.0
[INFO] [stderr]    Compiling quote v1.0.47
[INFO] [stderr]    Compiling crossbeam-channel v0.5.17
[INFO] [stderr]    Compiling syn v3.0.6
[INFO] [stderr]    Compiling syn v2.0.119
[INFO] [stderr]    Compiling proc-macro-error-attr3 v3.1.1
[INFO] [stderr]    Compiling thread_local v1.1.10
[INFO] [stderr]    Compiling clap_lex v1.1.1
[INFO] [stderr]    Compiling clap_builder v4.6.7
[INFO] [stderr]    Compiling ring v0.17.14
[INFO] [stderr]    Compiling libsqlite3-sys v0.28.0
[INFO] [stderr]    Compiling moka v0.12.16
[INFO] [stderr]    Compiling regex-automata v0.4.18
[INFO] [stderr]    Compiling synstructure v0.14.0
[INFO] [stderr]    Compiling proc-macro-error3 v3.1.1
[INFO] [stderr]    Compiling darling_core v0.23.0
[INFO] [stderr]    Compiling ahash v0.8.12
[INFO] [stderr]    Compiling hashbrown v0.14.5
[INFO] [stderr]    Compiling zerofrom-derive v0.1.8
[INFO] [stderr]    Compiling yoke-derive v0.8.3
[INFO] [stderr]    Compiling zerovec-derive v0.11.6
[INFO] [stderr]    Compiling displaydoc v0.2.7
[INFO] [stderr]    Compiling tokio-macros v2.7.2
[INFO] [stderr]    Compiling serde_derive v1.0.229
[INFO] [stderr]    Compiling thiserror-impl v2.0.20
[INFO] [stderr]    Compiling async-trait v0.1.92
[INFO] [stderr]    Compiling clap_derive v4.6.7
[INFO] [stderr]    Compiling tracing-attributes v0.1.31
[INFO] [stderr]    Compiling tokio v1.53.1
[INFO] [stderr]    Compiling hashlink v0.9.1
[INFO] [stderr]    Compiling zerofrom v0.1.8
[INFO] [stderr]    Compiling regex v1.13.1
[INFO] [stderr]    Compiling matchers v0.2.0
[INFO] [stderr]    Compiling thiserror v2.0.20
[INFO] [stderr]    Compiling yoke v0.8.3
[INFO] [stderr]    Compiling tracing v0.1.44
[INFO] [stderr]    Compiling zerovec v0.11.8
[INFO] [stderr]    Compiling zerotrie v0.2.5
[INFO] [stderr]    Compiling axum-core v0.4.5
[INFO] [stderr]    Compiling tracing-subscriber v0.3.23
[INFO] [stderr]    Compiling clap v4.6.7
[INFO] [stderr]    Compiling tinystr v0.8.4
[INFO] [stderr]    Compiling potential_utf v0.1.6
[INFO] [stderr]    Compiling icu_locale_core v2.3.0
[INFO] [stderr]    Compiling icu_collections v2.3.0
[INFO] [stderr]    Compiling serde v1.0.229
[INFO] [stderr]    Compiling darling_macro v0.23.0
[INFO] [stderr]    Compiling darling v0.23.0
[INFO] [stderr]    Compiling validator_derive v0.20.1
[INFO] [stderr]    Compiling serde_urlencoded v0.7.1
[INFO] [stderr]    Compiling chrono v0.4.45
[INFO] [stderr]    Compiling icu_provider v2.3.1
[INFO] [stderr]    Compiling icu_properties v2.3.0
[INFO] [stderr]    Compiling icu_normalizer v2.3.0
[INFO] [stderr]    Compiling rustls v0.23.45
[INFO] [stderr]    Compiling idna_adapter v1.2.2
[INFO] [stderr]    Compiling idna v1.1.0
[INFO] [stderr]    Compiling url v2.5.8
[INFO] [stderr]    Compiling validator v0.20.0
[INFO] [stderr]    Compiling rustls-webpki v0.103.15
[INFO] [stderr]    Compiling hyper v1.11.1
[INFO] [stderr]    Compiling tower v0.5.3
[INFO] [stderr]    Compiling tower-http v0.6.11
[INFO] [stderr]    Compiling hyper-util v0.1.20
[INFO] [stderr]    Compiling axum v0.7.9
[INFO] [stderr]    Compiling tokio-rustls v0.26.5
[INFO] [stderr]    Compiling hyper-rustls v0.27.9
[INFO] [stderr]    Compiling reqwest v0.12.28
[INFO] [stderr]    Compiling rusqlite v0.31.0
[INFO] [stderr]    Compiling seith-core v0.1.0 (/opt/rustwide/workdir/crates/seith-core)
[INFO] [stderr]    Compiling sectors-client v0.1.0 (/opt/rustwide/workdir/crates/sectors-client)
[INFO] [stderr]    Compiling seith-api v0.1.0 (/opt/rustwide/workdir/crates/seith-api)
[INFO] [stderr]    Compiling seith-cli v0.1.0 (/opt/rustwide/workdir/crates/seith-cli)
[INFO] [stderr]     Finished `release` profile [optimized] target(s) in 2m 58s
[INFO] running `Command { std: "docker" "inspect" "a6907e42524a98b18a4b835063c66b1546ae4e6c43d7d88f0642a9a13aa9365e", kill_on_drop: false }`
[INFO] running `Command { std: "docker" "exec" "-e" "SOURCE_DIR=/opt/rustwide/workdir" "-e" "CARGO_HOME=/opt/rustwide/cargo-home" "-e" "RUSTUP_HOME=/opt/rustwide/rustup-home" "-e" "CARGO_TARGET_DIR=/opt/rustwide/target" "-e" "CARGO_INCREMENTAL=0" "-e" "RUST_BACKTRACE=full" "-e" "RUSTFLAGS=--cap-lints=warn" "-e" "RUSTDOCFLAGS=--cap-lints=warn" "-w" "/opt/rustwide/workdir" "--user" "0:0" "a6907e42524a98b18a4b835063c66b1546ae4e6c43d7d88f0642a9a13aa9365e" "/opt/rustwide/cargo-home/bin/cargo" "+1.99.0-beta.8" "test" "--frozen" "--no-run" "--message-format=json" "--release", kill_on_drop: false }`
[INFO] [stderr]    Compiling futures-sink v0.3.34
[INFO] [stderr]    Compiling futures-util v0.3.34
[INFO] [stderr]    Compiling indexmap v2.14.2
[INFO] [stderr]    Compiling ppv-lite86 v0.2.21
[INFO] [stderr]    Compiling getrandom v0.3.4
[INFO] [stderr]    Compiling assert-json-diff v2.0.2
[INFO] [stderr]    Compiling similar v2.7.0
[INFO] [stderr]    Compiling colored v3.1.1
[INFO] [stderr]    Compiling tokio-util v0.7.19
[INFO] [stderr]    Compiling rand_core v0.9.5
[INFO] [stderr]    Compiling rand_chacha v0.9.0
[INFO] [stderr]    Compiling rand v0.9.5
[INFO] [stderr]    Compiling h2 v0.4.19
[INFO] [stderr]    Compiling tower v0.5.3
[INFO] [stderr]    Compiling axum-core v0.4.5
[INFO] [stderr]    Compiling tower-http v0.6.11
[INFO] [stderr]    Compiling hyper v1.11.1
[INFO] [stderr]    Compiling hyper-util v0.1.20
[INFO] [stderr]    Compiling hyper-rustls v0.27.9
[INFO] [stderr]    Compiling axum v0.7.9
[INFO] [stderr]    Compiling mockito v1.7.2
[INFO] [stderr]    Compiling reqwest v0.12.28
[INFO] [stderr]    Compiling seith-core v0.1.0 (/opt/rustwide/workdir/crates/seith-core)
[INFO] [stderr]    Compiling sectors-client v0.1.0 (/opt/rustwide/workdir/crates/sectors-client)
[INFO] [stderr]    Compiling seith-api v0.1.0 (/opt/rustwide/workdir/crates/seith-api)
[INFO] [stderr]    Compiling seith-cli v0.1.0 (/opt/rustwide/workdir/crates/seith-cli)
[INFO] [stderr]     Finished `release` profile [optimized] target(s) in 21.22s
[INFO] running `Command { std: "docker" "inspect" "a6907e42524a98b18a4b835063c66b1546ae4e6c43d7d88f0642a9a13aa9365e", kill_on_drop: false }`
[INFO] running `Command { std: "docker" "exec" "-e" "SOURCE_DIR=/opt/rustwide/workdir" "-e" "CARGO_HOME=/opt/rustwide/cargo-home" "-e" "RUSTUP_HOME=/opt/rustwide/rustup-home" "-e" "CARGO_TARGET_DIR=/opt/rustwide/target" "-e" "CARGO_INCREMENTAL=0" "-e" "RUST_BACKTRACE=full" "-e" "RUSTFLAGS=--cap-lints=warn" "-e" "RUSTDOCFLAGS=--cap-lints=warn" "-w" "/opt/rustwide/workdir" "--user" "0:0" "a6907e42524a98b18a4b835063c66b1546ae4e6c43d7d88f0642a9a13aa9365e" "/opt/rustwide/cargo-home/bin/cargo" "+1.99.0-beta.8" "test" "--frozen" "--release", kill_on_drop: false }`
[INFO] [stderr]     Finished `release` profile [optimized] target(s) in 0.12s
[INFO] [stderr]      Running unittests src/lib.rs (/opt/rustwide/target/release/deps/sectors_client-046e897c0b194aa6)
[INFO] [stdout] 
[INFO] [stdout] running 23 tests
[INFO] [stdout] test cache::tests::key_id_vs_sg_isolated ... ok
[INFO] [stdout] test cache::tests::key_format_four_parts ... ok
[INFO] [stdout] test cache::tests::same_inputs_same_key ... ok
[INFO] [stdout] test cache::composite::tests::l1_miss_l2_hit_promotes_to_l1 ... ok
[INFO] [stdout] test cache::sqlite::tests::missing_is_none ... ok
[INFO] [stdout] test cache::sqlite::tests::overwrite_value ... ok
[INFO] [stdout] test cache::sqlite::tests::invalidate_removes ... ok
[INFO] [stdout] test cache::composite::tests::l1_hit_without_l2 ... ok
[INFO] [stdout] test client::tests::fetch_id_endpoint ... ok
[INFO] [stdout] test cache::sqlite::tests::ranking_ttl_positive_hit ... ok
[INFO] [stdout] test client::tests::redacted_debug_is_stars ... ok
[INFO] [stdout] test cache::composite::tests::invalidate_clears_both ... ok
[INFO] [stdout] test cache::sqlite::tests::ttl_expiry_negative ... ok
[INFO] [stdout] test cache::composite::tests::id_vs_sg_isolated ... ok
[INFO] [stdout] test cache::sqlite::tests::busy_timeout_is_3000 ... ok
[INFO] [stdout] test cache::sqlite::tests::round_trip ... ok
[INFO] [stdout] test client::tests::cache_hit_no_http ... ok
[INFO] [stdout] test batch::tests::batch_waf_403_maps_auth_no_leak ... ok
[INFO] [stdout] test client::tests::fetch_sg_endpoint ... ok
[INFO] [stdout] test batch::tests::batch_partial_404_excluded_pattern ... ok
[INFO] [stdout] test client::tests::maps_422_validation ... ok
[INFO] [stdout] test client::tests::maps_401_auth_no_leak ... ok
[INFO] [stdout] test batch::tests::batch_100_chunks_all_fetched_in_order ... ok
[INFO] [stdout] 
[INFO] [stdout] test result: ok. 23 passed; 0 failed; 0 ignored; 0 measured; 0 filtered out; finished in 0.04s
[INFO] [stdout] 
[INFO] [stderr]      Running unittests src/lib.rs (/opt/rustwide/target/release/deps/seith_api-5c6096baacc3e41a)
[INFO] [stdout] 
[INFO] [stdout] running 7 tests
[INFO] [stdout] test envelope::tests::err_validation_error ... ok
[INFO] [stdout] test envelope::tests::pagination_round_trip ... ok
[INFO] [stdout] test envelope::tests::round_trip_err ... ok
[INFO] [stdout] test envelope::tests::round_trip_ok ... ok
[INFO] [stdout] test envelope::tests::ok_success_true ... ok
[INFO] [stdout] test repository::tests::insert_or_replace ... ok
[INFO] [stdout] test repository::tests::memory_round_trip ... ok
[INFO] [stdout] 
[INFO] [stdout] test result: ok. 7 passed; 0 failed; 0 ignored; 0 measured; 0 filtered out; finished in 0.00s
[INFO] [stdout] 
[INFO] [stderr]      Running unittests src/bin/serve.rs (/opt/rustwide/target/release/deps/serve-3e92502fb0d585df)
[INFO] [stdout] 
[INFO] [stdout] running 0 tests
[INFO] [stdout] 
[INFO] [stdout] test result: ok. 0 passed; 0 failed; 0 ignored; 0 measured; 0 filtered out; finished in 0.00s
[INFO] [stdout] 
[INFO] [stderr]      Running tests/api.rs (/opt/rustwide/target/release/deps/api-e2be5c623e1e1cfa)
[INFO] [stdout] 
[INFO] [stdout] running 32 tests
[INFO] [stdout] test anomalies_market_xx_422 ... ok
[INFO] [stdout] test dossier_lang_bad_422 ... ok
[INFO] [stdout] test health_header_schema_version ... ok
[INFO] [stdout] test ranking_market_invalid_422 ... ok
[INFO] [stdout] test contract_cli_rest_envelope_identical ... ok
[INFO] [stdout] test health_200_envelope ... ok
[INFO] [stdout] test ranking_lookback_over_512_422 ... ok
[INFO] [stdout] test ranking_sort_bad_422 ... ok
[INFO] [stdout] test ranking_unknown_field_422 ... ok
[INFO] [stdout] test repository_memory_round_trip ... ok
[INFO] [stdout] test dossier_kronos_fallback_degraded_true ... ok
[INFO] [stdout] test dossier_lang_id_200 ... ok
[INFO] [stdout] test scan_lookback_plus_predlen_over_512_422 ... ok
[INFO] [stdout] test anomalies_minz2_nonempty_sorted ... ok
[INFO] [stdout] test dossier_bmri_peer_fallback_nonempty ... ok
[INFO] [stdout] test backtest_equity_dates_valid ... ok
[INFO] [stdout] test backtest_100_200 ... ok
[INFO] [stdout] test dossier_lang_uppercase_200 ... ok
[INFO] [stdout] test dossier_bbca_peer5_real ... ok
[INFO] [stdout] test anomalies_minz_clamped ... ok
[INFO] [stdout] test scan_excluded_present ... ok
[INFO] [stdout] test score_bbca_real_7535_rank4 ... ok
[INFO] [stdout] test score_bbca_jk_normalized_200 ... ok
[INFO] [stdout] test score_bogus_404 ... ok
[INFO] [stdout] test ranking_market_default_id_200 ... ok
[INFO] [stdout] test score_unknown_ticker_404 ... ok
[INFO] [stdout] test scan_bbca_bmri_real_results ... ok
[INFO] [stdout] test ranking_market_sg_200 ... ok
[INFO] [stdout] test ranking_sector_finance_total_25 ... ok
[INFO] [stdout] test ranking_page_size_clamp_50 ... ok
[INFO] [stdout] test ranking_real_items_total_100 ... ok
[INFO] [stdout] test dossier_pdf_header ... ok
[INFO] [stdout] 
[INFO] [stdout] test result: ok. 32 passed; 0 failed; 0 ignored; 0 measured; 0 filtered out; finished in 0.07s
[INFO] [stdout] 
[INFO] [stderr]      Running unittests src/main.rs (/opt/rustwide/target/release/deps/seith_cli-72ca9a6636a421b8)
[INFO] [stdout] 
[INFO] [stdout] running 21 tests
[INFO] [stdout] test cli::tests::envelope_success ... ok
[INFO] [stdout] test cli::tests::normalize_jk ... ok
[INFO] [stdout] test cli::tests::market_bad ... ok
[INFO] [stdout] test cli::tests::market_ok ... ok
[INFO] [stdout] test cli::tests::normalize_lower ... ok
[INFO] [stdout] test commands::dossier::tests::dossier_bad_market ... ok
[INFO] [stdout] test commands::radar::tests::radar_bad_market ... ok
[INFO] [stdout] test commands::ranking::tests::ranking_bad_market_422 ... ok
[INFO] [stdout] test commands::scan::tests::scan_51_fail ... ok
[INFO] [stdout] test commands::scan::tests::scan_ok ... ok
[INFO] [stdout] test commands::scan::tests::scan_bad_market ... ok
[INFO] [stdout] test commands::score::tests::score_bad ... ok
[INFO] [stdout] test commands::ranking::tests::ranking_sg_json ... ok
[INFO] [stdout] test commands::radar::tests::radar_ok_shape ... ok
[INFO] [stdout] test commands::dossier::tests::dossier_pdf ... FAILED
[INFO] [stdout] test commands::dossier::tests::dossier_breakdown_not_50 ... FAILED
[INFO] [stdout] test commands::ranking::tests::ranking_finance_has_items ... FAILED
[INFO] [stdout] test commands::score::tests::score_ok ... FAILED
[INFO] [stdout] test commands::score::tests::score_jk ... FAILED
[INFO] [stdout] test commands::dossier::tests::dossier_json_ok ... FAILED
[INFO] [stdout] test commands::score::tests::score_scores_differ ... FAILED
[INFO] [stdout] 
[INFO] [stdout] failures:
[INFO] [stdout] 
[INFO] [stdout] ---- commands::dossier::tests::dossier_pdf stdout ----
[INFO] [stdout] 
[INFO] [stdout] thread 'commands::dossier::tests::dossier_pdf' (3375) panicked at crates/seith-cli/src/commands/dossier.rs:159:9:
[INFO] [stdout] assertion failed: b.starts_with(b"%PDF")
[INFO] [stdout] stack backtrace:
[INFO] [stdout]    0:     0x5c0c11decd91 - <<std[70759c8f55707aa4]::sys::backtrace::BacktraceLock>::print::DisplayBacktrace as core[df12db4294e9bfd3]::fmt::Display>::fmt
[INFO] [stdout]    1:     0x5c0c11e03eaa - core[df12db4294e9bfd3]::fmt::write
[INFO] [stdout]    2:     0x5c0c11df122c - <alloc[2182bb758b4b3781]::vec::Vec<u8> as core[df12db4294e9bfd3]::io::write::Write>::write_fmt
[INFO] [stdout]    3:     0x5c0c11dc86c6 - std[70759c8f55707aa4]::panicking::default_hook::{closure#0}
[INFO] [stdout]    4:     0x5c0c11de5379 - std[70759c8f55707aa4]::panicking::default_hook
[INFO] [stdout]    5:     0x5c0c11ae0df0 - test[9d35eded1c95d3be]::test_main_inner::<test[9d35eded1c95d3be]::test_main_static::{closure#0}>::{closure#0}
[INFO] [stdout]    6:     0x5c0c11de5532 - std[70759c8f55707aa4]::panicking::panic_with_hook
[INFO] [stdout]    7:     0x5c0c11dc87a4 - std[70759c8f55707aa4]::panicking::panic_handler::{closure#0}
[INFO] [stdout]    8:     0x5c0c11dc13d9 - std[70759c8f55707aa4]::sys::backtrace::__rust_end_short_backtrace::<std[70759c8f55707aa4]::panicking::panic_handler::{closure#0}, !>
[INFO] [stdout]    9:     0x5c0c11dc936d - __rustc[8fa7c3cbc660c2b3]::rust_begin_unwind
[INFO] [stdout]   10:     0x5c0c11e0468c - core[df12db4294e9bfd3]::panicking::panic_fmt
[INFO] [stdout]   11:     0x5c0c11e04652 - core[df12db4294e9bfd3]::panicking::panic
[INFO] [stdout]   12:     0x5c0c11ab9255 - seith_cli[7d54de05aac818c3]::commands::dossier::tests::dossier_pdf
[INFO] [stdout]   13:     0x5c0c11ad1bf9 - <seith_cli[7d54de05aac818c3]::commands::dossier::tests::dossier_pdf::{closure#0} as core[df12db4294e9bfd3]::ops::function::FnOnce<()>>::call_once
[INFO] [stdout]   14:     0x5c0c11ad40db - test[9d35eded1c95d3be]::__rust_begin_short_backtrace::<core[df12db4294e9bfd3]::result::Result<(), alloc[2182bb758b4b3781]::string::String>, fn() -> core[df12db4294e9bfd3]::result::Result<(), alloc[2182bb758b4b3781]::string::String>>
[INFO] [stdout]   15:     0x5c0c11ae1745 - test[9d35eded1c95d3be]::run_test::{closure#0}
[INFO] [stdout]   16:     0x5c0c11adb004 - std[70759c8f55707aa4]::sys::backtrace::__rust_begin_short_backtrace::<test[9d35eded1c95d3be]::run_test::{closure#1}, ()>
[INFO] [stdout]   17:     0x5c0c11ae48a2 - <std[70759c8f55707aa4]::thread::lifecycle::spawn_unchecked<test[9d35eded1c95d3be]::run_test::{closure#1}, ()>::{closure#1} as core[df12db4294e9bfd3]::ops::function::FnOnce<()>>::call_once::{shim:vtable#0}
[INFO] [stdout]   18:     0x5c0c11dec639 - <std[70759c8f55707aa4]::sys::thread::unix::Thread>::new::thread_start
[INFO] [stdout]   19:     0x7b55df8a2dfa - <unknown>
[INFO] [stdout]   20:     0x7b55df9363d4 - clone
[INFO] [stdout]   21:                0x0 - <unknown>
[INFO] [stdout] 
[INFO] [stdout] ---- commands::dossier::tests::dossier_breakdown_not_50 stdout ----
[INFO] [stdout] 
[INFO] [stdout] thread 'commands::dossier::tests::dossier_breakdown_not_50' (3373) panicked at crates/seith-cli/src/commands/dossier.rs:171:69:
[INFO] [stdout] called `Option::unwrap()` on a `None` value
[INFO] [stdout] stack backtrace:
[INFO] [stdout]    0:     0x5c0c11decd91 - <<std[70759c8f55707aa4]::sys::backtrace::BacktraceLock>::print::DisplayBacktrace as core[df12db4294e9bfd3]::fmt::Display>::fmt
[INFO] [stdout]    1:     0x5c0c11e03eaa - core[df12db4294e9bfd3]::fmt::write
[INFO] [stdout]    2:     0x5c0c11df122c - <alloc[2182bb758b4b3781]::vec::Vec<u8> as core[df12db4294e9bfd3]::io::write::Write>::write_fmt
[INFO] [stdout]    3:     0x5c0c11dc86c6 - std[70759c8f55707aa4]::panicking::default_hook::{closure#0}
[INFO] [stdout]    4:     0x5c0c11de5379 - std[70759c8f55707aa4]::panicking::default_hook
[INFO] [stdout]    5:     0x5c0c11ae0df0 - test[9d35eded1c95d3be]::test_main_inner::<test[9d35eded1c95d3be]::test_main_static::{closure#0}>::{closure#0}
[INFO] [stdout]    6:     0x5c0c11de5532 - std[70759c8f55707aa4]::panicking::panic_with_hook
[INFO] [stdout]    7:     0x5c0c11dc87a4 - std[70759c8f55707aa4]::panicking::panic_handler::{closure#0}
[INFO] [stdout]    8:     0x5c0c11dc13d9 - std[70759c8f55707aa4]::sys::backtrace::__rust_end_short_backtrace::<std[70759c8f55707aa4]::panicking::panic_handler::{closure#0}, !>
[INFO] [stdout]    9:     0x5c0c11dc936d - __rustc[8fa7c3cbc660c2b3]::rust_begin_unwind
[INFO] [stdout]   10:     0x5c0c11e0468c - core[df12db4294e9bfd3]::panicking::panic_fmt
[INFO] [stdout]   11:     0x5c0c11e04652 - core[df12db4294e9bfd3]::panicking::panic
[INFO] [stdout]   12:     0x5c0c11e04409 - core[df12db4294e9bfd3]::option::unwrap_failed
[INFO] [stdout]   13:     0x5c0c11ab9e50 - seith_cli[7d54de05aac818c3]::commands::dossier::tests::dossier_breakdown_not_50
[INFO] [stdout]   14:     0x5c0c11ad1c59 - <seith_cli[7d54de05aac818c3]::commands::dossier::tests::dossier_breakdown_not_50::{closure#0} as core[df12db4294e9bfd3]::ops::function::FnOnce<()>>::call_once
[INFO] [stdout]   15:     0x5c0c11ad40db - test[9d35eded1c95d3be]::__rust_begin_short_backtrace::<core[df12db4294e9bfd3]::result::Result<(), alloc[2182bb758b4b3781]::string::String>, fn() -> core[df12db4294e9bfd3]::result::Result<(), alloc[2182bb758b4b3781]::string::String>>
[INFO] [stderr] error: test failed, to rerun pass `-p seith-cli --bin seith-cli`
[INFO] [stdout]   16:     0x5c0c11ae1745 - test[9d35eded1c95d3be]::run_test::{closure#0}
[INFO] [stdout]   17:     0x5c0c11adb004 - std[70759c8f55707aa4]::sys::backtrace::__rust_begin_short_backtrace::<test[9d35eded1c95d3be]::run_test::{closure#1}, ()>
[INFO] [stdout]   18:     0x5c0c11ae48a2 - <std[70759c8f55707aa4]::thread::lifecycle::spawn_unchecked<test[9d35eded1c95d3be]::run_test::{closure#1}, ()>::{closure#1} as core[df12db4294e9bfd3]::ops::function::FnOnce<()>>::call_once::{shim:vtable#0}
[INFO] [stdout]   19:     0x5c0c11dec639 - <std[70759c8f55707aa4]::sys::thread::unix::Thread>::new::thread_start
[INFO] [stdout]   20:     0x7b55df8a2dfa - <unknown>
[INFO] [stdout]   21:     0x7b55df9363d4 - clone
[INFO] [stdout]   22:                0x0 - <unknown>
[INFO] [stdout] 
[INFO] [stdout] ---- commands::ranking::tests::ranking_finance_has_items stdout ----
[INFO] [stdout] 
[INFO] [stdout] thread 'commands::ranking::tests::ranking_finance_has_items' (3379) panicked at crates/seith-cli/src/commands/ranking.rs:82:9:
[INFO] [stdout] FINANCE items 0 <15
[INFO] [stdout] stack backtrace:
[INFO] [stdout]    0:     0x5c0c11decd91 - <<std[70759c8f55707aa4]::sys::backtrace::BacktraceLock>::print::DisplayBacktrace as core[df12db4294e9bfd3]::fmt::Display>::fmt
[INFO] [stdout]    1:     0x5c0c11e03eaa - core[df12db4294e9bfd3]::fmt::write
[INFO] [stdout]    2:     0x5c0c11df122c - <alloc[2182bb758b4b3781]::vec::Vec<u8> as core[df12db4294e9bfd3]::io::write::Write>::write_fmt
[INFO] [stdout]    3:     0x5c0c11dc86c6 - std[70759c8f55707aa4]::panicking::default_hook::{closure#0}
[INFO] [stdout]    4:     0x5c0c11de5379 - std[70759c8f55707aa4]::panicking::default_hook
[INFO] [stdout]    5:     0x5c0c11ae0df0 - test[9d35eded1c95d3be]::test_main_inner::<test[9d35eded1c95d3be]::test_main_static::{closure#0}>::{closure#0}
[INFO] [stdout]    6:     0x5c0c11de5532 - std[70759c8f55707aa4]::panicking::panic_with_hook
[INFO] [stdout]    7:     0x5c0c11dc8772 - std[70759c8f55707aa4]::panicking::panic_handler::{closure#0}
[INFO] [stdout]    8:     0x5c0c11dc13d9 - std[70759c8f55707aa4]::sys::backtrace::__rust_end_short_backtrace::<std[70759c8f55707aa4]::panicking::panic_handler::{closure#0}, !>
[INFO] [stdout]    9:     0x5c0c11dc936d - __rustc[8fa7c3cbc660c2b3]::rust_begin_unwind
[INFO] [stdout]   10:     0x5c0c11e0468c - core[df12db4294e9bfd3]::panicking::panic_fmt
[INFO] [stdout]   11:     0x5c0c11ac85bc - seith_cli[7d54de05aac818c3]::commands::ranking::tests::ranking_finance_has_items
[INFO] [stdout]   12:     0x5c0c11ad1cb9 - <seith_cli[7d54de05aac818c3]::commands::ranking::tests::ranking_finance_has_items::{closure#0} as core[df12db4294e9bfd3]::ops::function::FnOnce<()>>::call_once
[INFO] [stdout]   13:     0x5c0c11ad40db - test[9d35eded1c95d3be]::__rust_begin_short_backtrace::<core[df12db4294e9bfd3]::result::Result<(), alloc[2182bb758b4b3781]::string::String>, fn() -> core[df12db4294e9bfd3]::result::Result<(), alloc[2182bb758b4b3781]::string::String>>
[INFO] [stdout]   14:     0x5c0c11ae1745 - test[9d35eded1c95d3be]::run_test::{closure#0}
[INFO] [stdout]   15:     0x5c0c11adb004 - std[70759c8f55707aa4]::sys::backtrace::__rust_begin_short_backtrace::<test[9d35eded1c95d3be]::run_test::{closure#1}, ()>
[INFO] [stdout]   16:     0x5c0c11ae48a2 - <std[70759c8f55707aa4]::thread::lifecycle::spawn_unchecked<test[9d35eded1c95d3be]::run_test::{closure#1}, ()>::{closure#1} as core[df12db4294e9bfd3]::ops::function::FnOnce<()>>::call_once::{shim:vtable#0}
[INFO] [stdout]   17:     0x5c0c11dec639 - <std[70759c8f55707aa4]::sys::thread::unix::Thread>::new::thread_start
[INFO] [stdout]   18:     0x7b55df8a2dfa - <unknown>
[INFO] [stdout]   19:     0x7b55df9363d4 - clone
[INFO] [stdout]   20:                0x0 - <unknown>
[INFO] [stdout] 
[INFO] [stdout] ---- commands::score::tests::score_ok stdout ----
[INFO] [stdout] 
[INFO] [stdout] thread 'commands::score::tests::score_ok' (3386) panicked at crates/seith-cli/src/commands/score.rs:40:9:
[INFO] [stdout] assertion `left == right` failed
[INFO] [stdout]   left: Bool(false)
[INFO] [stdout]  right: true
[INFO] [stdout] stack backtrace:
[INFO] [stdout]    0:     0x5c0c11decd91 - <<std[70759c8f55707aa4]::sys::backtrace::BacktraceLock>::print::DisplayBacktrace as core[df12db4294e9bfd3]::fmt::Display>::fmt
[INFO] [stdout]    1:     0x5c0c11e03eaa - core[df12db4294e9bfd3]::fmt::write
[INFO] [stdout]    2:     0x5c0c11df122c - <alloc[2182bb758b4b3781]::vec::Vec<u8> as core[df12db4294e9bfd3]::io::write::Write>::write_fmt
[INFO] [stdout]    3:     0x5c0c11dc86c6 - std[70759c8f55707aa4]::panicking::default_hook::{closure#0}
[INFO] [stdout]    4:     0x5c0c11de5379 - std[70759c8f55707aa4]::panicking::default_hook
[INFO] [stdout]    5:     0x5c0c11ae0df0 - test[9d35eded1c95d3be]::test_main_inner::<test[9d35eded1c95d3be]::test_main_static::{closure#0}>::{closure#0}
[INFO] [stdout]    6:     0x5c0c11de5532 - std[70759c8f55707aa4]::panicking::panic_with_hook
[INFO] [stdout]    7:     0x5c0c11dc8772 - std[70759c8f55707aa4]::panicking::panic_handler::{closure#0}
[INFO] [stdout]    8:     0x5c0c11dc13d9 - std[70759c8f55707aa4]::sys::backtrace::__rust_end_short_backtrace::<std[70759c8f55707aa4]::panicking::panic_handler::{closure#0}, !>
[INFO] [stdout]    9:     0x5c0c11dc936d - __rustc[8fa7c3cbc660c2b3]::rust_begin_unwind
[INFO] [stdout]   10:     0x5c0c11e0468c - core[df12db4294e9bfd3]::panicking::panic_fmt
[INFO] [stdout]   11:     0x5c0c11e045a3 - core[df12db4294e9bfd3]::panicking::assert_failed_inner
[INFO] [stdout]   12:     0x5c0c11ab59c2 - core[df12db4294e9bfd3]::panicking::assert_failed::<serde_json[8a3c7fc1ded1573e]::value::Value, bool>
[INFO] [stdout]   13:     0x5c0c11ab1369 - seith_cli[7d54de05aac818c3]::commands::score::tests::score_ok
[INFO] [stdout]   14:     0x5c0c11ad1bb9 - <seith_cli[7d54de05aac818c3]::commands::score::tests::score_ok::{closure#0} as core[df12db4294e9bfd3]::ops::function::FnOnce<()>>::call_once
[INFO] [stdout]   15:     0x5c0c11ad40db - test[9d35eded1c95d3be]::__rust_begin_short_backtrace::<core[df12db4294e9bfd3]::result::Result<(), alloc[2182bb758b4b3781]::string::String>, fn() -> core[df12db4294e9bfd3]::result::Result<(), alloc[2182bb758b4b3781]::string::String>>
[INFO] [stdout]   16:     0x5c0c11ae1745 - test[9d35eded1c95d3be]::run_test::{closure#0}
[INFO] [stdout]   17:     0x5c0c11adb004 - std[70759c8f55707aa4]::sys::backtrace::__rust_begin_short_backtrace::<test[9d35eded1c95d3be]::run_test::{closure#1}, ()>
[INFO] [stdout]   18:     0x5c0c11ae48a2 - <std[70759c8f55707aa4]::thread::lifecycle::spawn_unchecked<test[9d35eded1c95d3be]::run_test::{closure#1}, ()>::{closure#1} as core[df12db4294e9bfd3]::ops::function::FnOnce<()>>::call_once::{shim:vtable#0}
[INFO] [stdout]   19:     0x5c0c11dec639 - <std[70759c8f55707aa4]::sys::thread::unix::Thread>::new::thread_start
[INFO] [stdout]   20:     0x7b55df8a2dfa - <unknown>
[INFO] [stdout]   21:     0x7b55df9363d4 - clone
[INFO] [stdout]   22:                0x0 - <unknown>
[INFO] [stdout] 
[INFO] [stdout] ---- commands::score::tests::score_jk stdout ----
[INFO] [stdout] 
[INFO] [stdout] thread 'commands::score::tests::score_jk' (3385) panicked at crates/seith-cli/src/commands/score.rs:47:9:
[INFO] [stdout] assertion `left == right` failed
[INFO] [stdout]   left: Null
[INFO] [stdout]  right: "BBCA"
[INFO] [stdout] stack backtrace:
[INFO] [stdout]    0:     0x5c0c11decd91 - <<std[70759c8f55707aa4]::sys::backtrace::BacktraceLock>::print::DisplayBacktrace as core[df12db4294e9bfd3]::fmt::Display>::fmt
[INFO] [stdout]    1:     0x5c0c11e03eaa - core[df12db4294e9bfd3]::fmt::write
[INFO] [stdout]    2:     0x5c0c11df122c - <alloc[2182bb758b4b3781]::vec::Vec<u8> as core[df12db4294e9bfd3]::io::write::Write>::write_fmt
[INFO] [stdout]    3:     0x5c0c11dc86c6 - std[70759c8f55707aa4]::panicking::default_hook::{closure#0}
[INFO] [stdout]    4:     0x5c0c11de5379 - std[70759c8f55707aa4]::panicking::default_hook
[INFO] [stdout]    5:     0x5c0c11ae0df0 - test[9d35eded1c95d3be]::test_main_inner::<test[9d35eded1c95d3be]::test_main_static::{closure#0}>::{closure#0}
[INFO] [stdout]    6:     0x5c0c11de5532 - std[70759c8f55707aa4]::panicking::panic_with_hook
[INFO] [stdout]    7:     0x5c0c11dc8772 - std[70759c8f55707aa4]::panicking::panic_handler::{closure#0}
[INFO] [stdout]    8:     0x5c0c11dc13d9 - std[70759c8f55707aa4]::sys::backtrace::__rust_end_short_backtrace::<std[70759c8f55707aa4]::panicking::panic_handler::{closure#0}, !>
[INFO] [stdout]    9:     0x5c0c11dc936d - __rustc[8fa7c3cbc660c2b3]::rust_begin_unwind
[INFO] [stdout]   10:     0x5c0c11e0468c - core[df12db4294e9bfd3]::panicking::panic_fmt
[INFO] [stdout]   11:     0x5c0c11e045a3 - core[df12db4294e9bfd3]::panicking::assert_failed_inner
[INFO] [stdout]   12:     0x5c0c11ab598b - core[df12db4294e9bfd3]::panicking::assert_failed::<serde_json[8a3c7fc1ded1573e]::value::Value, &str>
[INFO] [stdout]   13:     0x5c0c11ab1140 - seith_cli[7d54de05aac818c3]::commands::score::tests::score_jk
[INFO] [stdout]   14:     0x5c0c11ad1b99 - <seith_cli[7d54de05aac818c3]::commands::score::tests::score_jk::{closure#0} as core[df12db4294e9bfd3]::ops::function::FnOnce<()>>::call_once
[INFO] [stdout]   15:     0x5c0c11ad40db - test[9d35eded1c95d3be]::__rust_begin_short_backtrace::<core[df12db4294e9bfd3]::result::Result<(), alloc[2182bb758b4b3781]::string::String>, fn() -> core[df12db4294e9bfd3]::result::Result<(), alloc[2182bb758b4b3781]::string::String>>
[INFO] [stdout]   16:     0x5c0c11ae1745 - test[9d35eded1c95d3be]::run_test::{closure#0}
[INFO] [stdout]   17:     0x5c0c11adb004 - std[70759c8f55707aa4]::sys::backtrace::__rust_begin_short_backtrace::<test[9d35eded1c95d3be]::run_test::{closure#1}, ()>
[INFO] [stdout]   18:     0x5c0c11ae48a2 - <std[70759c8f55707aa4]::thread::lifecycle::spawn_unchecked<test[9d35eded1c95d3be]::run_test::{closure#1}, ()>::{closure#1} as core[df12db4294e9bfd3]::ops::function::FnOnce<()>>::call_once::{shim:vtable#0}
[INFO] [stdout]   19:     0x5c0c11dec639 - <std[70759c8f55707aa4]::sys::thread::unix::Thread>::new::thread_start
[INFO] [stdout]   20:     0x7b55df8a2dfa - <unknown>
[INFO] [stdout]   21:     0x7b55df9363d4 - clone
[INFO] [stdout]   22:                0x0 - <unknown>
[INFO] [stdout] 
[INFO] [stdout] ---- commands::dossier::tests::dossier_json_ok stdout ----
[INFO] [stdout] 
[INFO] [stdout] thread 'commands::dossier::tests::dossier_json_ok' (3374) panicked at crates/seith-cli/src/commands/dossier.rs:141:9:
[INFO] [stdout] assertion `left == right` failed
[INFO] [stdout]   left: Null
[INFO] [stdout]  right: "BBCA"
[INFO] [stdout] stack backtrace:
[INFO] [stdout]    0:     0x5c0c11decd91 - <<std[70759c8f55707aa4]::sys::backtrace::BacktraceLock>::print::DisplayBacktrace as core[df12db4294e9bfd3]::fmt::Display>::fmt
[INFO] [stdout]    1:     0x5c0c11e03eaa - core[df12db4294e9bfd3]::fmt::write
[INFO] [stdout]    2:     0x5c0c11df122c - <alloc[2182bb758b4b3781]::vec::Vec<u8> as core[df12db4294e9bfd3]::io::write::Write>::write_fmt
[INFO] [stdout]    3:     0x5c0c11dc86c6 - std[70759c8f55707aa4]::panicking::default_hook::{closure#0}
[INFO] [stdout]    4:     0x5c0c11de5379 - std[70759c8f55707aa4]::panicking::default_hook
[INFO] [stdout]    5:     0x5c0c11ae0df0 - test[9d35eded1c95d3be]::test_main_inner::<test[9d35eded1c95d3be]::test_main_static::{closure#0}>::{closure#0}
[INFO] [stdout]    6:     0x5c0c11de5532 - std[70759c8f55707aa4]::panicking::panic_with_hook
[INFO] [stdout]    7:     0x5c0c11dc8772 - std[70759c8f55707aa4]::panicking::panic_handler::{closure#0}
[INFO] [stdout]    8:     0x5c0c11dc13d9 - std[70759c8f55707aa4]::sys::backtrace::__rust_end_short_backtrace::<std[70759c8f55707aa4]::panicking::panic_handler::{closure#0}, !>
[INFO] [stdout]    9:     0x5c0c11dc936d - __rustc[8fa7c3cbc660c2b3]::rust_begin_unwind
[INFO] [stdout]   10:     0x5c0c11e0468c - core[df12db4294e9bfd3]::panicking::panic_fmt
[INFO] [stdout]   11:     0x5c0c11e045a3 - core[df12db4294e9bfd3]::panicking::assert_failed_inner
[INFO] [stdout]   12:     0x5c0c11ab598b - core[df12db4294e9bfd3]::panicking::assert_failed::<serde_json[8a3c7fc1ded1573e]::value::Value, &str>
[INFO] [stdout]   13:     0x5c0c11ab967e - seith_cli[7d54de05aac818c3]::commands::dossier::tests::dossier_json_ok
[INFO] [stdout]   14:     0x5c0c11ad1c19 - <seith_cli[7d54de05aac818c3]::commands::dossier::tests::dossier_json_ok::{closure#0} as core[df12db4294e9bfd3]::ops::function::FnOnce<()>>::call_once
[INFO] [stdout]   15:     0x5c0c11ad40db - test[9d35eded1c95d3be]::__rust_begin_short_backtrace::<core[df12db4294e9bfd3]::result::Result<(), alloc[2182bb758b4b3781]::string::String>, fn() -> core[df12db4294e9bfd3]::result::Result<(), alloc[2182bb758b4b3781]::string::String>>
[INFO] [stdout]   16:     0x5c0c11ae1745 - test[9d35eded1c95d3be]::run_test::{closure#0}
[INFO] [stdout]   17:     0x5c0c11adb004 - std[70759c8f55707aa4]::sys::backtrace::__rust_begin_short_backtrace::<test[9d35eded1c95d3be]::run_test::{closure#1}, ()>
[INFO] [stdout]   18:     0x5c0c11ae48a2 - <std[70759c8f55707aa4]::thread::lifecycle::spawn_unchecked<test[9d35eded1c95d3be]::run_test::{closure#1}, ()>::{closure#1} as core[df12db4294e9bfd3]::ops::function::FnOnce<()>>::call_once::{shim:vtable#0}
[INFO] [stdout]   19:     0x5c0c11dec639 - <std[70759c8f55707aa4]::sys::thread::unix::Thread>::new::thread_start
[INFO] [stdout]   20:     0x7b55df8a2dfa - <unknown>
[INFO] [stdout]   21:     0x7b55df9363d4 - clone
[INFO] [stdout]   22:                0x0 - <unknown>
[INFO] [stdout] 
[INFO] [stdout] ---- commands::score::tests::score_scores_differ stdout ----
[INFO] [stdout] 
[INFO] [stdout] thread 'commands::score::tests::score_scores_differ' (3387) panicked at crates/seith-cli/src/commands/score.rs:61:9:
[INFO] [stdout] assertion `left == right` failed
[INFO] [stdout]   left: Bool(false)
[INFO] [stdout]  right: true
[INFO] [stdout] stack backtrace:
[INFO] [stdout]    0:     0x5c0c11decd91 - <<std[70759c8f55707aa4]::sys::backtrace::BacktraceLock>::print::DisplayBacktrace as core[df12db4294e9bfd3]::fmt::Display>::fmt
[INFO] [stdout]    1:     0x5c0c11e03eaa - core[df12db4294e9bfd3]::fmt::write
[INFO] [stdout]    2:     0x5c0c11df122c - <alloc[2182bb758b4b3781]::vec::Vec<u8> as core[df12db4294e9bfd3]::io::write::Write>::write_fmt
[INFO] [stdout]    3:     0x5c0c11dc86c6 - std[70759c8f55707aa4]::panicking::default_hook::{closure#0}
[INFO] [stdout]    4:     0x5c0c11de5379 - std[70759c8f55707aa4]::panicking::default_hook
[INFO] [stdout]    5:     0x5c0c11ae0df0 - test[9d35eded1c95d3be]::test_main_inner::<test[9d35eded1c95d3be]::test_main_static::{closure#0}>::{closure#0}
[INFO] [stdout]    6:     0x5c0c11de5532 - std[70759c8f55707aa4]::panicking::panic_with_hook
[INFO] [stdout]    7:     0x5c0c11dc8772 - std[70759c8f55707aa4]::panicking::panic_handler::{closure#0}
[INFO] [stdout]    8:     0x5c0c11dc13d9 - std[70759c8f55707aa4]::sys::backtrace::__rust_end_short_backtrace::<std[70759c8f55707aa4]::panicking::panic_handler::{closure#0}, !>
[INFO] [stdout]    9:     0x5c0c11dc936d - __rustc[8fa7c3cbc660c2b3]::rust_begin_unwind
[INFO] [stdout]   10:     0x5c0c11e0468c - core[df12db4294e9bfd3]::panicking::panic_fmt
[INFO] [stdout]   11:     0x5c0c11e045a3 - core[df12db4294e9bfd3]::panicking::assert_failed_inner
[INFO] [stdout]   12:     0x5c0c11ab59c2 - core[df12db4294e9bfd3]::panicking::assert_failed::<serde_json[8a3c7fc1ded1573e]::value::Value, bool>
[INFO] [stdout]   13:     0x5c0c11ab0e39 - seith_cli[7d54de05aac818c3]::commands::score::tests::score_scores_differ
[INFO] [stdout]   14:     0x5c0c11ad1b79 - <seith_cli[7d54de05aac818c3]::commands::score::tests::score_scores_differ::{closure#0} as core[df12db4294e9bfd3]::ops::function::FnOnce<()>>::call_once
[INFO] [stdout]   15:     0x5c0c11ad40db - test[9d35eded1c95d3be]::__rust_begin_short_backtrace::<core[df12db4294e9bfd3]::result::Result<(), alloc[2182bb758b4b3781]::string::String>, fn() -> core[df12db4294e9bfd3]::result::Result<(), alloc[2182bb758b4b3781]::string::String>>
[INFO] [stdout]   16:     0x5c0c11ae1745 - test[9d35eded1c95d3be]::run_test::{closure#0}
[INFO] [stdout]   17:     0x5c0c11adb004 - std[70759c8f55707aa4]::sys::backtrace::__rust_begin_short_backtrace::<test[9d35eded1c95d3be]::run_test::{closure#1}, ()>
[INFO] [stdout]   18:     0x5c0c11ae48a2 - <std[70759c8f55707aa4]::thread::lifecycle::spawn_unchecked<test[9d35eded1c95d3be]::run_test::{closure#1}, ()>::{closure#1} as core[df12db4294e9bfd3]::ops::function::FnOnce<()>>::call_once::{shim:vtable#0}
[INFO] [stdout]   19:     0x5c0c11dec639 - <std[70759c8f55707aa4]::sys::thread::unix::Thread>::new::thread_start
[INFO] [stdout]   20:     0x7b55df8a2dfa - <unknown>
[INFO] [stdout]   21:     0x7b55df9363d4 - clone
[INFO] [stdout]   22:                0x0 - <unknown>
[INFO] [stdout] 
[INFO] [stdout] 
[INFO] [stdout] failures:
[INFO] [stdout]     commands::dossier::tests::dossier_breakdown_not_50
[INFO] [stdout]     commands::dossier::tests::dossier_json_ok
[INFO] [stdout]     commands::dossier::tests::dossier_pdf
[INFO] [stdout]     commands::ranking::tests::ranking_finance_has_items
[INFO] [stdout]     commands::score::tests::score_jk
[INFO] [stdout]     commands::score::tests::score_ok
[INFO] [stdout]     commands::score::tests::score_scores_differ
[INFO] [stdout] 
[INFO] [stdout] test result: FAILED. 14 passed; 7 failed; 0 ignored; 0 measured; 0 filtered out; finished in 0.00s
[INFO] [stdout] 
[INFO] running `Command { std: "docker" "inspect" "a6907e42524a98b18a4b835063c66b1546ae4e6c43d7d88f0642a9a13aa9365e", kill_on_drop: false }`
[INFO] running `Command { std: "docker" "rm" "-f" "a6907e42524a98b18a4b835063c66b1546ae4e6c43d7d88f0642a9a13aa9365e", kill_on_drop: false }`
[INFO] [stdout] a6907e42524a98b18a4b835063c66b1546ae4e6c43d7d88f0642a9a13aa9365e
