[INFO] cloning repository https://github.com/jackieit/queue-rs
[INFO] running `Command { std: "git" "-c" "credential.helper=" "-c" "credential.helper=/workspace/cargo-home/bin/git-credential-null" "clone" "--bare" "https://github.com/jackieit/queue-rs" "/workspace/cache/git-repos/https%3A%2F%2Fgithub.com%2Fjackieit%2Fqueue-rs", kill_on_drop: false }`
[INFO] [stderr] Cloning into bare repository '/workspace/cache/git-repos/https%3A%2F%2Fgithub.com%2Fjackieit%2Fqueue-rs'...
[INFO] running `Command { std: "git" "rev-parse" "HEAD", kill_on_drop: false }`
[INFO] [stdout] b6d3440d872ce19a5ed41b02c70ed3960d3782f4
[INFO] testing jackieit/queue-rs against 1.100.0-beta.1+cargoflags=--release for beta-release-1.100-2
[INFO] running `Command { std: "git" "clone" "/workspace/cache/git-repos/https%3A%2F%2Fgithub.com%2Fjackieit%2Fqueue-rs" "/workspace/builds/worker-5-tc2/source", kill_on_drop: false }`
[INFO] [stderr] Cloning into '/workspace/builds/worker-5-tc2/source'...
[INFO] [stderr] done.
[INFO] started tweaking git repo https://github.com/jackieit/queue-rs
[INFO] finished tweaking git repo https://github.com/jackieit/queue-rs
[INFO] tweaked toml for git repo https://github.com/jackieit/queue-rs written to /workspace/builds/worker-5-tc2/source/Cargo.toml
[INFO] validating manifest of git repo https://github.com/jackieit/queue-rs on toolchain 1.100.0-beta.1
[INFO] running `Command { std: CARGO_HOME="/workspace/cargo-home" RUSTUP_HOME="/workspace/rustup-home" "/workspace/cargo-home/bin/cargo" "+1.100.0-beta.1" "metadata" "--manifest-path" "Cargo.toml" "--no-deps", kill_on_drop: false }`
[INFO] crate git repo https://github.com/jackieit/queue-rs already has a lockfile, it will not be regenerated
[INFO] running `Command { std: CARGO_HOME="/workspace/cargo-home" RUSTUP_HOME="/workspace/rustup-home" "/workspace/cargo-home/bin/cargo" "+1.100.0-beta.1" "fetch" "--manifest-path" "Cargo.toml", kill_on_drop: false }`
[INFO] [stderr]     Blocking waiting for file lock on package cache
[INFO] [stderr]     Updating crates.io index
[INFO] [stderr]     Blocking waiting for file lock on package cache
[ERROR] error running command: no output for 300 seconds
[INFO] testing jackieit/queue-rs against 1.100.0-beta.1+cargoflags=--release for beta-release-1.100-2
[INFO] running `Command { std: "git" "clone" "/workspace/cache/git-repos/https%3A%2F%2Fgithub.com%2Fjackieit%2Fqueue-rs" "/workspace/builds/worker-5-tc2/source", kill_on_drop: false }`
[INFO] [stderr] Cloning into '/workspace/builds/worker-5-tc2/source'...
[INFO] [stderr] done.
[INFO] started tweaking git repo https://github.com/jackieit/queue-rs
[INFO] finished tweaking git repo https://github.com/jackieit/queue-rs
[INFO] tweaked toml for git repo https://github.com/jackieit/queue-rs written to /workspace/builds/worker-5-tc2/source/Cargo.toml
[INFO] validating manifest of git repo https://github.com/jackieit/queue-rs on toolchain 1.100.0-beta.1
[INFO] running `Command { std: CARGO_HOME="/workspace/cargo-home" RUSTUP_HOME="/workspace/rustup-home" "/workspace/cargo-home/bin/cargo" "+1.100.0-beta.1" "metadata" "--manifest-path" "Cargo.toml" "--no-deps", kill_on_drop: false }`
[INFO] crate git repo https://github.com/jackieit/queue-rs already has a lockfile, it will not be regenerated
[INFO] running `Command { std: CARGO_HOME="/workspace/cargo-home" RUSTUP_HOME="/workspace/rustup-home" "/workspace/cargo-home/bin/cargo" "+1.100.0-beta.1" "fetch" "--manifest-path" "Cargo.toml", kill_on_drop: false }`
[INFO] [stderr]     Blocking waiting for file lock on package cache
[INFO] [stderr]     Blocking waiting for file lock on package cache
[INFO] [stderr]  Downloading crates ...
[INFO] [stderr]   Downloaded typetag-impl v0.2.18
[INFO] [stderr]   Downloaded quote v1.0.37
[INFO] [stderr]   Downloaded typetag v0.2.18
[INFO] [stderr]   Downloaded serde v1.0.209
[INFO] [stderr]   Downloaded inventory v0.3.15
[INFO] [stderr]   Downloaded async-trait v0.1.81
[INFO] [stderr]   Downloaded tinyvec v1.8.0
[INFO] [stderr]   Downloaded serde_derive v1.0.209
[INFO] [stderr]   Downloaded socket2 v0.5.7
[INFO] [stderr]   Downloaded url v2.5.2
[INFO] [stderr]   Downloaded bytes v1.7.1
[INFO] [stderr]   Downloaded miniz_oxide v0.7.4
[INFO] [stderr]   Downloaded cc v1.1.15
[INFO] [stderr]   Downloaded arc-swap v1.7.1
[INFO] [stderr]   Downloaded mio v1.0.2
[INFO] [stderr]   Downloaded tokio-util v0.7.11
[INFO] [stderr]   Downloaded serde_json v1.0.127
[INFO] [stderr]   Downloaded syn v2.0.76
[INFO] [stderr]   Downloaded redis v0.26.1
[INFO] [stderr]   Downloaded object v0.36.4
[INFO] [stderr]   Downloaded libc v0.2.158
[INFO] [stderr]   Downloaded tokio v1.39.3
[INFO] running `Command { std: "docker" "create" "-v" "/var/lib/crater-agent-workspace/builds/worker-5-tc2/source:/opt/rustwide/workdir:ro,Z" "-v" "/var/lib/crater-agent-workspace/builds/worker-5-tc2/target:/opt/rustwide/target:rw,Z" "-v" "/var/lib/crater-agent-workspace/cargo-home:/opt/rustwide/cargo-home:ro,Z" "-v" "/var/lib/crater-agent-workspace/rustup-home:/opt/rustwide/rustup-home:ro,Z" "-m" "1610612736" "--network" "none" "ghcr.io/rust-lang/crates-build-env/linux@sha256:77db811e55d90add9212f6832c23229e3de5f1c1f9905e8cb07319ea15df73ac" "sleep" "infinity", kill_on_drop: false }`
[INFO] [stdout] 73a10f84e317462cea6426cf562039b056a14d2ba166cf101ccdc65cc05e16ba
[INFO] running `Command { std: "docker" "start" "73a10f84e317462cea6426cf562039b056a14d2ba166cf101ccdc65cc05e16ba", kill_on_drop: false }`
[INFO] running `Command { std: "docker" "inspect" "73a10f84e317462cea6426cf562039b056a14d2ba166cf101ccdc65cc05e16ba", kill_on_drop: false }`
[INFO] running `Command { std: "docker" "exec" "-e" "SOURCE_DIR=/opt/rustwide/workdir" "-e" "CARGO_HOME=/opt/rustwide/cargo-home" "-e" "RUSTUP_HOME=/opt/rustwide/rustup-home" "-e" "CARGO_TARGET_DIR=/opt/rustwide/target" "-w" "/opt/rustwide/workdir" "--user" "0:0" "73a10f84e317462cea6426cf562039b056a14d2ba166cf101ccdc65cc05e16ba" "/opt/rustwide/cargo-home/bin/cargo" "+1.100.0-beta.1" "metadata" "--no-deps" "--format-version=1", kill_on_drop: false }`
[INFO] running `Command { std: "docker" "inspect" "73a10f84e317462cea6426cf562039b056a14d2ba166cf101ccdc65cc05e16ba", kill_on_drop: false }`
[INFO] running `Command { std: "docker" "exec" "-e" "SOURCE_DIR=/opt/rustwide/workdir" "-e" "CARGO_HOME=/opt/rustwide/cargo-home" "-e" "RUSTUP_HOME=/opt/rustwide/rustup-home" "-e" "CARGO_TARGET_DIR=/opt/rustwide/target" "-e" "CARGO_INCREMENTAL=0" "-e" "RUST_BACKTRACE=full" "-e" "RUSTFLAGS=--cap-lints=warn" "-e" "RUSTDOCFLAGS=--cap-lints=warn" "-w" "/opt/rustwide/workdir" "--user" "0:0" "73a10f84e317462cea6426cf562039b056a14d2ba166cf101ccdc65cc05e16ba" "/opt/rustwide/cargo-home/bin/cargo" "+1.100.0-beta.1" "build" "--frozen" "--message-format=json" "--release", kill_on_drop: false }`
[INFO] [stderr]    Compiling proc-macro2 v1.0.86
[INFO] [stderr]    Compiling unicode-ident v1.0.12
[INFO] [stderr]    Compiling libc v0.2.158
[INFO] [stderr]    Compiling autocfg v1.3.0
[INFO] [stderr]    Compiling pin-project-lite v0.2.14
[INFO] [stderr]    Compiling tinyvec_macros v0.1.1
[INFO] [stderr]    Compiling serde v1.0.209
[INFO] [stderr]    Compiling bytes v1.7.1
[INFO] [stderr]    Compiling tinyvec v1.8.0
[INFO] [stderr]    Compiling futures-sink v0.3.30
[INFO] [stderr]    Compiling typeid v1.0.2
[INFO] [stderr]    Compiling futures-core v0.3.30
[INFO] [stderr]    Compiling memchr v2.7.4
[INFO] [stderr]    Compiling once_cell v1.19.0
[INFO] [stderr]    Compiling unicode-bidi v0.3.15
[INFO] [stderr]    Compiling num-traits v0.2.19
[INFO] [stderr]    Compiling serde_json v1.0.127
[INFO] [stderr]    Compiling ryu v1.0.18
[INFO] [stderr]    Compiling mio v1.0.2
[INFO] [stderr]    Compiling socket2 v0.5.7
[INFO] [stderr]    Compiling quote v1.0.37
[INFO] [stderr]    Compiling unicode-normalization v0.1.23
[INFO] [stderr]    Compiling syn v2.0.76
[INFO] [stderr]    Compiling tokio v1.39.3
[INFO] [stderr]    Compiling futures-task v0.3.30
[INFO] [stderr]    Compiling itoa v1.0.11
[INFO] [stderr]    Compiling idna v0.5.0
[INFO] [stderr]    Compiling num-integer v0.1.46
[INFO] [stderr]    Compiling futures-util v0.3.30
[INFO] [stderr]    Compiling tracing-core v0.1.32
[INFO] [stderr]    Compiling num-bigint v0.4.6
[INFO] [stderr]    Compiling arc-swap v1.7.1
[INFO] [stderr]    Compiling url v2.5.2
[INFO] [stderr]    Compiling inventory v0.3.15
[INFO] [stderr]    Compiling sha1_smol v1.0.1
[INFO] [stderr]    Compiling tokio-util v0.7.11
[INFO] [stderr]    Compiling serde_derive v1.0.209
[INFO] [stderr]    Compiling typetag-impl v0.2.18
[INFO] [stderr]    Compiling async-trait v0.1.81
[INFO] [stderr]    Compiling tracing-attributes v0.1.27
[INFO] [stderr]    Compiling combine v4.6.7
[INFO] [stderr]    Compiling tracing v0.1.40
[INFO] [stderr]    Compiling erased-serde v0.4.5
[INFO] [stderr]    Compiling redis v0.26.1
[INFO] [stderr]    Compiling typetag v0.2.18
[INFO] [stderr]    Compiling queue-rs v0.1.0 (/opt/rustwide/workdir)
[INFO] [stdout] error[E0277]: the trait bound `!: FromRedisValue` is not satisfied
[INFO] [stdout]     --> src/queue.rs:59:14
[INFO] [stdout]      |
[INFO] [stdout]   59 |         conn.hset(self.k("messages"), id, format!("{};{}", self.ttr, message))?;
[INFO] [stdout]      |              ^^^^ the trait `FromRedisValue` is not implemented for `!`
[INFO] [stdout]      |
[INFO] [stdout]      = help: the following other types implement trait `FromRedisValue`:
[INFO] [stdout]                ()
[INFO] [stdout]                (T12,)
[INFO] [stdout]                (T11, T12)
[INFO] [stdout]                (T10, T11, T12)
[INFO] [stdout]                (T9, T10, T11, T12)
[INFO] [stdout]                (T8, T9, T10, T11, T12)
[INFO] [stdout]                (T7, T8, T9, T10, T11, T12)
[INFO] [stdout]                (T6, T7, T8, T9, T10, T11, T12)
[INFO] [stdout]              and 49 others
[INFO] [stdout]      = note: this error might have been caused by changes to Rust's type-inference algorithm (see issue #148922 <https://github.com/rust-lang/rust/issues/148922> for more information)
[INFO] [stdout]      = help: you might have intended to use the type `()` here instead
[INFO] [stdout] note: required by a bound in `redis::Commands::hset`
[INFO] [stdout]     --> /opt/rustwide/cargo-home/registry/src/index.crates.io-1949cf8c6b5b557f/redis-0.26.1/src/commands/macros.rs:44:60
[INFO] [stdout]      |
[INFO] [stdout]   39 |           pub trait Commands : ConnectionLike+Sized {
[INFO] [stdout] ...
[INFO] [stdout]   44 |                   fn $name<$lifetime, $($tyargs: $ty, )* RV: FromRedisValue>(
[INFO] [stdout]      |                                                              ^^^^^^^^^^^^^^ required by this bound in `Commands::hset`
[INFO] [stdout]      |
[INFO] [stdout]     ::: /opt/rustwide/cargo-home/registry/src/index.crates.io-1949cf8c6b5b557f/redis-0.26.1/src/commands/mod.rs:136:1
[INFO] [stdout]      |
[INFO] [stdout]  136 | / implement_commands! {
[INFO] [stdout]  137 | |     'a
[INFO] [stdout] ...    |
[INFO] [stdout]  389 | |     fn hset<K: ToRedisArgs, F: ToRedisArgs, V: ToRedisArgs>(key: K, field: F, value: V) {
[INFO] [stdout] ...    |
[INFO] [stdout] 2117 | | }
[INFO] [stdout]      | |_- in this macro invocation
[INFO] [stdout]      = note: this error originates in the macro `implement_commands` (in Nightly builds, run with -Z macro-backtrace for more info)
[INFO] [stdout] 
[INFO] [stdout] 
[INFO] [stdout] error[E0277]: the trait bound `!: FromRedisValue` is not satisfied
[INFO] [stdout]     --> src/queue.rs:62:18
[INFO] [stdout]      |
[INFO] [stdout]   62 |             conn.zadd(self.k("delayed"), id, now + self.delay as u64)?;
[INFO] [stdout]      |                  ^^^^ the trait `FromRedisValue` is not implemented for `!`
[INFO] [stdout]      |
[INFO] [stdout]      = help: the following other types implement trait `FromRedisValue`:
[INFO] [stdout]                ()
[INFO] [stdout]                (T12,)
[INFO] [stdout]                (T11, T12)
[INFO] [stdout]                (T10, T11, T12)
[INFO] [stdout]                (T9, T10, T11, T12)
[INFO] [stdout]                (T8, T9, T10, T11, T12)
[INFO] [stdout]                (T7, T8, T9, T10, T11, T12)
[INFO] [stdout]                (T6, T7, T8, T9, T10, T11, T12)
[INFO] [stdout]              and 49 others
[INFO] [stdout]      = note: this error might have been caused by changes to Rust's type-inference algorithm (see issue #148922 <https://github.com/rust-lang/rust/issues/148922> for more information)
[INFO] [stdout]      = help: you might have intended to use the type `()` here instead
[INFO] [stdout] note: required by a bound in `redis::Commands::zadd`
[INFO] [stdout]     --> /opt/rustwide/cargo-home/registry/src/index.crates.io-1949cf8c6b5b557f/redis-0.26.1/src/commands/macros.rs:44:60
[INFO] [stdout]      |
[INFO] [stdout]   39 |           pub trait Commands : ConnectionLike+Sized {
[INFO] [stdout] ...
[INFO] [stdout]   44 |                   fn $name<$lifetime, $($tyargs: $ty, )* RV: FromRedisValue>(
[INFO] [stdout]      |                                                              ^^^^^^^^^^^^^^ required by this bound in `Commands::zadd`
[INFO] [stdout]      |
[INFO] [stdout]     ::: /opt/rustwide/cargo-home/registry/src/index.crates.io-1949cf8c6b5b557f/redis-0.26.1/src/commands/mod.rs:136:1
[INFO] [stdout]      |
[INFO] [stdout]  136 | / implement_commands! {
[INFO] [stdout]  137 | |     'a
[INFO] [stdout] ...    |
[INFO] [stdout]  698 | |     fn zadd<K: ToRedisArgs, S: ToRedisArgs, M: ToRedisArgs>(key: K, member: M, score: S) {
[INFO] [stdout] ...    |
[INFO] [stdout] 2117 | | }
[INFO] [stdout]      | |_- in this macro invocation
[INFO] [stdout]      = note: this error originates in the macro `implement_commands` (in Nightly builds, run with -Z macro-backtrace for more info)
[INFO] [stdout] 
[INFO] [stdout] 
[INFO] [stdout] error[E0277]: the trait bound `!: FromRedisValue` is not satisfied
[INFO] [stdout]     --> src/queue.rs:64:18
[INFO] [stdout]      |
[INFO] [stdout]   64 |             conn.lpush(self.k("waiting"), id)?;
[INFO] [stdout]      |                  ^^^^^ the trait `FromRedisValue` is not implemented for `!`
[INFO] [stdout]      |
[INFO] [stdout]      = help: the following other types implement trait `FromRedisValue`:
[INFO] [stdout]                ()
[INFO] [stdout]                (T12,)
[INFO] [stdout]                (T11, T12)
[INFO] [stdout]                (T10, T11, T12)
[INFO] [stdout]                (T9, T10, T11, T12)
[INFO] [stdout]                (T8, T9, T10, T11, T12)
[INFO] [stdout]                (T7, T8, T9, T10, T11, T12)
[INFO] [stdout]                (T6, T7, T8, T9, T10, T11, T12)
[INFO] [stdout]              and 49 others
[INFO] [stdout]      = note: this error might have been caused by changes to Rust's type-inference algorithm (see issue #148922 <https://github.com/rust-lang/rust/issues/148922> for more information)
[INFO] [stdout]      = help: you might have intended to use the type `()` here instead
[INFO] [stdout] note: required by a bound in `redis::Commands::lpush`
[INFO] [stdout]     --> /opt/rustwide/cargo-home/registry/src/index.crates.io-1949cf8c6b5b557f/redis-0.26.1/src/commands/macros.rs:44:60
[INFO] [stdout]      |
[INFO] [stdout]   39 |           pub trait Commands : ConnectionLike+Sized {
[INFO] [stdout] ...
[INFO] [stdout]   44 |                   fn $name<$lifetime, $($tyargs: $ty, )* RV: FromRedisValue>(
[INFO] [stdout]      |                                                              ^^^^^^^^^^^^^^ required by this bound in `Commands::lpush`
[INFO] [stdout]      |
[INFO] [stdout]     ::: /opt/rustwide/cargo-home/registry/src/index.crates.io-1949cf8c6b5b557f/redis-0.26.1/src/commands/mod.rs:136:1
[INFO] [stdout]      |
[INFO] [stdout]  136 | / implement_commands! {
[INFO] [stdout]  137 | |     'a
[INFO] [stdout] ...    |
[INFO] [stdout]  558 | |     fn lpush<K: ToRedisArgs, V: ToRedisArgs>(key: K, value: V) {
[INFO] [stdout] ...    |
[INFO] [stdout] 2117 | | }
[INFO] [stdout]      | |_- in this macro invocation
[INFO] [stdout]      = note: this error originates in the macro `implement_commands` (in Nightly builds, run with -Z macro-backtrace for more info)
[INFO] [stdout] 
[INFO] [stdout] 
[INFO] [stdout] error[E0277]: the trait bound `!: FromRedisValue` is not satisfied
[INFO] [stdout]     --> src/queue.rs:147:14
[INFO] [stdout]      |
[INFO] [stdout]  147 |         conn.zadd(self.k("reserved"), id, now + ttr as u64)?;
[INFO] [stdout]      |              ^^^^ the trait `FromRedisValue` is not implemented for `!`
[INFO] [stdout]      |
[INFO] [stdout]      = help: the following other types implement trait `FromRedisValue`:
[INFO] [stdout]                ()
[INFO] [stdout]                (T12,)
[INFO] [stdout]                (T11, T12)
[INFO] [stdout]                (T10, T11, T12)
[INFO] [stdout]                (T9, T10, T11, T12)
[INFO] [stdout]                (T8, T9, T10, T11, T12)
[INFO] [stdout]                (T7, T8, T9, T10, T11, T12)
[INFO] [stdout]                (T6, T7, T8, T9, T10, T11, T12)
[INFO] [stdout]              and 49 others
[INFO] [stdout]      = note: this error might have been caused by changes to Rust's type-inference algorithm (see issue #148922 <https://github.com/rust-lang/rust/issues/148922> for more information)
[INFO] [stdout]      = help: you might have intended to use the type `()` here instead
[INFO] [stdout] note: required by a bound in `redis::Commands::zadd`
[INFO] [stdout]     --> /opt/rustwide/cargo-home/registry/src/index.crates.io-1949cf8c6b5b557f/redis-0.26.1/src/commands/macros.rs:44:60
[INFO] [stdout]      |
[INFO] [stdout]   39 |           pub trait Commands : ConnectionLike+Sized {
[INFO] [stdout] ...
[INFO] [stdout]   44 |                   fn $name<$lifetime, $($tyargs: $ty, )* RV: FromRedisValue>(
[INFO] [stdout]      |                                                              ^^^^^^^^^^^^^^ required by this bound in `Commands::zadd`
[INFO] [stdout]      |
[INFO] [stdout]     ::: /opt/rustwide/cargo-home/registry/src/index.crates.io-1949cf8c6b5b557f/redis-0.26.1/src/commands/mod.rs:136:1
[INFO] [stdout]      |
[INFO] [stdout]  136 | / implement_commands! {
[INFO] [stdout]  137 | |     'a
[INFO] [stdout] ...    |
[INFO] [stdout]  698 | |     fn zadd<K: ToRedisArgs, S: ToRedisArgs, M: ToRedisArgs>(key: K, member: M, score: S) {
[INFO] [stdout] ...    |
[INFO] [stdout] 2117 | | }
[INFO] [stdout]      | |_- in this macro invocation
[INFO] [stdout]      = note: this error originates in the macro `implement_commands` (in Nightly builds, run with -Z macro-backtrace for more info)
[INFO] [stdout] 
[INFO] [stdout] 
[INFO] [stdout] error[E0277]: the trait bound `!: FromRedisValue` is not satisfied
[INFO] [stdout]     --> src/queue.rs:164:18
[INFO] [stdout]      |
[INFO] [stdout]  164 |             conn.del(keys)?;
[INFO] [stdout]      |                  ^^^ the trait `FromRedisValue` is not implemented for `!`
[INFO] [stdout]      |
[INFO] [stdout]      = help: the following other types implement trait `FromRedisValue`:
[INFO] [stdout]                ()
[INFO] [stdout]                (T12,)
[INFO] [stdout]                (T11, T12)
[INFO] [stdout]                (T10, T11, T12)
[INFO] [stdout]                (T9, T10, T11, T12)
[INFO] [stdout]                (T8, T9, T10, T11, T12)
[INFO] [stdout]                (T7, T8, T9, T10, T11, T12)
[INFO] [stdout]                (T6, T7, T8, T9, T10, T11, T12)
[INFO] [stdout]              and 49 others
[INFO] [stdout]      = note: this error might have been caused by changes to Rust's type-inference algorithm (see issue #148922 <https://github.com/rust-lang/rust/issues/148922> for more information)
[INFO] [stdout]      = help: you might have intended to use the type `()` here instead
[INFO] [stdout] note: required by a bound in `redis::Commands::del`
[INFO] [stdout]     --> /opt/rustwide/cargo-home/registry/src/index.crates.io-1949cf8c6b5b557f/redis-0.26.1/src/commands/macros.rs:44:60
[INFO] [stdout]      |
[INFO] [stdout]   39 |           pub trait Commands : ConnectionLike+Sized {
[INFO] [stdout] ...
[INFO] [stdout]   44 |                   fn $name<$lifetime, $($tyargs: $ty, )* RV: FromRedisValue>(
[INFO] [stdout]      |                                                              ^^^^^^^^^^^^^^ required by this bound in `Commands::del`
[INFO] [stdout]      |
[INFO] [stdout]     ::: /opt/rustwide/cargo-home/registry/src/index.crates.io-1949cf8c6b5b557f/redis-0.26.1/src/commands/mod.rs:136:1
[INFO] [stdout]      |
[INFO] [stdout]  136 | / implement_commands! {
[INFO] [stdout]  137 | |     'a
[INFO] [stdout] ...    |
[INFO] [stdout]  213 | |     fn del<K: ToRedisArgs>(key: K) {
[INFO] [stdout] ...    |
[INFO] [stdout] 2117 | | }
[INFO] [stdout]      | |_- in this macro invocation
[INFO] [stdout]      = note: this error originates in the macro `implement_commands` (in Nightly builds, run with -Z macro-backtrace for more info)
[INFO] [stdout] 
[INFO] [stdout] 
[INFO] [stdout] error[E0277]: the trait bound `!: FromRedisValue` is not satisfied
[INFO] [stdout]     --> src/queue.rs:185:18
[INFO] [stdout]      |
[INFO] [stdout]  185 |             conn.zrem(self.k("reserved"), message_id)?;
[INFO] [stdout]      |                  ^^^^ the trait `FromRedisValue` is not implemented for `!`
[INFO] [stdout]      |
[INFO] [stdout]      = help: the following other types implement trait `FromRedisValue`:
[INFO] [stdout]                ()
[INFO] [stdout]                (T12,)
[INFO] [stdout]                (T11, T12)
[INFO] [stdout]                (T10, T11, T12)
[INFO] [stdout]                (T9, T10, T11, T12)
[INFO] [stdout]                (T8, T9, T10, T11, T12)
[INFO] [stdout]                (T7, T8, T9, T10, T11, T12)
[INFO] [stdout]                (T6, T7, T8, T9, T10, T11, T12)
[INFO] [stdout]              and 49 others
[INFO] [stdout]      = note: this error might have been caused by changes to Rust's type-inference algorithm (see issue #148922 <https://github.com/rust-lang/rust/issues/148922> for more information)
[INFO] [stdout]      = help: you might have intended to use the type `()` here instead
[INFO] [stdout] note: required by a bound in `redis::Commands::zrem`
[INFO] [stdout]     --> /opt/rustwide/cargo-home/registry/src/index.crates.io-1949cf8c6b5b557f/redis-0.26.1/src/commands/macros.rs:44:60
[INFO] [stdout]      |
[INFO] [stdout]   39 |           pub trait Commands : ConnectionLike+Sized {
[INFO] [stdout] ...
[INFO] [stdout]   44 |                   fn $name<$lifetime, $($tyargs: $ty, )* RV: FromRedisValue>(
[INFO] [stdout]      |                                                              ^^^^^^^^^^^^^^ required by this bound in `Commands::zrem`
[INFO] [stdout]      |
[INFO] [stdout]     ::: /opt/rustwide/cargo-home/registry/src/index.crates.io-1949cf8c6b5b557f/redis-0.26.1/src/commands/mod.rs:136:1
[INFO] [stdout]      |
[INFO] [stdout]  136 | / implement_commands! {
[INFO] [stdout]  137 | |     'a
[INFO] [stdout] ...    |
[INFO] [stdout]  891 | |     fn zrem<K: ToRedisArgs, M: ToRedisArgs>(key: K, members: M) {
[INFO] [stdout] ...    |
[INFO] [stdout] 2117 | | }
[INFO] [stdout]      | |_- in this macro invocation
[INFO] [stdout]      = note: this error originates in the macro `implement_commands` (in Nightly builds, run with -Z macro-backtrace for more info)
[INFO] [stdout] 
[INFO] [stdout] 
[INFO] [stdout] error[E0277]: the trait bound `!: FromRedisValue` is not satisfied
[INFO] [stdout]     --> src/queue.rs:186:18
[INFO] [stdout]      |
[INFO] [stdout]  186 |             conn.zrem(self.k("delayed"), message_id)?;
[INFO] [stdout]      |                  ^^^^ the trait `FromRedisValue` is not implemented for `!`
[INFO] [stdout]      |
[INFO] [stdout]      = help: the following other types implement trait `FromRedisValue`:
[INFO] [stdout]                ()
[INFO] [stdout]                (T12,)
[INFO] [stdout]                (T11, T12)
[INFO] [stdout]                (T10, T11, T12)
[INFO] [stdout]                (T9, T10, T11, T12)
[INFO] [stdout]                (T8, T9, T10, T11, T12)
[INFO] [stdout]                (T7, T8, T9, T10, T11, T12)
[INFO] [stdout]                (T6, T7, T8, T9, T10, T11, T12)
[INFO] [stdout]              and 49 others
[INFO] [stdout]      = note: this error might have been caused by changes to Rust's type-inference algorithm (see issue #148922 <https://github.com/rust-lang/rust/issues/148922> for more information)
[INFO] [stdout]      = help: you might have intended to use the type `()` here instead
[INFO] [stdout] note: required by a bound in `redis::Commands::zrem`
[INFO] [stdout]     --> /opt/rustwide/cargo-home/registry/src/index.crates.io-1949cf8c6b5b557f/redis-0.26.1/src/commands/macros.rs:44:60
[INFO] [stdout]      |
[INFO] [stdout]   39 |           pub trait Commands : ConnectionLike+Sized {
[INFO] [stdout] ...
[INFO] [stdout]   44 |                   fn $name<$lifetime, $($tyargs: $ty, )* RV: FromRedisValue>(
[INFO] [stdout]      |                                                              ^^^^^^^^^^^^^^ required by this bound in `Commands::zrem`
[INFO] [stdout]      |
[INFO] [stdout]     ::: /opt/rustwide/cargo-home/registry/src/index.crates.io-1949cf8c6b5b557f/redis-0.26.1/src/commands/mod.rs:136:1
[INFO] [stdout]      |
[INFO] [stdout]  136 | / implement_commands! {
[INFO] [stdout]  137 | |     'a
[INFO] [stdout] ...    |
[INFO] [stdout]  891 | |     fn zrem<K: ToRedisArgs, M: ToRedisArgs>(key: K, members: M) {
[INFO] [stdout] ...    |
[INFO] [stdout] 2117 | | }
[INFO] [stdout]      | |_- in this macro invocation
[INFO] [stdout]      = note: this error originates in the macro `implement_commands` (in Nightly builds, run with -Z macro-backtrace for more info)
[INFO] [stdout] 
[INFO] [stdout] 
[INFO] [stdout] error[E0277]: the trait bound `!: FromRedisValue` is not satisfied
[INFO] [stdout]     --> src/queue.rs:187:18
[INFO] [stdout]      |
[INFO] [stdout]  187 |             conn.lrem(self.k("waiting"), 0, message_id)?;
[INFO] [stdout]      |                  ^^^^ the trait `FromRedisValue` is not implemented for `!`
[INFO] [stdout]      |
[INFO] [stdout]      = help: the following other types implement trait `FromRedisValue`:
[INFO] [stdout]                ()
[INFO] [stdout]                (T12,)
[INFO] [stdout]                (T11, T12)
[INFO] [stdout]                (T10, T11, T12)
[INFO] [stdout]                (T9, T10, T11, T12)
[INFO] [stdout]                (T8, T9, T10, T11, T12)
[INFO] [stdout]                (T7, T8, T9, T10, T11, T12)
[INFO] [stdout]                (T6, T7, T8, T9, T10, T11, T12)
[INFO] [stdout]              and 49 others
[INFO] [stdout]      = note: this error might have been caused by changes to Rust's type-inference algorithm (see issue #148922 <https://github.com/rust-lang/rust/issues/148922> for more information)
[INFO] [stdout]      = help: you might have intended to use the type `()` here instead
[INFO] [stdout] note: required by a bound in `redis::Commands::lrem`
[INFO] [stdout]     --> /opt/rustwide/cargo-home/registry/src/index.crates.io-1949cf8c6b5b557f/redis-0.26.1/src/commands/macros.rs:44:60
[INFO] [stdout]      |
[INFO] [stdout]   39 |           pub trait Commands : ConnectionLike+Sized {
[INFO] [stdout] ...
[INFO] [stdout]   44 |                   fn $name<$lifetime, $($tyargs: $ty, )* RV: FromRedisValue>(
[INFO] [stdout]      |                                                              ^^^^^^^^^^^^^^ required by this bound in `Commands::lrem`
[INFO] [stdout]      |
[INFO] [stdout]     ::: /opt/rustwide/cargo-home/registry/src/index.crates.io-1949cf8c6b5b557f/redis-0.26.1/src/commands/mod.rs:136:1
[INFO] [stdout]      |
[INFO] [stdout]  136 | / implement_commands! {
[INFO] [stdout]  137 | |     'a
[INFO] [stdout] ...    |
[INFO] [stdout]  575 | |     fn lrem<K: ToRedisArgs, V: ToRedisArgs>(key: K, count: isize, value: V) {
[INFO] [stdout] ...    |
[INFO] [stdout] 2117 | | }
[INFO] [stdout]      | |_- in this macro invocation
[INFO] [stdout]      = note: this error originates in the macro `implement_commands` (in Nightly builds, run with -Z macro-backtrace for more info)
[INFO] [stdout] 
[INFO] [stdout] 
[INFO] [stdout] error[E0277]: the trait bound `!: FromRedisValue` is not satisfied
[INFO] [stdout]     --> src/queue.rs:188:18
[INFO] [stdout]      |
[INFO] [stdout]  188 |             conn.hdel(self.k("attempts"), message_id)?;
[INFO] [stdout]      |                  ^^^^ the trait `FromRedisValue` is not implemented for `!`
[INFO] [stdout]      |
[INFO] [stdout]      = help: the following other types implement trait `FromRedisValue`:
[INFO] [stdout]                ()
[INFO] [stdout]                (T12,)
[INFO] [stdout]                (T11, T12)
[INFO] [stdout]                (T10, T11, T12)
[INFO] [stdout]                (T9, T10, T11, T12)
[INFO] [stdout]                (T8, T9, T10, T11, T12)
[INFO] [stdout]                (T7, T8, T9, T10, T11, T12)
[INFO] [stdout]                (T6, T7, T8, T9, T10, T11, T12)
[INFO] [stdout]              and 49 others
[INFO] [stdout]      = note: this error might have been caused by changes to Rust's type-inference algorithm (see issue #148922 <https://github.com/rust-lang/rust/issues/148922> for more information)
[INFO] [stdout]      = help: you might have intended to use the type `()` here instead
[INFO] [stdout] note: required by a bound in `redis::Commands::hdel`
[INFO] [stdout]     --> /opt/rustwide/cargo-home/registry/src/index.crates.io-1949cf8c6b5b557f/redis-0.26.1/src/commands/macros.rs:44:60
[INFO] [stdout]      |
[INFO] [stdout]   39 |           pub trait Commands : ConnectionLike+Sized {
[INFO] [stdout] ...
[INFO] [stdout]   44 |                   fn $name<$lifetime, $($tyargs: $ty, )* RV: FromRedisValue>(
[INFO] [stdout]      |                                                              ^^^^^^^^^^^^^^ required by this bound in `Commands::hdel`
[INFO] [stdout]      |
[INFO] [stdout]     ::: /opt/rustwide/cargo-home/registry/src/index.crates.io-1949cf8c6b5b557f/redis-0.26.1/src/commands/mod.rs:136:1
[INFO] [stdout]      |
[INFO] [stdout]  136 | / implement_commands! {
[INFO] [stdout]  137 | |     'a
[INFO] [stdout] ...    |
[INFO] [stdout]  384 | |     fn hdel<K: ToRedisArgs, F: ToRedisArgs>(key: K, field: F) {
[INFO] [stdout] ...    |
[INFO] [stdout] 2117 | | }
[INFO] [stdout]      | |_- in this macro invocation
[INFO] [stdout]      = note: this error originates in the macro `implement_commands` (in Nightly builds, run with -Z macro-backtrace for more info)
[INFO] [stdout] 
[INFO] [stdout] 
[INFO] [stdout] error[E0277]: the trait bound `!: FromRedisValue` is not satisfied
[INFO] [stdout]     --> src/queue.rs:198:14
[INFO] [stdout]      |
[INFO] [stdout]  198 |         conn.hdel(self.k("messages"), message_id)?;
[INFO] [stdout]      |              ^^^^ the trait `FromRedisValue` is not implemented for `!`
[INFO] [stdout]      |
[INFO] [stdout]      = help: the following other types implement trait `FromRedisValue`:
[INFO] [stdout]                ()
[INFO] [stdout]                (T12,)
[INFO] [stdout]                (T11, T12)
[INFO] [stdout]                (T10, T11, T12)
[INFO] [stdout]                (T9, T10, T11, T12)
[INFO] [stdout]                (T8, T9, T10, T11, T12)
[INFO] [stdout]                (T7, T8, T9, T10, T11, T12)
[INFO] [stdout]                (T6, T7, T8, T9, T10, T11, T12)
[INFO] [stdout]              and 49 others
[INFO] [stdout]      = note: this error might have been caused by changes to Rust's type-inference algorithm (see issue #148922 <https://github.com/rust-lang/rust/issues/148922> for more information)
[INFO] [stdout]      = help: you might have intended to use the type `()` here instead
[INFO] [stdout] note: required by a bound in `redis::Commands::hdel`
[INFO] [stdout]     --> /opt/rustwide/cargo-home/registry/src/index.crates.io-1949cf8c6b5b557f/redis-0.26.1/src/commands/macros.rs:44:60
[INFO] [stdout]      |
[INFO] [stdout]   39 |           pub trait Commands : ConnectionLike+Sized {
[INFO] [stdout] ...
[INFO] [stdout]   44 |                   fn $name<$lifetime, $($tyargs: $ty, )* RV: FromRedisValue>(
[INFO] [stdout]      |                                                              ^^^^^^^^^^^^^^ required by this bound in `Commands::hdel`
[INFO] [stdout]      |
[INFO] [stdout]     ::: /opt/rustwide/cargo-home/registry/src/index.crates.io-1949cf8c6b5b557f/redis-0.26.1/src/commands/mod.rs:136:1
[INFO] [stdout]      |
[INFO] [stdout]  136 | / implement_commands! {
[INFO] [stdout]  137 | |     'a
[INFO] [stdout] ...    |
[INFO] [stdout]  384 | |     fn hdel<K: ToRedisArgs, F: ToRedisArgs>(key: K, field: F) {
[INFO] [stdout] ...    |
[INFO] [stdout] 2117 | | }
[INFO] [stdout]      | |_- in this macro invocation
[INFO] [stdout]      = note: this error originates in the macro `implement_commands` (in Nightly builds, run with -Z macro-backtrace for more info)
[INFO] [stdout] 
[INFO] [stdout] 
[INFO] [stdout] error[E0277]: the trait bound `!: FromRedisValue` is not satisfied
[INFO] [stdout]     --> src/queue.rs:199:14
[INFO] [stdout]      |
[INFO] [stdout]  199 |         conn.hdel(self.k("attempts"), message_id)?;
[INFO] [stdout]      |              ^^^^ the trait `FromRedisValue` is not implemented for `!`
[INFO] [stdout]      |
[INFO] [stdout]      = help: the following other types implement trait `FromRedisValue`:
[INFO] [stdout]                ()
[INFO] [stdout]                (T12,)
[INFO] [stdout]                (T11, T12)
[INFO] [stdout]                (T10, T11, T12)
[INFO] [stdout]                (T9, T10, T11, T12)
[INFO] [stdout]                (T8, T9, T10, T11, T12)
[INFO] [stdout]                (T7, T8, T9, T10, T11, T12)
[INFO] [stdout]                (T6, T7, T8, T9, T10, T11, T12)
[INFO] [stdout]              and 49 others
[INFO] [stdout]      = note: this error might have been caused by changes to Rust's type-inference algorithm (see issue #148922 <https://github.com/rust-lang/rust/issues/148922> for more information)
[INFO] [stdout]      = help: you might have intended to use the type `()` here instead
[INFO] [stdout] note: required by a bound in `redis::Commands::hdel`
[INFO] [stdout]     --> /opt/rustwide/cargo-home/registry/src/index.crates.io-1949cf8c6b5b557f/redis-0.26.1/src/commands/macros.rs:44:60
[INFO] [stdout]      |
[INFO] [stdout]   39 |           pub trait Commands : ConnectionLike+Sized {
[INFO] [stdout] ...
[INFO] [stdout]   44 |                   fn $name<$lifetime, $($tyargs: $ty, )* RV: FromRedisValue>(
[INFO] [stdout]      |                                                              ^^^^^^^^^^^^^^ required by this bound in `Commands::hdel`
[INFO] [stdout]      |
[INFO] [stdout]     ::: /opt/rustwide/cargo-home/registry/src/index.crates.io-1949cf8c6b5b557f/redis-0.26.1/src/commands/mod.rs:136:1
[INFO] [stdout]      |
[INFO] [stdout]  136 | / implement_commands! {
[INFO] [stdout]  137 | |     'a
[INFO] [stdout] ...    |
[INFO] [stdout]  384 | |     fn hdel<K: ToRedisArgs, F: ToRedisArgs>(key: K, field: F) {
[INFO] [stdout] ...    |
[INFO] [stdout] 2117 | | }
[INFO] [stdout]      | |_- in this macro invocation
[INFO] [stdout]      = note: this error originates in the macro `implement_commands` (in Nightly builds, run with -Z macro-backtrace for more info)
[INFO] [stdout] 
[INFO] [stdout] 
[INFO] [stdout] error[E0277]: the trait bound `!: FromRedisValue` is not satisfied
[INFO] [stdout]     --> src/queue.rs:200:14
[INFO] [stdout]      |
[INFO] [stdout]  200 |         conn.zrem(self.k("reserved"), message_id)?;
[INFO] [stdout]      |              ^^^^ the trait `FromRedisValue` is not implemented for `!`
[INFO] [stdout]      |
[INFO] [stdout]      = help: the following other types implement trait `FromRedisValue`:
[INFO] [stdout]                ()
[INFO] [stdout]                (T12,)
[INFO] [stdout]                (T11, T12)
[INFO] [stdout]                (T10, T11, T12)
[INFO] [stdout]                (T9, T10, T11, T12)
[INFO] [stdout]                (T8, T9, T10, T11, T12)
[INFO] [stdout]                (T7, T8, T9, T10, T11, T12)
[INFO] [stdout]                (T6, T7, T8, T9, T10, T11, T12)
[INFO] [stdout]              and 49 others
[INFO] [stdout]      = note: this error might have been caused by changes to Rust's type-inference algorithm (see issue #148922 <https://github.com/rust-lang/rust/issues/148922> for more information)
[INFO] [stdout]      = help: you might have intended to use the type `()` here instead
[INFO] [stdout] note: required by a bound in `redis::Commands::zrem`
[INFO] [stdout]     --> /opt/rustwide/cargo-home/registry/src/index.crates.io-1949cf8c6b5b557f/redis-0.26.1/src/commands/macros.rs:44:60
[INFO] [stdout]      |
[INFO] [stdout]   39 |           pub trait Commands : ConnectionLike+Sized {
[INFO] [stdout] ...
[INFO] [stdout]   44 |                   fn $name<$lifetime, $($tyargs: $ty, )* RV: FromRedisValue>(
[INFO] [stdout]      |                                                              ^^^^^^^^^^^^^^ required by this bound in `Commands::zrem`
[INFO] [stdout]      |
[INFO] [stdout]     ::: /opt/rustwide/cargo-home/registry/src/index.crates.io-1949cf8c6b5b557f/redis-0.26.1/src/commands/mod.rs:136:1
[INFO] [stdout]      |
[INFO] [stdout]  136 | / implement_commands! {
[INFO] [stdout]  137 | |     'a
[INFO] [stdout] ...    |
[INFO] [stdout]  891 | |     fn zrem<K: ToRedisArgs, M: ToRedisArgs>(key: K, members: M) {
[INFO] [stdout] ...    |
[INFO] [stdout] 2117 | | }
[INFO] [stdout]      | |_- in this macro invocation
[INFO] [stdout]      = note: this error originates in the macro `implement_commands` (in Nightly builds, run with -Z macro-backtrace for more info)
[INFO] [stdout] 
[INFO] [stdout] 
[INFO] [stdout] error[E0277]: the trait bound `!: FromRedisValue` is not satisfied
[INFO] [stdout]     --> src/queue.rs:209:14
[INFO] [stdout]      |
[INFO] [stdout]  209 |         conn.zrembyscore(self.k(from), "-inf", now)?;
[INFO] [stdout]      |              ^^^^^^^^^^^ the trait `FromRedisValue` is not implemented for `!`
[INFO] [stdout]      |
[INFO] [stdout]      = help: the following other types implement trait `FromRedisValue`:
[INFO] [stdout]                ()
[INFO] [stdout]                (T12,)
[INFO] [stdout]                (T11, T12)
[INFO] [stdout]                (T10, T11, T12)
[INFO] [stdout]                (T9, T10, T11, T12)
[INFO] [stdout]                (T8, T9, T10, T11, T12)
[INFO] [stdout]                (T7, T8, T9, T10, T11, T12)
[INFO] [stdout]                (T6, T7, T8, T9, T10, T11, T12)
[INFO] [stdout]              and 49 others
[INFO] [stdout]      = note: this error might have been caused by changes to Rust's type-inference algorithm (see issue #148922 <https://github.com/rust-lang/rust/issues/148922> for more information)
[INFO] [stdout]      = help: you might have intended to use the type `()` here instead
[INFO] [stdout] note: required by a bound in `redis::Commands::zrembyscore`
[INFO] [stdout]     --> /opt/rustwide/cargo-home/registry/src/index.crates.io-1949cf8c6b5b557f/redis-0.26.1/src/commands/macros.rs:44:60
[INFO] [stdout]      |
[INFO] [stdout]   39 |           pub trait Commands : ConnectionLike+Sized {
[INFO] [stdout] ...
[INFO] [stdout]   44 |                   fn $name<$lifetime, $($tyargs: $ty, )* RV: FromRedisValue>(
[INFO] [stdout]      |                                                              ^^^^^^^^^^^^^^ required by this bound in `Commands::zrembyscore`
[INFO] [stdout]      |
[INFO] [stdout]     ::: /opt/rustwide/cargo-home/registry/src/index.crates.io-1949cf8c6b5b557f/redis-0.26.1/src/commands/mod.rs:136:1
[INFO] [stdout]      |
[INFO] [stdout]  136 | / implement_commands! {
[INFO] [stdout]  137 | |     'a
[INFO] [stdout] ...    |
[INFO] [stdout]  906 | |     fn zrembyscore<K: ToRedisArgs, M: ToRedisArgs, MM: ToRedisArgs>(key: K, min: M, max: MM) {
[INFO] [stdout] ...    |
[INFO] [stdout] 2117 | | }
[INFO] [stdout]      | |_- in this macro invocation
[INFO] [stdout]      = note: this error originates in the macro `implement_commands` (in Nightly builds, run with -Z macro-backtrace for more info)
[INFO] [stdout] 
[INFO] [stdout] 
[INFO] [stdout] error[E0277]: the trait bound `!: FromRedisValue` is not satisfied
[INFO] [stdout]     --> src/queue.rs:211:18
[INFO] [stdout]      |
[INFO] [stdout]  211 |             conn.rpush(self.k("waiting"), id)?;
[INFO] [stdout]      |                  ^^^^^ the trait `FromRedisValue` is not implemented for `!`
[INFO] [stdout]      |
[INFO] [stdout]      = help: the following other types implement trait `FromRedisValue`:
[INFO] [stdout]                ()
[INFO] [stdout]                (T12,)
[INFO] [stdout]                (T11, T12)
[INFO] [stdout]                (T10, T11, T12)
[INFO] [stdout]                (T9, T10, T11, T12)
[INFO] [stdout]                (T8, T9, T10, T11, T12)
[INFO] [stdout]                (T7, T8, T9, T10, T11, T12)
[INFO] [stdout]                (T6, T7, T8, T9, T10, T11, T12)
[INFO] [stdout]              and 49 others
[INFO] [stdout]      = note: this error might have been caused by changes to Rust's type-inference algorithm (see issue #148922 <https://github.com/rust-lang/rust/issues/148922> for more information)
[INFO] [stdout]      = help: you might have intended to use the type `()` here instead
[INFO] [stdout] note: required by a bound in `redis::Commands::rpush`
[INFO] [stdout]     --> /opt/rustwide/cargo-home/registry/src/index.crates.io-1949cf8c6b5b557f/redis-0.26.1/src/commands/macros.rs:44:60
[INFO] [stdout]      |
[INFO] [stdout]   39 |           pub trait Commands : ConnectionLike+Sized {
[INFO] [stdout] ...
[INFO] [stdout]   44 |                   fn $name<$lifetime, $($tyargs: $ty, )* RV: FromRedisValue>(
[INFO] [stdout]      |                                                              ^^^^^^^^^^^^^^ required by this bound in `Commands::rpush`
[INFO] [stdout]      |
[INFO] [stdout]     ::: /opt/rustwide/cargo-home/registry/src/index.crates.io-1949cf8c6b5b557f/redis-0.26.1/src/commands/mod.rs:136:1
[INFO] [stdout]      |
[INFO] [stdout]  136 | / implement_commands! {
[INFO] [stdout]  137 | |     'a
[INFO] [stdout] ...    |
[INFO] [stdout]  603 | |     fn rpush<K: ToRedisArgs, V: ToRedisArgs>(key: K, value: V) {
[INFO] [stdout] ...    |
[INFO] [stdout] 2117 | | }
[INFO] [stdout]      | |_- in this macro invocation
[INFO] [stdout]      = note: this error originates in the macro `implement_commands` (in Nightly builds, run with -Z macro-backtrace for more info)
[INFO] [stdout] 
[INFO] [stdout] 
[INFO] [stdout] For more information about this error, try `rustc --explain E0277`.
[INFO] [stdout] 
[INFO] [stderr] error: could not compile `queue-rs` (lib) due to 14 previous errors
[INFO] [stderr] warning: build failed, waiting for other jobs to finish...
[INFO] running `Command { std: "docker" "inspect" "73a10f84e317462cea6426cf562039b056a14d2ba166cf101ccdc65cc05e16ba", kill_on_drop: false }`
[INFO] running `Command { std: "docker" "rm" "-f" "73a10f84e317462cea6426cf562039b056a14d2ba166cf101ccdc65cc05e16ba", kill_on_drop: false }`
[INFO] [stdout] 73a10f84e317462cea6426cf562039b056a14d2ba166cf101ccdc65cc05e16ba
