[INFO] cloning repository https://github.com/firecrawl/html-extractor
[INFO] running `Command { std: "git" "-c" "credential.helper=" "-c" "credential.helper=/workspace/cargo-home/bin/git-credential-null" "clone" "--bare" "https://github.com/firecrawl/html-extractor" "/workspace/cache/git-repos/https%3A%2F%2Fgithub.com%2Ffirecrawl%2Fhtml-extractor", kill_on_drop: false }`
[INFO] [stderr] Cloning into bare repository '/workspace/cache/git-repos/https%3A%2F%2Fgithub.com%2Ffirecrawl%2Fhtml-extractor'...
[INFO] running `Command { std: "git" "rev-parse" "HEAD", kill_on_drop: false }`
[INFO] [stdout] 0a2b7432a20e356c2254f17e1b0acb2e79d88917
[INFO] testing firecrawl/html-extractor against 1.100.0-beta.1+cargoflags=--release for beta-release-1.100-2
[INFO] running `Command { std: "git" "clone" "/workspace/cache/git-repos/https%3A%2F%2Fgithub.com%2Ffirecrawl%2Fhtml-extractor" "/workspace/builds/worker-2-tc2/source", kill_on_drop: false }`
[INFO] [stderr] Cloning into '/workspace/builds/worker-2-tc2/source'...
[INFO] [stderr] done.
[INFO] started tweaking git repo https://github.com/firecrawl/html-extractor
[INFO] finished tweaking git repo https://github.com/firecrawl/html-extractor
[INFO] tweaked toml for git repo https://github.com/firecrawl/html-extractor written to /workspace/builds/worker-2-tc2/source/Cargo.toml
[INFO] validating manifest of git repo https://github.com/firecrawl/html-extractor on toolchain 1.100.0-beta.1
[INFO] running `Command { std: CARGO_HOME="/workspace/cargo-home" RUSTUP_HOME="/workspace/rustup-home" "/workspace/cargo-home/bin/cargo" "+1.100.0-beta.1" "metadata" "--manifest-path" "Cargo.toml" "--no-deps", kill_on_drop: false }`
[INFO] crate git repo https://github.com/firecrawl/html-extractor already has a lockfile, it will not be regenerated
[INFO] running `Command { std: CARGO_HOME="/workspace/cargo-home" RUSTUP_HOME="/workspace/rustup-home" "/workspace/cargo-home/bin/cargo" "+1.100.0-beta.1" "fetch" "--manifest-path" "Cargo.toml", kill_on_drop: false }`
[INFO] [stderr]     Blocking waiting for file lock on package cache
[ERROR] error running command: no output for 300 seconds
[INFO] testing firecrawl/html-extractor against 1.100.0-beta.1+cargoflags=--release for beta-release-1.100-2
[INFO] running `Command { std: "git" "clone" "/workspace/cache/git-repos/https%3A%2F%2Fgithub.com%2Ffirecrawl%2Fhtml-extractor" "/workspace/builds/worker-2-tc2/source", kill_on_drop: false }`
[INFO] [stderr] Cloning into '/workspace/builds/worker-2-tc2/source'...
[INFO] [stderr] done.
[INFO] started tweaking git repo https://github.com/firecrawl/html-extractor
[INFO] finished tweaking git repo https://github.com/firecrawl/html-extractor
[INFO] tweaked toml for git repo https://github.com/firecrawl/html-extractor written to /workspace/builds/worker-2-tc2/source/Cargo.toml
[INFO] validating manifest of git repo https://github.com/firecrawl/html-extractor on toolchain 1.100.0-beta.1
[INFO] running `Command { std: CARGO_HOME="/workspace/cargo-home" RUSTUP_HOME="/workspace/rustup-home" "/workspace/cargo-home/bin/cargo" "+1.100.0-beta.1" "metadata" "--manifest-path" "Cargo.toml" "--no-deps", kill_on_drop: false }`
[INFO] crate git repo https://github.com/firecrawl/html-extractor already has a lockfile, it will not be regenerated
[INFO] running `Command { std: CARGO_HOME="/workspace/cargo-home" RUSTUP_HOME="/workspace/rustup-home" "/workspace/cargo-home/bin/cargo" "+1.100.0-beta.1" "fetch" "--manifest-path" "Cargo.toml", kill_on_drop: false }`
[INFO] [stderr]     Blocking waiting for file lock on package cache
[INFO] [stderr]     Updating crates.io index
[INFO] [stderr]     Blocking waiting for file lock on package cache
[ERROR] error running command: no output for 300 seconds
[INFO] testing firecrawl/html-extractor against 1.100.0-beta.1+cargoflags=--release for beta-release-1.100-2
[INFO] running `Command { std: "git" "clone" "/workspace/cache/git-repos/https%3A%2F%2Fgithub.com%2Ffirecrawl%2Fhtml-extractor" "/workspace/builds/worker-2-tc2/source", kill_on_drop: false }`
[INFO] [stderr] Cloning into '/workspace/builds/worker-2-tc2/source'...
[INFO] [stderr] done.
[INFO] started tweaking git repo https://github.com/firecrawl/html-extractor
[INFO] finished tweaking git repo https://github.com/firecrawl/html-extractor
[INFO] tweaked toml for git repo https://github.com/firecrawl/html-extractor written to /workspace/builds/worker-2-tc2/source/Cargo.toml
[INFO] validating manifest of git repo https://github.com/firecrawl/html-extractor on toolchain 1.100.0-beta.1
[INFO] running `Command { std: CARGO_HOME="/workspace/cargo-home" RUSTUP_HOME="/workspace/rustup-home" "/workspace/cargo-home/bin/cargo" "+1.100.0-beta.1" "metadata" "--manifest-path" "Cargo.toml" "--no-deps", kill_on_drop: false }`
[INFO] crate git repo https://github.com/firecrawl/html-extractor already has a lockfile, it will not be regenerated
[INFO] running `Command { std: CARGO_HOME="/workspace/cargo-home" RUSTUP_HOME="/workspace/rustup-home" "/workspace/cargo-home/bin/cargo" "+1.100.0-beta.1" "fetch" "--manifest-path" "Cargo.toml", kill_on_drop: false }`
[INFO] [stderr]     Blocking waiting for file lock on package cache
[ERROR] error running command: no output for 300 seconds
[INFO] testing firecrawl/html-extractor against 1.100.0-beta.1+cargoflags=--release for beta-release-1.100-2
[INFO] running `Command { std: "git" "clone" "/workspace/cache/git-repos/https%3A%2F%2Fgithub.com%2Ffirecrawl%2Fhtml-extractor" "/workspace/builds/worker-2-tc2/source", kill_on_drop: false }`
[INFO] [stderr] Cloning into '/workspace/builds/worker-2-tc2/source'...
[INFO] [stderr] done.
[INFO] started tweaking git repo https://github.com/firecrawl/html-extractor
[INFO] finished tweaking git repo https://github.com/firecrawl/html-extractor
[INFO] tweaked toml for git repo https://github.com/firecrawl/html-extractor written to /workspace/builds/worker-2-tc2/source/Cargo.toml
[INFO] validating manifest of git repo https://github.com/firecrawl/html-extractor on toolchain 1.100.0-beta.1
[INFO] running `Command { std: CARGO_HOME="/workspace/cargo-home" RUSTUP_HOME="/workspace/rustup-home" "/workspace/cargo-home/bin/cargo" "+1.100.0-beta.1" "metadata" "--manifest-path" "Cargo.toml" "--no-deps", kill_on_drop: false }`
[INFO] crate git repo https://github.com/firecrawl/html-extractor already has a lockfile, it will not be regenerated
[INFO] running `Command { std: CARGO_HOME="/workspace/cargo-home" RUSTUP_HOME="/workspace/rustup-home" "/workspace/cargo-home/bin/cargo" "+1.100.0-beta.1" "fetch" "--manifest-path" "Cargo.toml", kill_on_drop: false }`
[INFO] [stderr]     Blocking waiting for file lock on package cache
[INFO] [stderr]     Blocking waiting for file lock on package cache
[INFO] [stderr]  Downloading crates ...
[INFO] [stderr]   Downloaded napi-derive v3.5.6
[INFO] [stderr]   Downloaded napi-derive-backend v5.0.4
[INFO] [stderr]   Downloaded convert_case v0.11.0
[INFO] [stderr]   Downloaded napi-sys v3.2.1
[INFO] [stderr]   Downloaded ctor v1.0.6
[INFO] [stderr]   Downloaded napi-build v2.3.2
[INFO] [stderr]   Downloaded markup5ever_rcdom v0.3.0
[INFO] [stderr]   Downloaded libloading v0.9.0
[INFO] [stderr]   Downloaded xml5ever v0.18.1
[INFO] [stderr]   Downloaded rand v0.8.6
[INFO] [stderr]   Downloaded napi v3.9.0
[INFO] running `Command { std: "docker" "create" "-v" "/var/lib/crater-agent-workspace/builds/worker-2-tc2/source:/opt/rustwide/workdir:ro,Z" "-v" "/var/lib/crater-agent-workspace/builds/worker-2-tc2/target:/opt/rustwide/target:rw,Z" "-v" "/var/lib/crater-agent-workspace/cargo-home:/opt/rustwide/cargo-home:ro,Z" "-v" "/var/lib/crater-agent-workspace/rustup-home:/opt/rustwide/rustup-home:ro,Z" "-m" "1610612736" "--network" "none" "ghcr.io/rust-lang/crates-build-env/linux@sha256:77db811e55d90add9212f6832c23229e3de5f1c1f9905e8cb07319ea15df73ac" "sleep" "infinity", kill_on_drop: false }`
[INFO] [stdout] 27f3bd60eb4bf233e52d758bfd7eeb9d7e307212f44768db67cf824112cc7a25
[INFO] running `Command { std: "docker" "start" "27f3bd60eb4bf233e52d758bfd7eeb9d7e307212f44768db67cf824112cc7a25", kill_on_drop: false }`
[INFO] running `Command { std: "docker" "inspect" "27f3bd60eb4bf233e52d758bfd7eeb9d7e307212f44768db67cf824112cc7a25", kill_on_drop: false }`
[INFO] running `Command { std: "docker" "exec" "-e" "SOURCE_DIR=/opt/rustwide/workdir" "-e" "CARGO_HOME=/opt/rustwide/cargo-home" "-e" "RUSTUP_HOME=/opt/rustwide/rustup-home" "-e" "CARGO_TARGET_DIR=/opt/rustwide/target" "-w" "/opt/rustwide/workdir" "--user" "0:0" "27f3bd60eb4bf233e52d758bfd7eeb9d7e307212f44768db67cf824112cc7a25" "/opt/rustwide/cargo-home/bin/cargo" "+1.100.0-beta.1" "metadata" "--no-deps" "--format-version=1", kill_on_drop: false }`
[INFO] running `Command { std: "docker" "inspect" "27f3bd60eb4bf233e52d758bfd7eeb9d7e307212f44768db67cf824112cc7a25", kill_on_drop: false }`
[INFO] running `Command { std: "docker" "exec" "-e" "SOURCE_DIR=/opt/rustwide/workdir" "-e" "CARGO_HOME=/opt/rustwide/cargo-home" "-e" "RUSTUP_HOME=/opt/rustwide/rustup-home" "-e" "CARGO_TARGET_DIR=/opt/rustwide/target" "-e" "CARGO_INCREMENTAL=0" "-e" "RUST_BACKTRACE=full" "-e" "RUSTFLAGS=--cap-lints=warn" "-e" "RUSTDOCFLAGS=--cap-lints=warn" "-w" "/opt/rustwide/workdir" "--user" "0:0" "27f3bd60eb4bf233e52d758bfd7eeb9d7e307212f44768db67cf824112cc7a25" "/opt/rustwide/cargo-home/bin/cargo" "+1.100.0-beta.1" "build" "--frozen" "--message-format=json" "--release", kill_on_drop: false }`
[INFO] [stderr]    Compiling proc-macro2 v1.0.106
[INFO] [stderr]    Compiling unicode-ident v1.0.24
[INFO] [stderr]    Compiling quote v1.0.45
[INFO] [stderr]    Compiling stable_deref_trait v1.2.1
[INFO] [stderr]    Compiling cfg-if v1.0.4
[INFO] [stderr]    Compiling smallvec v1.15.1
[INFO] [stderr]    Compiling rand_core v0.6.4
[INFO] [stderr]    Compiling siphasher v1.0.3
[INFO] [stderr]    Compiling rand v0.8.6
[INFO] [stderr]    Compiling serde_core v1.0.228
[INFO] [stderr]    Compiling libc v0.2.186
[INFO] [stderr]    Compiling parking_lot_core v0.9.12
[INFO] [stderr]    Compiling memchr v2.8.0
[INFO] [stderr]    Compiling writeable v0.6.3
[INFO] [stderr]    Compiling new_debug_unreachable v1.0.6
[INFO] [stderr]    Compiling phf_shared v0.11.3
[INFO] [stderr]    Compiling scopeguard v1.2.0
[INFO] [stderr]    Compiling serde v1.0.228
[INFO] [stderr]    Compiling litemap v0.8.2
[INFO] [stderr]    Compiling lock_api v0.4.14
[INFO] [stderr]    Compiling mac v0.1.1
[INFO] [stderr]    Compiling phf_generator v0.11.3
[INFO] [stderr]    Compiling icu_normalizer_data v2.2.0
[INFO] [stderr]    Compiling icu_properties_data v2.2.0
[INFO] [stderr]    Compiling utf8_iter v1.0.4
[INFO] [stderr]    Compiling futf v0.1.5
[INFO] [stderr]    Compiling precomputed-hash v0.1.1
[INFO] [stderr]    Compiling utf-8 v0.7.6
[INFO] [stderr]    Compiling phf_codegen v0.11.3
[INFO] [stderr]    Compiling phf v0.11.3
[INFO] [stderr]    Compiling rustversion v1.0.22
[INFO] [stderr]    Compiling syn v2.0.117
[INFO] [stderr]    Compiling string_cache_codegen v0.5.4
[INFO] [stderr]    Compiling tendril v0.4.3
[INFO] [stderr]    Compiling napi-build v2.3.2
[INFO] [stderr]    Compiling log v0.4.29
[INFO] [stderr]    Compiling pin-project-lite v0.2.17
[INFO] [stderr]    Compiling futures-core v0.3.32
[INFO] [stderr]    Compiling futures-sink v0.3.32
[INFO] [stderr]    Compiling futures-channel v0.3.32
[INFO] [stderr]    Compiling futures-task v0.3.32
[INFO] [stderr]    Compiling markup5ever v0.12.1
[INFO] [stderr]    Compiling zmij v1.0.21
[INFO] [stderr]    Compiling futures-io v0.3.32
[INFO] [stderr]    Compiling slab v0.4.12
[INFO] [stderr]    Compiling parking_lot v0.12.5
[INFO] [stderr]    Compiling aho-corasick v1.1.4
[INFO] [stderr]    Compiling unicode-segmentation v1.13.2
[INFO] [stderr]    Compiling regex-syntax v0.8.10
[INFO] [stderr]    Compiling itoa v1.0.18
[INFO] [stderr]    Compiling serde_json v1.0.149
[INFO] [stderr]    Compiling percent-encoding v2.3.2
[INFO] [stderr]    Compiling castaway v0.2.4
[INFO] [stderr]    Compiling convert_case v0.11.0
[INFO] [stderr]    Compiling form_urlencoded v1.2.2
[INFO] [stderr]    Compiling napi v3.9.0
[INFO] [stderr]    Compiling libloading v0.9.0
[INFO] [stderr]    Compiling ryu v1.0.23
[INFO] [stderr]    Compiling static_assertions v1.1.0
[INFO] [stderr]    Compiling semver v1.0.28
[INFO] [stderr]    Compiling napi-sys v3.2.1
[INFO] [stderr]    Compiling tokio v1.52.3
[INFO] [stderr]    Compiling html-extractor-napi v0.1.0 (/opt/rustwide/workdir/crates/html-extractor-napi)
[INFO] [stderr]    Compiling compact_str v0.9.1
[INFO] [stderr]    Compiling ctor v1.0.6
[INFO] [stderr]    Compiling once_cell v1.21.4
[INFO] [stderr]    Compiling rustc-hash v2.1.2
[INFO] [stderr]    Compiling nohash-hasher v0.2.0
[INFO] [stderr]    Compiling bitflags v2.11.1
[INFO] [stderr]    Compiling regex-automata v0.4.14
[INFO] [stderr]    Compiling string_cache v0.8.9
[INFO] [stderr]    Compiling synstructure v0.13.2
[INFO] [stderr]    Compiling xml5ever v0.18.1
[INFO] [stderr]    Compiling napi-derive-backend v5.0.4
[INFO] [stderr]    Compiling regex v1.12.3
[INFO] [stderr]    Compiling zerofrom-derive v0.1.7
[INFO] [stderr]    Compiling yoke-derive v0.8.2
[INFO] [stderr]    Compiling zerovec-derive v0.11.3
[INFO] [stderr]    Compiling displaydoc v0.2.5
[INFO] [stderr]    Compiling futures-macro v0.3.32
[INFO] [stderr]    Compiling html5ever v0.27.0
[INFO] [stderr]    Compiling zerofrom v0.1.8
[INFO] [stderr]    Compiling futures-util v0.3.32
[INFO] [stderr]    Compiling yoke v0.8.2
[INFO] [stderr]    Compiling zerovec v0.11.6
[INFO] [stderr]    Compiling zerotrie v0.2.4
[INFO] [stderr]    Compiling napi-derive v3.5.6
[INFO] [stderr]    Compiling tinystr v0.8.3
[INFO] [stderr]    Compiling potential_utf v0.1.5
[INFO] [stderr]    Compiling icu_collections v2.2.0
[INFO] [stderr]    Compiling icu_locale_core v2.2.0
[INFO] [stderr]    Compiling markup5ever_rcdom v0.3.0
[INFO] [stderr]    Compiling icu_provider v2.2.0
[INFO] [stderr]    Compiling icu_normalizer v2.2.0
[INFO] [stderr]    Compiling icu_properties v2.2.0
[INFO] [stderr]    Compiling futures-executor v0.3.32
[INFO] [stderr]    Compiling futures v0.3.32
[INFO] [stderr]    Compiling idna_adapter v1.2.2
[INFO] [stderr]    Compiling idna v1.1.0
[INFO] [stderr]    Compiling url v2.5.8
[INFO] [stderr]    Compiling html-extractor v0.1.0 (/opt/rustwide/workdir/crates/html-extractor)
[INFO] [stderr]     Finished `release` profile [optimized] target(s) in 36.00s
[INFO] running `Command { std: "docker" "inspect" "27f3bd60eb4bf233e52d758bfd7eeb9d7e307212f44768db67cf824112cc7a25", kill_on_drop: false }`
[INFO] running `Command { std: "docker" "exec" "-e" "SOURCE_DIR=/opt/rustwide/workdir" "-e" "CARGO_HOME=/opt/rustwide/cargo-home" "-e" "RUSTUP_HOME=/opt/rustwide/rustup-home" "-e" "CARGO_TARGET_DIR=/opt/rustwide/target" "-e" "CARGO_INCREMENTAL=0" "-e" "RUST_BACKTRACE=full" "-e" "RUSTFLAGS=--cap-lints=warn" "-e" "RUSTDOCFLAGS=--cap-lints=warn" "-w" "/opt/rustwide/workdir" "--user" "0:0" "27f3bd60eb4bf233e52d758bfd7eeb9d7e307212f44768db67cf824112cc7a25" "/opt/rustwide/cargo-home/bin/cargo" "+1.100.0-beta.1" "test" "--frozen" "--no-run" "--message-format=json" "--release", kill_on_drop: false }`
[INFO] [stderr]    Compiling serde_core v1.0.228
[INFO] [stderr]    Compiling serde v1.0.228
[INFO] [stderr]    Compiling serde_derive v1.0.228
[INFO] [stderr]    Compiling zerocopy v0.8.48
[INFO] [stderr]    Compiling zerocopy-derive v0.8.48
[INFO] [stderr]    Compiling autocfg v1.5.0
[INFO] [stderr]    Compiling plotters-backend v0.3.7
[INFO] [stderr]    Compiling anstyle v1.0.14
[INFO] [stderr]    Compiling either v1.15.0
[INFO] [stderr]    Compiling clap_lex v1.1.0
[INFO] [stderr]    Compiling ciborium-io v0.2.2
[INFO] [stderr]    Compiling itertools v0.10.5
[INFO] [stderr]    Compiling plotters-svg v0.3.7
[INFO] [stderr]    Compiling same-file v1.0.6
[INFO] [stderr]    Compiling num-traits v0.2.19
[INFO] [stderr]    Compiling clap_builder v4.6.0
[INFO] [stderr]    Compiling cast v0.3.0
[INFO] [stderr]    Compiling walkdir v2.5.0
[INFO] [stderr]    Compiling is-terminal v0.4.17
[INFO] [stderr]    Compiling anes v0.1.6
[INFO] [stderr]    Compiling oorandom v11.1.5
[INFO] [stderr]    Compiling plotters v0.3.7
[INFO] [stderr]    Compiling criterion-plot v0.5.0
[INFO] [stderr]    Compiling clap v4.6.1
[INFO] [stderr]    Compiling serde_json v1.0.149
[INFO] [stderr]    Compiling string_cache v0.8.9
[INFO] [stderr]    Compiling markup5ever v0.12.1
[INFO] [stderr]    Compiling tinytemplate v1.2.1
[INFO] [stderr]    Compiling xml5ever v0.18.1
[INFO] [stderr]    Compiling html5ever v0.27.0
[INFO] [stderr]    Compiling markup5ever_rcdom v0.3.0
[INFO] [stderr]    Compiling html-extractor v0.1.0 (/opt/rustwide/workdir/crates/html-extractor)
[INFO] [stderr]    Compiling half v2.7.1
[INFO] [stderr]    Compiling ciborium-ll v0.2.2
[INFO] [stderr]    Compiling ciborium v0.2.2
[INFO] [stderr]    Compiling criterion v0.5.1
[INFO] [stderr]    Compiling html-extractor-napi v0.1.0 (/opt/rustwide/workdir/crates/html-extractor-napi)
[INFO] [stderr]     Finished `release` profile [optimized] target(s) in 33.54s
[INFO] running `Command { std: "docker" "inspect" "27f3bd60eb4bf233e52d758bfd7eeb9d7e307212f44768db67cf824112cc7a25", kill_on_drop: false }`
[INFO] running `Command { std: "docker" "exec" "-e" "SOURCE_DIR=/opt/rustwide/workdir" "-e" "CARGO_HOME=/opt/rustwide/cargo-home" "-e" "RUSTUP_HOME=/opt/rustwide/rustup-home" "-e" "CARGO_TARGET_DIR=/opt/rustwide/target" "-e" "CARGO_INCREMENTAL=0" "-e" "RUST_BACKTRACE=full" "-e" "RUSTFLAGS=--cap-lints=warn" "-e" "RUSTDOCFLAGS=--cap-lints=warn" "-w" "/opt/rustwide/workdir" "--user" "0:0" "27f3bd60eb4bf233e52d758bfd7eeb9d7e307212f44768db67cf824112cc7a25" "/opt/rustwide/cargo-home/bin/cargo" "+1.100.0-beta.1" "test" "--frozen" "--release", kill_on_drop: false }`
[INFO] [stderr]     Finished `release` profile [optimized] target(s) in 0.07s
[INFO] [stderr]      Running unittests src/lib.rs (/opt/rustwide/target/release/build/html-extractor/7d98dd159ff4ff2a/out/html_extractor-7d98dd159ff4ff2a)
[INFO] [stdout] 
[INFO] [stdout] running 33 tests
[INFO] [stdout] test classifier::tests::harmonic_class_scaling ... ok
[INFO] [stdout] test classifier::tests::no_signals_returns_other ... ok
[INFO] [stdout] test classifier::tests::listing_inferred_from_many_li ... ok
[INFO] [stdout] test classifier::tests::docs_url_classifies_as_documentation ... ok
[INFO] [stdout] test classifier::tests::url_with_article_path_classifies_as_article ... ok
[INFO] [stdout] test classifier::tests::forum_url_patterns_classify_as_forum ... ok
[INFO] [stdout] test classifier::tests::collection_detected_by_homepage_regions ... ok
[INFO] [stdout] test classifier::tests::service_url_beats_repeated_product_class_noise ... ok
[INFO] [stdout] test classifier::tests::article_with_comment_list_stays_article ... ok
[INFO] [stdout] test classifier::tests::product_url_overrides_article_tag ... ok
[INFO] [stdout] test fallback::tests::justext_pick_is_stable_on_ties ... ok
[INFO] [stdout] test metadata::tests::jsonld_article_pulls_headline_and_date ... ok
[INFO] [stdout] test metadata::tests::extracts_basic_meta_and_og ... ok
[INFO] [stdout] test metadata::tests::meta_keywords_split ... ok
[INFO] [stdout] test parser::tests::collects_html_lang ... ok
[INFO] [stdout] test classifier::tests::forum_detected_by_repeated_post_items ... ok
[INFO] [stdout] test parser::tests::collects_title_text_eagerly ... ok
[INFO] [stdout] test parser::tests::drops_html_comments ... ok
[INFO] [stdout] test parser::tests::malformed_html_does_not_panic ... ok
[INFO] [stdout] test parser::tests::parses_a_minimal_document ... ok
[INFO] [stdout] test render::tests::collapses_whitespace_runs ... ok
[INFO] [stdout] test render::tests::escape_table_cell_handles_pipes_and_newlines ... ok
[INFO] [stdout] test render::tests::normalize_collapses_blank_lines ... ok
[INFO] [stdout] test clean::tests::share_ad_regex_matches ... ok
[INFO] [stdout] test scoring::tests::profile_for_docs_boosts_pre ... ok
[INFO] [stdout] test scoring::tests::tag_weight_table_matches_design ... ok
[INFO] [stdout] test scoring::tests::profile_for_listing_boosts_lists ... ok
[INFO] [stdout] test scoring::tests::profile_for_forum_reduces_link_density_penalty ... ok
[INFO] [stdout] test tree::tests::subtree_text_metrics_match_full_text_for_every_node ... ok
[INFO] [stdout] test clean::tests::chrome_regex_matches_known_chrome_classes ... ok
[INFO] [stdout] test clean::tests::chrome_regex_ignores_content_classes ... ok
[INFO] [stdout] test scoring::tests::class_hint_penalizes_chrome_class ... ok
[INFO] [stdout] test scoring::tests::class_hint_recognizes_content_class ... ok
[INFO] [stdout] 
[INFO] [stdout] test result: ok. 33 passed; 0 failed; 0 ignored; 0 measured; 0 filtered out; finished in 0.01s
[INFO] [stdout] 
[INFO] [stderr]      Running tests/golden.rs (/opt/rustwide/target/release/build/html-extractor/a366b24d042baf87/out/golden-a366b24d042baf87)
[INFO] [stdout] 
[INFO] [stdout] running 1 test
[INFO] [stdout] test golden_corpus ... ok
[INFO] [stdout] 
[INFO] [stdout] test result: ok. 1 passed; 0 failed; 0 ignored; 0 measured; 0 filtered out; finished in 0.02s
[INFO] [stdout] 
[INFO] [stderr]      Running tests/integration_basic.rs (/opt/rustwide/target/release/build/html-extractor/294ecad3e19d9a26/out/integration_basic-294ecad3e19d9a26)
[INFO] [stdout] 
[INFO] [stdout] running 8 tests
[INFO] [stdout] test conflicting_options_rejected ... ok
[INFO] [stdout] test empty_input_returns_low_quality_with_reason ... ok
[INFO] [stdout] test no_panic_on_malformed_input ... ok
[INFO] [stdout] test extracts_simple_article_body ... ok
[INFO] [stdout] test page_with_no_semantic_markers_uses_scored_walk ... ok
[INFO] [stdout] test page_type_classification_uses_url_hint ... ok
[INFO] [stdout] test extracts_metadata_from_meta_tags ... ok
[INFO] [stdout] test page_type_override_is_respected ... ok
[INFO] [stdout] 
[INFO] [stdout] test result: ok. 8 passed; 0 failed; 0 ignored; 0 measured; 0 filtered out; finished in 0.01s
[INFO] [stdout] 
[INFO] [stderr]      Running unittests src/lib.rs (/opt/rustwide/target/release/build/html-extractor-napi/a706f34311e5c793/out/html_extractor_napi-a706f34311e5c793)
[INFO] [stdout] 
[INFO] [stdout] running 4 tests
[INFO] [stdout] test tests::emphasis_and_code_markers_are_removed ... ok
[INFO] [stdout] test tests::nested_brackets_stay_balanced ... ok
[INFO] [stdout] test tests::reference_style_link_does_not_leak_brackets ... ok
[INFO] [stdout] test tests::simple_link_keeps_text_drops_url ... ok
[INFO] [stdout] 
[INFO] [stdout] test result: ok. 4 passed; 0 failed; 0 ignored; 0 measured; 0 filtered out; finished in 0.00s
[INFO] [stdout] 
[INFO] [stderr]    Doc-tests html_extractor
[INFO] [stdout] 
[INFO] [stdout] running 1 test
[INFO] [stdout] test crates/html-extractor/src/lib.rs - extract (line 27) ... ok
[INFO] [stdout] 
[INFO] [stdout] test result: ok. 1 passed; 0 failed; 0 ignored; 0 measured; 0 filtered out; finished in 0.81s
[INFO] [stdout] 
[INFO] [stderr]    Doc-tests html_extractor_napi
[INFO] [stdout] 
[INFO] [stdout] running 0 tests
[INFO] [stdout] 
[INFO] [stdout] test result: ok. 0 passed; 0 failed; 0 ignored; 0 measured; 0 filtered out; finished in 0.00s
[INFO] [stdout] 
[INFO] running `Command { std: "docker" "inspect" "27f3bd60eb4bf233e52d758bfd7eeb9d7e307212f44768db67cf824112cc7a25", kill_on_drop: false }`
[INFO] running `Command { std: "docker" "rm" "-f" "27f3bd60eb4bf233e52d758bfd7eeb9d7e307212f44768db67cf824112cc7a25", kill_on_drop: false }`
[INFO] [stdout] 27f3bd60eb4bf233e52d758bfd7eeb9d7e307212f44768db67cf824112cc7a25
