[INFO] cloning repository https://github.com/ericperrotta/edmv
[INFO] running `Command { std: "git" "-c" "credential.helper=" "-c" "credential.helper=/workspace/cargo-home/bin/git-credential-null" "clone" "--bare" "https://github.com/ericperrotta/edmv" "/workspace/cache/git-repos/https%3A%2F%2Fgithub.com%2Fericperrotta%2Fedmv", kill_on_drop: false }`
[INFO] [stderr] Cloning into bare repository '/workspace/cache/git-repos/https%3A%2F%2Fgithub.com%2Fericperrotta%2Fedmv'...
[INFO] running `Command { std: "git" "rev-parse" "HEAD", kill_on_drop: false }`
[INFO] [stdout] 575ecb5dc70388dd40c93a0c333dbdc2e8f26bd0
[INFO] testing ericperrotta/edmv against 1.100.0-beta.1+cargoflags=--release for beta-release-1.100-2
[INFO] running `Command { std: "git" "clone" "/workspace/cache/git-repos/https%3A%2F%2Fgithub.com%2Fericperrotta%2Fedmv" "/workspace/builds/worker-1-tc2/source", kill_on_drop: false }`
[INFO] [stderr] Cloning into '/workspace/builds/worker-1-tc2/source'...
[INFO] [stderr] done.
[INFO] started tweaking git repo https://github.com/ericperrotta/edmv
[INFO] finished tweaking git repo https://github.com/ericperrotta/edmv
[INFO] tweaked toml for git repo https://github.com/ericperrotta/edmv written to /workspace/builds/worker-1-tc2/source/Cargo.toml
[INFO] validating manifest of git repo https://github.com/ericperrotta/edmv on toolchain 1.100.0-beta.1
[INFO] running `Command { std: CARGO_HOME="/workspace/cargo-home" RUSTUP_HOME="/workspace/rustup-home" "/workspace/cargo-home/bin/cargo" "+1.100.0-beta.1" "metadata" "--manifest-path" "Cargo.toml" "--no-deps", kill_on_drop: false }`
[INFO] crate git repo https://github.com/ericperrotta/edmv already has a lockfile, it will not be regenerated
[INFO] running `Command { std: CARGO_HOME="/workspace/cargo-home" RUSTUP_HOME="/workspace/rustup-home" "/workspace/cargo-home/bin/cargo" "+1.100.0-beta.1" "fetch" "--manifest-path" "Cargo.toml", kill_on_drop: false }`
[INFO] [stderr] warning: Cargo.toml: `package.edition` is unspecified, defaulting to `2015` while the latest is `2024`
[INFO] [stderr] warning: `edmv` (manifest) generated 1 warning
[INFO] [stderr]     Blocking waiting for file lock on package cache
[INFO] [stderr]     Blocking waiting for file lock on package cache
[ERROR] error running command: no output for 300 seconds
[INFO] testing ericperrotta/edmv against 1.100.0-beta.1+cargoflags=--release for beta-release-1.100-2
[INFO] running `Command { std: "git" "clone" "/workspace/cache/git-repos/https%3A%2F%2Fgithub.com%2Fericperrotta%2Fedmv" "/workspace/builds/worker-1-tc2/source", kill_on_drop: false }`
[INFO] [stderr] Cloning into '/workspace/builds/worker-1-tc2/source'...
[INFO] [stderr] done.
[INFO] started tweaking git repo https://github.com/ericperrotta/edmv
[INFO] finished tweaking git repo https://github.com/ericperrotta/edmv
[INFO] tweaked toml for git repo https://github.com/ericperrotta/edmv written to /workspace/builds/worker-1-tc2/source/Cargo.toml
[INFO] validating manifest of git repo https://github.com/ericperrotta/edmv on toolchain 1.100.0-beta.1
[INFO] running `Command { std: CARGO_HOME="/workspace/cargo-home" RUSTUP_HOME="/workspace/rustup-home" "/workspace/cargo-home/bin/cargo" "+1.100.0-beta.1" "metadata" "--manifest-path" "Cargo.toml" "--no-deps", kill_on_drop: false }`
[INFO] crate git repo https://github.com/ericperrotta/edmv already has a lockfile, it will not be regenerated
[INFO] running `Command { std: CARGO_HOME="/workspace/cargo-home" RUSTUP_HOME="/workspace/rustup-home" "/workspace/cargo-home/bin/cargo" "+1.100.0-beta.1" "fetch" "--manifest-path" "Cargo.toml", kill_on_drop: false }`
[INFO] [stderr] warning: Cargo.toml: `package.edition` is unspecified, defaulting to `2015` while the latest is `2024`
[INFO] [stderr] warning: `edmv` (manifest) generated 1 warning
[INFO] [stderr]     Blocking waiting for file lock on package cache
[INFO] [stderr]     Blocking waiting for file lock on package cache
[INFO] [stderr]     Blocking waiting for file lock on package cache
[INFO] [stderr]  Downloading crates ...
[INFO] [stderr]   Downloaded redox_syscall v0.1.37
[INFO] [stderr]   Downloaded tempfile v3.0.2
[INFO] [stderr]   Downloaded remove_dir_all v0.5.1
[INFO] [stderr]   Downloaded rand v0.4.2
[INFO] [stderr]   Downloaded bitflags v1.0.2
[INFO] [stderr]   Downloaded executable-path v1.0.0
[INFO] [stderr]   Downloaded atty v0.2.10
[INFO] [stderr]   Downloaded clap v2.31.2
[INFO] [stderr]   Downloaded libc v0.2.40
[INFO] [stderr]   Downloaded winapi v0.3.4
[INFO] running `Command { std: "docker" "create" "-v" "/var/lib/crater-agent-workspace/builds/worker-1-tc2/source:/opt/rustwide/workdir:ro,Z" "-v" "/var/lib/crater-agent-workspace/builds/worker-1-tc2/target:/opt/rustwide/target:rw,Z" "-v" "/var/lib/crater-agent-workspace/cargo-home:/opt/rustwide/cargo-home:ro,Z" "-v" "/var/lib/crater-agent-workspace/rustup-home:/opt/rustwide/rustup-home:ro,Z" "-m" "1610612736" "--network" "none" "ghcr.io/rust-lang/crates-build-env/linux@sha256:77db811e55d90add9212f6832c23229e3de5f1c1f9905e8cb07319ea15df73ac" "sleep" "infinity", kill_on_drop: false }`
[INFO] [stdout] b8bb735d9d6b7f020cbf142e3da4d650af23c3c22c3849401f8033980959f56d
[INFO] running `Command { std: "docker" "start" "b8bb735d9d6b7f020cbf142e3da4d650af23c3c22c3849401f8033980959f56d", kill_on_drop: false }`
[INFO] running `Command { std: "docker" "inspect" "b8bb735d9d6b7f020cbf142e3da4d650af23c3c22c3849401f8033980959f56d", kill_on_drop: false }`
[INFO] running `Command { std: "docker" "exec" "-e" "SOURCE_DIR=/opt/rustwide/workdir" "-e" "CARGO_HOME=/opt/rustwide/cargo-home" "-e" "RUSTUP_HOME=/opt/rustwide/rustup-home" "-e" "CARGO_TARGET_DIR=/opt/rustwide/target" "-w" "/opt/rustwide/workdir" "--user" "0:0" "b8bb735d9d6b7f020cbf142e3da4d650af23c3c22c3849401f8033980959f56d" "/opt/rustwide/cargo-home/bin/cargo" "+1.100.0-beta.1" "metadata" "--no-deps" "--format-version=1", kill_on_drop: false }`
[INFO] running `Command { std: "docker" "inspect" "b8bb735d9d6b7f020cbf142e3da4d650af23c3c22c3849401f8033980959f56d", kill_on_drop: false }`
[INFO] running `Command { std: "docker" "exec" "-e" "SOURCE_DIR=/opt/rustwide/workdir" "-e" "CARGO_HOME=/opt/rustwide/cargo-home" "-e" "RUSTUP_HOME=/opt/rustwide/rustup-home" "-e" "CARGO_TARGET_DIR=/opt/rustwide/target" "-e" "CARGO_INCREMENTAL=0" "-e" "RUST_BACKTRACE=full" "-e" "RUSTFLAGS=--cap-lints=warn" "-e" "RUSTDOCFLAGS=--cap-lints=warn" "-w" "/opt/rustwide/workdir" "--user" "0:0" "b8bb735d9d6b7f020cbf142e3da4d650af23c3c22c3849401f8033980959f56d" "/opt/rustwide/cargo-home/bin/cargo" "+1.100.0-beta.1" "build" "--frozen" "--message-format=json" "--release", kill_on_drop: false }`
[INFO] [stderr] warning: Cargo.toml: `package.edition` is unspecified, defaulting to `2015` while the latest is `2024`
[INFO] [stderr] warning: `edmv` (manifest) generated 1 warning
[INFO] [stderr]    Compiling libc v0.2.40
[INFO] [stderr]    Compiling unicode-width v0.1.4
[INFO] [stderr]    Compiling ansi_term v0.11.0
[INFO] [stderr]    Compiling remove_dir_all v0.5.1
[INFO] [stderr]    Compiling vec_map v0.8.0
[INFO] [stderr]    Compiling bitflags v1.0.2
[INFO] [stderr]    Compiling strsim v0.7.0
[INFO] [stderr]    Compiling textwrap v0.9.0
[INFO] [stderr]    Compiling atty v0.2.10
[INFO] [stderr]    Compiling rand v0.4.2
[INFO] [stderr]    Compiling clap v2.31.2
[INFO] [stderr]    Compiling tempfile v3.0.2
[INFO] [stderr]    Compiling edmv v0.1.0 (/opt/rustwide/workdir)
[INFO] [stderr]     Finished `release` profile [optimized] target(s) in 13.34s
[INFO] running `Command { std: "docker" "inspect" "b8bb735d9d6b7f020cbf142e3da4d650af23c3c22c3849401f8033980959f56d", kill_on_drop: false }`
[INFO] running `Command { std: "docker" "exec" "-e" "SOURCE_DIR=/opt/rustwide/workdir" "-e" "CARGO_HOME=/opt/rustwide/cargo-home" "-e" "RUSTUP_HOME=/opt/rustwide/rustup-home" "-e" "CARGO_TARGET_DIR=/opt/rustwide/target" "-e" "CARGO_INCREMENTAL=0" "-e" "RUST_BACKTRACE=full" "-e" "RUSTFLAGS=--cap-lints=warn" "-e" "RUSTDOCFLAGS=--cap-lints=warn" "-w" "/opt/rustwide/workdir" "--user" "0:0" "b8bb735d9d6b7f020cbf142e3da4d650af23c3c22c3849401f8033980959f56d" "/opt/rustwide/cargo-home/bin/cargo" "+1.100.0-beta.1" "test" "--frozen" "--no-run" "--message-format=json" "--release", kill_on_drop: false }`
[INFO] [stderr] warning: Cargo.toml: `package.edition` is unspecified, defaulting to `2015` while the latest is `2024`
[INFO] [stderr] warning: `edmv` (manifest) generated 1 warning
[INFO] [stderr]    Compiling executable-path v1.0.0
[INFO] [stderr]    Compiling edmv v0.1.0 (/opt/rustwide/workdir)
[INFO] [stderr]     Finished `release` profile [optimized] target(s) in 1.39s
[INFO] running `Command { std: "docker" "inspect" "b8bb735d9d6b7f020cbf142e3da4d650af23c3c22c3849401f8033980959f56d", kill_on_drop: false }`
[INFO] running `Command { std: "docker" "exec" "-e" "SOURCE_DIR=/opt/rustwide/workdir" "-e" "CARGO_HOME=/opt/rustwide/cargo-home" "-e" "RUSTUP_HOME=/opt/rustwide/rustup-home" "-e" "CARGO_TARGET_DIR=/opt/rustwide/target" "-e" "CARGO_INCREMENTAL=0" "-e" "RUST_BACKTRACE=full" "-e" "RUSTFLAGS=--cap-lints=warn" "-e" "RUSTDOCFLAGS=--cap-lints=warn" "-w" "/opt/rustwide/workdir" "--user" "0:0" "b8bb735d9d6b7f020cbf142e3da4d650af23c3c22c3849401f8033980959f56d" "/opt/rustwide/cargo-home/bin/cargo" "+1.100.0-beta.1" "test" "--frozen" "--release", kill_on_drop: false }`
[INFO] [stderr] warning: Cargo.toml: `package.edition` is unspecified, defaulting to `2015` while the latest is `2024`
[INFO] [stderr] warning: `edmv` (manifest) generated 1 warning
[INFO] [stderr]     Finished `release` profile [optimized] target(s) in 0.05s
[INFO] [stderr]      Running unittests src/main.rs (/opt/rustwide/target/release/build/edmv/774127e94fb78263/out/edmv-774127e94fb78263)
[INFO] [stdout] 
[INFO] [stdout] running 3 tests
[INFO] [stdout] test run::test::bad_sources ... ok
[INFO] [stdout] test run::test::editor_invocation ... ok
[INFO] [stdout] test run::test::editor_status ... ok
[INFO] [stderr]      Running tests/integration.rs (/opt/rustwide/target/release/build/edmv/c08ed5df70314b69/out/integration-c08ed5df70314b69)
[INFO] [stdout] 
[INFO] [stdout] test result: ok. 3 passed; 0 failed; 0 ignored; 0 measured; 0 filtered out; finished in 0.01s
[INFO] [stdout] 
[INFO] [stdout] 
[INFO] [stdout] running 1 test
[INFO] [stdout] test simple ... FAILED
[INFO] [stdout] 
[INFO] [stdout] failures:
[INFO] [stdout] 
[INFO] [stdout] ---- simple stdout ----
[INFO] [stdout] 
[INFO] [stdout] thread 'simple' (368) panicked at tests/integration.rs:79:1:
[INFO] [stdout] failed to execute process: Os { code: 2, kind: NotFound, message: "No such file or directory" }
[INFO] [stdout] stack backtrace:
[INFO] [stdout]    0:     0x5dfd44d490d1 - <<std[617be2ca0a6fd877]::sys::backtrace::BacktraceLock>::print::DisplayBacktrace as core[a373ad73a504971]::fmt::Display>::fmt
[INFO] [stdout]    1:     0x5dfd44d5d4fa - core[a373ad73a504971]::fmt::write
[INFO] [stdout]    2:     0x5dfd44d4d60c - <alloc[2e1b2a31b91974c5]::vec::Vec<u8> as core[a373ad73a504971]::io::write::Write>::write_fmt
[INFO] [stdout]    3:     0x5dfd44d23996 - std[617be2ca0a6fd877]::panicking::default_hook::{closure#0}
[INFO] [stdout]    4:     0x5dfd44d40e79 - std[617be2ca0a6fd877]::panicking::default_hook
[INFO] [stdout]    5:     0x5dfd44cd94e0 - test[aada8e7e76ba119b]::test_main_inner::{closure#0}
[INFO] [stdout]    6:     0x5dfd44d41032 - std[617be2ca0a6fd877]::panicking::panic_with_hook
[INFO] [stdout]    7:     0x5dfd44d23a42 - std[617be2ca0a6fd877]::panicking::panic_handler::{closure#0}
[INFO] [stdout]    8:     0x5dfd44d1c599 - std[617be2ca0a6fd877]::sys::backtrace::__rust_end_short_backtrace::<std[617be2ca0a6fd877]::panicking::panic_handler::{closure#0}, !>
[INFO] [stdout]    9:     0x5dfd44d2464d - __rustc[ea4f61d10b84890b]::rust_begin_unwind
[INFO] [stdout]   10:     0x5dfd44d5dc2c - core[a373ad73a504971]::panicking::panic_fmt
[INFO] [stdout]   11:     0x5dfd44d5da02 - core[a373ad73a504971]::result::unwrap_failed
[INFO] [stdout]   12:     0x5dfd44ccc47e - <integration[2447d4020d195991]::simple::{closure#0} as core[a373ad73a504971]::ops::function::FnOnce<()>>::call_once
[INFO] [stdout]   13:     0x5dfd44ccc92b - test[aada8e7e76ba119b]::__rust_begin_short_backtrace::<core[a373ad73a504971]::result::Result<(), alloc[2e1b2a31b91974c5]::string::String>, fn() -> core[a373ad73a504971]::result::Result<(), alloc[2e1b2a31b91974c5]::string::String>>
[INFO] [stdout]   14:     0x5dfd44cd9b05 - test[aada8e7e76ba119b]::run_test::{closure#0}
[INFO] [stdout]   15:     0x5dfd44cd33f4 - std[617be2ca0a6fd877]::sys::backtrace::__rust_begin_short_backtrace::<test[aada8e7e76ba119b]::run_test::{closure#1}, ()>
[INFO] [stdout]   16:     0x5dfd44cdcb92 - <std[617be2ca0a6fd877]::thread::lifecycle::spawn_unchecked<test[aada8e7e76ba119b]::run_test::{closure#1}, ()>::{closure#1} as core[a373ad73a504971]::ops::function::FnOnce<()>>::call_once::{shim:vtable#0}
[INFO] [stdout]   17:     0x5dfd44d4892f - <std[617be2ca0a6fd877]::sys::thread::unix::Thread>::new::thread_start
[INFO] [stdout]   18:     0x7976d21d8dfa - <unknown>
[INFO] [stdout]   19:     0x7976d226c3d4 - clone
[INFO] [stdout]   20:                0x0 - <unknown>
[INFO] [stdout] 
[INFO] [stdout] 
[INFO] [stdout] failures:
[INFO] [stdout]     simple
[INFO] [stdout] 
[INFO] [stdout] test result: FAILED. 0 passed; 1 failed; 0 ignored; 0 measured; 0 filtered out; finished in 0.00s
[INFO] [stdout] 
[INFO] [stderr] error: test failed, to rerun pass `--test integration`
[INFO] running `Command { std: "docker" "inspect" "b8bb735d9d6b7f020cbf142e3da4d650af23c3c22c3849401f8033980959f56d", kill_on_drop: false }`
[INFO] running `Command { std: "docker" "rm" "-f" "b8bb735d9d6b7f020cbf142e3da4d650af23c3c22c3849401f8033980959f56d", kill_on_drop: false }`
[INFO] [stdout] b8bb735d9d6b7f020cbf142e3da4d650af23c3c22c3849401f8033980959f56d
